54.70.53.60 - - [03/Aug/2026:00:11:21 +0200] "GET /wp-content/themes/bb-theme/css/bootstrap.min.css HTTP/1.1" 200 6960 "https://www.ensaco.es/" "Mozilla/5.0 (Windows NT 10.0; Win64; x64) AppleWebKit/537.36 (KHTML, like Gecko) Chrome/148.0.0.0 Safari/537.36"
54.70.53.60 - - [03/Aug/2026:00:11:21 +0200] "GET /wp-content/plugins/bb-plugin/fonts/fontawesome/5.15.4/webfonts/fa-regular-400.woff2 HTTP/1.1" 200 6997 "https://www.ensaco.es/" "Mozilla/5.0 (Windows NT 10.0; Win64; x64) AppleWebKit/537.36 (KHTML, like Gecko) Chrome/148.0.0.0 Safari/537.36"
54.70.53.60 - - [03/Aug/2026:00:11:21 +0200] "GET /wp-content/plugins/bb-plugin/fonts/fontawesome/5.15.4/webfonts/fa-solid-900.woff2 HTTP/1.1" 200 6995 "https://www.ensaco.es/" "Mozilla/5.0 (Windows NT 10.0; Win64; x64) AppleWebKit/537.36 (KHTML, like Gecko) Chrome/148.0.0.0 Safari/537.36"
176.58.193.246 - - [03/Aug/2026:00:11:28 +0200] "GET / HTTP/1.1" 500 268248 "-" "Mozilla/5.0 (Windows NT 10.0; Win64; x64) AppleWebKit/537.36 (KHTML, like Gecko) Chrome/120.0.0.0 Safari/537.36"
84.236.228.59 - - [03/Aug/2026:00:11:43 +0200] "POST /wp-cron.php?doing_wp_cron=1785708703.3499350547790527343750 HTTP/1.1" 200 6900 "-" "WordPress/7.0.2; https://www.ensaco.es"
34.196.51.17 - - [03/Aug/2026:00:11:40 +0200] "HEAD / HTTP/1.1" 200 7073 "https://www.ensaco.es/" "WPMUDEV Uptime Monitor 5.0 (https://wpmudev.com)"
185.190.133.4 - - [03/Aug/2026:00:11:51 +0200] "GET / HTTP/1.1" 500 268242 "-" "Mozilla/5.0 (Windows NT 10.0; Win64; x64) AppleWebKit/537.36 (KHTML, like Gecko) Chrome/120.0.0.0 Safari/537.36"
169.224.87.36 - - [03/Aug/2026:00:12:11 +0200] "GET / HTTP/1.1" 500 268248 "-" "Mozilla/5.0 (Windows NT 10.0; Win64; x64) AppleWebKit/537.36 (KHTML, like Gecko) Chrome/120.0.0.0 Safari/537.36"
18.220.96.160 - - [03/Aug/2026:00:12:28 +0200] "GET /wp-content/uploads/2019/12/hoja-azul.png HTTP/1.1" 200 6954 "-" "Mozilla/5.0 (X11; Linux x86_64) AppleWebKit/537.36 (KHTML, like Gecko) Chrome/116.0.0.0 Safari/537.36"
18.220.96.160 - - [03/Aug/2026:00:12:28 +0200] "GET /wp-content/smush-webp/2019/12/hoja-azul-100x100.png.webp HTTP/1.1" 200 6970 "-" "Mozilla/5.0 (X11; Linux x86_64) AppleWebKit/537.36 (KHTML, like Gecko) Chrome/116.0.0.0 Safari/537.36"
18.220.96.160 - - [03/Aug/2026:00:12:28 +0200] "GET /wp-content/uploads/2024/04/ACCESO-1.png HTTP/1.1" 200 6953 "-" "Mozilla/5.0 (X11; Linux x86_64) AppleWebKit/537.36 (KHTML, like Gecko) Chrome/116.0.0.0 Safari/537.36"
18.220.96.160 - - [03/Aug/2026:00:12:28 +0200] "GET /wp-content/uploads/2024/06/domotica-vida-asistida-2.jpg HTTP/1.1" 200 6970 "-" "Mozilla/5.0 (Linux; Android 13; SM-S908B) AppleWebKit/537.36 (KHTML, like Gecko) Chrome/115.0.0.0 Mobile Safari/537.36"
18.220.96.160 - - [03/Aug/2026:00:12:28 +0200] "GET /wp-content/uploads/bb-plugin/cache/IMG_9201-scaled-circle-52e49b83d118f1827f97788bc3237cc4-602e224ad94cd.jpg HTTP/1.1" 200 7023 "-" "Mozilla/5.0 (Linux; Android 13; SM-S908B) AppleWebKit/537.36 (KHTML, like Gecko) Chrome/115.0.0.0 Mobile Safari/537.36"
18.220.96.160 - - [03/Aug/2026:00:12:28 +0200] "GET /wp-content/uploads/2024/06/domotica-vida-asistida-3.jpg HTTP/1.1" 200 6970 "-" "Mozilla/5.0 (Linux; Android 13; SM-S908B) AppleWebKit/537.36 (KHTML, like Gecko) Chrome/115.0.0.0 Mobile Safari/537.36"
18.220.96.160 - - [03/Aug/2026:00:12:28 +0200] "GET /wp-content/uploads/bb-plugin/cache/JORDI-circle-2a636add76ed8c254360e4c828037eba-602e224a16a70.jpg HTTP/1.1" 200 7013 "-" "Mozilla/5.0 (Linux; Android 13; SM-S908B) AppleWebKit/537.36 (KHTML, like Gecko) Chrome/115.0.0.0 Mobile Safari/537.36"
18.220.96.160 - - [03/Aug/2026:00:12:28 +0200] "GET /wp-content/uploads/bb-plugin/cache/Alberto-scaled-circle-561a5c57f87ee3564cb3ecd4e8aa5696-602e208e2d908.jpg HTTP/1.1" 200 7022 "-" "Mozilla/5.0 (Linux; Android 13; SM-S908B) AppleWebKit/537.36 (KHTML, like Gecko) Chrome/115.0.0.0 Mobile Safari/537.36"
84.236.228.59 - - [03/Aug/2026:00:12:37 +0200] "POST /wp-cron.php?doing_wp_cron=1785708757.5274889469146728515625 HTTP/1.1" 200 6900 "-" "WordPress/7.0.2; https://www.ensaco.es"
172.121.129.0 - - [03/Aug/2026:00:12:33 +0200] "GET / HTTP/1.1" 301 6954 "-" "Mozilla/5.0 (Windows NT 10.0; Win64; x64) AppleWebKit/537.36 (KHTML, like Gecko) Chrome/148.0.0.0 Safari/537.36"
184.170.16.130 - - [03/Aug/2026:00:12:33 +0200] "GET / HTTP/1.1" 500 268248 "-" "Mozilla/5.0 (Windows NT 10.0; Win64; x64) AppleWebKit/537.36 (KHTML, like Gecko) Chrome/120.0.0.0 Safari/537.36"
172.121.129.0 - - [03/Aug/2026:00:12:39 +0200] "GET / HTTP/1.1" 500 268242 "-" "Mozilla/5.0 (Windows NT 10.0; Win64; x64) AppleWebKit/537.36 (KHTML, like Gecko) Chrome/148.0.0.0 Safari/537.36"
172.252.31.96 - - [03/Aug/2026:00:12:49 +0200] "GET / HTTP/1.1" 301 6954 "-" "Mozilla/5.0 (Windows NT 10.0; Win64; x64) AppleWebKit/537.36 (KHTML, like Gecko) Chrome/148.0.0.0 Safari/537.36"
186.14.6.161 - - [03/Aug/2026:00:12:51 +0200] "GET / HTTP/1.1" 500 268248 "-" "Mozilla/5.0 (Windows NT 10.0; Win64; x64) AppleWebKit/537.36 (KHTML, like Gecko) Chrome/120.0.0.0 Safari/537.36"
172.252.31.96 - - [03/Aug/2026:00:12:53 +0200] "GET / HTTP/1.1" 500 268242 "-" "Mozilla/5.0 (Windows NT 10.0; Win64; x64) AppleWebKit/537.36 (KHTML, like Gecko) Chrome/148.0.0.0 Safari/537.36"
172.252.31.96 - - [03/Aug/2026:00:12:59 +0200] "GET /wp-content/plugins/bb-plugin/fonts/fontawesome/5.15.4/webfonts/fa-regular-400.woff2 HTTP/1.1" 200 6997 "https://www.ensaco.es/" "Mozilla/5.0 (Windows NT 10.0; Win64; x64) AppleWebKit/537.36 (KHTML, like Gecko) Chrome/148.0.0.0 Safari/537.36"
172.252.31.96 - - [03/Aug/2026:00:12:59 +0200] "GET /wp-content/plugins/bb-plugin/fonts/fontawesome/5.15.4/webfonts/fa-solid-900.woff2 HTTP/1.1" 200 6995 "https://www.ensaco.es/" "Mozilla/5.0 (Windows NT 10.0; Win64; x64) AppleWebKit/537.36 (KHTML, like Gecko) Chrome/148.0.0.0 Safari/537.36"
172.252.31.96 - - [03/Aug/2026:00:12:59 +0200] "GET /wp-content/plugins/cookie-law-info/legacy/public/css/cookie-law-info-gdpr.css HTTP/1.1" 200 6989 "https://www.ensaco.es/" "Mozilla/5.0 (Windows NT 10.0; Win64; x64) AppleWebKit/537.36 (KHTML, like Gecko) Chrome/148.0.0.0 Safari/537.36"
172.252.31.96 - - [03/Aug/2026:00:12:59 +0200] "GET /wp-content/plugins/pago-redsys-tpv-grafreak/public/css/pago-redsys-grafreak-public.css HTTP/1.1" 200 6998 "https://www.ensaco.es/" "Mozilla/5.0 (Windows NT 10.0; Win64; x64) AppleWebKit/537.36 (KHTML, like Gecko) Chrome/148.0.0.0 Safari/537.36"
172.252.31.96 - - [03/Aug/2026:00:12:59 +0200] "GET /wp-content/plugins/woocommerce/assets/css/woocommerce-layout.css HTTP/1.1" 200 6976 "https://www.ensaco.es/" "Mozilla/5.0 (Windows NT 10.0; Win64; x64) AppleWebKit/537.36 (KHTML, like Gecko) Chrome/148.0.0.0 Safari/537.36"
172.252.31.96 - - [03/Aug/2026:00:12:59 +0200] "GET /wp-content/plugins/cookie-law-info/legacy/public/css/cookie-law-info-public.css HTTP/1.1" 200 6991 "https://www.ensaco.es/" "Mozilla/5.0 (Windows NT 10.0; Win64; x64) AppleWebKit/537.36 (KHTML, like Gecko) Chrome/148.0.0.0 Safari/537.36"
172.252.31.96 - - [03/Aug/2026:00:12:59 +0200] "GET /wp-content/plugins/woocommerce/assets/css/woocommerce.css HTTP/1.1" 200 6969 "https://www.ensaco.es/" "Mozilla/5.0 (Windows NT 10.0; Win64; x64) AppleWebKit/537.36 (KHTML, like Gecko) Chrome/148.0.0.0 Safari/537.36"
172.252.31.96 - - [03/Aug/2026:00:12:59 +0200] "GET /wp-content/plugins/woo-product-bundle/assets/css/blocks.css HTTP/1.1" 200 6971 "https://www.ensaco.es/" "Mozilla/5.0 (Windows NT 10.0; Win64; x64) AppleWebKit/537.36 (KHTML, like Gecko) Chrome/148.0.0.0 Safari/537.36"
172.252.31.96 - - [03/Aug/2026:00:12:59 +0200] "GET /wp-content/plugins/bb-plugin/fonts/fontawesome/5.15.4/css/all.min.css HTTP/1.1" 200 6981 "https://www.ensaco.es/" "Mozilla/5.0 (Windows NT 10.0; Win64; x64) AppleWebKit/537.36 (KHTML, like Gecko) Chrome/148.0.0.0 Safari/537.36"
172.252.31.96 - - [03/Aug/2026:00:12:59 +0200] "GET /wp-content/plugins/woo-product-bundle/assets/css/frontend.css HTTP/1.1" 200 6973 "https://www.ensaco.es/" "Mozilla/5.0 (Windows NT 10.0; Win64; x64) AppleWebKit/537.36 (KHTML, like Gecko) Chrome/148.0.0.0 Safari/537.36"
172.252.31.96 - - [03/Aug/2026:00:12:59 +0200] "GET /wp-content/themes/bb-theme/css/bootstrap.min.css HTTP/1.1" 200 6960 "https://www.ensaco.es/" "Mozilla/5.0 (Windows NT 10.0; Win64; x64) AppleWebKit/537.36 (KHTML, like Gecko) Chrome/148.0.0.0 Safari/537.36"
172.252.31.96 - - [03/Aug/2026:00:12:59 +0200] "GET /wp-content/plugins/bb-plugin/css/jquery.magnificpopup.min.css HTTP/1.1" 200 6973 "https://www.ensaco.es/" "Mozilla/5.0 (Windows NT 10.0; Win64; x64) AppleWebKit/537.36 (KHTML, like Gecko) Chrome/148.0.0.0 Safari/537.36"
172.252.31.96 - - [03/Aug/2026:00:12:59 +0200] "GET /wp-content/plugins/woocommerce/assets/css/woocommerce-smallscreen.css HTTP/1.1" 200 6981 "https://www.ensaco.es/" "Mozilla/5.0 (Windows NT 10.0; Win64; x64) AppleWebKit/537.36 (KHTML, like Gecko) Chrome/148.0.0.0 Safari/537.36"
216.244.66.250 - - [03/Aug/2026:00:12:59 +0200] "GET /que-es-la-inmotica-y-cuales-son-sus-beneficios/ HTTP/1.1" 500 309510 "-" "Mozilla/5.0 (compatible; DotBot/1.2; +https://opensiteexplorer.org/dotbot; help@moz.com)"
181.127.44.90 - - [03/Aug/2026:00:13:12 +0200] "GET / HTTP/1.1" 500 268248 "-" "Mozilla/5.0 (Windows NT 10.0; Win64; x64) AppleWebKit/537.36 (KHTML, like Gecko) Chrome/120.0.0.0 Safari/537.36"
164.163.30.13 - - [03/Aug/2026:00:13:22 +0200] "GET / HTTP/1.1" 500 268248 "-" "Mozilla/5.0 (Windows NT 10.0; Win64; x64) AppleWebKit/537.36 (KHTML, like Gecko) Chrome/120.0.0.0 Safari/537.36"
84.236.228.59 - - [03/Aug/2026:00:13:39 +0200] "POST /wp-cron.php?doing_wp_cron=1785708818.8964500427246093750000 HTTP/1.1" 200 6900 "-" "WordPress/7.0.2; https://www.ensaco.es"
185.152.39.39 - - [03/Aug/2026:00:13:35 +0200] "GET / HTTP/1.1" 301 6954 "-" "Mozilla/5.0 (Windows NT 10.0; Win64; x64) AppleWebKit/537.36 (KHTML, like Gecko) Chrome/148.0.0.0 Safari/537.36"
34.196.51.17 - - [03/Aug/2026:00:13:36 +0200] "HEAD / HTTP/1.1" 200 7073 "https://www.ensaco.es/" "WPMUDEV Uptime Monitor 5.0 (https://wpmudev.com)"
185.152.39.39 - - [03/Aug/2026:00:13:40 +0200] "GET / HTTP/1.1" 500 268248 "-" "Mozilla/5.0 (Windows NT 10.0; Win64; x64) AppleWebKit/537.36 (KHTML, like Gecko) Chrome/148.0.0.0 Safari/537.36"
189.224.247.194 - - [03/Aug/2026:00:13:42 +0200] "GET / HTTP/1.1" 500 268248 "-" "Mozilla/5.0 (Windows NT 10.0; Win64; x64) AppleWebKit/537.36 (KHTML, like Gecko) Chrome/120.0.0.0 Safari/537.36"
185.152.39.39 - - [03/Aug/2026:00:13:48 +0200] "GET /wp-content/plugins/woo-product-bundle/assets/css/blocks.css HTTP/1.1" 200 6971 "https://www.ensaco.es/" "Mozilla/5.0 (Windows NT 10.0; Win64; x64) AppleWebKit/537.36 (KHTML, like Gecko) Chrome/148.0.0.0 Safari/537.36"
185.152.39.39 - - [03/Aug/2026:00:13:48 +0200] "GET /wp-content/plugins/cookie-law-info/legacy/public/css/cookie-law-info-public.css HTTP/1.1" 200 6991 "https://www.ensaco.es/" "Mozilla/5.0 (Windows NT 10.0; Win64; x64) AppleWebKit/537.36 (KHTML, like Gecko) Chrome/148.0.0.0 Safari/537.36"
185.152.39.39 - - [03/Aug/2026:00:13:48 +0200] "GET /wp-content/plugins/bb-plugin/fonts/fontawesome/5.15.4/css/all.min.css HTTP/1.1" 200 6981 "https://www.ensaco.es/" "Mozilla/5.0 (Windows NT 10.0; Win64; x64) AppleWebKit/537.36 (KHTML, like Gecko) Chrome/148.0.0.0 Safari/537.36"
185.152.39.39 - - [03/Aug/2026:00:13:48 +0200] "GET /wp-content/plugins/cookie-law-info/legacy/public/css/cookie-law-info-gdpr.css HTTP/1.1" 200 6989 "https://www.ensaco.es/" "Mozilla/5.0 (Windows NT 10.0; Win64; x64) AppleWebKit/537.36 (KHTML, like Gecko) Chrome/148.0.0.0 Safari/537.36"
185.152.39.39 - - [03/Aug/2026:00:13:48 +0200] "GET /wp-content/plugins/bb-plugin/fonts/fontawesome/5.15.4/webfonts/fa-solid-900.woff2 HTTP/1.1" 200 6995 "https://www.ensaco.es/" "Mozilla/5.0 (Windows NT 10.0; Win64; x64) AppleWebKit/537.36 (KHTML, like Gecko) Chrome/148.0.0.0 Safari/537.36"
185.152.39.39 - - [03/Aug/2026:00:13:48 +0200] "GET /wp-content/plugins/pago-redsys-tpv-grafreak/public/css/pago-redsys-grafreak-public.css HTTP/1.1" 200 6998 "https://www.ensaco.es/" "Mozilla/5.0 (Windows NT 10.0; Win64; x64) AppleWebKit/537.36 (KHTML, like Gecko) Chrome/148.0.0.0 Safari/537.36"
185.152.39.39 - - [03/Aug/2026:00:13:48 +0200] "GET /wp-content/plugins/woocommerce/assets/css/woocommerce.css HTTP/1.1" 200 6969 "https://www.ensaco.es/" "Mozilla/5.0 (Windows NT 10.0; Win64; x64) AppleWebKit/537.36 (KHTML, like Gecko) Chrome/148.0.0.0 Safari/537.36"
185.152.39.39 - - [03/Aug/2026:00:13:48 +0200] "GET /wp-content/plugins/woo-product-bundle/assets/css/frontend.css HTTP/1.1" 200 6973 "https://www.ensaco.es/" "Mozilla/5.0 (Windows NT 10.0; Win64; x64) AppleWebKit/537.36 (KHTML, like Gecko) Chrome/148.0.0.0 Safari/537.36"
185.152.39.39 - - [03/Aug/2026:00:13:48 +0200] "GET /wp-content/plugins/bb-plugin/fonts/fontawesome/5.15.4/webfonts/fa-regular-400.woff2 HTTP/1.1" 200 6997 "https://www.ensaco.es/" "Mozilla/5.0 (Windows NT 10.0; Win64; x64) AppleWebKit/537.36 (KHTML, like Gecko) Chrome/148.0.0.0 Safari/537.36"
185.152.39.39 - - [03/Aug/2026:00:13:48 +0200] "GET /wp-content/plugins/woocommerce/assets/css/woocommerce-layout.css HTTP/1.1" 200 6976 "https://www.ensaco.es/" "Mozilla/5.0 (Windows NT 10.0; Win64; x64) AppleWebKit/537.36 (KHTML, like Gecko) Chrome/148.0.0.0 Safari/537.36"
185.152.39.39 - - [03/Aug/2026:00:13:48 +0200] "GET /wp-content/plugins/bb-plugin/css/jquery.magnificpopup.min.css HTTP/1.1" 200 6973 "https://www.ensaco.es/" "Mozilla/5.0 (Windows NT 10.0; Win64; x64) AppleWebKit/537.36 (KHTML, like Gecko) Chrome/148.0.0.0 Safari/537.36"
185.152.39.39 - - [03/Aug/2026:00:13:48 +0200] "GET /wp-content/themes/bb-theme/css/bootstrap.min.css HTTP/1.1" 200 6960 "https://www.ensaco.es/" "Mozilla/5.0 (Windows NT 10.0; Win64; x64) AppleWebKit/537.36 (KHTML, like Gecko) Chrome/148.0.0.0 Safari/537.36"
127.0.0.1 - - [03/Aug/2026:00:13:54 +0200] "GET / HTTP/1.1" 301 6954 "http://ensaco.es/" "Mozilla/5.0 (Windows NT 10.0; Win64; x64) AppleWebKit/537.36 (KHTML, like Gecko) Chrome/148.0.0.0 Safari/537.36"
127.0.0.1 - - [03/Aug/2026:00:13:58 +0200] "GET / HTTP/1.1" 301 6954 "http://ensaco.es/" "Mozilla/5.0 (Windows NT 10.0; Win64; x64) AppleWebKit/537.36 (KHTML, like Gecko) Chrome/148.0.0.0 Safari/537.36"
127.0.0.1 - - [03/Aug/2026:00:14:02 +0200] "GET / HTTP/1.1" 500 268248 "http://ensaco.es/" "Mozilla/5.0 (Windows NT 10.0; Win64; x64) AppleWebKit/537.36 (KHTML, like Gecko) Chrome/148.0.0.0 Safari/537.36"
127.0.0.1 - - [03/Aug/2026:00:14:06 +0200] "GET /wp-content/plugins/bb-plugin/fonts/fontawesome/5.15.4/webfonts/fa-regular-400.woff2 HTTP/1.1" 200 6997 "https://www.ensaco.es/" "Mozilla/5.0 (Windows NT 10.0; Win64; x64) AppleWebKit/537.36 (KHTML, like Gecko) Chrome/148.0.0.0 Safari/537.36"
127.0.0.1 - - [03/Aug/2026:00:14:06 +0200] "GET /wp-content/plugins/bb-plugin/fonts/fontawesome/5.15.4/webfonts/fa-solid-900.woff2 HTTP/1.1" 200 6995 "https://www.ensaco.es/" "Mozilla/5.0 (Windows NT 10.0; Win64; x64) AppleWebKit/537.36 (KHTML, like Gecko) Chrome/148.0.0.0 Safari/537.36"
127.0.0.1 - - [03/Aug/2026:00:14:06 +0200] "GET /wp-content/plugins/woo-product-bundle/assets/css/blocks.css HTTP/1.1" 200 6971 "https://www.ensaco.es/" "Mozilla/5.0 (Windows NT 10.0; Win64; x64) AppleWebKit/537.36 (KHTML, like Gecko) Chrome/148.0.0.0 Safari/537.36"
127.0.0.1 - - [03/Aug/2026:00:14:06 +0200] "GET /wp-content/plugins/cookie-law-info/legacy/public/css/cookie-law-info-public.css HTTP/1.1" 200 6991 "https://www.ensaco.es/" "Mozilla/5.0 (Windows NT 10.0; Win64; x64) AppleWebKit/537.36 (KHTML, like Gecko) Chrome/148.0.0.0 Safari/537.36"
127.0.0.1 - - [03/Aug/2026:00:14:06 +0200] "GET /wp-content/plugins/woocommerce/assets/css/woocommerce-layout.css HTTP/1.1" 200 6976 "https://www.ensaco.es/" "Mozilla/5.0 (Windows NT 10.0; Win64; x64) AppleWebKit/537.36 (KHTML, like Gecko) Chrome/148.0.0.0 Safari/537.36"
127.0.0.1 - - [03/Aug/2026:00:14:06 +0200] "GET /wp-content/plugins/pago-redsys-tpv-grafreak/public/css/pago-redsys-grafreak-public.css HTTP/1.1" 200 6998 "https://www.ensaco.es/" "Mozilla/5.0 (Windows NT 10.0; Win64; x64) AppleWebKit/537.36 (KHTML, like Gecko) Chrome/148.0.0.0 Safari/537.36"
127.0.0.1 - - [03/Aug/2026:00:14:06 +0200] "GET /wp-content/plugins/cookie-law-info/legacy/public/css/cookie-law-info-gdpr.css HTTP/1.1" 200 6989 "https://www.ensaco.es/" "Mozilla/5.0 (Windows NT 10.0; Win64; x64) AppleWebKit/537.36 (KHTML, like Gecko) Chrome/148.0.0.0 Safari/537.36"
127.0.0.1 - - [03/Aug/2026:00:14:06 +0200] "GET /wp-content/plugins/woo-product-bundle/assets/css/frontend.css HTTP/1.1" 200 6973 "https://www.ensaco.es/" "Mozilla/5.0 (Windows NT 10.0; Win64; x64) AppleWebKit/537.36 (KHTML, like Gecko) Chrome/148.0.0.0 Safari/537.36"
127.0.0.1 - - [03/Aug/2026:00:14:06 +0200] "GET /wp-content/plugins/bb-plugin/fonts/fontawesome/5.15.4/css/all.min.css HTTP/1.1" 200 6981 "https://www.ensaco.es/" "Mozilla/5.0 (Windows NT 10.0; Win64; x64) AppleWebKit/537.36 (KHTML, like Gecko) Chrome/148.0.0.0 Safari/537.36"
127.0.0.1 - - [03/Aug/2026:00:14:06 +0200] "GET /wp-content/themes/bb-theme/css/bootstrap.min.css HTTP/1.1" 200 6960 "https://www.ensaco.es/" "Mozilla/5.0 (Windows NT 10.0; Win64; x64) AppleWebKit/537.36 (KHTML, like Gecko) Chrome/148.0.0.0 Safari/537.36"
127.0.0.1 - - [03/Aug/2026:00:14:06 +0200] "GET /wp-content/plugins/bb-plugin/css/jquery.magnificpopup.min.css HTTP/1.1" 200 6973 "https://www.ensaco.es/" "Mozilla/5.0 (Windows NT 10.0; Win64; x64) AppleWebKit/537.36 (KHTML, like Gecko) Chrome/148.0.0.0 Safari/537.36"
127.0.0.1 - - [03/Aug/2026:00:14:06 +0200] "GET /wp-content/plugins/woocommerce/assets/css/woocommerce.css HTTP/1.1" 200 6969 "https://www.ensaco.es/" "Mozilla/5.0 (Windows NT 10.0; Win64; x64) AppleWebKit/537.36 (KHTML, like Gecko) Chrome/148.0.0.0 Safari/537.36"
127.0.0.1 - - [03/Aug/2026:00:14:07 +0200] "GET /wp-content/plugins/woocommerce/assets/css/woocommerce-smallscreen.css HTTP/1.1" 200 6981 "https://www.ensaco.es/" "Mozilla/5.0 (Windows NT 10.0; Win64; x64) AppleWebKit/537.36 (KHTML, like Gecko) Chrome/148.0.0.0 Safari/537.36"
189.28.77.16 - - [03/Aug/2026:00:14:09 +0200] "GET / HTTP/1.1" 500 268242 "-" "Mozilla/5.0 (Windows NT 10.0; Win64; x64) AppleWebKit/537.36 (KHTML, like Gecko) Chrome/120.0.0.0 Safari/537.36"
147.185.226.32 - - [03/Aug/2026:00:14:15 +0200] "GET / HTTP/1.1" 301 6954 "-" "Mozilla/5.0 (Windows NT 10.0; Win64; x64) AppleWebKit/537.36 (KHTML, like Gecko) Chrome/148.0.0.0 Safari/537.36"
147.185.226.32 - - [03/Aug/2026:00:14:21 +0200] "GET / HTTP/1.1" 500 268242 "-" "Mozilla/5.0 (Windows NT 10.0; Win64; x64) AppleWebKit/537.36 (KHTML, like Gecko) Chrome/148.0.0.0 Safari/537.36"
147.185.226.32 - - [03/Aug/2026:00:14:27 +0200] "GET /wp-content/plugins/woo-product-bundle/assets/css/blocks.css HTTP/1.1" 200 6971 "https://www.ensaco.es/" "Mozilla/5.0 (Windows NT 10.0; Win64; x64) AppleWebKit/537.36 (KHTML, like Gecko) Chrome/148.0.0.0 Safari/537.36"
147.185.226.32 - - [03/Aug/2026:00:14:27 +0200] "GET /wp-content/plugins/bb-plugin/fonts/fontawesome/5.15.4/webfonts/fa-solid-900.woff2 HTTP/1.1" 200 6995 "https://www.ensaco.es/" "Mozilla/5.0 (Windows NT 10.0; Win64; x64) AppleWebKit/537.36 (KHTML, like Gecko) Chrome/148.0.0.0 Safari/537.36"
147.185.226.32 - - [03/Aug/2026:00:14:27 +0200] "GET /wp-content/plugins/bb-plugin/fonts/fontawesome/5.15.4/css/all.min.css HTTP/1.1" 200 6981 "https://www.ensaco.es/" "Mozilla/5.0 (Windows NT 10.0; Win64; x64) AppleWebKit/537.36 (KHTML, like Gecko) Chrome/148.0.0.0 Safari/537.36"
147.185.226.32 - - [03/Aug/2026:00:14:27 +0200] "GET /wp-content/plugins/pago-redsys-tpv-grafreak/public/css/pago-redsys-grafreak-public.css HTTP/1.1" 200 6998 "https://www.ensaco.es/" "Mozilla/5.0 (Windows NT 10.0; Win64; x64) AppleWebKit/537.36 (KHTML, like Gecko) Chrome/148.0.0.0 Safari/537.36"
147.185.226.32 - - [03/Aug/2026:00:14:27 +0200] "GET /wp-content/plugins/cookie-law-info/legacy/public/css/cookie-law-info-public.css HTTP/1.1" 200 6991 "https://www.ensaco.es/" "Mozilla/5.0 (Windows NT 10.0; Win64; x64) AppleWebKit/537.36 (KHTML, like Gecko) Chrome/148.0.0.0 Safari/537.36"
147.185.226.32 - - [03/Aug/2026:00:14:27 +0200] "GET /wp-content/plugins/woocommerce/assets/css/woocommerce.css HTTP/1.1" 200 6969 "https://www.ensaco.es/" "Mozilla/5.0 (Windows NT 10.0; Win64; x64) AppleWebKit/537.36 (KHTML, like Gecko) Chrome/148.0.0.0 Safari/537.36"
147.185.226.32 - - [03/Aug/2026:00:14:27 +0200] "GET /wp-content/plugins/bb-plugin/fonts/fontawesome/5.15.4/webfonts/fa-regular-400.woff2 HTTP/1.1" 200 6997 "https://www.ensaco.es/" "Mozilla/5.0 (Windows NT 10.0; Win64; x64) AppleWebKit/537.36 (KHTML, like Gecko) Chrome/148.0.0.0 Safari/537.36"
147.185.226.32 - - [03/Aug/2026:00:14:27 +0200] "GET /wp-content/plugins/woocommerce/assets/css/woocommerce-layout.css HTTP/1.1" 200 6976 "https://www.ensaco.es/" "Mozilla/5.0 (Windows NT 10.0; Win64; x64) AppleWebKit/537.36 (KHTML, like Gecko) Chrome/148.0.0.0 Safari/537.36"
147.185.226.32 - - [03/Aug/2026:00:14:27 +0200] "GET /wp-content/plugins/cookie-law-info/legacy/public/css/cookie-law-info-gdpr.css HTTP/1.1" 200 6989 "https://www.ensaco.es/" "Mozilla/5.0 (Windows NT 10.0; Win64; x64) AppleWebKit/537.36 (KHTML, like Gecko) Chrome/148.0.0.0 Safari/537.36"
147.185.226.32 - - [03/Aug/2026:00:14:27 +0200] "GET /wp-content/plugins/woo-product-bundle/assets/css/frontend.css HTTP/1.1" 200 6973 "https://www.ensaco.es/" "Mozilla/5.0 (Windows NT 10.0; Win64; x64) AppleWebKit/537.36 (KHTML, like Gecko) Chrome/148.0.0.0 Safari/537.36"
147.185.226.32 - - [03/Aug/2026:00:14:27 +0200] "GET /wp-content/plugins/bb-plugin/css/jquery.magnificpopup.min.css HTTP/1.1" 200 6973 "https://www.ensaco.es/" "Mozilla/5.0 (Windows NT 10.0; Win64; x64) AppleWebKit/537.36 (KHTML, like Gecko) Chrome/148.0.0.0 Safari/537.36"
147.185.226.32 - - [03/Aug/2026:00:14:27 +0200] "GET /wp-content/themes/bb-theme/css/bootstrap.min.css HTTP/1.1" 200 6960 "https://www.ensaco.es/" "Mozilla/5.0 (Windows NT 10.0; Win64; x64) AppleWebKit/537.36 (KHTML, like Gecko) Chrome/148.0.0.0 Safari/537.36"
147.185.226.32 - - [03/Aug/2026:00:14:28 +0200] "GET /wp-content/plugins/woocommerce/assets/css/woocommerce-smallscreen.css HTTP/1.1" 200 6981 "https://www.ensaco.es/" "Mozilla/5.0 (Windows NT 10.0; Win64; x64) AppleWebKit/537.36 (KHTML, like Gecko) Chrome/148.0.0.0 Safari/537.36"
88.234.209.172 - - [03/Aug/2026:00:14:30 +0200] "GET / HTTP/1.1" 500 268248 "-" "Mozilla/5.0 (Windows NT 10.0; Win64; x64) AppleWebKit/537.36 (KHTML, like Gecko) Chrome/120.0.0.0 Safari/537.36"
84.236.228.59 - - [03/Aug/2026:00:14:58 +0200] "POST /wp-cron.php?doing_wp_cron=1785708898.1283149719238281250000 HTTP/1.1" 200 6900 "-" "WordPress/7.0.2; https://www.ensaco.es"
170.84.146.177 - - [03/Aug/2026:00:14:55 +0200] "GET / HTTP/1.1" 500 268248 "-" "Mozilla/5.0 (Windows NT 10.0; Win64; x64) AppleWebKit/537.36 (KHTML, like Gecko) Chrome/120.0.0.0 Safari/537.36"
187.190.190.231 - - [03/Aug/2026:00:15:17 +0200] "GET / HTTP/1.1" 500 268248 "-" "Mozilla/5.0 (Windows NT 10.0; Win64; x64) AppleWebKit/537.36 (KHTML, like Gecko) Chrome/120.0.0.0 Safari/537.36"
84.236.228.59 - - [03/Aug/2026:00:15:38 +0200] "POST /wp-cron.php?doing_wp_cron=1785708937.7579679489135742187500 HTTP/1.1" 200 6900 "-" "WordPress/7.0.2; https://www.ensaco.es"
154.238.5.215 - - [03/Aug/2026:00:15:32 +0200] "GET / HTTP/1.1" 500 268242 "-" "Mozilla/5.0 (Windows NT 10.0; Win64; x64) AppleWebKit/537.36 (KHTML, like Gecko) Chrome/120.0.0.0 Safari/537.36"
34.196.51.17 - - [03/Aug/2026:00:15:34 +0200] "HEAD / HTTP/1.1" 200 7073 "https://www.ensaco.es/" "WPMUDEV Uptime Monitor 5.0 (https://wpmudev.com)"
181.233.26.82 - - [03/Aug/2026:00:15:50 +0200] "GET / HTTP/1.1" 500 268242 "-" "Mozilla/5.0 (Windows NT 10.0; Win64; x64) AppleWebKit/537.36 (KHTML, like Gecko) Chrome/120.0.0.0 Safari/537.36"
78.173.91.193 - - [03/Aug/2026:00:16:04 +0200] "GET / HTTP/1.1" 500 268242 "-" "Mozilla/5.0 (Windows NT 10.0; Win64; x64) AppleWebKit/537.36 (KHTML, like Gecko) Chrome/120.0.0.0 Safari/537.36"
216.244.66.250 - - [03/Aug/2026:00:16:05 +0200] "GET /domotizar-casa-alquiler/ HTTP/1.1" 500 309606 "-" "Mozilla/5.0 (compatible; DotBot/1.2; +https://opensiteexplorer.org/dotbot; help@moz.com)"
84.236.228.59 - - [03/Aug/2026:00:16:23 +0200] "POST /wp-cron.php?doing_wp_cron=1785708983.5504410266876220703125 HTTP/1.1" 200 6900 "-" "WordPress/7.0.2; https://www.ensaco.es"
38.87.249.190 - - [03/Aug/2026:00:16:20 +0200] "GET / HTTP/1.1" 500 268248 "-" "Mozilla/5.0 (Windows NT 10.0; Win64; x64) AppleWebKit/537.36 (KHTML, like Gecko) Chrome/120.0.0.0 Safari/537.36"
84.236.228.59 - - [03/Aug/2026:00:16:53 +0200] "POST /wp-cron.php?doing_wp_cron=1785709013.5286428928375244140625 HTTP/1.1" 200 6900 "-" "WordPress/7.0.2; https://www.ensaco.es"
213.230.72.89 - - [03/Aug/2026:00:16:50 +0200] "GET / HTTP/1.1" 500 268248 "-" "Mozilla/5.0 (Windows NT 10.0; Win64; x64) AppleWebKit/537.36 (KHTML, like Gecko) Chrome/120.0.0.0 Safari/537.36"
216.244.66.250 - - [03/Aug/2026:00:16:56 +0200] "GET /edificacion/ HTTP/1.1" 500 331116 "-" "Mozilla/5.0 (compatible; DotBot/1.2; +https://opensiteexplorer.org/dotbot; help@moz.com)"
201.86.1.29 - - [03/Aug/2026:00:17:15 +0200] "GET / HTTP/1.1" 500 268242 "-" "Mozilla/5.0 (Windows NT 10.0; Win64; x64) AppleWebKit/537.36 (KHTML, like Gecko) Chrome/120.0.0.0 Safari/537.36"
84.236.228.59 - - [03/Aug/2026:00:17:41 +0200] "POST /wp-cron.php?doing_wp_cron=1785709060.9533510208129882812500 HTTP/1.1" 200 6900 "-" "WordPress/7.0.2; https://www.ensaco.es"
34.196.51.17 - - [03/Aug/2026:00:17:36 +0200] "HEAD / HTTP/1.1" 200 7073 "https://www.ensaco.es/" "WPMUDEV Uptime Monitor 5.0 (https://wpmudev.com)"
144.124.192.72 - - [03/Aug/2026:00:17:37 +0200] "GET / HTTP/1.1" 500 268248 "-" "Mozilla/5.0 (Windows NT 10.0; Win64; x64) AppleWebKit/537.36 (KHTML, like Gecko) Chrome/120.0.0.0 Safari/537.36"
96.55.244.149 - - [03/Aug/2026:00:18:01 +0200] "GET / HTTP/1.1" 500 268242 "-" "Mozilla/5.0 (Windows NT 10.0; Win64; x64) AppleWebKit/537.36 (KHTML, like Gecko) Chrome/120.0.0.0 Safari/537.36"
186.180.69.54 - - [03/Aug/2026:00:18:15 +0200] "GET / HTTP/1.1" 500 268248 "-" "Mozilla/5.0 (Windows NT 10.0; Win64; x64) AppleWebKit/537.36 (KHTML, like Gecko) Chrome/120.0.0.0 Safari/537.36"
84.236.228.59 - - [03/Aug/2026:00:18:48 +0200] "POST /wp-cron.php?doing_wp_cron=1785709128.1161029338836669921875 HTTP/1.1" 200 6900 "-" "WordPress/7.0.2; https://www.ensaco.es"
122.50.1.24 - - [03/Aug/2026:00:18:43 +0200] "GET / HTTP/1.1" 500 268242 "-" "Mozilla/5.0 (Windows NT 10.0; Win64; x64) AppleWebKit/537.36 (KHTML, like Gecko) Chrome/120.0.0.0 Safari/537.36"
118.69.98.187 - - [03/Aug/2026:00:19:06 +0200] "GET / HTTP/1.1" 500 268227 "-" "Mozilla/5.0 (Windows NT 10.0; Win64; x64) AppleWebKit/537.36 (KHTML, like Gecko) Chrome/120.0.0.0 Safari/537.36"
37.215.46.103 - - [03/Aug/2026:00:19:21 +0200] "GET / HTTP/1.1" 500 268242 "-" "Mozilla/5.0 (Windows NT 10.0; Win64; x64) AppleWebKit/537.36 (KHTML, like Gecko) Chrome/120.0.0.0 Safari/537.36"
84.236.228.59 - - [03/Aug/2026:00:19:35 +0200] "POST /wp-cron.php?doing_wp_cron=1785709174.9373300075531005859375 HTTP/1.1" 200 6900 "-" "WordPress/7.0.2; https://www.ensaco.es"
34.196.51.17 - - [03/Aug/2026:00:19:32 +0200] "HEAD / HTTP/1.1" 200 7073 "https://www.ensaco.es/" "WPMUDEV Uptime Monitor 5.0 (https://wpmudev.com)"
173.187.245.101 - - [03/Aug/2026:00:19:58 +0200] "GET / HTTP/1.1" 500 268248 "-" "Mozilla/5.0 (Windows NT 10.0; Win64; x64) AppleWebKit/537.36 (KHTML, like Gecko) Chrome/120.0.0.0 Safari/537.36"
2.90.127.239 - - [03/Aug/2026:00:20:20 +0200] "GET / HTTP/1.1" 500 268227 "-" "Mozilla/5.0 (Windows NT 10.0; Win64; x64) AppleWebKit/537.36 (KHTML, like Gecko) Chrome/120.0.0.0 Safari/537.36"
84.236.228.59 - - [03/Aug/2026:00:21:36 +0200] "POST /wp-cron.php?doing_wp_cron=1785709296.7700929641723632812500 HTTP/1.1" 200 6900 "-" "WordPress/7.0.2; https://www.ensaco.es"
34.196.51.17 - - [03/Aug/2026:00:21:33 +0200] "HEAD / HTTP/1.1" 200 7073 "https://www.ensaco.es/" "WPMUDEV Uptime Monitor 5.0 (https://wpmudev.com)"
69.63.184.37 - - [03/Aug/2026:00:22:06 +0200] "GET / HTTP/1.1" 500 268242 "-" "facebookexternalhit/1.1 (+http://www.facebook.com/externalhit_uatext.php)"
69.63.184.113 - - [03/Aug/2026:00:22:06 +0200] "GET / HTTP/1.1" 500 268248 "-" "facebookexternalhit/1.1 (+http://www.facebook.com/externalhit_uatext.php)"
84.236.228.59 - - [03/Aug/2026:00:23:35 +0200] "POST /wp-cron.php?doing_wp_cron=1785709415.7996718883514404296875 HTTP/1.1" 200 6900 "-" "WordPress/7.0.2; https://www.ensaco.es"
34.196.51.17 - - [03/Aug/2026:00:23:32 +0200] "HEAD / HTTP/1.1" 200 7073 "https://www.ensaco.es/" "WPMUDEV Uptime Monitor 5.0 (https://wpmudev.com)"
84.236.228.59 - - [03/Aug/2026:00:25:03 +0200] "POST /wp-cron.php?doing_wp_cron=1785709503.1307799816131591796875 HTTP/1.1" 200 6900 "-" "WordPress/7.0.2; https://www.ensaco.es"
54.81.212.154 - - [03/Aug/2026:00:24:57 +0200] "GET /wp-json/wc/store/v1/products?per_page=100&page=1 HTTP/1.1" 200 379011 "-" "Mozilla/5.0 (Macintosh; Intel Mac OS X 10_15_7) AppleWebKit/605.1.15 (KHTML, like Gecko) Version/17.0 Safari/605.1.15"
54.81.212.154 - - [03/Aug/2026:00:25:03 +0200] "GET /wp-json/wc/store/v1/products?per_page=100&page=2 HTTP/1.1" 200 71386 "-" "Mozilla/5.0 (Macintosh; Intel Mac OS X 10_15_7) AppleWebKit/605.1.15 (KHTML, like Gecko) Version/17.0 Safari/605.1.15"
84.236.228.59 - - [03/Aug/2026:00:25:35 +0200] "POST /wp-cron.php?doing_wp_cron=1785709534.9352269172668457031250 HTTP/1.1" 200 6900 "-" "WordPress/7.0.2; https://www.ensaco.es"
34.196.51.17 - - [03/Aug/2026:00:25:32 +0200] "HEAD / HTTP/1.1" 200 7073 "https://www.ensaco.es/" "WPMUDEV Uptime Monitor 5.0 (https://wpmudev.com)"
84.236.228.59 - - [03/Aug/2026:00:26:56 +0200] "POST /wp-cron.php?doing_wp_cron=1785709616.5711309909820556640625 HTTP/1.1" 200 6900 "-" "WordPress/7.0.2; https://www.ensaco.es"
23.137.104.89 - - [03/Aug/2026:00:26:53 +0200] "HEAD / HTTP/1.1" 200 7073 "https://www.ensaco.es/" "Mozilla/5.0 (Windows NT 10.0; Win64; x64) AppleWebKit/537.36 (KHTML, like Gecko) Chrome/91.0.4472.124 Safari/537.36"
23.137.104.89 - - [03/Aug/2026:00:26:57 +0200] "HEAD / HTTP/1.1" 200 7073 "https://www.ensaco.es/" "Mozilla/5.0 (Windows NT 10.0; Win64; x64) AppleWebKit/537.36 (KHTML, like Gecko) Chrome/91.0.4472.124 Safari/537.36"
23.137.104.89 - - [03/Aug/2026:00:27:02 +0200] "POST /wp-login.php HTTP/1.1" 200 10180 "https://www.google.com/" "Mozilla/5.0 (Windows NT 10.0; Win64; x64) AppleWebKit/537.36 (KHTML, like Gecko) Chrome/91.0.4472.124 Safari/537.36"
23.137.104.89 - - [03/Aug/2026:00:27:05 +0200] "POST /wp-login.php HTTP/1.1" 302 7890 "https://www.ensaco.es/wp-admin/" "Mozilla/5.0 (Windows NT 10.0; Win64; x64) AppleWebKit/537.36 (KHTML, like Gecko) Chrome/90.0.4430.85 Safari/537.36"
152.163.164.52 - - [03/Aug/2026:00:27:08 +0200] "GET /inicio/ HTTP/1.1" 301 6954 "-" "Mozilla/5.0 (Macintosh; Intel Mac OS X 10_15_7) AppleWebKit/537.36 (KHTML, like Gecko) Chrome/148.0.0.0 Safari/537.36"
84.236.228.59 - - [03/Aug/2026:00:27:21 +0200] "POST /wp-cron.php?doing_wp_cron=1785709641.0576739311218261718750 HTTP/1.1" 200 6900 "-" "WordPress/7.0.2; https://www.ensaco.es"
23.137.104.89 - - [03/Aug/2026:00:27:07 +0200] "GET /wp-admin/ HTTP/1.1" 200 194667 "https://www.ensaco.es/wp-admin/" "Mozilla/5.0 (Windows NT 10.0; Win64; x64) AppleWebKit/537.36 (KHTML, like Gecko) Chrome/90.0.4430.85 Safari/537.36"
23.137.104.89 - - [03/Aug/2026:00:27:21 +0200] "GET /wp-admin/ HTTP/1.1" 200 194281 "https://www.google.com/" "Mozilla/5.0 (Windows NT 10.0; Win64; x64) AppleWebKit/537.36 (KHTML, like Gecko) Chrome/91.0.4472.124 Safari/537.36"
23.137.104.89 - - [03/Aug/2026:00:27:27 +0200] "GET /wp-admin/plugin-install.php?tab=upload HTTP/1.1" 200 108482 "https://www.google.com/" "Mozilla/5.0 (Windows NT 10.0; Win64; x64) AppleWebKit/537.36 (KHTML, like Gecko) Chrome/91.0.4472.124 Safari/537.36"
84.236.228.59 - - [03/Aug/2026:00:27:36 +0200] "POST /wp-cron.php?doing_wp_cron=1785709656.5583310127258300781250 HTTP/1.1" 200 6900 "-" "WordPress/7.0.2; https://www.ensaco.es"
34.196.51.17 - - [03/Aug/2026:00:27:33 +0200] "HEAD / HTTP/1.1" 200 7073 "https://www.ensaco.es/" "WPMUDEV Uptime Monitor 5.0 (https://wpmudev.com)"
23.137.104.89 - - [03/Aug/2026:00:27:31 +0200] "POST /wp-admin/update.php?action=upload-plugin HTTP/1.1" 200 104566 "https://www.ensaco.es/wp-admin/plugin-install.php" "Mozilla/5.0 (Windows NT 10.0; Win64; x64) AppleWebKit/537.36 (KHTML, like Gecko) Chrome/132.0.0.0 Safari/537.36"
84.236.228.59 - - [03/Aug/2026:00:27:38 +0200] "POST /wp-admin/admin-ajax.php?action=wphb_cache_preload&nonce=67897e449c HTTP/1.1" 200 7463 "-" "WordPress/7.0.2; https://www.ensaco.es"
84.236.228.59 - - [03/Aug/2026:00:27:47 +0200] "POST /wp-cron.php?doing_wp_cron=1785709667.0163810253143310546875 HTTP/1.1" 200 6900 "-" "WordPress/7.0.2; https://www.ensaco.es"
84.236.228.59 - - [03/Aug/2026:00:27:39 +0200] "POST /wp-admin/admin-ajax.php?action=wphb_cache_preload&nonce=67897e449c HTTP/1.1" 200 7463 "-" "WordPress/7.0.2; https://www.ensaco.es"
84.236.228.59 - - [03/Aug/2026:00:27:40 +0200] "POST /wp-admin/admin-ajax.php?action=wphb_cache_preload&nonce=67897e449c HTTP/1.1" 200 7463 "-" "WordPress/7.0.2; https://www.ensaco.es"
23.137.104.89 - - [03/Aug/2026:00:27:48 +0200] "GET /wp-content/plugins/ozlbl/index.php HTTP/1.1" 200 6879 "-" "python-requests/2.32.3"
84.236.228.59 - - [03/Aug/2026:00:27:37 +0200] "POST /wp-admin/admin-ajax.php?action=wphb_cache_preload&nonce=67897e449c HTTP/1.1" 200 7463 "-" "WordPress/7.0.2; https://www.ensaco.es"
84.236.228.59 - - [03/Aug/2026:00:27:45 +0200] "GET / HTTP/1.1" 500 14842 "-" "Hummingbird 3.19.0/Cache Preloader"
84.236.228.59 - - [03/Aug/2026:00:27:47 +0200] "GET / HTTP/1.1" 500 14842 "-" "Hummingbird 3.19.0/Cache Preloader"
84.236.228.59 - - [03/Aug/2026:00:27:48 +0200] "GET / HTTP/1.1" 500 14842 "-" "Hummingbird 3.19.0/Cache Preloader Mozilla/5.0 (iPhone; CPU iPhone OS 9_1 like Mac OS X) AppleWebKit/601.1.46 (KHTML, like Gecko) Version/9.0 Mobile/13B143 Safari/601.1"
84.236.228.59 - - [03/Aug/2026:00:27:50 +0200] "GET / HTTP/1.1" 500 14842 "-" "Hummingbird 3.19.0/Cache Preloader"
84.236.228.59 - - [03/Aug/2026:00:27:51 +0200] "GET / HTTP/1.1" 500 14842 "-" "Hummingbird 3.19.0/Cache Preloader"
84.236.228.59 - - [03/Aug/2026:00:27:53 +0200] "GET / HTTP/1.1" 500 14842 "-" "Hummingbird 3.19.0/Cache Preloader Mozilla/5.0 (iPhone; CPU iPhone OS 9_1 like Mac OS X) AppleWebKit/601.1.46 (KHTML, like Gecko) Version/9.0 Mobile/13B143 Safari/601.1"
23.137.104.89 - - [03/Aug/2026:00:27:54 +0200] "GET /wp-admin/ HTTP/1.1" 200 194242 "-" "Mozilla/5.0 (Windows NT 10.0; Win64; x64) AppleWebKit/537.36 (KHTML, like Gecko) Chrome/133.0.0.0 Safari/537.36"
23.137.104.89 - - [03/Aug/2026:00:28:10 +0200] "POST /wp-admin/admin-ajax.php HTTP/1.1" 200 7655 "-" "Mozilla/5.0 (Windows NT 10.0; Win64; x64) AppleWebKit/537.36 (KHTML, like Gecko) Chrome/133.0.0.0 Safari/537.36"
84.236.228.59 - - [03/Aug/2026:00:28:20 +0200] "POST /wp-admin/admin-ajax.php?action=wphb_cache_preload&nonce=67897e449c HTTP/1.1" 200 7463 "-" "WordPress/7.0.2; https://www.ensaco.es"
84.236.228.59 - - [03/Aug/2026:00:28:21 +0200] "POST /wp-admin/admin-ajax.php?action=wphb_cache_preload&nonce=67897e449c HTTP/1.1" 200 7463 "-" "WordPress/7.0.2; https://www.ensaco.es"
84.236.228.59 - - [03/Aug/2026:00:28:19 +0200] "POST /wp-admin/admin-ajax.php?action=wphb_cache_preload&nonce=67897e449c HTTP/1.1" 200 7463 "-" "WordPress/7.0.2; https://www.ensaco.es"
84.236.228.59 - - [03/Aug/2026:00:28:22 +0200] "POST /wp-admin/admin-ajax.php?action=wphb_cache_preload&nonce=67897e449c HTTP/1.1" 200 7463 "-" "WordPress/7.0.2; https://www.ensaco.es"
23.137.104.89 - - [03/Aug/2026:00:28:26 +0200] "POST /wp-admin/admin-ajax.php HTTP/1.1" 200 7317 "-" "Mozilla/5.0 (Windows NT 10.0; Win64; x64) AppleWebKit/537.36 (KHTML, like Gecko) Chrome/133.0.0.0 Safari/537.36"
84.236.228.59 - - [03/Aug/2026:00:28:27 +0200] "GET / HTTP/1.1" 500 14842 "-" "Hummingbird 3.19.0/Cache Preloader"
84.236.228.59 - - [03/Aug/2026:00:28:25 +0200] "GET / HTTP/1.1" 500 14842 "-" "Hummingbird 3.19.0/Cache Preloader"
84.236.228.59 - - [03/Aug/2026:00:28:30 +0200] "GET / HTTP/1.1" 500 14842 "-" "Hummingbird 3.19.0/Cache Preloader"
84.236.228.59 - - [03/Aug/2026:00:28:29 +0200] "GET / HTTP/1.1" 500 14842 "-" "Hummingbird 3.19.0/Cache Preloader Mozilla/5.0 (iPhone; CPU iPhone OS 9_1 like Mac OS X) AppleWebKit/601.1.46 (KHTML, like Gecko) Version/9.0 Mobile/13B143 Safari/601.1"
84.236.228.59 - - [03/Aug/2026:00:28:32 +0200] "GET / HTTP/1.1" 500 14842 "-" "Hummingbird 3.19.0/Cache Preloader"
84.236.228.59 - - [03/Aug/2026:00:28:33 +0200] "GET / HTTP/1.1" 500 14842 "-" "Hummingbird 3.19.0/Cache Preloader Mozilla/5.0 (iPhone; CPU iPhone OS 9_1 like Mac OS X) AppleWebKit/601.1.46 (KHTML, like Gecko) Version/9.0 Mobile/13B143 Safari/601.1"
84.236.228.59 - - [03/Aug/2026:00:28:50 +0200] "POST /wp-cron.php?doing_wp_cron=1785709729.9832429885864257812500 HTTP/1.1" 200 6900 "-" "WordPress/7.0.2; https://www.ensaco.es"
23.137.104.89 - - [03/Aug/2026:00:28:39 +0200] "GET /wp-admin/plugins.php HTTP/1.1" 200 185348 "-" "Mozilla/5.0 (Windows NT 10.0; Win64; x64) AppleWebKit/537.36 (KHTML, like Gecko) Chrome/133.0.0.0 Safari/537.36"
23.137.104.89 - - [03/Aug/2026:00:28:50 +0200] "GET /wp-admin/admin.php?page=wp_file_manager HTTP/1.1" 200 125035 "https://www.google.com/" "Mozilla/5.0 (Windows NT 10.0; Win64; x64) AppleWebKit/537.36 (KHTML, like Gecko) Chrome/91.0.4472.124 Safari/537.36"
23.137.104.89 - - [03/Aug/2026:00:28:54 +0200] "POST /wp-admin/admin-ajax.php HTTP/1.1" 500 7435 "https://www.ensaco.es/wp-admin/admin.php?ssd" "Mozilla/5.0 (Windows NT 10.0; Win64; x64) AppleWebKit/537.36 (KHTML, like Gecko) Chrome/133.0.0.0 Safari/537.36"
23.137.104.89 - - [03/Aug/2026:00:28:56 +0200] "GET /mpjrn.php HTTP/1.1" 500 265544 "https://www.google.com/" "Mozilla/5.0 (Windows NT 10.0; Win64; x64) AppleWebKit/537.36 (KHTML, like Gecko) Chrome/91.0.4472.124 Safari/537.36"
23.137.104.89 - - [03/Aug/2026:00:28:59 +0200] "GET /wp-admin/theme-install.php?tab=upload HTTP/1.1" 200 111631 "https://www.google.com/" "Mozilla/5.0 (Windows NT 10.0; Win64; x64) AppleWebKit/537.36 (KHTML, like Gecko) Chrome/91.0.4472.124 Safari/537.36"
23.137.104.89 - - [03/Aug/2026:00:29:02 +0200] "POST /wp-admin/update.php?action=upload-theme HTTP/1.1" 200 104591 "https://www.ensaco.es/wp-admin/theme-install.php" "Mozilla/5.0 (Windows NT 10.0; Win64; x64) AppleWebKit/537.36 (KHTML, like Gecko) Chrome/132.0.0.0 Safari/537.36"
84.236.228.59 - - [03/Aug/2026:00:29:06 +0200] "POST /wp-admin/admin-ajax.php?action=wphb_cache_preload&nonce=67897e449c HTTP/1.1" 200 7104 "-" "WordPress/7.0.2; https://www.ensaco.es"
84.236.228.59 - - [03/Aug/2026:00:29:08 +0200] "POST /wp-admin/admin-ajax.php?action=wphb_cache_preload&nonce=67897e449c HTTP/1.1" 200 7104 "-" "WordPress/7.0.2; https://www.ensaco.es"
84.236.228.59 - - [03/Aug/2026:00:29:08 +0200] "POST /wp-admin/admin-ajax.php?action=wphb_cache_preload&nonce=67897e449c HTTP/1.1" 200 7104 "-" "WordPress/7.0.2; https://www.ensaco.es"
84.236.228.59 - - [03/Aug/2026:00:29:15 +0200] "POST /wp-cron.php?doing_wp_cron=1785709755.0809669494628906250000 HTTP/1.1" 200 6900 "-" "WordPress/7.0.2; https://www.ensaco.es"
84.236.228.59 - - [03/Aug/2026:00:29:05 +0200] "POST /wp-admin/admin-ajax.php?action=wphb_cache_preload&nonce=67897e449c HTTP/1.1" 200 7104 "-" "WordPress/7.0.2; https://www.ensaco.es"
23.137.104.89 - - [03/Aug/2026:00:29:15 +0200] "GET /wp-content/themes/yurqn/index.php HTTP/1.1" 200 6879 "https://www.google.com/" "Mozilla/5.0 (Windows NT 10.0; Win64; x64) AppleWebKit/537.36 (KHTML, like Gecko) Chrome/91.0.4472.124 Safari/537.36"
84.236.228.59 - - [03/Aug/2026:00:29:16 +0200] "GET / HTTP/1.1" 500 14842 "-" "Hummingbird 3.19.0/Cache Preloader"
84.236.228.59 - - [03/Aug/2026:00:29:15 +0200] "GET / HTTP/1.1" 500 14842 "-" "Hummingbird 3.19.0/Cache Preloader Mozilla/5.0 (iPhone; CPU iPhone OS 9_1 like Mac OS X) AppleWebKit/601.1.46 (KHTML, like Gecko) Version/9.0 Mobile/13B143 Safari/601.1"
84.236.228.59 - - [03/Aug/2026:00:29:11 +0200] "GET / HTTP/1.1" 500 14842 "-" "Hummingbird 3.19.0/Cache Preloader"
84.236.228.59 - - [03/Aug/2026:00:29:13 +0200] "GET / HTTP/1.1" 500 14842 "-" "Hummingbird 3.19.0/Cache Preloader"
84.236.228.59 - - [03/Aug/2026:00:29:18 +0200] "GET / HTTP/1.1" 500 14842 "-" "Hummingbird 3.19.0/Cache Preloader"
84.236.228.59 - - [03/Aug/2026:00:29:19 +0200] "GET / HTTP/1.1" 500 14842 "-" "Hummingbird 3.19.0/Cache Preloader Mozilla/5.0 (iPhone; CPU iPhone OS 9_1 like Mac OS X) AppleWebKit/601.1.46 (KHTML, like Gecko) Version/9.0 Mobile/13B143 Safari/601.1"
23.137.104.89 - - [03/Aug/2026:00:29:21 +0200] "GET /wp-admin/ HTTP/1.1" 200 194259 "-" "Mozilla/5.0 (Windows NT 10.0; Win64; x64) AppleWebKit/537.36 (KHTML, like Gecko) Chrome/133.0.0.0 Safari/537.36"
23.137.104.89 - - [03/Aug/2026:00:29:33 +0200] "GET /wp-admin/plugin-editor.php?plugin=wp-file-manager%2Ffile_folder_manager.php&Submit=Select HTTP/1.1" 200 137060 "-" "Mozilla/5.0 (Windows NT 10.0; Win64; x64) AppleWebKit/537.36 (KHTML, like Gecko) Chrome/133.0.0.0 Safari/537.36"
34.196.51.17 - - [03/Aug/2026:00:29:35 +0200] "HEAD / HTTP/1.1" 200 7073 "https://www.ensaco.es/" "WPMUDEV Uptime Monitor 5.0 (https://wpmudev.com)"
23.137.104.89 - - [03/Aug/2026:00:29:37 +0200] "POST /wp-admin/admin-ajax.php HTTP/1.1" 404 7113 "-" "Mozilla/5.0 (Windows NT 10.0; Win64; x64) AppleWebKit/537.36 (KHTML, like Gecko) Chrome/133.0.0.0 Safari/537.36"
23.137.104.89 - - [03/Aug/2026:00:29:37 +0200] "POST /wp-admin/admin-ajax.php HTTP/1.1" 200 7374 "-" "Mozilla/5.0 (Windows NT 10.0; Win64; x64) AppleWebKit/537.36 (KHTML, like Gecko) Chrome/133.0.0.0 Safari/537.36"
23.137.104.89 - - [03/Aug/2026:00:29:38 +0200] "POST /wp-admin/admin-ajax.php HTTP/1.1" 200 7296 "-" "Mozilla/5.0 (Windows NT 10.0; Win64; x64) AppleWebKit/537.36 (KHTML, like Gecko) Chrome/133.0.0.0 Safari/537.36"
84.236.228.59 - - [03/Aug/2026:00:29:47 +0200] "POST /wp-admin/admin-ajax.php?action=wphb_cache_preload&nonce=67897e449c HTTP/1.1" 200 7104 "-" "WordPress/7.0.2; https://www.ensaco.es"
84.236.228.59 - - [03/Aug/2026:00:29:48 +0200] "POST /wp-admin/admin-ajax.php?action=wphb_cache_preload&nonce=67897e449c HTTP/1.1" 200 7104 "-" "WordPress/7.0.2; https://www.ensaco.es"
84.236.228.59 - - [03/Aug/2026:00:29:49 +0200] "POST /wp-admin/admin-ajax.php?action=wphb_cache_preload&nonce=67897e449c HTTP/1.1" 200 7104 "-" "WordPress/7.0.2; https://www.ensaco.es"
84.236.228.59 - - [03/Aug/2026:00:29:46 +0200] "POST /wp-admin/admin-ajax.php?action=wphb_cache_preload&nonce=67897e449c HTTP/1.1" 200 7104 "-" "WordPress/7.0.2; https://www.ensaco.es"
23.137.104.89 - - [03/Aug/2026:00:29:54 +0200] "POST /wp-admin/admin-ajax.php HTTP/1.1" 200 7317 "-" "Mozilla/5.0 (Windows NT 10.0; Win64; x64) AppleWebKit/537.36 (KHTML, like Gecko) Chrome/133.0.0.0 Safari/537.36"
84.236.228.59 - - [03/Aug/2026:00:29:54 +0200] "GET / HTTP/1.1" 500 14842 "-" "Hummingbird 3.19.0/Cache Preloader"
84.236.228.59 - - [03/Aug/2026:00:29:53 +0200] "GET / HTTP/1.1" 500 14842 "-" "Hummingbird 3.19.0/Cache Preloader"
84.236.228.59 - - [03/Aug/2026:00:29:56 +0200] "GET / HTTP/1.1" 500 14842 "-" "Hummingbird 3.19.0/Cache Preloader Mozilla/5.0 (iPhone; CPU iPhone OS 9_1 like Mac OS X) AppleWebKit/601.1.46 (KHTML, like Gecko) Version/9.0 Mobile/13B143 Safari/601.1"
84.236.228.59 - - [03/Aug/2026:00:29:58 +0200] "GET / HTTP/1.1" 500 14842 "-" "Hummingbird 3.19.0/Cache Preloader"
66.249.64.45 - - [03/Aug/2026:00:30:13 +0200] "GET /wp-content/uploads/2024/03/DAHUA2.png HTTP/1.1" 200 6951 "-" "Googlebot-Image/1.0"
84.236.228.59 - - [03/Aug/2026:00:29:59 +0200] "GET / HTTP/1.1" 500 14842 "-" "Hummingbird 3.19.0/Cache Preloader"
84.236.228.59 - - [03/Aug/2026:00:30:01 +0200] "GET / HTTP/1.1" 500 14842 "-" "Hummingbird 3.19.0/Cache Preloader Mozilla/5.0 (iPhone; CPU iPhone OS 9_1 like Mac OS X) AppleWebKit/601.1.46 (KHTML, like Gecko) Version/9.0 Mobile/13B143 Safari/601.1"
84.236.228.59 - - [03/Aug/2026:00:30:17 +0200] "POST /wp-cron.php?doing_wp_cron=1785709817.0977799892425537109375 HTTP/1.1" 200 6900 "-" "WordPress/7.0.2; https://www.ensaco.es"
23.137.104.89 - - [03/Aug/2026:00:30:07 +0200] "GET /wp-admin/plugin-editor.php?plugin=wp-file-manager%2Ffile_folder_manager.php&Submit=Select HTTP/1.1" 200 137059 "-" "Mozilla/5.0 (Windows NT 10.0; Win64; x64) AppleWebKit/537.36 (KHTML, like Gecko) Chrome/133.0.0.0 Safari/537.36"
23.137.104.89 - - [03/Aug/2026:00:30:17 +0200] "POST /wp-admin/admin-ajax.php HTTP/1.1" 404 7113 "-" "Mozilla/5.0 (Windows NT 10.0; Win64; x64) AppleWebKit/537.36 (KHTML, like Gecko) Chrome/133.0.0.0 Safari/537.36"
23.137.104.89 - - [03/Aug/2026:00:30:17 +0200] "POST /wp-admin/admin-ajax.php HTTP/1.1" 200 7265 "https://www.ensaco.es/wp-admin/plugin-editor.php" "Mozilla/5.0 (Windows NT 10.0; Win64; x64) AppleWebKit/537.36 (KHTML, like Gecko) Chrome/138.0.0.0 Safari/537.36"
23.137.104.89 - - [03/Aug/2026:00:30:20 +0200] "GET /wp-admin/plugin-editor.php HTTP/1.1" 200 115336 "https://www.ensaco.es/wp-admin/plugin-editor.php" "Mozilla/5.0 (Windows NT 10.0; Win64; x64) AppleWebKit/537.36 (KHTML, like Gecko) Chrome/138.0.0.0 Safari/537.36"
84.236.228.59 - - [03/Aug/2026:00:30:26 +0200] "POST /wp-cron.php?doing_wp_cron=1785709826.6747610569000244140625 HTTP/1.1" 200 6900 "-" "WordPress/7.0.2; https://www.ensaco.es"
23.137.104.89 - - [03/Aug/2026:00:30:24 +0200] "GET /wp-admin/plugin-editor.php?plugin=all-in-one-wp-migration%2Fall-in-one-wp-migration.php&Submit=Select HTTP/1.1" 200 115445 "https://www.ensaco.es/wp-admin/plugin-editor.php" "Mozilla/5.0 (Windows NT 10.0; Win64; x64) AppleWebKit/537.36 (KHTML, like Gecko) Chrome/138.0.0.0 Safari/537.36"
84.236.228.59 - - [03/Aug/2026:00:30:30 +0200] "GET /wp-admin/plugin-editor.php?plugin=all-in-one-wp-migration%2Fall-in-one-wp-migration.php&file=all-in-one-wp-migration%2Fall-in-one-wp-migration.php&wp_scrape_key=c004729e21953d5768dea8b1c5b39f7e&wp_scrape_nonce=1526302109 HTTP/1.1" 200 13654 "-" "WordPress/7.0.2; https://www.ensaco.es"
84.236.228.59 - - [03/Aug/2026:00:30:30 +0200] "GET /?wp_scrape_key=c004729e21953d5768dea8b1c5b39f7e&wp_scrape_nonce=1526302109 HTTP/1.1" 200 11034 "-" "WordPress/7.0.2; https://www.ensaco.es"
23.137.104.89 - - [03/Aug/2026:00:30:27 +0200] "POST /wp-admin/admin-ajax.php HTTP/1.1" 200 7291 "https://www.ensaco.es/wp-admin/plugin-editor.php" "Mozilla/5.0 (Windows NT 10.0; Win64; x64) AppleWebKit/537.36 (KHTML, like Gecko) Chrome/138.0.0.0 Safari/537.36"
34.196.51.17 - - [03/Aug/2026:00:31:32 +0200] "HEAD / HTTP/1.1" 200 6860 "https://www.ensaco.es/" "WPMUDEV Uptime Monitor 5.0 (https://wpmudev.com)"
104.164.101.239 - - [03/Aug/2026:00:33:07 +0200] "GET /politica-de-cookies/ HTTP/1.1" 200 65280 "-" "Mozilla/5.0 (Macintosh; Intel Mac OS X 10_15_7) AppleWebKit/537.36 (KHTML, like Gecko) Chrome/148.0.0.0 Safari/537.36"
34.196.51.17 - - [03/Aug/2026:00:33:37 +0200] "HEAD / HTTP/1.1" 200 6860 "https://www.ensaco.es/" "WPMUDEV Uptime Monitor 5.0 (https://wpmudev.com)"
216.73.217.138 - - [03/Aug/2026:00:34:45 +0200] "GET / HTTP/1.1" 200 10971 "-" "Mozilla/5.0 AppleWebKit/537.36 (KHTML, like Gecko; compatible; ClaudeBot/1.0; +claudebot@anthropic.com)"
34.196.51.17 - - [03/Aug/2026:00:35:36 +0200] "HEAD / HTTP/1.1" 200 6860 "https://www.ensaco.es/" "WPMUDEV Uptime Monitor 5.0 (https://wpmudev.com)"
176.234.95.156 - - [03/Aug/2026:00:37:32 +0200] "GET / HTTP/1.1" 200 10971 "-" "Mozilla/5.0 (Windows NT 10.0; Win64; x64) AppleWebKit/537.36 (KHTML, like Gecko) Chrome/120.0.0.0 Safari/537.36"
34.196.51.17 - - [03/Aug/2026:00:37:32 +0200] "HEAD / HTTP/1.1" 200 6860 "https://www.ensaco.es/" "WPMUDEV Uptime Monitor 5.0 (https://wpmudev.com)"
176.234.95.156 - - [03/Aug/2026:00:37:35 +0200] "GET /wp-login.php HTTP/1.1" 200 10971 "-" "Mozilla/5.0 (Windows NT 10.0; Win64; x64) AppleWebKit/537.36 (KHTML, like Gecko) Chrome/120.0.0.0 Safari/537.36"
176.234.95.156 - - [03/Aug/2026:00:37:39 +0200] "POST /wp-login.php HTTP/1.1" 200 10971 "https://www.ensaco.es/wp-login.php" "Mozilla/5.0 (Windows NT 10.0; Win64; x64) AppleWebKit/537.36 (KHTML, like Gecko) Chrome/120.0.0.0 Safari/537.36"
176.234.95.156 - - [03/Aug/2026:00:37:48 +0200] "POST /wp-login.php HTTP/1.1" 200 10971 "https://www.ensaco.es/wp-login.php" "Mozilla/5.0 (Windows NT 10.0; Win64; x64) AppleWebKit/537.36 (KHTML, like Gecko) Chrome/120.0.0.0 Safari/537.36"
176.126.143.115 - - [03/Aug/2026:00:38:16 +0200] "POST /xmlrpc.php HTTP/1.1" 200 10971 "-" "WordPress/5.0; https://www.ensaco.es"
131.222.251.110 - - [03/Aug/2026:00:38:26 +0200] "GET / HTTP/1.1" 200 10971 "-" "Mozilla/5.0 (Windows NT 10.0; Win64; x64) AppleWebKit/537.36 (KHTML, like Gecko) Chrome/120.0.0.0 Safari/537.36"
131.222.251.110 - - [03/Aug/2026:00:38:30 +0200] "GET /wp-login.php HTTP/1.1" 200 10971 "-" "Mozilla/5.0 (Windows NT 10.0; Win64; x64) AppleWebKit/537.36 (KHTML, like Gecko) Chrome/120.0.0.0 Safari/537.36"
131.222.251.110 - - [03/Aug/2026:00:38:34 +0200] "POST /wp-login.php HTTP/1.1" 200 10971 "https://www.ensaco.es/wp-login.php" "Mozilla/5.0 (Windows NT 10.0; Win64; x64) AppleWebKit/537.36 (KHTML, like Gecko) Chrome/120.0.0.0 Safari/537.36"
17.246.15.120 - - [03/Aug/2026:00:38:40 +0200] "GET /wp-json/wp/v2/posts/4155 HTTP/1.1" 200 10971 "-" "Mozilla/5.0 (Macintosh; Intel Mac OS X 10_15_7) AppleWebKit/605.1.15 (KHTML, like Gecko) Version/17.4 Safari/605.1.15 (Applebot/0.1; +http://www.apple.com/go/applebot)"
131.222.251.110 - - [03/Aug/2026:00:38:43 +0200] "POST /wp-login.php HTTP/1.1" 200 10971 "https://www.ensaco.es/wp-login.php" "Mozilla/5.0 (Windows NT 10.0; Win64; x64) AppleWebKit/537.36 (KHTML, like Gecko) Chrome/120.0.0.0 Safari/537.36"
140.141.158.82 - - [03/Aug/2026:00:39:10 +0200] "POST /xmlrpc.php HTTP/1.1" 200 10971 "-" "WordPress/5.0; https://www.ensaco.es"
91.106.60.76 - - [03/Aug/2026:00:39:20 +0200] "GET / HTTP/1.1" 200 10971 "-" "Mozilla/5.0 (Windows NT 10.0; Win64; x64) AppleWebKit/537.36 (KHTML, like Gecko) Chrome/120.0.0.0 Safari/537.36"
91.106.60.76 - - [03/Aug/2026:00:39:24 +0200] "GET /wp-login.php HTTP/1.1" 200 10971 "-" "Mozilla/5.0 (Windows NT 10.0; Win64; x64) AppleWebKit/537.36 (KHTML, like Gecko) Chrome/120.0.0.0 Safari/537.36"
