84.236.228.59 - - [02/Aug/2026:06:37:36 +0200] "POST /wp-cron.php?doing_wp_cron=1785645455.9054560661315917968750 HTTP/1.1" 200 6900 "-" "WordPress/7.0.2; https://www.ensaco.es"
34.196.51.17 - - [02/Aug/2026:06:37:33 +0200] "HEAD / HTTP/1.1" 200 7073 "https://www.ensaco.es/" "WPMUDEV Uptime Monitor 5.0 (https://wpmudev.com)"
103.147.227.26 - - [02/Aug/2026:06:38:07 +0200] "GET / HTTP/1.1" 301 6954 "https://ensaco.es/" "Mozilla/5.0 (Macintosh; Intel Mac OS X 10.15; rv:125.0) Gecko/20100101 Firefox/125.0"
14.250.134.242 - - [02/Aug/2026:06:38:12 +0200] "GET / HTTP/1.1" 500 269645 "https://ensaco.es/" "Mozilla/5.0 (Macintosh; Intel Mac OS X 10.15; rv:125.0) Gecko/20100101 Firefox/125.0"
84.236.228.59 - - [02/Aug/2026:06:38:58 +0200] "POST /wp-cron.php?doing_wp_cron=1785645538.0093529224395751953125 HTTP/1.1" 200 6900 "-" "WordPress/7.0.2; https://www.ensaco.es"
14.248.65.219 - - [02/Aug/2026:06:38:55 +0200] "GET / HTTP/1.1" 301 6954 "https://ensaco.es/" "Mozilla/5.0 (Macintosh; Intel Mac OS X 10_15_7) AppleWebKit/537.36 (KHTML, like Gecko) Chrome/120.0.0.0 Safari/537.36 Edg/120.0.0.0"
216.244.66.250 - - [02/Aug/2026:06:39:01 +0200] "GET /robots.txt HTTP/1.1" 200 8865 "-" "Mozilla/5.0 (compatible; DotBot/1.2; +https://opensiteexplorer.org/dotbot; help@moz.com)"
124.29.221.246 - - [02/Aug/2026:06:39:02 +0200] "GET / HTTP/1.1" 500 269651 "https://ensaco.es/" "Mozilla/5.0 (Macintosh; Intel Mac OS X 10_15_7) AppleWebKit/537.36 (KHTML, like Gecko) Chrome/120.0.0.0 Safari/537.36 Edg/120.0.0.0"
216.73.217.138 - - [02/Aug/2026:06:39:27 +0200] "GET /robots.txt HTTP/1.1" 301 6964 "-" "Mozilla/5.0 AppleWebKit/537.36 (KHTML, like Gecko; compatible; ClaudeBot/1.0; +claudebot@anthropic.com)"
34.196.51.17 - - [02/Aug/2026:06:39:28 +0200] "HEAD / HTTP/1.1" 200 7073 "https://www.ensaco.es/" "WPMUDEV Uptime Monitor 5.0 (https://wpmudev.com)"
84.236.228.59 - - [02/Aug/2026:06:39:36 +0200] "POST /wp-cron.php?doing_wp_cron=1785645575.9931609630584716796875 HTTP/1.1" 200 6900 "-" "WordPress/7.0.2; https://www.ensaco.es"
216.73.217.138 - - [02/Aug/2026:06:39:33 +0200] "GET /robots.txt HTTP/1.1" 200 7962 "https://ensaco.es/robots.txt" "Mozilla/5.0 AppleWebKit/537.36 (KHTML, like Gecko; compatible; ClaudeBot/1.0; +claudebot@anthropic.com)"
216.73.217.138 - - [02/Aug/2026:06:39:36 +0200] "GET / HTTP/1.1" 301 6954 "-" "Mozilla/5.0 AppleWebKit/537.36 (KHTML, like Gecko; compatible; ClaudeBot/1.0; +claudebot@anthropic.com)"
216.73.217.138 - - [02/Aug/2026:06:39:41 +0200] "GET / HTTP/1.1" 500 269651 "https://ensaco.es/" "Mozilla/5.0 AppleWebKit/537.36 (KHTML, like Gecko; compatible; ClaudeBot/1.0; +claudebot@anthropic.com)"
84.236.228.59 - - [02/Aug/2026:06:41:35 +0200] "POST /wp-cron.php?doing_wp_cron=1785645695.2053279876708984375000 HTTP/1.1" 200 6900 "-" "WordPress/7.0.2; https://www.ensaco.es"
34.196.51.17 - - [02/Aug/2026:06:41:30 +0200] "HEAD / HTTP/1.1" 200 7073 "https://www.ensaco.es/" "WPMUDEV Uptime Monitor 5.0 (https://wpmudev.com)"
191.199.197.246 - - [02/Aug/2026:06:41:36 +0200] "GET /lena/ HTTP/1.1" 500 310693 "-" "Mozilla/5.0 (Linux; Android 5.0; SM-G900P Build/LRX21T) AppleWebKit/537.36 (KHTML, like Gecko) Chrome/60.0.4680.1059 Mobile Safari/537.36"
52.167.144.147 - - [02/Aug/2026:06:42:13 +0200] "GET /domotica-para-personas-mayores/ HTTP/1.1" 500 359453 "-" "Mozilla/5.0 AppleWebKit/537.36 (KHTML, like Gecko; compatible; bingbot/2.0; +http://www.bing.com/bingbot.htm) Chrome/116.0.1938.76 Safari/537.36"
123.28.84.86 - - [02/Aug/2026:06:42:26 +0200] "GET / HTTP/1.1" 301 6954 "https://ensaco.es/" "Mozilla/5.0 (X11; Linux x86_64) AppleWebKit/537.36 (KHTML, like Gecko) Chrome/128.0.6613.85 Safari/537.36"
84.236.228.59 - - [02/Aug/2026:06:42:34 +0200] "POST /wp-cron.php?doing_wp_cron=1785645754.4519960880279541015625 HTTP/1.1" 200 6900 "-" "WordPress/7.0.2; https://www.ensaco.es"
113.172.213.191 - - [02/Aug/2026:06:42:31 +0200] "GET / HTTP/1.1" 301 6954 "https://ensaco.es/" "Mozilla/5.0 (Windows NT 10.0; Win64; x64; rv:128.0) Gecko/20100101 Firefox/128.0"
177.72.167.194 - - [02/Aug/2026:06:42:33 +0200] "GET / HTTP/1.1" 500 269651 "https://ensaco.es/" "Mozilla/5.0 (X11; Linux x86_64) AppleWebKit/537.36 (KHTML, like Gecko) Chrome/128.0.6613.85 Safari/537.36"
177.100.124.28 - - [02/Aug/2026:06:42:37 +0200] "GET / HTTP/1.1" 500 269651 "https://ensaco.es/" "Mozilla/5.0 (Windows NT 10.0; Win64; x64; rv:128.0) Gecko/20100101 Firefox/128.0"
34.196.51.17 - - [02/Aug/2026:06:43:30 +0200] "HEAD / HTTP/1.1" 200 7073 "https://www.ensaco.es/" "WPMUDEV Uptime Monitor 5.0 (https://wpmudev.com)"
84.236.228.59 - - [02/Aug/2026:06:45:09 +0200] "POST /wp-cron.php?doing_wp_cron=1785645909.7816851139068603515625 HTTP/1.1" 200 6900 "-" "WordPress/7.0.2; https://www.ensaco.es"
14.248.97.174 - - [02/Aug/2026:06:45:04 +0200] "GET / HTTP/1.1" 301 6954 "https://ensaco.es/" "Mozilla/5.0 (Macintosh; Intel Mac OS X 10_15_7) AppleWebKit/537.36 (KHTML, like Gecko) Chrome/121.0.6167.57 Safari/537.36"
157.100.168.236 - - [02/Aug/2026:06:45:13 +0200] "GET / HTTP/1.1" 500 269651 "https://ensaco.es/" "Mozilla/5.0 (Macintosh; Intel Mac OS X 10_15_7) AppleWebKit/537.36 (KHTML, like Gecko) Chrome/121.0.6167.57 Safari/537.36"
34.196.51.17 - - [02/Aug/2026:06:45:29 +0200] "HEAD / HTTP/1.1" 200 7073 "https://www.ensaco.es/" "WPMUDEV Uptime Monitor 5.0 (https://wpmudev.com)"
84.236.228.59 - - [02/Aug/2026:06:45:49 +0200] "POST /wp-cron.php?doing_wp_cron=1785645949.5808260440826416015625 HTTP/1.1" 200 6900 "-" "WordPress/7.0.2; https://www.ensaco.es"
17.22.245.105 - - [02/Aug/2026:06:45:46 +0200] "GET /centro/ HTTP/1.1" 500 301127 "-" "Mozilla/5.0 (Macintosh; Intel Mac OS X 10_15_7) AppleWebKit/605.1.15 (KHTML, like Gecko) Version/17.4 Safari/605.1.15 (Applebot/0.1; +http://www.apple.com/go/applebot)"
216.244.66.250 - - [02/Aug/2026:06:45:51 +0200] "GET /wp-content/uploads/2021/02/pexels-binyamin-mellish-106399.jpg HTTP/1.1" 200 6976 "-" "Mozilla/5.0 (compatible; DotBot/1.2; +https://opensiteexplorer.org/dotbot; help@moz.com)"
216.244.66.250 - - [02/Aug/2026:06:45:51 +0200] "GET /wp-content/uploads/2021/02/pexels-binyamin-mellish-106399.jpg HTTP/1.1" 200 64895 "-" "Mozilla/5.0 (compatible; DotBot/1.2; +https://opensiteexplorer.org/dotbot; help@moz.com)"
84.236.228.59 - - [02/Aug/2026:06:46:05 +0200] "POST /wp-cron.php?doing_wp_cron=1785645965.5460760593414306640625 HTTP/1.1" 200 6900 "-" "WordPress/7.0.2; https://www.ensaco.es"
181.116.61.113 - - [02/Aug/2026:06:46:02 +0200] "GET / HTTP/1.1" 301 6954 "https://ensaco.es/" "Mozilla/5.0 (Windows NT 10.0; Win64; x64) AppleWebKit/537.36 (KHTML, like Gecko) Chrome/121.0.0.0 Safari/537.36 Edg/121.0.0.0"
84.236.228.59 - - [02/Aug/2026:06:46:19 +0200] "POST /wp-cron.php?doing_wp_cron=1785645978.9570200443267822265625 HTTP/1.1" 200 6900 "-" "WordPress/7.0.2; https://www.ensaco.es"
102.67.203.245 - - [02/Aug/2026:06:46:15 +0200] "GET / HTTP/1.1" 500 269651 "https://ensaco.es/" "Mozilla/5.0 (Windows NT 10.0; Win64; x64) AppleWebKit/537.36 (KHTML, like Gecko) Chrome/121.0.0.0 Safari/537.36 Edg/121.0.0.0"
84.236.228.59 - - [02/Aug/2026:06:46:21 +0200] "HEAD /wp-content/uploads/2019/04/dom%C3%B3tica-para-la-cocina4.jpg HTTP/1.1" 200 6963 "https://www.ensaco.es" "WPMU DEV Broken Link Checker Local Engine"
84.236.228.59 - - [02/Aug/2026:06:46:23 +0200] "HEAD /showroom/ HTTP/1.1" 200 7080 "https://www.ensaco.es" "WPMU DEV Broken Link Checker Local Engine"
84.236.228.59 - - [02/Aug/2026:06:46:25 +0200] "HEAD /fte-junquera/ HTTP/1.1" 200 7080 "https://www.ensaco.es" "WPMU DEV Broken Link Checker Local Engine"
84.236.228.59 - - [02/Aug/2026:06:46:29 +0200] "HEAD /wp-content/uploads/2020/11/clima-1.png HTTP/1.1" 200 6960 "https://www.ensaco.es" "WPMU DEV Broken Link Checker Local Engine"
84.236.228.59 - - [02/Aug/2026:06:46:31 +0200] "HEAD /producto/videograbador-8-canales-con-2tb/ HTTP/1.1" 200 7082 "https://www.ensaco.es" "WPMU DEV Broken Link Checker Local Engine"
84.236.228.59 - - [02/Aug/2026:06:46:39 +0200] "HEAD /wp-content/uploads/2024/10/soporte-tecnico_ONLINE.png HTTP/1.1" 200 6962 "https://www.ensaco.es" "WPMU DEV Broken Link Checker Local Engine"
84.236.228.59 - - [02/Aug/2026:06:46:41 +0200] "HEAD /hoteles/ HTTP/1.1" 200 7080 "https://www.ensaco.es" "WPMU DEV Broken Link Checker Local Engine"
84.236.228.59 - - [02/Aug/2026:06:46:49 +0200] "HEAD /wp-content/uploads/2017/09/light-bulb-2132354_640.jpg HTTP/1.1" 200 6963 "https://www.ensaco.es" "WPMU DEV Broken Link Checker Local Engine"
84.236.228.59 - - [02/Aug/2026:06:46:51 +0200] "HEAD /wp-content/uploads/2021/04/pexels-fauxels-3184465-1.jpg HTTP/1.1" 200 6963 "https://www.ensaco.es" "WPMU DEV Broken Link Checker Local Engine"
84.236.228.59 - - [02/Aug/2026:06:47:01 +0200] "HEAD /granjas/ HTTP/1.1" 200 7080 "https://www.ensaco.es" "WPMU DEV Broken Link Checker Local Engine"
84.236.228.59 - - [02/Aug/2026:06:47:09 +0200] "HEAD /wp-content/uploads/2024/01/intercom_front_variants_rendering-300x300.png HTTP/1.1" 200 6962 "https://www.ensaco.es" "WPMU DEV Broken Link Checker Local Engine"
216.244.66.250 - - [02/Aug/2026:06:47:07 +0200] "GET /consideraciones-instalacion-sistemas-aerotermia-viviendas/ HTTP/1.1" 500 311594 "-" "Mozilla/5.0 (compatible; DotBot/1.2; +https://opensiteexplorer.org/dotbot; help@moz.com)"
84.236.228.59 - - [02/Aug/2026:06:47:11 +0200] "HEAD /wp-content/uploads/2021/04/pexels-andrea-piacquadio-3952126.jpg HTTP/1.1" 200 6963 "https://www.ensaco.es" "WPMU DEV Broken Link Checker Local Engine"
84.236.228.59 - - [02/Aug/2026:06:47:16 +0200] "HEAD /wp-content/uploads/2020/09/1.3.jpg HTTP/1.1" 200 6965 "https://www.ensaco.es" "WPMU DEV Broken Link Checker Local Engine"
84.236.228.59 - - [02/Aug/2026:06:47:25 +0200] "POST /wp-cron.php?doing_wp_cron=1785646045.4183740615844726562500 HTTP/1.1" 200 6900 "-" "WordPress/7.0.2; https://www.ensaco.es"
216.244.66.250 - - [02/Aug/2026:06:47:20 +0200] "GET /tienda/page/6/ HTTP/1.1" 500 269749 "-" "Mozilla/5.0 (compatible; DotBot/1.2; +https://opensiteexplorer.org/dotbot; help@moz.com)"
84.236.228.59 - - [02/Aug/2026:06:47:26 +0200] "POST /wp-cron.php?doing_wp_cron=1785646046.8236219882965087890625 HTTP/1.1" 200 6900 "-" "WordPress/7.0.2; https://www.ensaco.es"
84.236.228.59 - - [02/Aug/2026:06:47:21 +0200] "HEAD /tienda/ HTTP/1.1" 200 6926 "https://www.ensaco.es" "WPMU DEV Broken Link Checker Local Engine"
84.236.228.59 - - [02/Aug/2026:06:47:33 +0200] "HEAD /wp-content/uploads/2021/05/Aldes-3.jpg HTTP/1.1" 200 6965 "https://www.ensaco.es" "WPMU DEV Broken Link Checker Local Engine"
34.196.51.17 - - [02/Aug/2026:06:47:29 +0200] "HEAD / HTTP/1.1" 200 7073 "https://www.ensaco.es/" "WPMUDEV Uptime Monitor 5.0 (https://wpmudev.com)"
84.236.228.59 - - [02/Aug/2026:06:47:35 +0200] "HEAD /wp-content/uploads/2024/11/programacion_.png HTTP/1.1" 200 6962 "https://www.ensaco.es" "WPMU DEV Broken Link Checker Local Engine"
84.236.228.59 - - [02/Aug/2026:06:48:07 +0200] "POST /wp-cron.php?doing_wp_cron=1785646087.6880669593811035156250 HTTP/1.1" 200 6900 "-" "WordPress/7.0.2; https://www.ensaco.es"
190.105.123.0 - - [02/Aug/2026:06:48:03 +0200] "GET / HTTP/1.1" 301 6954 "https://ensaco.es/" "Mozilla/5.0 (Macintosh; Intel Mac OS X 14_0) AppleWebKit/605.1.15 (KHTML, like Gecko) Version/17.0 Safari/605.1.15"
42.116.88.200 - - [02/Aug/2026:06:48:12 +0200] "GET / HTTP/1.1" 500 269645 "https://ensaco.es/" "Mozilla/5.0 (Macintosh; Intel Mac OS X 14_0) AppleWebKit/605.1.15 (KHTML, like Gecko) Version/17.0 Safari/605.1.15"
123.21.137.252 - - [02/Aug/2026:06:48:20 +0200] "GET / HTTP/1.1" 301 6954 "https://ensaco.es/" "Mozilla/5.0 (Windows NT 10.0; Win64; x64) AppleWebKit/537.36 (KHTML, like Gecko) Chrome/130.0.6723.70 Safari/537.36"
102.129.75.198 - - [02/Aug/2026:06:48:26 +0200] "GET / HTTP/1.1" 500 269651 "https://ensaco.es/" "Mozilla/5.0 (Windows NT 10.0; Win64; x64) AppleWebKit/537.36 (KHTML, like Gecko) Chrome/130.0.6723.70 Safari/537.36"
84.236.228.59 - - [02/Aug/2026:06:49:28 +0200] "POST /wp-cron.php?doing_wp_cron=1785646168.4528720378875732421875 HTTP/1.1" 200 6900 "-" "WordPress/7.0.2; https://www.ensaco.es"
87.250.224.116 - - [02/Aug/2026:06:49:25 +0200] "GET /robots.txt HTTP/1.1" 200 8865 "-" "Mozilla/5.0 (compatible; YandexBot/3.0; +http://yandex.com/bots)"
213.180.203.237 - - [02/Aug/2026:06:49:29 +0200] "GET /valdespartera/f5dd79b9-8c60-4e71-b6e4-cbf5115bee4e/ HTTP/1.1" 301 7029 "-" "Mozilla/5.0 (compatible; YandexBot/3.0; +http://yandex.com/bots)"
95.108.213.232 - - [02/Aug/2026:06:49:39 +0200] "GET /wp-content/uploads/2019/02/F5DD79B9-8C60-4E71-B6E4-CBF5115BEE4E-scaled.jpeg HTTP/1.1" 200 6990 "-" "Mozilla/5.0 (compatible; YandexBot/3.0; +http://yandex.com/bots)"
103.138.123.82 - - [02/Aug/2026:06:49:31 +0200] "GET / HTTP/1.1" 301 6954 "https://ensaco.es/" "Mozilla/5.0 (Windows NT 10.0; Win64; x64) AppleWebKit/537.36 (KHTML, like Gecko) Chrome/130.0.6723.70 Safari/537.36"
34.196.51.17 - - [02/Aug/2026:06:49:30 +0200] "HEAD / HTTP/1.1" 200 7073 "https://www.ensaco.es/" "WPMUDEV Uptime Monitor 5.0 (https://wpmudev.com)"
14.240.217.65 - - [02/Aug/2026:06:49:31 +0200] "GET / HTTP/1.1" 301 6954 "https://ensaco.es/" "Mozilla/5.0 (Windows NT 10.0; Win64; x64) AppleWebKit/537.36 (KHTML, like Gecko) Chrome/122.0.0.0 Safari/537.36 Edg/122.0.0.0"
94.128.210.89 - - [02/Aug/2026:06:49:39 +0200] "GET / HTTP/1.1" 301 6954 "https://ensaco.es/" "Mozilla/5.0 (Macintosh; Intel Mac OS X 10_15_7) AppleWebKit/605.1.15 (KHTML, like Gecko) Version/17.2 Safari/605.1.15"
95.108.213.232 - - [02/Aug/2026:06:49:39 +0200] "GET /wp-content/uploads/2019/02/F5DD79B9-8C60-4E71-B6E4-CBF5115BEE4E-scaled.jpeg HTTP/2.0" 200 757677 "-" "Mozilla/5.0 (compatible; YandexBot/3.0; +http://yandex.com/bots)"
183.87.96.74 - - [02/Aug/2026:06:49:41 +0200] "GET / HTTP/1.1" 301 6954 "https://ensaco.es/" "Mozilla/5.0 (Windows NT 10.0; Win64; x64) AppleWebKit/537.36 (KHTML, like Gecko) Chrome/122.0.0.0 Safari/537.36 Edg/122.0.0.0"
103.248.207.90 - - [02/Aug/2026:06:49:48 +0200] "GET / HTTP/1.1" 500 269651 "https://ensaco.es/" "Mozilla/5.0 (Macintosh; Intel Mac OS X 10_15_7) AppleWebKit/605.1.15 (KHTML, like Gecko) Version/17.2 Safari/605.1.15"
40.77.167.42 - - [02/Aug/2026:06:49:58 +0200] "GET /wp-content/uploads/2019/03/pulsadores-loxone.jpg HTTP/1.1" 200 6963 "-" "Mozilla/5.0 AppleWebKit/537.36 (KHTML, like Gecko; compatible; bingbot/2.0; +http://www.bing.com/bingbot.htm) Chrome/116.0.1938.76 Safari/537.36"
213.180.203.96 - - [02/Aug/2026:06:49:58 +0200] "GET /wp-content/uploads/2019/02/F5DD79B9-8C60-4E71-B6E4-CBF5115BEE4E-scaled.jpeg HTTP/1.1" 200 6990 "-" "Mozilla/5.0 (compatible; YandexImages/3.0; +http://yandex.com/bots)"
40.77.167.42 - - [02/Aug/2026:06:49:58 +0200] "GET /wp-content/uploads/2019/03/pulsadores-loxone.jpg HTTP/2.0" 200 24098 "-" "Mozilla/5.0 AppleWebKit/537.36 (KHTML, like Gecko; compatible; bingbot/2.0; +http://www.bing.com/bingbot.htm) Chrome/116.0.1938.76 Safari/537.36"
213.180.203.96 - - [02/Aug/2026:06:49:58 +0200] "GET /wp-content/uploads/2019/02/F5DD79B9-8C60-4E71-B6E4-CBF5115BEE4E-scaled.jpeg HTTP/2.0" 200 757677 "-" "Mozilla/5.0 (compatible; YandexImages/3.0; +http://yandex.com/bots)"
213.180.203.11 - - [02/Aug/2026:06:49:59 +0200] "GET /valdespartera/f5dd79b9-8c60-4e71-b6e4-cbf5115bee4e/ HTTP/1.1" 301 7029 "-" "Mozilla/5.0 (compatible; YandexImages/3.0; +http://yandex.com/bots)"
213.180.203.254 - - [02/Aug/2026:06:50:03 +0200] "GET /wp-content/uploads/2019/02/F5DD79B9-8C60-4E71-B6E4-CBF5115BEE4E-scaled.jpeg HTTP/1.1" 200 6990 "-" "Mozilla/5.0 (compatible; YandexImages/3.0; +http://yandex.com/bots)"
213.180.203.254 - - [02/Aug/2026:06:50:03 +0200] "GET /wp-content/uploads/2019/02/F5DD79B9-8C60-4E71-B6E4-CBF5115BEE4E-scaled.jpeg HTTP/2.0" 200 757677 "-" "Mozilla/5.0 (compatible; YandexImages/3.0; +http://yandex.com/bots)"
84.236.228.59 - - [02/Aug/2026:06:50:53 +0200] "POST /wp-cron.php?doing_wp_cron=1785646252.9320240020751953125000 HTTP/1.1" 200 6900 "-" "WordPress/7.0.2; https://www.ensaco.es"
128.0.223.69 - - [02/Aug/2026:06:50:49 +0200] "GET / HTTP/1.1" 301 6954 "https://ensaco.es/" "Mozilla/5.0 (Macintosh; Intel Mac OS X 10_15_7) AppleWebKit/605.1.15 (KHTML, like Gecko) Version/17.0 Safari/605.1.15"
103.61.241.75 - - [02/Aug/2026:06:50:54 +0200] "GET / HTTP/1.1" 500 269651 "https://ensaco.es/" "Mozilla/5.0 (Macintosh; Intel Mac OS X 10_15_7) AppleWebKit/605.1.15 (KHTML, like Gecko) Version/17.0 Safari/605.1.15"
34.196.51.17 - - [02/Aug/2026:06:51:30 +0200] "HEAD / HTTP/1.1" 200 7073 "https://www.ensaco.es/" "WPMUDEV Uptime Monitor 5.0 (https://wpmudev.com)"
84.236.228.59 - - [02/Aug/2026:06:53:33 +0200] "POST /wp-cron.php?doing_wp_cron=1785646413.5048210620880126953125 HTTP/1.1" 200 6900 "-" "WordPress/7.0.2; https://www.ensaco.es"
34.196.51.17 - - [02/Aug/2026:06:53:30 +0200] "HEAD / HTTP/1.1" 200 7073 "https://www.ensaco.es/" "WPMUDEV Uptime Monitor 5.0 (https://wpmudev.com)"
216.244.66.250 - - [02/Aug/2026:06:54:47 +0200] "GET /wp-content/uploads/2024/03/DAHUAWIFI.png HTTP/1.1" 200 6954 "-" "Mozilla/5.0 (compatible; DotBot/1.2; +https://opensiteexplorer.org/dotbot; help@moz.com)"
216.244.66.250 - - [02/Aug/2026:06:54:47 +0200] "GET /wp-content/uploads/2024/03/DAHUAWIFI.png HTTP/1.1" 200 45602 "-" "Mozilla/5.0 (compatible; DotBot/1.2; +https://opensiteexplorer.org/dotbot; help@moz.com)"
216.244.66.250 - - [02/Aug/2026:06:55:03 +0200] "GET /wp-content/uploads/2024/03/FLEXN.png HTTP/1.1" 200 38421 "-" "Mozilla/5.0 (compatible; DotBot/1.2; +https://opensiteexplorer.org/dotbot; help@moz.com)"
216.244.66.250 - - [02/Aug/2026:06:55:03 +0200] "GET /wp-content/uploads/2024/03/FLEXN.png HTTP/1.1" 200 6950 "-" "Mozilla/5.0 (compatible; DotBot/1.2; +https://opensiteexplorer.org/dotbot; help@moz.com)"
84.236.228.59 - - [02/Aug/2026:06:55:25 +0200] "POST /wp-cron.php?doing_wp_cron=1785646525.4569849967956542968750 HTTP/1.1" 200 6900 "-" "WordPress/7.0.2; https://www.ensaco.es"
161.140.109.58 - - [02/Aug/2026:06:55:21 +0200] "GET / HTTP/1.1" 301 6954 "https://ensaco.es/" "Mozilla/5.0 (iPhone; CPU iPhone OS 17_0 like Mac OS X) AppleWebKit/605.1.15 (KHTML, like Gecko) Version/17.0 Mobile/15E148 Safari/604.1"
138.121.113.213 - - [02/Aug/2026:06:55:29 +0200] "GET / HTTP/1.1" 500 269651 "https://ensaco.es/" "Mozilla/5.0 (iPhone; CPU iPhone OS 17_0 like Mac OS X) AppleWebKit/605.1.15 (KHTML, like Gecko) Version/17.0 Mobile/15E148 Safari/604.1"
84.236.228.59 - - [02/Aug/2026:06:55:34 +0200] "POST /wp-cron.php?doing_wp_cron=1785646534.5443890094757080078125 HTTP/1.1" 200 6900 "-" "WordPress/7.0.2; https://www.ensaco.es"
34.196.51.17 - - [02/Aug/2026:06:55:31 +0200] "HEAD / HTTP/1.1" 200 7073 "https://www.ensaco.es/" "WPMUDEV Uptime Monitor 5.0 (https://wpmudev.com)"
84.236.228.59 - - [02/Aug/2026:06:56:56 +0200] "POST /wp-cron.php?doing_wp_cron=1785646616.7840011119842529296875 HTTP/1.1" 200 6900 "-" "WordPress/7.0.2; https://www.ensaco.es"
38.253.64.170 - - [02/Aug/2026:06:56:53 +0200] "GET / HTTP/1.1" 301 6954 "https://ensaco.es/" "Mozilla/5.0 (Windows NT 10.0; Win64; x64; rv:126.0) Gecko/20100101 Firefox/126.0"
14.187.43.126 - - [02/Aug/2026:06:56:59 +0200] "GET / HTTP/1.1" 500 269645 "https://ensaco.es/" "Mozilla/5.0 (Windows NT 10.0; Win64; x64; rv:126.0) Gecko/20100101 Firefox/126.0"
66.249.64.45 - - [02/Aug/2026:06:57:26 +0200] "GET /funciona-una-estufa-pellet/ HTTP/1.1" 500 271922 "-" "Mozilla/5.0 (Linux; Android 6.0.1; Nexus 5X Build/MMB29P) AppleWebKit/537.36 (KHTML, like Gecko) Chrome/150.0.7871.186 Mobile Safari/537.36 (compatible; GoogleOther)"
34.196.51.17 - - [02/Aug/2026:06:57:31 +0200] "HEAD / HTTP/1.1" 200 7073 "https://www.ensaco.es/" "WPMUDEV Uptime Monitor 5.0 (https://wpmudev.com)"
84.236.228.59 - - [02/Aug/2026:06:57:56 +0200] "POST /wp-cron.php?doing_wp_cron=1785646675.9380280971527099609375 HTTP/1.1" 200 6900 "-" "WordPress/7.0.2; https://www.ensaco.es"
14.191.93.197 - - [02/Aug/2026:06:57:53 +0200] "GET / HTTP/1.1" 301 6954 "https://ensaco.es/" "Mozilla/5.0 (Windows NT 10.0; Win64; x64; rv:128.0) Gecko/20100101 Firefox/128.0"
45.227.228.148 - - [02/Aug/2026:06:57:59 +0200] "GET / HTTP/1.1" 500 269651 "https://ensaco.es/" "Mozilla/5.0 (Windows NT 10.0; Win64; x64; rv:128.0) Gecko/20100101 Firefox/128.0"
84.236.228.59 - - [02/Aug/2026:06:59:34 +0200] "POST /wp-cron.php?doing_wp_cron=1785646774.7672460079193115234375 HTTP/1.1" 200 6900 "-" "WordPress/7.0.2; https://www.ensaco.es"
34.196.51.17 - - [02/Aug/2026:06:59:30 +0200] "HEAD / HTTP/1.1" 200 7073 "https://www.ensaco.es/" "WPMUDEV Uptime Monitor 5.0 (https://wpmudev.com)"
14.240.98.50 - - [02/Aug/2026:07:00:06 +0200] "GET / HTTP/1.1" 301 6954 "https://ensaco.es/" "Mozilla/5.0 (X11; Ubuntu; Linux x86_64; rv:124.0) Gecko/20100101 Firefox/124.0"
84.236.228.59 - - [02/Aug/2026:07:01:38 +0200] "POST /wp-cron.php?doing_wp_cron=1785646898.1535999774932861328125 HTTP/1.1" 200 6900 "-" "WordPress/7.0.2; https://www.ensaco.es"
34.196.51.17 - - [02/Aug/2026:07:01:34 +0200] "HEAD / HTTP/1.1" 200 7073 "https://www.ensaco.es/" "WPMUDEV Uptime Monitor 5.0 (https://wpmudev.com)"
17.22.253.177 - - [02/Aug/2026:07:02:05 +0200] "GET /centro/ HTTP/1.1" 500 301127 "-" "Mozilla/5.0 (Macintosh; Intel Mac OS X 10_15_7) AppleWebKit/605.1.15 (KHTML, like Gecko) Version/17.4 Safari/605.1.15 (Applebot/0.1; +http://www.apple.com/go/applebot)"
17.22.253.177 - - [02/Aug/2026:07:02:14 +0200] "GET /wp-content/plugins/bb-plugin/css/jquery.bxslider.css HTTP/1.1" 200 6964 "https://www.ensaco.es/centro/" "Mozilla/5.0 (Macintosh; Intel Mac OS X 10_15_7) AppleWebKit/605.1.15 (KHTML, like Gecko) Version/17.4 Safari/605.1.15 (Applebot/0.1; +http://www.apple.com/go/applebot)"
17.22.253.177 - - [02/Aug/2026:07:02:14 +0200] "GET /wp-content/plugins/bb-plugin/css/jquery.bxslider.css HTTP/2.0" 200 867 "https://www.ensaco.es/centro/" "Mozilla/5.0 (Macintosh; Intel Mac OS X 10_15_7) AppleWebKit/605.1.15 (KHTML, like Gecko) Version/17.4 Safari/605.1.15 (Applebot/0.1; +http://www.apple.com/go/applebot)"
52.167.144.180 - - [02/Aug/2026:07:02:38 +0200] "GET /wp-content/uploads/2022/08/pic_autoconsumo.jpg HTTP/1.1" 200 6961 "-" "Mozilla/5.0 AppleWebKit/537.36 (KHTML, like Gecko; compatible; bingbot/2.0; +http://www.bing.com/bingbot.htm) Chrome/116.0.1938.76 Safari/537.36"
52.167.144.180 - - [02/Aug/2026:07:02:39 +0200] "GET /wp-content/uploads/2022/08/pic_autoconsumo.jpg HTTP/2.0" 200 85551 "-" "Mozilla/5.0 AppleWebKit/537.36 (KHTML, like Gecko; compatible; bingbot/2.0; +http://www.bing.com/bingbot.htm) Chrome/116.0.1938.76 Safari/537.36"
84.236.228.59 - - [02/Aug/2026:07:02:40 +0200] "POST /wp-cron.php?doing_wp_cron=1785646960.2766389846801757812500 HTTP/1.1" 200 6900 "-" "WordPress/7.0.2; https://www.ensaco.es"
52.139.3.76 - - [02/Aug/2026:07:02:36 +0200] "GET / HTTP/1.1" 301 6954 "-" "Mozilla/5.0 (X11; Linux x86_64) AppleWebKit/537.36 (KHTML, like Gecko) Chrome/122.0.0.0 Safari/537.36"
52.139.3.76 - - [02/Aug/2026:07:02:41 +0200] "GET / HTTP/1.1" 500 269651 "-" "Mozilla/5.0 (X11; Linux x86_64) AppleWebKit/537.36 (KHTML, like Gecko) Chrome/122.0.0.0 Safari/537.36"
84.236.228.59 - - [02/Aug/2026:07:03:35 +0200] "POST /wp-cron.php?doing_wp_cron=1785647015.5240199565887451171875 HTTP/1.1" 200 6900 "-" "WordPress/7.0.2; https://www.ensaco.es"
34.196.51.17 - - [02/Aug/2026:07:03:32 +0200] "HEAD / HTTP/1.1" 200 7073 "https://www.ensaco.es/" "WPMUDEV Uptime Monitor 5.0 (https://wpmudev.com)"
107.174.153.90 - - [02/Aug/2026:07:04:01 +0200] "GET /robots.txt HTTP/1.1" 301 6964 "-" "Mozilla/5.0 (X11; Linux x86_64) AppleWebKit/537.36 (KHTML, like Gecko) Chrome/116.0.0.0 Safari/537.36"
107.174.153.90 - - [02/Aug/2026:07:04:04 +0200] "GET /robots.txt HTTP/1.1" 200 7962 "-" "Mozilla/5.0 (X11; Linux x86_64) AppleWebKit/537.36 (KHTML, like Gecko) Chrome/116.0.0.0 Safari/537.36"
84.236.228.59 - - [02/Aug/2026:07:04:35 +0200] "POST /wp-cron.php?doing_wp_cron=1785647074.9623639583587646484375 HTTP/1.1" 200 6900 "-" "WordPress/7.0.2; https://www.ensaco.es"
107.174.153.90 - - [02/Aug/2026:07:04:31 +0200] "GET / HTTP/1.1" 301 6954 "-" "Mozilla/5.0 (X11; Linux x86_64) AppleWebKit/537.36 (KHTML, like Gecko) Chrome/116.0.0.0 Safari/537.36"
107.174.153.90 - - [02/Aug/2026:07:04:35 +0200] "GET / HTTP/1.1" 500 269645 "-" "Mozilla/5.0 (X11; Linux x86_64) AppleWebKit/537.36 (KHTML, like Gecko) Chrome/116.0.0.0 Safari/537.36"
84.236.228.59 - - [02/Aug/2026:07:05:34 +0200] "POST /wp-cron.php?doing_wp_cron=1785647134.2065999507904052734375 HTTP/1.1" 200 6900 "-" "WordPress/7.0.2; https://www.ensaco.es"
34.196.51.17 - - [02/Aug/2026:07:05:31 +0200] "HEAD / HTTP/1.1" 200 7073 "https://www.ensaco.es/" "WPMUDEV Uptime Monitor 5.0 (https://wpmudev.com)"
113.185.107.40 - - [02/Aug/2026:07:05:33 +0200] "GET / HTTP/1.1" 301 6954 "https://ensaco.es/" "Mozilla/5.0 (Macintosh; Intel Mac OS X 10_15_7) AppleWebKit/537.36 (KHTML, like Gecko) Chrome/129.0.6668.59 Safari/537.36"
103.82.252.210 - - [02/Aug/2026:07:05:43 +0200] "GET / HTTP/1.1" 500 269651 "https://ensaco.es/" "Mozilla/5.0 (Macintosh; Intel Mac OS X 10_15_7) AppleWebKit/537.36 (KHTML, like Gecko) Chrome/129.0.6668.59 Safari/537.36"
216.73.217.138 - - [02/Aug/2026:07:05:57 +0200] "GET /robots.txt HTTP/1.1" 200 7962 "-" "Mozilla/5.0 AppleWebKit/537.36 (KHTML, like Gecko; compatible; ClaudeBot/1.0; +claudebot@anthropic.com)"
216.73.217.138 - - [02/Aug/2026:07:06:00 +0200] "GET /sitemap_index.xml HTTP/1.1" 200 7335 "-" "Mozilla/5.0 AppleWebKit/537.36 (KHTML, like Gecko; compatible; ClaudeBot/1.0; +claudebot@anthropic.com)"
84.236.228.59 - - [02/Aug/2026:07:06:23 +0200] "POST /wp-cron.php?doing_wp_cron=1785647183.4194419384002685546875 HTTP/1.1" 200 6900 "-" "WordPress/7.0.2; https://www.ensaco.es"
57.141.0.19 - - [02/Aug/2026:07:06:19 +0200] "GET /rosales/ HTTP/1.1" 500 301141 "-" "Mozilla/5.0 (Macintosh; Intel Mac OS X 10_15_7) AppleWebKit/537.36 (KHTML, like Gecko) Chrome/145.0.0.0 Safari/537.36 (compatible; meta-webindexer/1.1 (+https://developers.facebook.com/docs/sharing/webmasters/crawler))"
84.236.228.59 - - [02/Aug/2026:07:07:21 +0200] "POST /wp-cron.php?doing_wp_cron=1785647241.4969201087951660156250 HTTP/1.1" 200 6900 "-" "WordPress/7.0.2; https://www.ensaco.es"
66.249.64.44 - - [02/Aug/2026:07:07:18 +0200] "GET /funciona-una-estufa-pellet/ HTTP/1.1" 500 271922 "-" "Mozilla/5.0 (Linux; Android 6.0.1; Nexus 5X Build/MMB29P) AppleWebKit/537.36 (KHTML, like Gecko) Chrome/150.0.7871.186 Mobile Safari/537.36 (compatible; Googlebot/2.1; +http://www.google.com/bot.html)"
84.236.228.59 - - [02/Aug/2026:07:07:34 +0200] "POST /wp-cron.php?doing_wp_cron=1785647254.1763219833374023437500 HTTP/1.1" 200 6900 "-" "WordPress/7.0.2; https://www.ensaco.es"
34.196.51.17 - - [02/Aug/2026:07:07:31 +0200] "HEAD / HTTP/1.1" 200 7073 "https://www.ensaco.es/" "WPMUDEV Uptime Monitor 5.0 (https://wpmudev.com)"
84.236.228.59 - - [02/Aug/2026:07:07:54 +0200] "POST /wp-cron.php?doing_wp_cron=1785647274.1057920455932617187500 HTTP/1.1" 200 6900 "-" "WordPress/7.0.2; https://www.ensaco.es"
178.237.236.45 - - [02/Aug/2026:07:07:50 +0200] "GET /producto/altavoces-quadral-7/ HTTP/1.1" 500 592716 "https://www.ensaco.es" "Mozilla/5.0 (Macintosh; Intel Mac OS X 10_15_7) AppleWebKit/537.36 (KHTML, like Gecko) Chrome/145.0.0.0 Safari/537.36"
179.42.40.1 - - [02/Aug/2026:07:07:56 +0200] "GET /producto/altavoces-quadral-7/ HTTP/1.1" 500 592701 "https://www.ensaco.es" "Mozilla/5.0 (Macintosh; Intel Mac OS X 10_15_7) AppleWebKit/537.36 (KHTML, like Gecko) Chrome/145.0.0.0 Safari/537.36"
201.18.80.197 - - [02/Aug/2026:07:08:03 +0200] "GET /producto/altavoces-quadral-7/ HTTP/1.1" 500 592701 "https://www.ensaco.es" "Mozilla/5.0 (Macintosh; Intel Mac OS X 10_15_7) AppleWebKit/537.36 (KHTML, like Gecko) Chrome/145.0.0.0 Safari/537.36"
52.167.144.195 - - [02/Aug/2026:07:08:07 +0200] "GET /estacion-carga-en-casa/ HTTP/1.1" 500 310950 "-" "Mozilla/5.0 AppleWebKit/537.36 (KHTML, like Gecko; compatible; bingbot/2.0; +http://www.bing.com/bingbot.htm) Chrome/116.0.1938.76 Safari/537.36"
84.236.228.59 - - [02/Aug/2026:07:09:35 +0200] "POST /wp-cron.php?doing_wp_cron=1785647374.9344611167907714843750 HTTP/1.1" 200 6900 "-" "WordPress/7.0.2; https://www.ensaco.es"
34.196.51.17 - - [02/Aug/2026:07:09:31 +0200] "HEAD / HTTP/1.1" 200 7073 "https://www.ensaco.es/" "WPMUDEV Uptime Monitor 5.0 (https://wpmudev.com)"
84.236.228.59 - - [02/Aug/2026:07:10:38 +0200] "POST /wp-cron.php?doing_wp_cron=1785647438.3618409633636474609375 HTTP/1.1" 200 6900 "-" "WordPress/7.0.2; https://www.ensaco.es"
116.98.235.240 - - [02/Aug/2026:07:10:35 +0200] "GET / HTTP/1.1" 301 6954 "https://ensaco.es/" "Mozilla/5.0 (Macintosh; Intel Mac OS X 10_15_7) AppleWebKit/537.36 (KHTML, like Gecko) Chrome/129.0.6668.59 Safari/537.36"
188.214.233.7 - - [02/Aug/2026:07:11:35 +0200] "GET /wp-content/uploads/2020/08/vertisol.png HTTP/1.1" 200 6953 "-" "Mozilla/5.0 (compatible; crawler)"
188.214.233.7 - - [02/Aug/2026:07:11:35 +0200] "GET /wp-content/uploads/2020/08/vertisol.png HTTP/1.1" 200 12654 "-" "Mozilla/5.0 (compatible; crawler)"
84.236.228.59 - - [02/Aug/2026:07:11:36 +0200] "POST /wp-cron.php?doing_wp_cron=1785647495.9024779796600341796875 HTTP/1.1" 200 6900 "-" "WordPress/7.0.2; https://www.ensaco.es"
34.196.51.17 - - [02/Aug/2026:07:11:33 +0200] "HEAD / HTTP/1.1" 200 7073 "https://www.ensaco.es/" "WPMUDEV Uptime Monitor 5.0 (https://wpmudev.com)"
14.161.48.241 - - [02/Aug/2026:07:12:10 +0200] "GET / HTTP/1.1" 301 6954 "https://ensaco.es/" "Mozilla/5.0 (Macintosh; Intel Mac OS X 10_15_7) AppleWebKit/537.36 (KHTML, like Gecko) Chrome/121.0.0.0 Safari/537.36 Edg/121.0.0.0"
196.188.35.60 - - [02/Aug/2026:07:12:14 +0200] "GET / HTTP/1.1" 500 269645 "https://ensaco.es/" "Mozilla/5.0 (Macintosh; Intel Mac OS X 10_15_7) AppleWebKit/537.36 (KHTML, like Gecko) Chrome/121.0.0.0 Safari/537.36 Edg/121.0.0.0"
84.236.228.59 - - [02/Aug/2026:07:13:33 +0200] "POST /wp-cron.php?doing_wp_cron=1785647613.7088799476623535156250 HTTP/1.1" 200 6900 "-" "WordPress/7.0.2; https://www.ensaco.es"
34.196.51.17 - - [02/Aug/2026:07:13:30 +0200] "HEAD / HTTP/1.1" 200 7073 "https://www.ensaco.es/" "WPMUDEV Uptime Monitor 5.0 (https://wpmudev.com)"
84.236.228.59 - - [02/Aug/2026:07:15:37 +0200] "POST /wp-cron.php?doing_wp_cron=1785647736.9140579700469970703125 HTTP/1.1" 200 6900 "-" "WordPress/7.0.2; https://www.ensaco.es"
34.196.51.17 - - [02/Aug/2026:07:15:33 +0200] "HEAD / HTTP/1.1" 200 7073 "https://www.ensaco.es/" "WPMUDEV Uptime Monitor 5.0 (https://wpmudev.com)"
84.236.228.59 - - [02/Aug/2026:07:17:35 +0200] "POST /wp-cron.php?doing_wp_cron=1785647855.1322059631347656250000 HTTP/1.1" 200 6900 "-" "WordPress/7.0.2; https://www.ensaco.es"
34.196.51.17 - - [02/Aug/2026:07:17:31 +0200] "HEAD / HTTP/1.1" 200 7073 "https://www.ensaco.es/" "WPMUDEV Uptime Monitor 5.0 (https://wpmudev.com)"
84.236.228.59 - - [02/Aug/2026:07:17:38 +0200] "HEAD /productos-old/?add-to-cart=4358 HTTP/1.1" 200 7120 "https://www.ensaco.es" "WPMU DEV Broken Link Checker Local Engine"
84.236.228.59 - - [02/Aug/2026:07:17:41 +0200] "HEAD /wp-content/uploads/2018/03/Instalaciones-para-granjas.jpg HTTP/1.1" 200 6963 "https://www.ensaco.es" "WPMU DEV Broken Link Checker Local Engine"
84.236.228.59 - - [02/Aug/2026:07:17:43 +0200] "HEAD /showroom-tour-virtual/ HTTP/1.1" 200 7080 "https://www.ensaco.es" "WPMU DEV Broken Link Checker Local Engine"
84.236.228.59 - - [02/Aug/2026:07:17:46 +0200] "HEAD /wp-content/uploads/2020/09/4.jpg HTTP/1.1" 200 6965 "https://www.ensaco.es" "WPMU DEV Broken Link Checker Local Engine"
84.236.228.59 - - [02/Aug/2026:07:17:48 +0200] "HEAD /productos-old/?add-to-cart=4355 HTTP/1.1" 200 7120 "https://www.ensaco.es" "WPMU DEV Broken Link Checker Local Engine"
84.236.228.59 - - [02/Aug/2026:07:17:57 +0200] "HEAD /wp-content/uploads/2020/11/voz-1.png HTTP/1.1" 200 6961 "https://www.ensaco.es" "WPMU DEV Broken Link Checker Local Engine"
84.236.228.59 - - [02/Aug/2026:07:17:59 +0200] "HEAD /wp-content/uploads/2021/03/Fotos-de-stock-3.png HTTP/1.1" 200 6964 "https://www.ensaco.es" "WPMU DEV Broken Link Checker Local Engine"
84.236.228.59 - - [02/Aug/2026:07:18:03 +0200] "HEAD /wp-content/uploads/2021/05/DSC_6482.jpg HTTP/1.1" 200 6964 "https://www.ensaco.es" "WPMU DEV Broken Link Checker Local Engine"
84.236.228.59 - - [02/Aug/2026:07:18:08 +0200] "HEAD /wp-content/uploads/2021/06/Logo_BusinessDescriptorGraphite_Centered-1.png HTTP/1.1" 200 6963 "https://www.ensaco.es" "WPMU DEV Broken Link Checker Local Engine"
84.236.228.59 - - [02/Aug/2026:07:18:13 +0200] "HEAD /wp-content/uploads/2018/02/SmartHome3.jpg HTTP/1.1" 200 6963 "https://www.ensaco.es" "WPMU DEV Broken Link Checker Local Engine"
84.236.228.59 - - [02/Aug/2026:07:18:18 +0200] "HEAD /wp-content/uploads/2018/03/internet-3142312_640.jpg HTTP/1.1" 200 6963 "https://www.ensaco.es" "WPMU DEV Broken Link Checker Local Engine"
84.236.228.59 - - [02/Aug/2026:07:19:33 +0200] "POST /wp-cron.php?doing_wp_cron=1785647973.3641760349273681640625 HTTP/1.1" 200 6900 "-" "WordPress/7.0.2; https://www.ensaco.es"
34.196.51.17 - - [02/Aug/2026:07:19:30 +0200] "HEAD / HTTP/1.1" 200 7073 "https://www.ensaco.es/" "WPMUDEV Uptime Monitor 5.0 (https://wpmudev.com)"
186.2.207.207 - - [02/Aug/2026:07:19:48 +0200] "GET / HTTP/1.1" 301 6954 "https://ensaco.es/" "Mozilla/5.0 (Macintosh; Intel Mac OS X 10.15; rv:122.0) Gecko/20100101 Firefox/122.0"
14.191.221.253 - - [02/Aug/2026:07:19:53 +0200] "GET / HTTP/1.1" 500 269645 "https://ensaco.es/" "Mozilla/5.0 (Macintosh; Intel Mac OS X 10.15; rv:122.0) Gecko/20100101 Firefox/122.0"
84.236.228.59 - - [02/Aug/2026:07:21:36 +0200] "POST /wp-cron.php?doing_wp_cron=1785648096.3127040863037109375000 HTTP/1.1" 200 6900 "-" "WordPress/7.0.2; https://www.ensaco.es"
34.196.51.17 - - [02/Aug/2026:07:21:32 +0200] "HEAD / HTTP/1.1" 200 7073 "https://www.ensaco.es/" "WPMUDEV Uptime Monitor 5.0 (https://wpmudev.com)"
84.236.228.59 - - [02/Aug/2026:07:23:28 +0200] "POST /wp-cron.php?doing_wp_cron=1785648208.4894859790802001953125 HTTP/1.1" 200 6900 "-" "WordPress/7.0.2; https://www.ensaco.es"
216.244.66.250 - - [02/Aug/2026:07:23:25 +0200] "GET /robots.txt HTTP/1.1" 200 8865 "-" "Mozilla/5.0 (compatible; DotBot/1.2; +https://opensiteexplorer.org/dotbot; help@moz.com)"
84.236.228.59 - - [02/Aug/2026:07:23:35 +0200] "POST /wp-cron.php?doing_wp_cron=1785648215.6577360630035400390625 HTTP/1.1" 200 6900 "-" "WordPress/7.0.2; https://www.ensaco.es"
34.196.51.17 - - [02/Aug/2026:07:23:33 +0200] "HEAD / HTTP/1.1" 200 7073 "https://www.ensaco.es/" "WPMUDEV Uptime Monitor 5.0 (https://wpmudev.com)"
84.236.228.59 - - [02/Aug/2026:07:25:21 +0200] "POST /wp-cron.php?doing_wp_cron=1785648321.3121800422668457031250 HTTP/1.1" 200 6900 "-" "WordPress/7.0.2; https://www.ensaco.es"
187.253.204.86 - - [02/Aug/2026:07:25:18 +0200] "GET / HTTP/1.1" 301 6954 "https://ensaco.es/" "Mozilla/5.0 (iPhone; CPU iPhone OS 17_1 like Mac OS X) AppleWebKit/605.1.15 (KHTML, like Gecko) Version/17.1 Mobile/15E148 Safari/604.1"
201.150.24.155 - - [02/Aug/2026:07:25:24 +0200] "GET / HTTP/1.1" 500 269645 "https://ensaco.es/" "Mozilla/5.0 (iPhone; CPU iPhone OS 17_1 like Mac OS X) AppleWebKit/605.1.15 (KHTML, like Gecko) Version/17.1 Mobile/15E148 Safari/604.1"
84.236.228.59 - - [02/Aug/2026:07:25:35 +0200] "POST /wp-cron.php?doing_wp_cron=1785648335.0995159149169921875000 HTTP/1.1" 200 6900 "-" "WordPress/7.0.2; https://www.ensaco.es"
34.196.51.17 - - [02/Aug/2026:07:25:32 +0200] "HEAD / HTTP/1.1" 200 7073 "https://www.ensaco.es/" "WPMUDEV Uptime Monitor 5.0 (https://wpmudev.com)"
17.241.227.37 - - [02/Aug/2026:07:26:05 +0200] "GET /domotica-y-sistemas-de-seguridad-inteligentes-en-casas-y-empresas/ HTTP/1.1" 500 272585 "-" "Mozilla/5.0 (Macintosh; Intel Mac OS X 10_15_7) AppleWebKit/605.1.15 (KHTML, like Gecko) Version/17.4 Safari/605.1.15 (Applebot/0.1; +http://www.apple.com/go/applebot)"
84.236.228.59 - - [02/Aug/2026:07:26:52 +0200] "POST /wp-cron.php?doing_wp_cron=1785648412.1958580017089843750000 HTTP/1.1" 200 6900 "-" "WordPress/7.0.2; https://www.ensaco.es"
85.208.96.204 - - [02/Aug/2026:07:26:49 +0200] "GET /robots.txt HTTP/1.1" 200 7962 "-" "Mozilla/5.0 (compatible; SemrushBot/7~bl; +http://www.semrush.com/bot.html)"
85.208.96.210 - - [02/Aug/2026:07:26:52 +0200] "GET /automatizacion-piscinas-spas/ HTTP/1.1" 500 309350 "-" "Mozilla/5.0 (compatible; SemrushBot/7~bl; +http://www.semrush.com/bot.html)"
52.167.144.191 - - [02/Aug/2026:07:27:01 +0200] "GET /wp-content/uploads/2024/11/SmartSocket-F-Spain_AIR_3_colocado.jpg HTTP/1.1" 200 6980 "-" "Mozilla/5.0 AppleWebKit/537.36 (KHTML, like Gecko; compatible; bingbot/2.0; +http://www.bing.com/bingbot.htm) Chrome/116.0.1938.76 Safari/537.36"
52.167.144.191 - - [02/Aug/2026:07:27:01 +0200] "GET /wp-content/uploads/2024/11/SmartSocket-F-Spain_AIR_3_colocado.jpg HTTP/2.0" 200 60693 "-" "Mozilla/5.0 AppleWebKit/537.36 (KHTML, like Gecko; compatible; bingbot/2.0; +http://www.bing.com/bingbot.htm) Chrome/116.0.1938.76 Safari/537.36"
34.196.51.17 - - [02/Aug/2026:07:27:29 +0200] "HEAD / HTTP/1.1" 200 7073 "https://www.ensaco.es/" "WPMUDEV Uptime Monitor 5.0 (https://wpmudev.com)"
17.241.227.8 - - [02/Aug/2026:07:28:17 +0200] "GET /wp-content/plugins/cookie-law-info/legacy/public/css/cookie-law-info-public.css HTTP/1.1" 200 6991 "https://www.ensaco.es/domotica-y-sistemas-de-seguridad-inteligentes-en-casas-y-empresas/" "Mozilla/5.0 (Macintosh; Intel Mac OS X 10_15_7) AppleWebKit/605.1.15 (KHTML, like Gecko) Version/17.4 Safari/605.1.15 (Applebot/0.1; +http://www.apple.com/go/applebot)"
17.241.227.8 - - [02/Aug/2026:07:28:17 +0200] "GET /wp-content/plugins/cookie-law-info/legacy/public/css/cookie-law-info-public.css HTTP/2.0" 200 824 "https://www.ensaco.es/domotica-y-sistemas-de-seguridad-inteligentes-en-casas-y-empresas/" "Mozilla/5.0 (Macintosh; Intel Mac OS X 10_15_7) AppleWebKit/605.1.15 (KHTML, like Gecko) Version/17.4 Safari/605.1.15 (Applebot/0.1; +http://www.apple.com/go/applebot)"
17.241.227.8 - - [02/Aug/2026:07:28:18 +0200] "GET /wp-content/plugins/cookie-law-info/legacy/public/css/cookie-law-info-gdpr.css HTTP/2.0" 200 4086 "https://www.ensaco.es/domotica-y-sistemas-de-seguridad-inteligentes-en-casas-y-empresas/" "Mozilla/5.0 (Macintosh; Intel Mac OS X 10_15_7) AppleWebKit/605.1.15 (KHTML, like Gecko) Version/17.4 Safari/605.1.15 (Applebot/0.1; +http://www.apple.com/go/applebot)"
17.241.227.8 - - [02/Aug/2026:07:28:18 +0200] "GET /wp-content/plugins/cookie-law-info/legacy/public/css/cookie-law-info-gdpr.css HTTP/1.1" 200 6989 "https://www.ensaco.es/domotica-y-sistemas-de-seguridad-inteligentes-en-casas-y-empresas/" "Mozilla/5.0 (Macintosh; Intel Mac OS X 10_15_7) AppleWebKit/605.1.15 (KHTML, like Gecko) Version/17.4 Safari/605.1.15 (Applebot/0.1; +http://www.apple.com/go/applebot)"
17.241.227.8 - - [02/Aug/2026:07:28:20 +0200] "GET /wp-content/plugins/woocommerce/assets/css/woocommerce-layout.css HTTP/1.1" 200 6976 "https://www.ensaco.es/domotica-y-sistemas-de-seguridad-inteligentes-en-casas-y-empresas/" "Mozilla/5.0 (Macintosh; Intel Mac OS X 10_15_7) AppleWebKit/605.1.15 (KHTML, like Gecko) Version/17.4 Safari/605.1.15 (Applebot/0.1; +http://www.apple.com/go/applebot)"
17.241.227.8 - - [02/Aug/2026:07:28:20 +0200] "GET /wp-content/plugins/woocommerce/assets/css/woocommerce-layout.css HTTP/2.0" 200 3173 "https://www.ensaco.es/domotica-y-sistemas-de-seguridad-inteligentes-en-casas-y-empresas/" "Mozilla/5.0 (Macintosh; Intel Mac OS X 10_15_7) AppleWebKit/605.1.15 (KHTML, like Gecko) Version/17.4 Safari/605.1.15 (Applebot/0.1; +http://www.apple.com/go/applebot)"
17.241.227.8 - - [02/Aug/2026:07:28:21 +0200] "GET /wp-content/plugins/woocommerce/assets/css/woocommerce.css HTTP/2.0" 200 10342 "https://www.ensaco.es/domotica-y-sistemas-de-seguridad-inteligentes-en-casas-y-empresas/" "Mozilla/5.0 (Macintosh; Intel Mac OS X 10_15_7) AppleWebKit/605.1.15 (KHTML, like Gecko) Version/17.4 Safari/605.1.15 (Applebot/0.1; +http://www.apple.com/go/applebot)"
17.241.227.8 - - [02/Aug/2026:07:28:21 +0200] "GET /wp-content/plugins/woocommerce/assets/css/woocommerce.css HTTP/1.1" 200 6969 "https://www.ensaco.es/domotica-y-sistemas-de-seguridad-inteligentes-en-casas-y-empresas/" "Mozilla/5.0 (Macintosh; Intel Mac OS X 10_15_7) AppleWebKit/605.1.15 (KHTML, like Gecko) Version/17.4 Safari/605.1.15 (Applebot/0.1; +http://www.apple.com/go/applebot)"
17.241.227.8 - - [02/Aug/2026:07:28:23 +0200] "GET /wp-content/plugins/woo-product-bundle/assets/css/blocks.css HTTP/1.1" 200 6971 "https://www.ensaco.es/domotica-y-sistemas-de-seguridad-inteligentes-en-casas-y-empresas/" "Mozilla/5.0 (Macintosh; Intel Mac OS X 10_15_7) AppleWebKit/605.1.15 (KHTML, like Gecko) Version/17.4 Safari/605.1.15 (Applebot/0.1; +http://www.apple.com/go/applebot)"
17.241.227.8 - - [02/Aug/2026:07:28:23 +0200] "GET /wp-content/plugins/woo-product-bundle/assets/css/blocks.css HTTP/2.0" 200 289 "https://www.ensaco.es/domotica-y-sistemas-de-seguridad-inteligentes-en-casas-y-empresas/" "Mozilla/5.0 (Macintosh; Intel Mac OS X 10_15_7) AppleWebKit/605.1.15 (KHTML, like Gecko) Version/17.4 Safari/605.1.15 (Applebot/0.1; +http://www.apple.com/go/applebot)"
17.241.227.8 - - [02/Aug/2026:07:28:24 +0200] "GET /wp-content/plugins/pago-redsys-tpv-grafreak/public/css/pago-redsys-grafreak-public.css HTTP/2.0" 200 723 "https://www.ensaco.es/domotica-y-sistemas-de-seguridad-inteligentes-en-casas-y-empresas/" "Mozilla/5.0 (Macintosh; Intel Mac OS X 10_15_7) AppleWebKit/605.1.15 (KHTML, like Gecko) Version/17.4 Safari/605.1.15 (Applebot/0.1; +http://www.apple.com/go/applebot)"
17.241.227.8 - - [02/Aug/2026:07:28:24 +0200] "GET /wp-content/plugins/pago-redsys-tpv-grafreak/public/css/pago-redsys-grafreak-public.css HTTP/1.1" 200 6998 "https://www.ensaco.es/domotica-y-sistemas-de-seguridad-inteligentes-en-casas-y-empresas/" "Mozilla/5.0 (Macintosh; Intel Mac OS X 10_15_7) AppleWebKit/605.1.15 (KHTML, like Gecko) Version/17.4 Safari/605.1.15 (Applebot/0.1; +http://www.apple.com/go/applebot)"
17.241.227.8 - - [02/Aug/2026:07:28:26 +0200] "GET /wp-content/plugins/bb-plugin/fonts/fontawesome/5.15.4/css/all.min.css HTTP/1.1" 200 6981 "https://www.ensaco.es/domotica-y-sistemas-de-seguridad-inteligentes-en-casas-y-empresas/" "Mozilla/5.0 (Macintosh; Intel Mac OS X 10_15_7) AppleWebKit/605.1.15 (KHTML, like Gecko) Version/17.4 Safari/605.1.15 (Applebot/0.1; +http://www.apple.com/go/applebot)"
17.241.227.8 - - [02/Aug/2026:07:28:26 +0200] "GET /wp-content/plugins/bb-plugin/fonts/fontawesome/5.15.4/css/all.min.css HTTP/2.0" 200 12337 "https://www.ensaco.es/domotica-y-sistemas-de-seguridad-inteligentes-en-casas-y-empresas/" "Mozilla/5.0 (Macintosh; Intel Mac OS X 10_15_7) AppleWebKit/605.1.15 (KHTML, like Gecko) Version/17.4 Safari/605.1.15 (Applebot/0.1; +http://www.apple.com/go/applebot)"
17.241.227.8 - - [02/Aug/2026:07:28:27 +0200] "GET /wp-content/plugins/woo-product-bundle/assets/css/frontend.css HTTP/2.0" 200 2613 "https://www.ensaco.es/domotica-y-sistemas-de-seguridad-inteligentes-en-casas-y-empresas/" "Mozilla/5.0 (Macintosh; Intel Mac OS X 10_15_7) AppleWebKit/605.1.15 (KHTML, like Gecko) Version/17.4 Safari/605.1.15 (Applebot/0.1; +http://www.apple.com/go/applebot)"
17.241.227.8 - - [02/Aug/2026:07:28:27 +0200] "GET /wp-content/plugins/woo-product-bundle/assets/css/frontend.css HTTP/1.1" 200 6973 "https://www.ensaco.es/domotica-y-sistemas-de-seguridad-inteligentes-en-casas-y-empresas/" "Mozilla/5.0 (Macintosh; Intel Mac OS X 10_15_7) AppleWebKit/605.1.15 (KHTML, like Gecko) Version/17.4 Safari/605.1.15 (Applebot/0.1; +http://www.apple.com/go/applebot)"
17.241.227.8 - - [02/Aug/2026:07:28:29 +0200] "GET /wp-content/plugins/bb-plugin/css/jquery.magnificpopup.min.css HTTP/1.1" 200 6973 "https://www.ensaco.es/domotica-y-sistemas-de-seguridad-inteligentes-en-casas-y-empresas/" "Mozilla/5.0 (Macintosh; Intel Mac OS X 10_15_7) AppleWebKit/605.1.15 (KHTML, like Gecko) Version/17.4 Safari/605.1.15 (Applebot/0.1; +http://www.apple.com/go/applebot)"
17.241.227.8 - - [02/Aug/2026:07:28:29 +0200] "GET /wp-content/plugins/bb-plugin/css/jquery.magnificpopup.min.css HTTP/2.0" 200 1458 "https://www.ensaco.es/domotica-y-sistemas-de-seguridad-inteligentes-en-casas-y-empresas/" "Mozilla/5.0 (Macintosh; Intel Mac OS X 10_15_7) AppleWebKit/605.1.15 (KHTML, like Gecko) Version/17.4 Safari/605.1.15 (Applebot/0.1; +http://www.apple.com/go/applebot)"
17.241.227.8 - - [02/Aug/2026:07:28:30 +0200] "GET /wp-content/themes/bb-theme/css/bootstrap.min.css HTTP/2.0" 200 17867 "https://www.ensaco.es/domotica-y-sistemas-de-seguridad-inteligentes-en-casas-y-empresas/" "Mozilla/5.0 (Macintosh; Intel Mac OS X 10_15_7) AppleWebKit/605.1.15 (KHTML, like Gecko) Version/17.4 Safari/605.1.15 (Applebot/0.1; +http://www.apple.com/go/applebot)"
17.241.227.8 - - [02/Aug/2026:07:28:30 +0200] "GET /wp-content/themes/bb-theme/css/bootstrap.min.css HTTP/1.1" 200 6960 "https://www.ensaco.es/domotica-y-sistemas-de-seguridad-inteligentes-en-casas-y-empresas/" "Mozilla/5.0 (Macintosh; Intel Mac OS X 10_15_7) AppleWebKit/605.1.15 (KHTML, like Gecko) Version/17.4 Safari/605.1.15 (Applebot/0.1; +http://www.apple.com/go/applebot)"
17.241.227.8 - - [02/Aug/2026:07:28:32 +0200] "GET /wp-content/plugins/woocommerce/assets/css/woocommerce-smallscreen.css HTTP/1.1" 200 6981 "https://www.ensaco.es/domotica-y-sistemas-de-seguridad-inteligentes-en-casas-y-empresas/" "Mozilla/5.0 (Macintosh; Intel Mac OS X 10_15_7) AppleWebKit/605.1.15 (KHTML, like Gecko) Version/17.4 Safari/605.1.15 (Applebot/0.1; +http://www.apple.com/go/applebot)"
17.241.227.8 - - [02/Aug/2026:07:28:32 +0200] "GET /wp-content/plugins/woocommerce/assets/css/woocommerce-smallscreen.css HTTP/2.0" 200 1298 "https://www.ensaco.es/domotica-y-sistemas-de-seguridad-inteligentes-en-casas-y-empresas/" "Mozilla/5.0 (Macintosh; Intel Mac OS X 10_15_7) AppleWebKit/605.1.15 (KHTML, like Gecko) Version/17.4 Safari/605.1.15 (Applebot/0.1; +http://www.apple.com/go/applebot)"
84.236.228.59 - - [02/Aug/2026:07:29:29 +0200] "POST /wp-cron.php?doing_wp_cron=1785648569.1865499019622802734375 HTTP/1.1" 200 6900 "-" "WordPress/7.0.2; https://www.ensaco.es"
34.195.178.221 - - [02/Aug/2026:07:29:25 +0200] "GET /robots.txt HTTP/1.1" 301 6964 "-" "Mozilla/5.0 (Macintosh; Intel Mac OS X 10_10_1) AppleWebKit/600.2.5 (KHTML, like Gecko) Version/8.0.2 Safari/600.2.5 (Gort)"
100.50.227.41 - - [02/Aug/2026:07:29:30 +0200] "GET /robots.txt HTTP/1.1" 200 7962 "-" "Mozilla/5.0 (Macintosh; Intel Mac OS X 10_10_1) AppleWebKit/600.2.5 (KHTML, like Gecko) Version/8.0.2 Safari/600.2.5 (Gort)"
34.196.51.17 - - [02/Aug/2026:07:29:33 +0200] "HEAD / HTTP/1.1" 200 7073 "https://www.ensaco.es/" "WPMUDEV Uptime Monitor 5.0 (https://wpmudev.com)"
84.236.228.59 - - [02/Aug/2026:07:31:35 +0200] "POST /wp-cron.php?doing_wp_cron=1785648694.9012091159820556640625 HTTP/1.1" 200 6900 "-" "WordPress/7.0.2; https://www.ensaco.es"
34.196.51.17 - - [02/Aug/2026:07:31:31 +0200] "HEAD / HTTP/1.1" 200 7073 "https://www.ensaco.es/" "WPMUDEV Uptime Monitor 5.0 (https://wpmudev.com)"
84.236.228.59 - - [02/Aug/2026:07:33:41 +0200] "POST /wp-cron.php?doing_wp_cron=1785648820.9931449890136718750000 HTTP/1.1" 200 6900 "-" "WordPress/7.0.2; https://www.ensaco.es"
34.196.51.17 - - [02/Aug/2026:07:33:33 +0200] "HEAD / HTTP/1.1" 200 7073 "https://www.ensaco.es/" "WPMUDEV Uptime Monitor 5.0 (https://wpmudev.com)"
84.236.228.59 - - [02/Aug/2026:07:34:44 +0200] "POST /wp-cron.php?doing_wp_cron=1785648884.7355589866638183593750 HTTP/1.1" 200 6900 "-" "WordPress/7.0.2; https://www.ensaco.es"
66.249.64.45 - - [02/Aug/2026:07:34:41 +0200] "GET /carrito/ HTTP/1.1" 500 333289 "-" "Mozilla/5.0 (Linux; Android 6.0.1; Nexus 5X Build/MMB29P) AppleWebKit/537.36 (KHTML, like Gecko) Chrome/150.0.7871.186 Mobile Safari/537.36 (compatible; Googlebot/2.1; +http://www.google.com/bot.html)"
69.17.19.38 - - [02/Aug/2026:07:35:27 +0200] "GET /politica-de-privacidad/ HTTP/1.1" 500 303215 "-" "Mozilla/5.0 (Macintosh; Intel Mac OS X 10_15_7) AppleWebKit/537.36 (KHTML, like Gecko) Chrome/148.0.0.0 Safari/537.36"
34.196.51.17 - - [02/Aug/2026:07:35:30 +0200] "HEAD / HTTP/1.1" 200 7073 "https://www.ensaco.es/" "WPMUDEV Uptime Monitor 5.0 (https://wpmudev.com)"
84.236.228.59 - - [02/Aug/2026:07:37:37 +0200] "POST /wp-cron.php?doing_wp_cron=1785649057.0240550041198730468750 HTTP/1.1" 200 6900 "-" "WordPress/7.0.2; https://www.ensaco.es"
34.196.51.17 - - [02/Aug/2026:07:37:32 +0200] "HEAD / HTTP/1.1" 200 7073 "https://www.ensaco.es/" "WPMUDEV Uptime Monitor 5.0 (https://wpmudev.com)"
84.236.228.59 - - [02/Aug/2026:07:37:39 +0200] "HEAD /soluciones-integrales/ HTTP/1.1" 200 7080 "https://www.ensaco.es" "WPMU DEV Broken Link Checker Local Engine"
84.236.228.59 - - [02/Aug/2026:07:37:42 +0200] "HEAD /wp-content/uploads/2021/04/Alberto-scaled.jpg HTTP/1.1" 200 6965 "https://www.ensaco.es" "WPMU DEV Broken Link Checker Local Engine"
84.236.228.59 - - [02/Aug/2026:07:37:44 +0200] "HEAD /wp-content/uploads/2020/09/4-1.jpg HTTP/1.1" 200 6965 "https://www.ensaco.es" "WPMU DEV Broken Link Checker Local Engine"
84.236.228.59 - - [02/Aug/2026:07:37:46 +0200] "HEAD /wp-content/uploads/2021/05/Aldes-5.jpg HTTP/1.1" 200 6965 "https://www.ensaco.es" "WPMU DEV Broken Link Checker Local Engine"
84.236.228.59 - - [02/Aug/2026:07:37:49 +0200] "HEAD /wp-content/uploads/2019/02/sanmateo.jpg HTTP/1.1" 200 6965 "https://www.ensaco.es" "WPMU DEV Broken Link Checker Local Engine"
84.236.228.59 - - [02/Aug/2026:07:37:55 +0200] "HEAD /producto/plan-soporte-online/ HTTP/1.1" 200 7082 "https://www.ensaco.es" "WPMU DEV Broken Link Checker Local Engine"
84.236.228.59 - - [02/Aug/2026:07:38:02 +0200] "HEAD /producto/sd-128gb-especial-para-videocamara/ HTTP/1.1" 200 7082 "https://www.ensaco.es" "WPMU DEV Broken Link Checker Local Engine"
84.236.228.59 - - [02/Aug/2026:07:38:07 +0200] "HEAD /wp-content/uploads/2019/07/ensaco_loxone_main_home_v2.jpg HTTP/1.1" 200 6965 "https://www.ensaco.es" "WPMU DEV Broken Link Checker Local Engine"
84.236.228.59 - - [02/Aug/2026:07:38:09 +0200] "HEAD /wp-content/uploads/2024/04/CONTROL-DE-VOZ.png HTTP/1.1" 200 6962 "https://www.ensaco.es" "WPMU DEV Broken Link Checker Local Engine"
