17.246.23.125 - - [02/Aug/2026:21:22:33 +0200] "GET /wp-json/oembed/1.0/embed?url=https%3A%2F%2Fwww.ensaco.es%2Fcaso-practico-consumos-de-climatizacion-en-diferentes-sedesfranquicias%2F HTTP/1.1" 200 10027 "-" "Mozilla/5.0 (Macintosh; Intel Mac OS X 10_15_7) AppleWebKit/605.1.15 (KHTML, like Gecko) Version/17.4 Safari/605.1.15 (Applebot/0.1; +http://www.apple.com/go/applebot)"
52.167.144.169 - - [02/Aug/2026:21:22:45 +0200] "GET /wp-content/uploads/2018/07/Turismo-sostenible-con-calderas-de-biomasa-2-600x350.jpg HTTP/1.1" 200 6998 "-" "Mozilla/5.0 AppleWebKit/537.36 (KHTML, like Gecko; compatible; bingbot/2.0; +http://www.bing.com/bingbot.htm) Chrome/116.0.1938.76 Safari/537.36"
84.236.228.59 - - [02/Aug/2026:21:23:36 +0200] "POST /wp-cron.php?doing_wp_cron=1785698616.4383320808410644531250 HTTP/1.1" 200 6900 "-" "WordPress/7.0.2; https://www.ensaco.es"
34.196.51.17 - - [02/Aug/2026:21:23:33 +0200] "HEAD / HTTP/1.1" 200 7073 "https://www.ensaco.es/" "WPMUDEV Uptime Monitor 5.0 (https://wpmudev.com)"
84.236.228.59 - - [02/Aug/2026:21:25:35 +0200] "POST /wp-cron.php?doing_wp_cron=1785698734.9811470508575439453125 HTTP/1.1" 200 6900 "-" "WordPress/7.0.2; https://www.ensaco.es"
34.196.51.17 - - [02/Aug/2026:21:25:31 +0200] "HEAD / HTTP/1.1" 200 7073 "https://www.ensaco.es/" "WPMUDEV Uptime Monitor 5.0 (https://wpmudev.com)"
84.236.228.59 - - [02/Aug/2026:21:27:36 +0200] "POST /wp-cron.php?doing_wp_cron=1785698856.5808560848236083984375 HTTP/1.1" 200 6900 "-" "WordPress/7.0.2; https://www.ensaco.es"
34.196.51.17 - - [02/Aug/2026:21:27:33 +0200] "HEAD / HTTP/1.1" 200 7073 "https://www.ensaco.es/" "WPMUDEV Uptime Monitor 5.0 (https://wpmudev.com)"
84.236.228.59 - - [02/Aug/2026:21:29:36 +0200] "POST /wp-cron.php?doing_wp_cron=1785698976.3526580333709716796875 HTTP/1.1" 200 6900 "-" "WordPress/7.0.2; https://www.ensaco.es"
34.196.51.17 - - [02/Aug/2026:21:29:33 +0200] "HEAD / HTTP/1.1" 200 7073 "https://www.ensaco.es/" "WPMUDEV Uptime Monitor 5.0 (https://wpmudev.com)"
84.236.228.59 - - [02/Aug/2026:21:31:37 +0200] "POST /wp-cron.php?doing_wp_cron=1785699097.4730861186981201171875 HTTP/1.1" 200 6900 "-" "WordPress/7.0.2; https://www.ensaco.es"
34.196.51.17 - - [02/Aug/2026:21:31:34 +0200] "HEAD / HTTP/1.1" 200 7073 "https://www.ensaco.es/" "WPMUDEV Uptime Monitor 5.0 (https://wpmudev.com)"
69.171.230.47 - - [02/Aug/2026:21:32:14 +0200] "GET /robots.txt HTTP/1.1" 200 7462 "-" "facebookexternalhit/1.1 (+http://www.facebook.com/externalhit_uatext.php)"
84.236.228.59 - - [02/Aug/2026:21:33:32 +0200] "POST /wp-cron.php?doing_wp_cron=1785699212.2000880241394042968750 HTTP/1.1" 200 6900 "-" "WordPress/7.0.2; https://www.ensaco.es"
34.196.51.17 - - [02/Aug/2026:21:33:29 +0200] "HEAD / HTTP/1.1" 200 7073 "https://www.ensaco.es/" "WPMUDEV Uptime Monitor 5.0 (https://wpmudev.com)"
95.108.213.250 - - [02/Aug/2026:21:34:06 +0200] "GET /robots.txt HTTP/1.1" 200 7462 "-" "Mozilla/5.0 (compatible; YandexBot/3.0; +http://yandex.com/bots)"
67.203.33.113 - - [02/Aug/2026:21:34:44 +0200] "GET /wp-content/smush-webp/2024/12/Pack-Seguridad-1-300x300.png.webp HTTP/1.1" 200 6977 "https://www.ensaco.es/producto/motorizacion-de-persiana-y-control/" "Mozilla/5.0 (Macintosh; Intel Mac OS X 10_15_7) AppleWebKit/537.36 (KHTML, like Gecko) Chrome/131.0.0.0 Safari/537.36"
67.203.33.113 - - [02/Aug/2026:21:34:45 +0200] "GET /wp-content/smush-webp/2024/12/recuerador-minimo-100x100.png.webp HTTP/1.1" 200 6978 "https://www.ensaco.es/producto/motorizacion-de-persiana-y-control/" "Mozilla/5.0 (Macintosh; Intel Mac OS X 10_15_7) AppleWebKit/537.36 (KHTML, like Gecko) Chrome/131.0.0.0 Safari/537.36"
84.236.228.59 - - [02/Aug/2026:21:35:38 +0200] "POST /wp-cron.php?doing_wp_cron=1785699338.2877669334411621093750 HTTP/1.1" 200 6900 "-" "WordPress/7.0.2; https://www.ensaco.es"
34.196.51.17 - - [02/Aug/2026:21:35:35 +0200] "HEAD / HTTP/1.1" 200 7073 "https://www.ensaco.es/" "WPMUDEV Uptime Monitor 5.0 (https://wpmudev.com)"
84.236.228.59 - - [02/Aug/2026:21:36:42 +0200] "POST /wp-cron.php?doing_wp_cron=1785699402.1400070190429687500000 HTTP/1.1" 200 6900 "-" "WordPress/7.0.2; https://www.ensaco.es"
52.167.144.180 - - [02/Aug/2026:21:36:38 +0200] "GET /producto/pulsador-touch-surface-tree/ HTTP/1.1" 500 591797 "-" "Mozilla/5.0 AppleWebKit/537.36 (KHTML, like Gecko; compatible; bingbot/2.0; +http://www.bing.com/bingbot.htm) Chrome/116.0.1938.76 Safari/537.36"
34.196.51.17 - - [02/Aug/2026:21:37:31 +0200] "HEAD / HTTP/1.1" 200 7073 "https://www.ensaco.es/" "WPMUDEV Uptime Monitor 5.0 (https://wpmudev.com)"
181.8.129.132 - - [02/Aug/2026:21:39:01 +0200] "GET /wp-content/uploads/2021/11/suelo-radiante-smart-home.jpg HTTP/1.1" 200 6971 "https://www.google.com/" "Mozilla/5.0 (Linux; Android 10; K) AppleWebKit/537.36 (KHTML, like Gecko) Chrome/151.0.0.0 Mobile Safari/537.36"
84.236.228.59 - - [02/Aug/2026:21:39:33 +0200] "POST /wp-cron.php?doing_wp_cron=1785699573.3914051055908203125000 HTTP/1.1" 200 6900 "-" "WordPress/7.0.2; https://www.ensaco.es"
34.196.51.17 - - [02/Aug/2026:21:39:30 +0200] "HEAD / HTTP/1.1" 200 7073 "https://www.ensaco.es/" "WPMUDEV Uptime Monitor 5.0 (https://wpmudev.com)"
66.249.64.43 - - [02/Aug/2026:21:40:28 +0200] "GET /wp-content/uploads/2021/05/btv-logo.png HTTP/1.1" 200 6953 "https://www.aaa-trezory.cz/" "GoogleOther"
84.236.228.59 - - [02/Aug/2026:21:41:11 +0200] "POST /wp-cron.php?doing_wp_cron=1785699670.8184249401092529296875 HTTP/1.1" 200 6900 "-" "WordPress/7.0.2; https://www.ensaco.es"
189.81.70.90 - - [02/Aug/2026:21:41:07 +0200] "GET / HTTP/1.1" 500 268248 "-" "Mozilla/5.0 (Macintosh; Intel Mac OS X 10_15_7) AppleWebKit/537.36 (KHTML, like Gecko) Chrome/148.0.0.0 Safari/537.36"
34.196.51.17 - - [02/Aug/2026:21:41:30 +0200] "HEAD / HTTP/1.1" 200 7073 "https://www.ensaco.es/" "WPMUDEV Uptime Monitor 5.0 (https://wpmudev.com)"
84.236.228.59 - - [02/Aug/2026:21:42:56 +0200] "POST /wp-cron.php?doing_wp_cron=1785699776.7120180130004882812500 HTTP/1.1" 200 6900 "-" "WordPress/7.0.2; https://www.ensaco.es"
216.244.66.250 - - [02/Aug/2026:21:42:53 +0200] "GET /robots.txt HTTP/1.1" 200 7462 "-" "Mozilla/5.0 (compatible; DotBot/1.2; +https://opensiteexplorer.org/dotbot; help@moz.com)"
84.236.228.59 - - [02/Aug/2026:21:43:35 +0200] "POST /wp-cron.php?doing_wp_cron=1785699814.8871989250183105468750 HTTP/1.1" 200 6900 "-" "WordPress/7.0.2; https://www.ensaco.es"
34.196.51.17 - - [02/Aug/2026:21:43:32 +0200] "HEAD / HTTP/1.1" 200 7073 "https://www.ensaco.es/" "WPMUDEV Uptime Monitor 5.0 (https://wpmudev.com)"
84.236.228.59 - - [02/Aug/2026:21:44:52 +0200] "POST /wp-cron.php?doing_wp_cron=1785699892.6432800292968750000000 HTTP/1.1" 200 6900 "-" "WordPress/7.0.2; https://www.ensaco.es"
113.170.246.170 - - [02/Aug/2026:21:44:49 +0200] "GET / HTTP/1.1" 301 6954 "https://ensaco.es/" "Mozilla/5.0 (iPhone; CPU iPhone OS 17_0 like Mac OS X) AppleWebKit/605.1.15 (KHTML, like Gecko) Version/17.0 Mobile/15E148 Safari/604.1"
190.189.122.70 - - [02/Aug/2026:21:44:57 +0200] "GET / HTTP/1.1" 500 268242 "https://ensaco.es/" "Mozilla/5.0 (iPhone; CPU iPhone OS 17_0 like Mac OS X) AppleWebKit/605.1.15 (KHTML, like Gecko) Version/17.0 Mobile/15E148 Safari/604.1"
34.196.51.17 - - [02/Aug/2026:21:45:30 +0200] "HEAD / HTTP/1.1" 200 7073 "https://www.ensaco.es/" "WPMUDEV Uptime Monitor 5.0 (https://wpmudev.com)"
66.249.64.45 - - [02/Aug/2026:21:46:36 +0200] "GET /consultoria/workplace-1245776_640/ HTTP/1.1" 301 7275 "-" "Mozilla/5.0 (Linux; Android 6.0.1; Nexus 5X Build/MMB29P) AppleWebKit/537.36 (KHTML, like Gecko) Chrome/150.0.7871.186 Mobile Safari/537.36 (compatible; GoogleOther)"
84.236.228.59 - - [02/Aug/2026:21:46:40 +0200] "POST /wp-cron.php?doing_wp_cron=1785700000.2817659378051757812500 HTTP/1.1" 200 6900 "-" "WordPress/7.0.2; https://www.ensaco.es"
66.249.64.45 - - [02/Aug/2026:21:46:37 +0200] "GET /consultoria-energetica-y-analitica-de-negocio/workplace-1245776_640/ HTTP/1.1" 301 7006 "-" "Mozilla/5.0 (Linux; Android 6.0.1; Nexus 5X Build/MMB29P) AppleWebKit/537.36 (KHTML, like Gecko) Chrome/150.0.7871.186 Mobile Safari/537.36 (compatible; GoogleOther)"
66.249.64.43 - - [02/Aug/2026:21:46:44 +0200] "GET /wp-content/uploads/2017/09/workplace-1245776_640.jpg HTTP/1.1" 200 6967 "-" "Mozilla/5.0 (Linux; Android 6.0.1; Nexus 5X Build/MMB29P) AppleWebKit/537.36 (KHTML, like Gecko) Chrome/150.0.7871.186 Mobile Safari/537.36 (compatible; GoogleOther)"
34.196.51.17 - - [02/Aug/2026:21:47:30 +0200] "HEAD / HTTP/1.1" 200 7073 "https://www.ensaco.es/" "WPMUDEV Uptime Monitor 5.0 (https://wpmudev.com)"
104.224.85.88 - - [02/Aug/2026:21:47:48 +0200] "GET /wp-content/smush-webp/2020/09/Ventanal_Lomas-Mediano-600x375.jpg.webp HTTP/1.1" 200 6983 "https://www.ensaco.es/que-es-una-casa-pasiva/" "Mozilla/5.0 (Macintosh; Intel Mac OS X 10_15_7) AppleWebKit/537.36 (KHTML, like Gecko) Chrome/131.0.0.0 Safari/537.36"
104.224.85.88 - - [02/Aug/2026:21:47:49 +0200] "GET /wp-content/smush-webp/2020/07/43E3640B-2FD7-4ED4-8B05-AE51049F01C9-600x338.jpeg.webp HTTP/1.1" 200 6998 "https://www.ensaco.es/que-es-una-casa-pasiva/" "Mozilla/5.0 (Macintosh; Intel Mac OS X 10_15_7) AppleWebKit/537.36 (KHTML, like Gecko) Chrome/131.0.0.0 Safari/537.36"
138.226.214.50 - - [02/Aug/2026:21:48:08 +0200] "GET /wp-content/smush-webp/2018/05/Instalaci%C3%B3n-dom%C3%B3tica-Loxone-768x257.jpg.webp HTTP/1.1" 200 6990 "https://www.ensaco.es/instalar-domotica-casa/" "Mozilla/5.0 (Macintosh; Intel Mac OS X 10_15_7) AppleWebKit/537.36 (KHTML, like Gecko) Chrome/131.0.0.0 Safari/537.36"
84.236.228.59 - - [02/Aug/2026:21:48:42 +0200] "POST /wp-cron.php?doing_wp_cron=1785700122.1488149166107177734375 HTTP/1.1" 200 6900 "-" "WordPress/7.0.2; https://www.ensaco.es"
17.246.15.237 - - [02/Aug/2026:21:48:38 +0200] "GET /wp-json/oembed/1.0/embed?url=https%3A%2F%2Fwww.ensaco.es%2Fhoteles%2F&format=xml HTTP/1.1" 200 8413 "-" "Mozilla/5.0 (Macintosh; Intel Mac OS X 10_15_7) AppleWebKit/605.1.15 (KHTML, like Gecko) Version/17.4 Safari/605.1.15 (Applebot/0.1; +http://www.apple.com/go/applebot)"
66.249.88.98 - - [02/Aug/2026:21:48:46 +0200] "GET /.well-known/traffic-advice HTTP/1.1" 500 265494 "-" "Chrome Privacy Preserving Prefetch Proxy"
162.120.185.223 - - [02/Aug/2026:21:48:46 +0200] "GET /sensores-domotica/ HTTP/1.1" 500 14842 "https://www.google.com/" "Mozilla/5.0 (Windows NT 10.0; Win64; x64) AppleWebKit/537.36 (KHTML, like Gecko) Chrome/150.0.0.0 Safari/537.36"
34.196.51.17 - - [02/Aug/2026:21:49:30 +0200] "HEAD / HTTP/1.1" 200 7073 "https://www.ensaco.es/" "WPMUDEV Uptime Monitor 5.0 (https://wpmudev.com)"
84.236.228.59 - - [02/Aug/2026:21:51:36 +0200] "POST /wp-cron.php?doing_wp_cron=1785700296.5047121047973632812500 HTTP/1.1" 200 6900 "-" "WordPress/7.0.2; https://www.ensaco.es"
34.196.51.17 - - [02/Aug/2026:21:51:33 +0200] "HEAD / HTTP/1.1" 200 7073 "https://www.ensaco.es/" "WPMUDEV Uptime Monitor 5.0 (https://wpmudev.com)"
84.236.228.59 - - [02/Aug/2026:21:53:37 +0200] "POST /wp-cron.php?doing_wp_cron=1785700417.2616720199584960937500 HTTP/1.1" 200 6900 "-" "WordPress/7.0.2; https://www.ensaco.es"
34.196.51.17 - - [02/Aug/2026:21:53:34 +0200] "HEAD / HTTP/1.1" 200 7073 "https://www.ensaco.es/" "WPMUDEV Uptime Monitor 5.0 (https://wpmudev.com)"
84.236.228.59 - - [02/Aug/2026:21:55:33 +0200] "POST /wp-cron.php?doing_wp_cron=1785700533.2040131092071533203125 HTTP/1.1" 200 6900 "-" "WordPress/7.0.2; https://www.ensaco.es"
34.196.51.17 - - [02/Aug/2026:21:55:30 +0200] "HEAD / HTTP/1.1" 200 7073 "https://www.ensaco.es/" "WPMUDEV Uptime Monitor 5.0 (https://wpmudev.com)"
84.236.228.59 - - [02/Aug/2026:21:56:49 +0200] "POST /wp-cron.php?doing_wp_cron=1785700609.6439659595489501953125 HTTP/1.1" 200 6900 "-" "WordPress/7.0.2; https://www.ensaco.es"
17.246.15.223 - - [02/Aug/2026:21:56:47 +0200] "GET /?attachment_id=5376 HTTP/1.1" 301 7023 "-" "Mozilla/5.0 (Macintosh; Intel Mac OS X 10_15_7) AppleWebKit/605.1.15 (KHTML, like Gecko) Version/17.4 Safari/605.1.15 (Applebot/0.1; +http://www.apple.com/go/applebot)"
17.246.15.223 - - [02/Aug/2026:21:56:50 +0200] "GET /wp-content/uploads/2024/11/loxone-stellantrieb-air-back-frei-shop.png HTTP/1.1" 200 6983 "-" "Mozilla/5.0 (Macintosh; Intel Mac OS X 10_15_7) AppleWebKit/605.1.15 (KHTML, like Gecko) Version/17.4 Safari/605.1.15 (Applebot/0.1; +http://www.apple.com/go/applebot)"
216.73.217.138 - - [02/Aug/2026:21:57:25 +0200] "GET /robots.txt HTTP/1.1" 200 7240 "-" "Mozilla/5.0 AppleWebKit/537.36 (KHTML, like Gecko; compatible; ClaudeBot/1.0; +claudebot@anthropic.com)"
216.73.217.138 - - [02/Aug/2026:21:57:28 +0200] "GET /sitemap_index.xml HTTP/1.1" 200 7335 "-" "Mozilla/5.0 AppleWebKit/537.36 (KHTML, like Gecko; compatible; ClaudeBot/1.0; +claudebot@anthropic.com)"
84.236.228.59 - - [02/Aug/2026:21:57:35 +0200] "POST /wp-cron.php?doing_wp_cron=1785700655.0600709915161132812500 HTTP/1.1" 200 6900 "-" "WordPress/7.0.2; https://www.ensaco.es"
34.196.51.17 - - [02/Aug/2026:21:57:32 +0200] "HEAD / HTTP/1.1" 200 7073 "https://www.ensaco.es/" "WPMUDEV Uptime Monitor 5.0 (https://wpmudev.com)"
84.236.228.59 - - [02/Aug/2026:21:59:36 +0200] "POST /wp-cron.php?doing_wp_cron=1785700776.2535729408264160156250 HTTP/1.1" 200 6900 "-" "WordPress/7.0.2; https://www.ensaco.es"
34.196.51.17 - - [02/Aug/2026:21:59:33 +0200] "HEAD / HTTP/1.1" 200 7073 "https://www.ensaco.es/" "WPMUDEV Uptime Monitor 5.0 (https://wpmudev.com)"
84.236.228.59 - - [02/Aug/2026:22:00:41 +0200] "POST /wp-cron.php?doing_wp_cron=1785700841.6497321128845214843750 HTTP/1.1" 200 6900 "-" "WordPress/7.0.2; https://www.ensaco.es"
57.141.0.26 - - [02/Aug/2026:22:00:38 +0200] "GET /post-sitemap.xml HTTP/1.1" 200 18175 "-" "Mozilla/5.0 (Windows NT 10.0; Win64; x64) AppleWebKit/537.36 (KHTML, like Gecko) Chrome/145.0.0.0 Safari/537.36 (compatible; meta-externalagent/1.1 (+https://developers.facebook.com/docs/sharing/webmasters/crawler))"
84.236.228.59 - - [02/Aug/2026:22:01:38 +0200] "POST /wp-cron.php?doing_wp_cron=1785700897.8860769271850585937500 HTTP/1.1" 200 6900 "-" "WordPress/7.0.2; https://www.ensaco.es"
34.196.51.17 - - [02/Aug/2026:22:01:35 +0200] "HEAD / HTTP/1.1" 200 7073 "https://www.ensaco.es/" "WPMUDEV Uptime Monitor 5.0 (https://wpmudev.com)"
84.236.228.59 - - [02/Aug/2026:22:03:37 +0200] "POST /wp-cron.php?doing_wp_cron=1785701016.9034399986267089843750 HTTP/1.1" 200 6900 "-" "WordPress/7.0.2; https://www.ensaco.es"
34.196.51.17 - - [02/Aug/2026:22:03:33 +0200] "HEAD / HTTP/1.1" 200 7073 "https://www.ensaco.es/" "WPMUDEV Uptime Monitor 5.0 (https://wpmudev.com)"
52.139.3.76 - - [02/Aug/2026:22:04:13 +0200] "GET / HTTP/1.1" 301 6954 "-" "Mozilla/5.0 (X11; Linux x86_64) AppleWebKit/537.36 (KHTML, like Gecko) Chrome/122.0.0.0 Safari/537.36"
52.139.3.76 - - [02/Aug/2026:22:04:16 +0200] "GET / HTTP/1.1" 500 268242 "-" "Mozilla/5.0 (X11; Linux x86_64) AppleWebKit/537.36 (KHTML, like Gecko) Chrome/122.0.0.0 Safari/537.36"
84.236.228.59 - - [02/Aug/2026:22:05:33 +0200] "POST /wp-cron.php?doing_wp_cron=1785701133.6453089714050292968750 HTTP/1.1" 200 6900 "-" "WordPress/7.0.2; https://www.ensaco.es"
34.196.51.17 - - [02/Aug/2026:22:05:30 +0200] "HEAD / HTTP/1.1" 200 7073 "https://www.ensaco.es/" "WPMUDEV Uptime Monitor 5.0 (https://wpmudev.com)"
84.236.228.59 - - [02/Aug/2026:22:07:36 +0200] "POST /wp-cron.php?doing_wp_cron=1785701256.2664430141448974609375 HTTP/1.1" 200 6900 "-" "WordPress/7.0.2; https://www.ensaco.es"
34.196.51.17 - - [02/Aug/2026:22:07:33 +0200] "HEAD / HTTP/1.1" 200 7073 "https://www.ensaco.es/" "WPMUDEV Uptime Monitor 5.0 (https://wpmudev.com)"
173.252.82.43 - - [02/Aug/2026:22:08:32 +0200] "GET /wp-content/uploads/2021/02/pexels-pixabay-85683.jpg HTTP/1.1" 200 6966 "-" "meta-externalagent/1.1 (+https://developers.facebook.com/docs/sharing/webmasters/crawler)"
84.236.228.59 - - [02/Aug/2026:22:08:54 +0200] "POST /wp-cron.php?doing_wp_cron=1785701334.3849658966064453125000 HTTP/1.1" 200 6900 "-" "WordPress/7.0.2; https://www.ensaco.es"
17.246.23.68 - - [02/Aug/2026:22:08:51 +0200] "GET /domotica-para-personas-mayores-como-hacer-que-su-hogar-sea-mas-seguro-y-comodo/ HTTP/1.1" 301 7078 "-" "Mozilla/5.0 (Macintosh; Intel Mac OS X 10_15_7) AppleWebKit/605.1.15 (KHTML, like Gecko) Version/17.4 Safari/605.1.15 (Applebot/0.1; +http://www.apple.com/go/applebot)"
17.246.23.68 - - [02/Aug/2026:22:08:54 +0200] "GET /domotica-para-personas-mayores-como-hacer-que-su-hogar-sea-mas-seguro-y-comodo-copy/ HTTP/1.1" 500 310818 "-" "Mozilla/5.0 (Macintosh; Intel Mac OS X 10_15_7) AppleWebKit/605.1.15 (KHTML, like Gecko) Version/17.4 Safari/605.1.15 (Applebot/0.1; +http://www.apple.com/go/applebot)"
34.196.51.17 - - [02/Aug/2026:22:09:30 +0200] "HEAD / HTTP/1.1" 200 7073 "https://www.ensaco.es/" "WPMUDEV Uptime Monitor 5.0 (https://wpmudev.com)"
52.167.144.184 - - [02/Aug/2026:22:11:13 +0200] "GET /wp-content/uploads/2024/03/toldos-domotizados-1.jpg HTTP/1.1" 200 6966 "-" "Mozilla/5.0 AppleWebKit/537.36 (KHTML, like Gecko; compatible; bingbot/2.0; +http://www.bing.com/bingbot.htm) Chrome/116.0.1938.76 Safari/537.36"
84.236.228.59 - - [02/Aug/2026:22:11:33 +0200] "POST /wp-cron.php?doing_wp_cron=1785701493.6292440891265869140625 HTTP/1.1" 200 6900 "-" "WordPress/7.0.2; https://www.ensaco.es"
34.196.51.17 - - [02/Aug/2026:22:11:30 +0200] "HEAD / HTTP/1.1" 200 7073 "https://www.ensaco.es/" "WPMUDEV Uptime Monitor 5.0 (https://wpmudev.com)"
104.165.199.46 - - [02/Aug/2026:22:12:36 +0200] "GET /wp-content/uploads/2020/08/002-ARCHITECTURAL-HOUSING-DEVELOPMENT-728x90-1.gif HTTP/1.1" 200 6991 "https://www.ensaco.es/que-es-una-casa-pasiva/" "Mozilla/5.0 (Macintosh; Intel Mac OS X 10_15_7) AppleWebKit/537.36 (KHTML, like Gecko) Chrome/131.0.0.0 Safari/537.36"
104.28.37.211 - - [02/Aug/2026:22:12:50 +0200] "GET /wp-content/uploads/2020/08/Logo-Ensaco-Eficiencia-Energ%C3%A9tica.jpg HTTP/1.1" 200 6980 "-" "Mozilla/5.0"
34.146.244.102 - - [02/Aug/2026:22:13:01 +0200] "GET /wp-content/uploads/2019/04/Rehabilitar-una-casa-y-poner-dom%C3%B3tica6.jpg HTTP/1.1" 200 6985 "-" "Python-urllib/3.12"
84.236.228.59 - - [02/Aug/2026:22:13:36 +0200] "POST /wp-cron.php?doing_wp_cron=1785701616.5187718868255615234375 HTTP/1.1" 200 6900 "-" "WordPress/7.0.2; https://www.ensaco.es"
34.196.51.17 - - [02/Aug/2026:22:13:33 +0200] "HEAD / HTTP/1.1" 200 7073 "https://www.ensaco.es/" "WPMUDEV Uptime Monitor 5.0 (https://wpmudev.com)"
40.77.167.1 - - [02/Aug/2026:22:14:01 +0200] "GET /tener-un-jardin-inteligente-con-domotica/domotica-para-el-jardin2/ HTTP/1.1" 301 7009 "-" "Mozilla/5.0 AppleWebKit/537.36 (KHTML, like Gecko; compatible; bingbot/2.0; +http://www.bing.com/bingbot.htm) Chrome/116.0.1938.76 Safari/537.36"
84.236.228.59 - - [02/Aug/2026:22:14:52 +0200] "POST /wp-cron.php?doing_wp_cron=1785701692.2199800014495849609375 HTTP/1.1" 200 6900 "-" "WordPress/7.0.2; https://www.ensaco.es"
216.73.217.138 - - [02/Aug/2026:22:14:48 +0200] "GET / HTTP/1.1" 500 268242 "-" "Mozilla/5.0 AppleWebKit/537.36 (KHTML, like Gecko; compatible; ClaudeBot/1.0; +claudebot@anthropic.com)"
84.236.228.59 - - [02/Aug/2026:22:15:35 +0200] "POST /wp-cron.php?doing_wp_cron=1785701735.0686769485473632812500 HTTP/1.1" 200 6900 "-" "WordPress/7.0.2; https://www.ensaco.es"
34.196.51.17 - - [02/Aug/2026:22:15:32 +0200] "HEAD / HTTP/1.1" 200 7073 "https://www.ensaco.es/" "WPMUDEV Uptime Monitor 5.0 (https://wpmudev.com)"
84.236.228.59 - - [02/Aug/2026:22:16:22 +0200] "POST /wp-cron.php?doing_wp_cron=1785701782.4158520698547363281250 HTTP/1.1" 200 6900 "-" "WordPress/7.0.2; https://www.ensaco.es"
66.249.64.45 - - [02/Aug/2026:22:16:18 +0200] "GET /showroom/ HTTP/1.1" 500 320737 "-" "Mozilla/5.0 (Linux; Android 6.0.1; Nexus 5X Build/MMB29P) AppleWebKit/537.36 (KHTML, like Gecko) Chrome/150.0.7871.186 Mobile Safari/537.36 (compatible; Googlebot/2.1; +http://www.google.com/bot.html)"
17.246.15.152 - - [02/Aug/2026:22:17:00 +0200] "GET /wp-content/plugins/bb-plugin/css/jquery.magnificpopup.min.css HTTP/1.1" 200 6973 "https://www.ensaco.es/domotica-para-personas-mayores-como-hacer-que-su-hogar-sea-mas-seguro-y-comodo-copy/" "Mozilla/5.0 (Macintosh; Intel Mac OS X 10_15_7) AppleWebKit/605.1.15 (KHTML, like Gecko) Version/17.4 Safari/605.1.15 (Applebot/0.1; +http://www.apple.com/go/applebot)"
84.236.228.59 - - [02/Aug/2026:22:17:34 +0200] "POST /wp-cron.php?doing_wp_cron=1785701854.0814149379730224609375 HTTP/1.1" 200 6900 "-" "WordPress/7.0.2; https://www.ensaco.es"
34.196.51.17 - - [02/Aug/2026:22:17:31 +0200] "HEAD / HTTP/1.1" 200 7073 "https://www.ensaco.es/" "WPMUDEV Uptime Monitor 5.0 (https://wpmudev.com)"
84.236.228.59 - - [02/Aug/2026:22:18:59 +0200] "POST /wp-cron.php?doing_wp_cron=1785701939.2193388938903808593750 HTTP/1.1" 200 6900 "-" "WordPress/7.0.2; https://www.ensaco.es"
40.77.167.27 - - [02/Aug/2026:22:18:55 +0200] "GET /producto/pack-acceso-domotico-peatonal/ HTTP/1.1" 500 591860 "-" "Mozilla/5.0 AppleWebKit/537.36 (KHTML, like Gecko; compatible; bingbot/2.0; +http://www.bing.com/bingbot.htm) Chrome/116.0.1938.76 Safari/537.36"
84.236.228.59 - - [02/Aug/2026:22:19:33 +0200] "POST /wp-cron.php?doing_wp_cron=1785701973.4404239654541015625000 HTTP/1.1" 200 6900 "-" "WordPress/7.0.2; https://www.ensaco.es"
34.196.51.17 - - [02/Aug/2026:22:19:30 +0200] "HEAD / HTTP/1.1" 200 7073 "https://www.ensaco.es/" "WPMUDEV Uptime Monitor 5.0 (https://wpmudev.com)"
142.147.200.26 - - [02/Aug/2026:22:21:30 +0200] "GET /wp-content/smush-webp/2018/07/Turismo-sostenible-con-calderas-de-biomasa-1-300x192.jpg.webp HTTP/1.1" 200 7005 "https://www.ensaco.es/category/biomasa/" "Mozilla/5.0 (Macintosh; Intel Mac OS X 10_15_7) AppleWebKit/537.36 (KHTML, like Gecko) Chrome/131.0.0.0 Safari/537.36"
45.38.206.184 - - [02/Aug/2026:22:21:30 +0200] "GET /wp-content/smush-webp/2018/06/Caldera-de-biomasa-seg%C3%BAn-necesidades-1-600x338.jpg.webp HTTP/1.1" 200 7000 "https://www.ensaco.es/category/biomasa/" "Mozilla/5.0 (Macintosh; Intel Mac OS X 10_15_7) AppleWebKit/537.36 (KHTML, like Gecko) Chrome/131.0.0.0 Safari/537.36"
45.38.206.184 - - [02/Aug/2026:22:21:30 +0200] "GET /wp-content/smush-webp/2018/05/biomasa_subvenciones3-300x201.jpg.webp HTTP/1.1" 200 6982 "https://www.ensaco.es/category/biomasa/" "Mozilla/5.0 (Macintosh; Intel Mac OS X 10_15_7) AppleWebKit/537.36 (KHTML, like Gecko) Chrome/131.0.0.0 Safari/537.36"
84.236.228.59 - - [02/Aug/2026:22:21:36 +0200] "POST /wp-cron.php?doing_wp_cron=1785702096.7548398971557617187500 HTTP/1.1" 200 6900 "-" "WordPress/7.0.2; https://www.ensaco.es"
34.196.51.17 - - [02/Aug/2026:22:21:33 +0200] "HEAD / HTTP/1.1" 200 7073 "https://www.ensaco.es/" "WPMUDEV Uptime Monitor 5.0 (https://wpmudev.com)"
48.47.41.230 - - [02/Aug/2026:22:22:05 +0200] "GET /wp-content/uploads/2024/03/SD-3-300x300.png HTTP/1.1" 200 6957 "https://www.ensaco.es/producto/sd-128gb-especial-para-videocamara/" "Mozilla/5.0 (Macintosh; Intel Mac OS X 10_15_7) AppleWebKit/537.36 (KHTML, like Gecko) Chrome/131.0.0.0 Safari/537.36"
66.78.27.156 - - [02/Aug/2026:22:22:12 +0200] "GET /wp-content/uploads/2024/03/SD-3.png HTTP/1.1" 200 6949 "https://www.ensaco.es/producto/sd-128gb-especial-para-videocamara/" "Mozilla/5.0 (Macintosh; Intel Mac OS X 10_15_7) AppleWebKit/537.36 (KHTML, like Gecko) Chrome/131.0.0.0 Safari/537.36"
66.249.64.44 - - [02/Aug/2026:22:22:45 +0200] "GET /blog/ HTTP/1.1" 301 7149 "-" "Mozilla/5.0 (Linux; Android 6.0.1; Nexus 5X Build/MMB29P) AppleWebKit/537.36 (KHTML, like Gecko) Chrome/150.0.7871.186 Mobile Safari/537.36 (compatible; Googlebot/2.1; +http://www.google.com/bot.html)"
84.236.228.59 - - [02/Aug/2026:22:22:49 +0200] "POST /wp-cron.php?doing_wp_cron=1785702169.7314739227294921875000 HTTP/1.1" 200 6900 "-" "WordPress/7.0.2; https://www.ensaco.es"
66.249.64.43 - - [02/Aug/2026:22:22:46 +0200] "GET /tips/ HTTP/1.1" 500 265494 "-" "Mozilla/5.0 (Linux; Android 6.0.1; Nexus 5X Build/MMB29P) AppleWebKit/537.36 (KHTML, like Gecko) Chrome/150.0.7871.186 Mobile Safari/537.36 (compatible; Googlebot/2.1; +http://www.google.com/bot.html)"
84.236.228.59 - - [02/Aug/2026:22:23:34 +0200] "POST /wp-cron.php?doing_wp_cron=1785702214.2464311122894287109375 HTTP/1.1" 200 6900 "-" "WordPress/7.0.2; https://www.ensaco.es"
34.196.51.17 - - [02/Aug/2026:22:23:31 +0200] "HEAD / HTTP/1.1" 200 7073 "https://www.ensaco.es/" "WPMUDEV Uptime Monitor 5.0 (https://wpmudev.com)"
84.236.228.59 - - [02/Aug/2026:22:25:37 +0200] "POST /wp-cron.php?doing_wp_cron=1785702337.3076360225677490234375 HTTP/1.1" 200 6900 "-" "WordPress/7.0.2; https://www.ensaco.es"
34.196.51.17 - - [02/Aug/2026:22:25:34 +0200] "HEAD / HTTP/1.1" 200 7073 "https://www.ensaco.es/" "WPMUDEV Uptime Monitor 5.0 (https://wpmudev.com)"
84.236.228.59 - - [02/Aug/2026:22:27:38 +0200] "POST /wp-cron.php?doing_wp_cron=1785702458.6910760402679443359375 HTTP/1.1" 200 6900 "-" "WordPress/7.0.2; https://www.ensaco.es"
34.196.51.17 - - [02/Aug/2026:22:27:36 +0200] "HEAD / HTTP/1.1" 200 7073 "https://www.ensaco.es/" "WPMUDEV Uptime Monitor 5.0 (https://wpmudev.com)"
192.177.105.221 - - [02/Aug/2026:22:27:42 +0200] "GET / HTTP/1.1" 500 268227 "-" "Mozilla/5.0 (Macintosh; Intel Mac OS X 10_15_7) AppleWebKit/537.36 (KHTML, like Gecko) Chrome/148.0.0.0 Safari/537.36"
84.236.228.59 - - [02/Aug/2026:22:29:35 +0200] "POST /wp-cron.php?doing_wp_cron=1785702574.8861019611358642578125 HTTP/1.1" 200 6900 "-" "WordPress/7.0.2; https://www.ensaco.es"
34.196.51.17 - - [02/Aug/2026:22:29:32 +0200] "HEAD / HTTP/1.1" 200 7073 "https://www.ensaco.es/" "WPMUDEV Uptime Monitor 5.0 (https://wpmudev.com)"
216.244.66.250 - - [02/Aug/2026:22:30:09 +0200] "GET /robots.txt HTTP/1.1" 200 7462 "-" "Mozilla/5.0 (compatible; DotBot/1.2; +https://opensiteexplorer.org/dotbot; help@moz.com)"
152.163.167.167 - - [02/Aug/2026:22:30:41 +0200] "GET /blog/ HTTP/1.1" 301 7149 "-" "Mozilla/5.0 (Macintosh; Intel Mac OS X 10_15_7) AppleWebKit/537.36 (KHTML, like Gecko) Chrome/148.0.0.0 Safari/537.36"
84.236.228.59 - - [02/Aug/2026:22:31:12 +0200] "POST /wp-cron.php?doing_wp_cron=1785702672.6165668964385986328125 HTTP/1.1" 200 6900 "-" "WordPress/7.0.2; https://www.ensaco.es"
17.246.23.239 - - [02/Aug/2026:22:31:07 +0200] "GET /wp-json/wp/v2/posts/4134 HTTP/1.1" 200 27818 "-" "Mozilla/5.0 (Macintosh; Intel Mac OS X 10_15_7) AppleWebKit/605.1.15 (KHTML, like Gecko) Version/17.4 Safari/605.1.15 (Applebot/0.1; +http://www.apple.com/go/applebot)"
57.141.0.39 - - [02/Aug/2026:22:31:23 +0200] "GET /category-sitemap.xml HTTP/1.1" 200 7495 "-" "Mozilla/5.0 (Windows NT 10.0; Win64; x64) AppleWebKit/537.36 (KHTML, like Gecko) Chrome/145.0.0.0 Safari/537.36 (compatible; meta-externalagent/1.1 (+https://developers.facebook.com/docs/sharing/webmasters/crawler))"
84.236.228.59 - - [02/Aug/2026:22:31:31 +0200] "POST /wp-cron.php?doing_wp_cron=1785702691.4458730220794677734375 HTTP/1.1" 200 6900 "-" "WordPress/7.0.2; https://www.ensaco.es"
205.188.102.65 - - [02/Aug/2026:22:31:29 +0200] "GET /robots.txt HTTP/1.1" 200 7240 "-" "ExaSearchBot"
84.236.228.59 - - [02/Aug/2026:22:31:36 +0200] "POST /wp-cron.php?doing_wp_cron=1785702696.7313549518585205078125 HTTP/1.1" 200 6900 "-" "WordPress/7.0.2; https://www.ensaco.es"
34.196.51.17 - - [02/Aug/2026:22:31:34 +0200] "HEAD / HTTP/1.1" 200 7073 "https://www.ensaco.es/" "WPMUDEV Uptime Monitor 5.0 (https://wpmudev.com)"
57.141.0.18 - - [02/Aug/2026:22:32:02 +0200] "GET /sitemap-index.xml HTTP/1.1" 301 7011 "-" "Mozilla/5.0 (Windows NT 10.0; Win64; x64) AppleWebKit/537.36 (KHTML, like Gecko) Chrome/145.0.0.0 Safari/537.36 (compatible; meta-externalagent/1.1 (+https://developers.facebook.com/docs/sharing/webmasters/crawler))"
57.141.0.43 - - [02/Aug/2026:22:32:08 +0200] "GET /sitemap-index.xml HTTP/1.1" 500 265478 "-" "Mozilla/5.0 (Windows NT 10.0; Win64; x64) AppleWebKit/537.36 (KHTML, like Gecko) Chrome/145.0.0.0 Safari/537.36 (compatible; meta-externalagent/1.1 (+https://developers.facebook.com/docs/sharing/webmasters/crawler))"
84.236.228.59 - - [02/Aug/2026:22:33:23 +0200] "POST /wp-cron.php?doing_wp_cron=1785702803.4499499797821044921875 HTTP/1.1" 200 6900 "-" "WordPress/7.0.2; https://www.ensaco.es"
82.22.215.130 - - [02/Aug/2026:22:33:19 +0200] "GET /producto/nfc-smart-tags-encriptadas/ HTTP/1.1" 500 591789 "-" "Mozilla/5.0 (compatible; Googlebot/2.1; +http://www.google.com/bot.html)"
84.236.228.59 - - [02/Aug/2026:22:33:35 +0200] "POST /wp-cron.php?doing_wp_cron=1785702815.3001539707183837890625 HTTP/1.1" 200 6900 "-" "WordPress/7.0.2; https://www.ensaco.es"
34.196.51.17 - - [02/Aug/2026:22:33:32 +0200] "HEAD / HTTP/1.1" 200 7073 "https://www.ensaco.es/" "WPMUDEV Uptime Monitor 5.0 (https://wpmudev.com)"
82.22.215.131 - - [02/Aug/2026:22:34:09 +0200] "GET /solucion/eficiencia-energetica/ HTTP/1.1" 500 268395 "-" "Mozilla/5.0 (compatible; Googlebot/2.1; +http://www.google.com/bot.html)"
84.236.228.59 - - [02/Aug/2026:22:34:49 +0200] "POST /wp-cron.php?doing_wp_cron=1785702889.1606678962707519531250 HTTP/1.1" 200 6900 "-" "WordPress/7.0.2; https://www.ensaco.es"
107.173.94.124 - - [02/Aug/2026:22:34:45 +0200] "GET /aviso-legal/ HTTP/1.1" 500 301628 "-" "Mozilla/5.0 (Macintosh; Intel Mac OS X 10_15_7) AppleWebKit/537.36 (KHTML, like Gecko) Chrome/148.0.0.0 Safari/537.36"
82.22.215.136 - - [02/Aug/2026:22:34:59 +0200] "GET /producto/intercom-antracita/ HTTP/1.1" 500 592410 "-" "Mozilla/5.0 (compatible; Googlebot/2.1; +http://www.google.com/bot.html)"
84.236.228.59 - - [02/Aug/2026:22:35:35 +0200] "POST /wp-cron.php?doing_wp_cron=1785702935.3968579769134521484375 HTTP/1.1" 200 6900 "-" "WordPress/7.0.2; https://www.ensaco.es"
34.196.51.17 - - [02/Aug/2026:22:35:32 +0200] "HEAD / HTTP/1.1" 200 7073 "https://www.ensaco.es/" "WPMUDEV Uptime Monitor 5.0 (https://wpmudev.com)"
216.244.66.250 - - [02/Aug/2026:22:35:59 +0200] "GET /author/ensaco/ HTTP/1.1" 301 7149 "-" "Mozilla/5.0 (compatible; DotBot/1.2; +https://opensiteexplorer.org/dotbot; help@moz.com)"
84.236.228.59 - - [02/Aug/2026:22:36:25 +0200] "POST /wp-cron.php?doing_wp_cron=1785702985.2826941013336181640625 HTTP/1.1" 200 6900 "-" "WordPress/7.0.2; https://www.ensaco.es"
17.22.245.63 - - [02/Aug/2026:22:36:21 +0200] "GET /blog-ensaco/page/4/ HTTP/1.1" 500 316712 "-" "Mozilla/5.0 (Macintosh; Intel Mac OS X 10_15_7) AppleWebKit/605.1.15 (KHTML, like Gecko) Version/17.4 Safari/605.1.15 (Applebot/0.1; +http://www.apple.com/go/applebot)"
20.104.79.37 - - [02/Aug/2026:22:36:30 +0200] "GET / HTTP/1.1" 301 6954 "-" "Mozilla/5.0 (iPhone; CPU iPhone OS 18_0 like Mac OS X) AppleWebKit/605.1.15 (KHTML, like Gecko) Version/18.4 Mobile/15E148 Safari/604.1"
84.236.228.59 - - [02/Aug/2026:22:36:37 +0200] "POST /wp-cron.php?doing_wp_cron=1785702997.0281910896301269531250 HTTP/1.1" 200 6900 "-" "WordPress/7.0.2; https://www.ensaco.es"
20.104.79.37 - - [02/Aug/2026:22:36:34 +0200] "GET / HTTP/1.1" 500 268248 "-" "Mozilla/5.0 (iPhone; CPU iPhone OS 18_0 like Mac OS X) AppleWebKit/605.1.15 (KHTML, like Gecko) Version/18.4 Mobile/15E148 Safari/604.1"
20.104.242.159 - - [02/Aug/2026:22:36:38 +0200] "GET / HTTP/1.1" 301 6954 "-" "Mozilla/5.0 (iPhone; CPU iPhone OS 18_0 like Mac OS X) AppleWebKit/605.1.15 (KHTML, like Gecko) Version/18.4 Mobile/15E148 Safari/604.1"
84.236.228.59 - - [02/Aug/2026:22:37:38 +0200] "POST /wp-cron.php?doing_wp_cron=1785703058.2793200016021728515625 HTTP/1.1" 200 6900 "-" "WordPress/7.0.2; https://www.ensaco.es"
34.196.51.17 - - [02/Aug/2026:22:37:35 +0200] "HEAD / HTTP/1.1" 200 7073 "https://www.ensaco.es/" "WPMUDEV Uptime Monitor 5.0 (https://wpmudev.com)"
84.236.228.59 - - [02/Aug/2026:22:38:54 +0200] "POST /wp-cron.php?doing_wp_cron=1785703134.8235950469970703125000 HTTP/1.1" 200 6900 "-" "WordPress/7.0.2; https://www.ensaco.es"
136.111.110.13 - - [02/Aug/2026:22:38:52 +0200] "GET / HTTP/1.1" 301 6954 "-" "python-requests/2.32.5"
136.111.110.13 - - [02/Aug/2026:22:38:55 +0200] "GET / HTTP/1.1" 500 268242 "-" "python-requests/2.32.5"
136.111.110.13 - - [02/Aug/2026:22:39:02 +0200] "GET / HTTP/1.1" 301 6954 "-" "Mozilla/5.0 (X11; Linux x86_64) AppleWebKit/537.36 (KHTML, like Gecko) Chrome/59.0.3071.104 Safari/537.36"
136.111.110.13 - - [02/Aug/2026:22:39:05 +0200] "GET / HTTP/1.1" 500 268248 "-" "Mozilla/5.0 (X11; Linux x86_64) AppleWebKit/537.36 (KHTML, like Gecko) Chrome/59.0.3071.104 Safari/537.36"
136.111.110.13 - - [02/Aug/2026:22:39:11 +0200] "GET / HTTP/1.1" 301 6954 "-" "Mozilla/5.0 (X11; Linux x86_64) AppleWebKit/537.36 (KHTML, like Gecko) Chrome/59.0.3071.104 Safari/537.36"
136.111.110.13 - - [02/Aug/2026:22:39:15 +0200] "GET / HTTP/1.1" 301 6954 "-" "Mozilla/5.0 (X11; U; Linux x86_64; sv-SE; rv:1.8.1.12) Gecko/20080207 Ubuntu/7.10 (gutsy) Firefox/2.0.0.12"
136.111.110.13 - - [02/Aug/2026:22:39:17 +0200] "GET / HTTP/1.1" 500 268242 "-" "Mozilla/5.0 (X11; U; Linux x86_64; sv-SE; rv:1.8.1.12) Gecko/20080207 Ubuntu/7.10 (gutsy) Firefox/2.0.0.12"
136.111.110.13 - - [02/Aug/2026:22:39:20 +0200] "GET /wp-content/plugins/woo-product-bundle/assets/css/blocks.css HTTP/1.1" 200 6971 "https://www.ensaco.es/" "Mozilla/5.0 (X11; U; Linux x86_64; sv-SE; rv:1.8.1.12) Gecko/20080207 Ubuntu/7.10 (gutsy) Firefox/2.0.0.12"
136.111.110.13 - - [02/Aug/2026:22:39:20 +0200] "GET /wp-content/plugins/bb-plugin/fonts/fontawesome/5.15.4/webfonts/fa-regular-400.woff2 HTTP/1.1" 200 6997 "https://www.ensaco.es/" "Mozilla/5.0 (X11; U; Linux x86_64; sv-SE; rv:1.8.1.12) Gecko/20080207 Ubuntu/7.10 (gutsy) Firefox/2.0.0.12"
136.111.110.13 - - [02/Aug/2026:22:39:20 +0200] "GET /wp-content/plugins/bb-plugin/fonts/fontawesome/5.15.4/webfonts/fa-solid-900.woff2 HTTP/1.1" 200 6995 "https://www.ensaco.es/" "Mozilla/5.0 (X11; U; Linux x86_64; sv-SE; rv:1.8.1.12) Gecko/20080207 Ubuntu/7.10 (gutsy) Firefox/2.0.0.12"
136.111.110.13 - - [02/Aug/2026:22:39:20 +0200] "GET /wp-content/plugins/cookie-law-info/legacy/public/css/cookie-law-info-gdpr.css HTTP/1.1" 200 6989 "https://www.ensaco.es/" "Mozilla/5.0 (X11; U; Linux x86_64; sv-SE; rv:1.8.1.12) Gecko/20080207 Ubuntu/7.10 (gutsy) Firefox/2.0.0.12"
136.111.110.13 - - [02/Aug/2026:22:39:20 +0200] "GET /wp-content/plugins/cookie-law-info/legacy/public/css/cookie-law-info-public.css HTTP/1.1" 200 6991 "https://www.ensaco.es/" "Mozilla/5.0 (X11; U; Linux x86_64; sv-SE; rv:1.8.1.12) Gecko/20080207 Ubuntu/7.10 (gutsy) Firefox/2.0.0.12"
136.111.110.13 - - [02/Aug/2026:22:39:20 +0200] "GET /wp-content/plugins/bb-plugin/fonts/fontawesome/5.15.4/css/all.min.css HTTP/1.1" 200 6981 "https://www.ensaco.es/" "Mozilla/5.0 (X11; U; Linux x86_64; sv-SE; rv:1.8.1.12) Gecko/20080207 Ubuntu/7.10 (gutsy) Firefox/2.0.0.12"
136.111.110.13 - - [02/Aug/2026:22:39:20 +0200] "GET /wp-content/plugins/woocommerce/assets/css/woocommerce.css HTTP/1.1" 200 6969 "https://www.ensaco.es/" "Mozilla/5.0 (X11; U; Linux x86_64; sv-SE; rv:1.8.1.12) Gecko/20080207 Ubuntu/7.10 (gutsy) Firefox/2.0.0.12"
136.111.110.13 - - [02/Aug/2026:22:39:20 +0200] "GET /wp-content/plugins/pago-redsys-tpv-grafreak/public/css/pago-redsys-grafreak-public.css HTTP/1.1" 200 6998 "https://www.ensaco.es/" "Mozilla/5.0 (X11; U; Linux x86_64; sv-SE; rv:1.8.1.12) Gecko/20080207 Ubuntu/7.10 (gutsy) Firefox/2.0.0.12"
136.111.110.13 - - [02/Aug/2026:22:39:20 +0200] "GET /wp-content/plugins/woocommerce/assets/css/woocommerce-layout.css HTTP/1.1" 200 6976 "https://www.ensaco.es/" "Mozilla/5.0 (X11; U; Linux x86_64; sv-SE; rv:1.8.1.12) Gecko/20080207 Ubuntu/7.10 (gutsy) Firefox/2.0.0.12"
136.111.110.13 - - [02/Aug/2026:22:39:20 +0200] "GET /wp-content/themes/bb-theme/css/bootstrap.min.css HTTP/1.1" 200 6960 "https://www.ensaco.es/" "Mozilla/5.0 (X11; U; Linux x86_64; sv-SE; rv:1.8.1.12) Gecko/20080207 Ubuntu/7.10 (gutsy) Firefox/2.0.0.12"
136.111.110.13 - - [02/Aug/2026:22:39:20 +0200] "GET /wp-content/plugins/bb-plugin/css/jquery.magnificpopup.min.css HTTP/1.1" 200 6973 "https://www.ensaco.es/" "Mozilla/5.0 (X11; U; Linux x86_64; sv-SE; rv:1.8.1.12) Gecko/20080207 Ubuntu/7.10 (gutsy) Firefox/2.0.0.12"
136.111.110.13 - - [02/Aug/2026:22:39:20 +0200] "GET /wp-content/plugins/woo-product-bundle/assets/css/frontend.css HTTP/1.1" 200 6973 "https://www.ensaco.es/" "Mozilla/5.0 (X11; U; Linux x86_64; sv-SE; rv:1.8.1.12) Gecko/20080207 Ubuntu/7.10 (gutsy) Firefox/2.0.0.12"
136.111.110.13 - - [02/Aug/2026:22:39:20 +0200] "GET /wp-content/plugins/woocommerce/assets/css/woocommerce-smallscreen.css HTTP/1.1" 200 6981 "https://www.ensaco.es/" "Mozilla/5.0 (X11; U; Linux x86_64; sv-SE; rv:1.8.1.12) Gecko/20080207 Ubuntu/7.10 (gutsy) Firefox/2.0.0.12"
34.196.51.17 - - [02/Aug/2026:22:39:31 +0200] "HEAD / HTTP/1.1" 200 7073 "https://www.ensaco.es/" "WPMUDEV Uptime Monitor 5.0 (https://wpmudev.com)"
84.236.228.59 - - [02/Aug/2026:22:39:55 +0200] "POST /wp-cron.php?doing_wp_cron=1785703194.8840179443359375000000 HTTP/1.1" 200 6900 "-" "WordPress/7.0.2; https://www.ensaco.es"
35.157.144.199 - - [02/Aug/2026:22:39:52 +0200] "HEAD / HTTP/1.1" 200 7073 "https://www.ensaco.es/" "WPMUDEV Uptime Monitor 5.0 (https://wpmudev.com)"
52.167.144.221 - - [02/Aug/2026:22:40:26 +0200] "GET /wp-content/uploads/2017/10/Catalogo-EK-PLUS.pdf HTTP/1.1" 200 6966 "-" "Mozilla/5.0 AppleWebKit/537.36 (KHTML, like Gecko; compatible; bingbot/2.0; +http://www.bing.com/bingbot.htm) Chrome/116.0.1938.76 Safari/537.36"
84.236.228.59 - - [02/Aug/2026:22:41:42 +0200] "POST /wp-cron.php?doing_wp_cron=1785703302.0058290958404541015625 HTTP/1.1" 200 6900 "-" "WordPress/7.0.2; https://www.ensaco.es"
34.196.51.17 - - [02/Aug/2026:22:41:38 +0200] "HEAD / HTTP/1.1" 200 7073 "https://www.ensaco.es/" "WPMUDEV Uptime Monitor 5.0 (https://wpmudev.com)"
35.95.81.143 - - [02/Aug/2026:22:42:05 +0200] "GET /wp-content/uploads/2020/03/automatizaci%C3%B3n-domotica-1.jpg HTTP/1.1" 200 6972 "-" "Mozilla/5.0 (Windows NT 10.0; Win64; x64) AppleWebKit/537.36 (KHTML, like Gecko) Chrome/144.0.0.0 Safari/537.36"
17.22.253.251 - - [02/Aug/2026:22:43:24 +0200] "GET /wp-content/plugins/bb-plugin/css/jquery.magnificpopup.min.css HTTP/1.1" 200 6973 "https://www.ensaco.es/blog-ensaco/page/4/" "Mozilla/5.0 (Macintosh; Intel Mac OS X 10_15_7) AppleWebKit/605.1.15 (KHTML, like Gecko) Version/17.4 Safari/605.1.15 (Applebot/0.1; +http://www.apple.com/go/applebot)"
84.236.228.59 - - [02/Aug/2026:22:43:35 +0200] "POST /wp-cron.php?doing_wp_cron=1785703415.8110640048980712890625 HTTP/1.1" 200 6900 "-" "WordPress/7.0.2; https://www.ensaco.es"
34.196.51.17 - - [02/Aug/2026:22:43:33 +0200] "HEAD / HTTP/1.1" 200 7073 "https://www.ensaco.es/" "WPMUDEV Uptime Monitor 5.0 (https://wpmudev.com)"
84.236.228.59 - - [02/Aug/2026:22:45:38 +0200] "POST /wp-cron.php?doing_wp_cron=1785703538.7120399475097656250000 HTTP/1.1" 200 6900 "-" "WordPress/7.0.2; https://www.ensaco.es"
34.196.51.17 - - [02/Aug/2026:22:45:35 +0200] "HEAD / HTTP/1.1" 200 7073 "https://www.ensaco.es/" "WPMUDEV Uptime Monitor 5.0 (https://wpmudev.com)"
84.236.228.59 - - [02/Aug/2026:22:46:30 +0200] "POST /wp-cron.php?doing_wp_cron=1785703590.3443748950958251953125 HTTP/1.1" 200 6900 "-" "WordPress/7.0.2; https://www.ensaco.es"
40.77.167.27 - - [02/Aug/2026:22:46:26 +0200] "GET /proyectos-realizados/ HTTP/1.1" 500 311941 "-" "Mozilla/5.0 AppleWebKit/537.36 (KHTML, like Gecko; compatible; bingbot/2.0; +http://www.bing.com/bingbot.htm) Chrome/116.0.1938.76 Safari/537.36"
84.236.228.59 - - [02/Aug/2026:22:47:36 +0200] "POST /wp-cron.php?doing_wp_cron=1785703656.7215430736541748046875 HTTP/1.1" 200 6900 "-" "WordPress/7.0.2; https://www.ensaco.es"
34.196.51.17 - - [02/Aug/2026:22:47:33 +0200] "HEAD / HTTP/1.1" 200 7073 "https://www.ensaco.es/" "WPMUDEV Uptime Monitor 5.0 (https://wpmudev.com)"
84.236.228.59 - - [02/Aug/2026:22:49:05 +0200] "POST /wp-cron.php?doing_wp_cron=1785703744.9000930786132812500000 HTTP/1.1" 200 6900 "-" "WordPress/7.0.2; https://www.ensaco.es"
181.191.225.196 - - [02/Aug/2026:22:49:02 +0200] "GET / HTTP/1.1" 301 6954 "https://ensaco.es/" "Mozilla/5.0 (Macintosh; Intel Mac OS X 10_15_7) AppleWebKit/537.36 (KHTML, like Gecko) Chrome/126.0.6478.127 Safari/537.36"
14.169.254.228 - - [02/Aug/2026:22:49:08 +0200] "GET / HTTP/1.1" 500 268242 "https://ensaco.es/" "Mozilla/5.0 (Macintosh; Intel Mac OS X 10_15_7) AppleWebKit/537.36 (KHTML, like Gecko) Chrome/126.0.6478.127 Safari/537.36"
84.236.228.59 - - [02/Aug/2026:22:49:37 +0200] "POST /wp-cron.php?doing_wp_cron=1785703777.7924709320068359375000 HTTP/1.1" 200 6900 "-" "WordPress/7.0.2; https://www.ensaco.es"
34.196.51.17 - - [02/Aug/2026:22:49:35 +0200] "HEAD / HTTP/1.1" 200 7073 "https://www.ensaco.es/" "WPMUDEV Uptime Monitor 5.0 (https://wpmudev.com)"
84.236.228.59 - - [02/Aug/2026:22:51:16 +0200] "POST /wp-cron.php?doing_wp_cron=1785703876.7670290470123291015625 HTTP/1.1" 200 6900 "-" "WordPress/7.0.2; https://www.ensaco.es"
216.73.217.138 - - [02/Aug/2026:22:51:14 +0200] "GET /robots.txt HTTP/1.1" 301 6964 "-" "Mozilla/5.0 AppleWebKit/537.36 (KHTML, like Gecko; compatible; ClaudeBot/1.0; +claudebot@anthropic.com)"
216.73.217.138 - - [02/Aug/2026:22:51:17 +0200] "GET /robots.txt HTTP/1.1" 200 7240 "https://ensaco.es/robots.txt" "Mozilla/5.0 AppleWebKit/537.36 (KHTML, like Gecko; compatible; ClaudeBot/1.0; +claudebot@anthropic.com)"
216.73.217.138 - - [02/Aug/2026:22:51:22 +0200] "GET / HTTP/1.1" 301 6954 "-" "Mozilla/5.0 AppleWebKit/537.36 (KHTML, like Gecko; compatible; ClaudeBot/1.0; +claudebot@anthropic.com)"
216.73.217.138 - - [02/Aug/2026:22:51:24 +0200] "GET / HTTP/1.1" 500 268242 "https://ensaco.es/" "Mozilla/5.0 AppleWebKit/537.36 (KHTML, like Gecko; compatible; ClaudeBot/1.0; +claudebot@anthropic.com)"
84.236.228.59 - - [02/Aug/2026:22:51:40 +0200] "POST /wp-cron.php?doing_wp_cron=1785703900.1495220661163330078125 HTTP/1.1" 200 6900 "-" "WordPress/7.0.2; https://www.ensaco.es"
34.196.51.17 - - [02/Aug/2026:22:51:37 +0200] "HEAD / HTTP/1.1" 200 7073 "https://www.ensaco.es/" "WPMUDEV Uptime Monitor 5.0 (https://wpmudev.com)"
84.236.228.59 - - [02/Aug/2026:22:53:35 +0200] "POST /wp-cron.php?doing_wp_cron=1785704014.9898779392242431640625 HTTP/1.1" 200 6900 "-" "WordPress/7.0.2; https://www.ensaco.es"
34.196.51.17 - - [02/Aug/2026:22:53:32 +0200] "HEAD / HTTP/1.1" 200 7073 "https://www.ensaco.es/" "WPMUDEV Uptime Monitor 5.0 (https://wpmudev.com)"
142.250.32.33 - - [02/Aug/2026:22:53:59 +0200] "GET /.well-known/traffic-advice HTTP/1.1" 500 265560 "-" "Chrome Privacy Preserving Prefetch Proxy"
162.120.188.134 - - [02/Aug/2026:22:54:00 +0200] "GET /ventilacion-doble-flujo-automatizada/ HTTP/1.1" 500 14842 "https://www.google.com/" "Mozilla/5.0 (Windows NT 10.0; Win64; x64) AppleWebKit/537.36 (KHTML, like Gecko) Chrome/150.0.0.0 Safari/537.36"
84.236.228.59 - - [02/Aug/2026:22:55:38 +0200] "POST /wp-cron.php?doing_wp_cron=1785704138.0116629600524902343750 HTTP/1.1" 200 6900 "-" "WordPress/7.0.2; https://www.ensaco.es"
34.196.51.17 - - [02/Aug/2026:22:55:34 +0200] "HEAD / HTTP/1.1" 200 7073 "https://www.ensaco.es/" "WPMUDEV Uptime Monitor 5.0 (https://wpmudev.com)"
84.236.228.59 - - [02/Aug/2026:22:57:36 +0200] "POST /wp-cron.php?doing_wp_cron=1785704256.5001509189605712890625 HTTP/1.1" 200 6900 "-" "WordPress/7.0.2; https://www.ensaco.es"
95.108.213.85 - - [02/Aug/2026:22:57:31 +0200] "GET /robots.txt HTTP/1.1" 200 7462 "-" "Mozilla/5.0 (compatible; YandexBot/3.0; +http://yandex.com/bots)"
213.180.203.105 - - [02/Aug/2026:22:57:37 +0200] "GET /wp-content/uploads/2024/03/MINISERVERGO.jpg HTTP/1.1" 200 6958 "-" "Mozilla/5.0 (compatible; YandexImages/3.0; +http://yandex.com/bots)"
34.196.51.17 - - [02/Aug/2026:22:57:32 +0200] "HEAD / HTTP/1.1" 200 7073 "https://www.ensaco.es/" "WPMUDEV Uptime Monitor 5.0 (https://wpmudev.com)"
95.108.213.159 - - [02/Aug/2026:22:57:37 +0200] "GET /?attachment_id=5061 HTTP/1.1" 301 6997 "-" "Mozilla/5.0 (compatible; YandexImages/3.0; +http://yandex.com/bots)"
95.108.213.212 - - [02/Aug/2026:22:57:42 +0200] "GET /wp-content/uploads/2024/03/MINISERVERGO.jpg HTTP/1.1" 200 6958 "-" "Mozilla/5.0 (compatible; YandexImages/3.0; +http://yandex.com/bots)"
84.236.228.59 - - [02/Aug/2026:22:59:39 +0200] "POST /wp-cron.php?doing_wp_cron=1785704379.5702149868011474609375 HTTP/1.1" 200 6900 "-" "WordPress/7.0.2; https://www.ensaco.es"
114.119.148.37 - - [02/Aug/2026:22:59:39 +0200] "GET /wp-content/uploads/2017/09/hargassner_hv_mv.pdf HTTP/1.1" 200 6966 "-" "Mozilla/5.0 (Linux; Android 7.0;) AppleWebKit/537.36 (KHTML, like Gecko) Mobile Safari/537.36 (compatible; PetalBot;+https://webmaster.petalsearch.com/site/petalbot)"
34.196.51.17 - - [02/Aug/2026:22:59:36 +0200] "HEAD / HTTP/1.1" 200 7073 "https://www.ensaco.es/" "WPMUDEV Uptime Monitor 5.0 (https://wpmudev.com)"
84.236.228.59 - - [02/Aug/2026:23:01:41 +0200] "POST /wp-cron.php?doing_wp_cron=1785704501.2739810943603515625000 HTTP/1.1" 200 6900 "-" "WordPress/7.0.2; https://www.ensaco.es"
34.196.51.17 - - [02/Aug/2026:23:01:38 +0200] "HEAD / HTTP/1.1" 200 7073 "https://www.ensaco.es/" "WPMUDEV Uptime Monitor 5.0 (https://wpmudev.com)"
66.249.89.108 - - [02/Aug/2026:23:02:03 +0200] "GET /.well-known/apple-app-site-association HTTP/1.1" 500 265494 "-" "Mozilla/5.0 (Linux; Android 6.0.1; Nexus 5X Build/MMB29P) AppleWebKit/537.36 (KHTML, like Gecko) Chrome/150.0.7871.186 Mobile Safari/537.36 (compatible; AdsBot-Google-Mobile; +http://www.google.com/mobile/adsbot.html)"
173.252.95.13 - - [02/Aug/2026:23:02:48 +0200] "GET /wp-content/uploads/2021/05/DSC_6482.jpg HTTP/1.1" 200 6954 "https://www.loxone.com/" "meta-externalads/1.1 (+https://developers.facebook.com/docs/sharing/webmasters/crawler)"
69.63.184.112 - - [02/Aug/2026:23:02:49 +0200] "GET /wp-content/uploads/2021/05/DSC_6493.jpg HTTP/1.1" 200 6954 "https://www.loxone.com/" "meta-externalads/1.1 (+https://developers.facebook.com/docs/sharing/webmasters/crawler)"
84.236.228.59 - - [02/Aug/2026:23:03:39 +0200] "POST /wp-cron.php?doing_wp_cron=1785704619.7140140533447265625000 HTTP/1.1" 200 6900 "-" "WordPress/7.0.2; https://www.ensaco.es"
34.196.51.17 - - [02/Aug/2026:23:03:36 +0200] "HEAD / HTTP/1.1" 200 7073 "https://www.ensaco.es/" "WPMUDEV Uptime Monitor 5.0 (https://wpmudev.com)"
84.236.228.59 - - [02/Aug/2026:23:03:45 +0200] "POST /wp-cron.php?doing_wp_cron=1785704625.4090070724487304687500 HTTP/1.1" 200 6900 "-" "WordPress/7.0.2; https://www.ensaco.es"
57.141.0.48 - - [02/Aug/2026:23:03:39 +0200] "GET /altamira/ HTTP/1.1" 500 299766 "-" "Mozilla/5.0 (X11; Linux x86_64) AppleWebKit/537.36 (KHTML, like Gecko) Chrome/145.0.0.0 Safari/537.36 (compatible; meta-webindexer/1.1 (+https://developers.facebook.com/docs/sharing/webmasters/crawler))"
52.139.3.76 - - [02/Aug/2026:23:03:55 +0200] "GET / HTTP/1.1" 301 6954 "-" "Mozilla/5.0 (X11; Linux x86_64) AppleWebKit/537.36 (KHTML, like Gecko) Chrome/122.0.0.0 Safari/537.36"
52.139.3.76 - - [02/Aug/2026:23:03:58 +0200] "GET / HTTP/1.1" 500 268248 "-" "Mozilla/5.0 (X11; Linux x86_64) AppleWebKit/537.36 (KHTML, like Gecko) Chrome/122.0.0.0 Safari/537.36"
66.249.89.108 - - [02/Aug/2026:23:04:03 +0200] "GET /.well-known/apple-app-site-association HTTP/1.1" 500 265494 "-" "Mozilla/5.0 (Linux; Android 6.0.1; Nexus 5X Build/MMB29P) AppleWebKit/537.36 (KHTML, like Gecko) Chrome/150.0.7871.186 Mobile Safari/537.36 (compatible; AdsBot-Google-Mobile; +http://www.google.com/mobile/adsbot.html)"
52.167.144.210 - - [02/Aug/2026:23:04:27 +0200] "GET /juega-desde-tu-movil-libertad-total-en-cada-toque-de-pantalla/ HTTP/1.1" 500 270583 "-" "Mozilla/5.0 AppleWebKit/537.36 (KHTML, like Gecko; compatible; bingbot/2.0; +http://www.bing.com/bingbot.htm) Chrome/116.0.1938.76 Safari/537.36"
84.236.228.59 - - [02/Aug/2026:23:05:41 +0200] "POST /wp-cron.php?doing_wp_cron=1785704741.3779840469360351562500 HTTP/1.1" 200 6900 "-" "WordPress/7.0.2; https://www.ensaco.es"
34.196.51.17 - - [02/Aug/2026:23:05:38 +0200] "HEAD / HTTP/1.1" 200 7073 "https://www.ensaco.es/" "WPMUDEV Uptime Monitor 5.0 (https://wpmudev.com)"
84.236.228.59 - - [02/Aug/2026:23:07:39 +0200] "POST /wp-cron.php?doing_wp_cron=1785704859.4425170421600341796875 HTTP/1.1" 200 6900 "-" "WordPress/7.0.2; https://www.ensaco.es"
34.196.51.17 - - [02/Aug/2026:23:07:36 +0200] "HEAD / HTTP/1.1" 200 7073 "https://www.ensaco.es/" "WPMUDEV Uptime Monitor 5.0 (https://wpmudev.com)"
84.236.228.59 - - [02/Aug/2026:23:09:38 +0200] "POST /wp-cron.php?doing_wp_cron=1785704978.6311929225921630859375 HTTP/1.1" 200 6900 "-" "WordPress/7.0.2; https://www.ensaco.es"
34.196.51.17 - - [02/Aug/2026:23:09:34 +0200] "HEAD / HTTP/1.1" 200 7073 "https://www.ensaco.es/" "WPMUDEV Uptime Monitor 5.0 (https://wpmudev.com)"
84.236.228.59 - - [02/Aug/2026:23:11:40 +0200] "POST /wp-cron.php?doing_wp_cron=1785705100.4471731185913085937500 HTTP/1.1" 200 6900 "-" "WordPress/7.0.2; https://www.ensaco.es"
34.196.51.17 - - [02/Aug/2026:23:11:36 +0200] "HEAD / HTTP/1.1" 200 7073 "https://www.ensaco.es/" "WPMUDEV Uptime Monitor 5.0 (https://wpmudev.com)"
176.74.124.72 - - [02/Aug/2026:23:13:06 +0200] "GET /wp-content/smush-webp/2023/09/control-automatizado-piscina-600x450.jpg.webp HTTP/1.1" 200 6989 "-" "Mozilla/5.0 (Windows; U; Windows 95) AppleWebKit/533.18.2 (KHTML, like Gecko) Version/4.1 Safari/533.18.2"
84.236.228.59 - - [02/Aug/2026:23:13:39 +0200] "POST /wp-cron.php?doing_wp_cron=1785705219.0414199829101562500000 HTTP/1.1" 200 6900 "-" "WordPress/7.0.2; https://www.ensaco.es"
34.196.51.17 - - [02/Aug/2026:23:13:36 +0200] "HEAD / HTTP/1.1" 200 7073 "https://www.ensaco.es/" "WPMUDEV Uptime Monitor 5.0 (https://wpmudev.com)"
40.77.167.10 - - [02/Aug/2026:23:13:40 +0200] "GET /diseno-showroom/ HTTP/1.1" 500 313889 "-" "Mozilla/5.0 AppleWebKit/537.36 (KHTML, like Gecko; compatible; bingbot/2.0; +http://www.bing.com/bingbot.htm) Chrome/116.0.1938.76 Safari/537.36"
17.241.75.139 - - [02/Aug/2026:23:14:56 +0200] "GET /domotica/loxone-2/ HTTP/1.1" 301 7227 "-" "Mozilla/5.0 (Macintosh; Intel Mac OS X 10_15_7) AppleWebKit/605.1.15 (KHTML, like Gecko) Version/17.4 Safari/605.1.15 (Applebot/0.1; +http://www.apple.com/go/applebot)"
84.236.228.59 - - [02/Aug/2026:23:15:00 +0200] "POST /wp-cron.php?doing_wp_cron=1785705300.3507299423217773437500 HTTP/1.1" 200 6900 "-" "WordPress/7.0.2; https://www.ensaco.es"
17.241.75.139 - - [02/Aug/2026:23:14:57 +0200] "GET /automatizacion-control-inteligente/loxone-2/ HTTP/1.1" 301 6991 "-" "Mozilla/5.0 (Macintosh; Intel Mac OS X 10_15_7) AppleWebKit/605.1.15 (KHTML, like Gecko) Version/17.4 Safari/605.1.15 (Applebot/0.1; +http://www.apple.com/go/applebot)"
