17.241.75.139 - - [02/Aug/2026:23:15:00 +0200] "GET /wp-content/uploads/2017/10/Loxone.jpg HTTP/1.1" 200 6952 "-" "Mozilla/5.0 (Macintosh; Intel Mac OS X 10_15_7) AppleWebKit/605.1.15 (KHTML, like Gecko) Version/17.4 Safari/605.1.15 (Applebot/0.1; +http://www.apple.com/go/applebot)"
84.236.228.59 - - [02/Aug/2026:23:15:39 +0200] "POST /wp-cron.php?doing_wp_cron=1785705338.8918681144714355468750 HTTP/1.1" 200 6900 "-" "WordPress/7.0.2; https://www.ensaco.es"
34.196.51.17 - - [02/Aug/2026:23:15:36 +0200] "HEAD / HTTP/1.1" 200 7073 "https://www.ensaco.es/" "WPMUDEV Uptime Monitor 5.0 (https://wpmudev.com)"
84.236.228.59 - - [02/Aug/2026:23:17:36 +0200] "POST /wp-cron.php?doing_wp_cron=1785705456.0079450607299804687500 HTTP/1.1" 200 6900 "-" "WordPress/7.0.2; https://www.ensaco.es"
34.196.51.17 - - [02/Aug/2026:23:17:32 +0200] "HEAD / HTTP/1.1" 200 7073 "https://www.ensaco.es/" "WPMUDEV Uptime Monitor 5.0 (https://wpmudev.com)"
216.244.66.250 - - [02/Aug/2026:23:18:27 +0200] "GET /robots.txt HTTP/1.1" 200 7462 "-" "Mozilla/5.0 (compatible; DotBot/1.2; +https://opensiteexplorer.org/dotbot; help@moz.com)"
216.244.66.250 - - [02/Aug/2026:23:18:27 +0200] "GET /robots.txt HTTP/1.1" 301 6964 "-" "Mozilla/5.0 (compatible; DotBot/1.2; +https://opensiteexplorer.org/dotbot; help@moz.com)"
84.236.228.59 - - [02/Aug/2026:23:18:35 +0200] "POST /wp-cron.php?doing_wp_cron=1785705515.8320930004119873046875 HTTP/1.1" 200 6900 "-" "WordPress/7.0.2; https://www.ensaco.es"
216.244.66.250 - - [02/Aug/2026:23:18:33 +0200] "GET /robots.txt HTTP/1.1" 200 7462 "-" "Mozilla/5.0 (compatible; DotBot/1.2; +https://opensiteexplorer.org/dotbot; help@moz.com)"
17.246.15.250 - - [02/Aug/2026:23:19:14 +0200] "GET /robots.txt HTTP/1.1" 200 7240 "-" "Mozilla/5.0 (Macintosh; Intel Mac OS X 10_15_7) AppleWebKit/605.1.15 (KHTML, like Gecko) Version/17.4 Safari/605.1.15 (Applebot/0.1; +http://www.apple.com/go/applebot)"
17.246.15.250 - - [02/Aug/2026:23:19:18 +0200] "GET /wp-json/wp/v2/posts/5307 HTTP/1.1" 200 29235 "-" "Mozilla/5.0 (Macintosh; Intel Mac OS X 10_15_7) AppleWebKit/605.1.15 (KHTML, like Gecko) Version/17.4 Safari/605.1.15 (Applebot/0.1; +http://www.apple.com/go/applebot)"
84.236.228.59 - - [02/Aug/2026:23:19:33 +0200] "POST /wp-cron.php?doing_wp_cron=1785705573.4566779136657714843750 HTTP/1.1" 200 6900 "-" "WordPress/7.0.2; https://www.ensaco.es"
34.196.51.17 - - [02/Aug/2026:23:19:31 +0200] "HEAD / HTTP/1.1" 200 7073 "https://www.ensaco.es/" "WPMUDEV Uptime Monitor 5.0 (https://wpmudev.com)"
84.236.228.59 - - [02/Aug/2026:23:21:36 +0200] "POST /wp-cron.php?doing_wp_cron=1785705696.2059979438781738281250 HTTP/1.1" 200 6900 "-" "WordPress/7.0.2; https://www.ensaco.es"
34.196.51.17 - - [02/Aug/2026:23:21:33 +0200] "HEAD / HTTP/1.1" 200 7073 "https://www.ensaco.es/" "WPMUDEV Uptime Monitor 5.0 (https://wpmudev.com)"
84.236.228.59 - - [02/Aug/2026:23:23:04 +0200] "POST /wp-cron.php?doing_wp_cron=1785705784.5822041034698486328125 HTTP/1.1" 200 6900 "-" "WordPress/7.0.2; https://www.ensaco.es"
216.244.66.250 - - [02/Aug/2026:23:23:00 +0200] "GET /img/enerkeeper/imgInstKeptco_b.jpg HTTP/1.1" 301 7028 "-" "Mozilla/5.0 (compatible; DotBot/1.2; +https://opensiteexplorer.org/dotbot; help@moz.com)"
114.119.154.135 - - [02/Aug/2026:23:23:11 +0200] "GET /wp-content/uploads/2019/10/Loxone_Real-Smart-Home-Compendium.pdf HTTP/1.1" 200 6983 "-" "Mozilla/5.0 (Linux; Android 7.0;) AppleWebKit/537.36 (KHTML, like Gecko) Mobile Safari/537.36 (compatible; PetalBot;+https://webmaster.petalsearch.com/site/petalbot)"
34.196.51.17 - - [02/Aug/2026:23:23:30 +0200] "HEAD / HTTP/1.1" 200 7073 "https://www.ensaco.es/" "WPMUDEV Uptime Monitor 5.0 (https://wpmudev.com)"
84.236.228.59 - - [02/Aug/2026:23:24:38 +0200] "POST /wp-cron.php?doing_wp_cron=1785705878.5931539535522460937500 HTTP/1.1" 200 6900 "-" "WordPress/7.0.2; https://www.ensaco.es"
216.244.66.250 - - [02/Aug/2026:23:24:35 +0200] "GET /casas-inteligentes-para-personas-discapacitadas/ HTTP/1.1" 500 310145 "-" "Mozilla/5.0 (compatible; DotBot/1.2; +https://opensiteexplorer.org/dotbot; help@moz.com)"
216.244.66.250 - - [02/Aug/2026:23:25:10 +0200] "GET /ahorrar-en-tu-factura-con-una-consultoria-energetica/ HTTP/1.1" 500 310316 "-" "Mozilla/5.0 (compatible; DotBot/1.2; +https://opensiteexplorer.org/dotbot; help@moz.com)"
17.22.245.192 - - [02/Aug/2026:23:25:15 +0200] "GET /wp-json/oembed/1.0/embed?url=https%3A%2F%2Fwww.ensaco.es%2Fsoluciones-integrales%2F HTTP/1.1" 200 9599 "-" "Mozilla/5.0 (Macintosh; Intel Mac OS X 10_15_7) AppleWebKit/605.1.15 (KHTML, like Gecko) Version/17.4 Safari/605.1.15 (Applebot/0.1; +http://www.apple.com/go/applebot)"
34.196.51.17 - - [02/Aug/2026:23:25:30 +0200] "HEAD / HTTP/1.1" 200 7073 "https://www.ensaco.es/" "WPMUDEV Uptime Monitor 5.0 (https://wpmudev.com)"
84.236.228.59 - - [02/Aug/2026:23:25:48 +0200] "POST /wp-cron.php?doing_wp_cron=1785705948.4132940769195556640625 HTTP/1.1" 200 6900 "-" "WordPress/7.0.2; https://www.ensaco.es"
216.244.66.250 - - [02/Aug/2026:23:25:45 +0200] "GET /soluciones-de-loxone-para-una-smart-home/ HTTP/1.1" 500 310088 "-" "Mozilla/5.0 (compatible; DotBot/1.2; +https://opensiteexplorer.org/dotbot; help@moz.com)"
84.236.228.59 - - [02/Aug/2026:23:27:35 +0200] "POST /wp-cron.php?doing_wp_cron=1785706054.9662659168243408203125 HTTP/1.1" 200 6900 "-" "WordPress/7.0.2; https://www.ensaco.es"
34.196.51.17 - - [02/Aug/2026:23:27:31 +0200] "HEAD / HTTP/1.1" 200 7073 "https://www.ensaco.es/" "WPMUDEV Uptime Monitor 5.0 (https://wpmudev.com)"
52.167.144.18 - - [02/Aug/2026:23:27:37 +0200] "GET /wp-content/uploads/2020/03/iluminacion-inteligente-1.jpg HTTP/1.1" 200 6971 "-" "Mozilla/5.0 AppleWebKit/537.36 (KHTML, like Gecko; compatible; bingbot/2.0; +http://www.bing.com/bingbot.htm) Chrome/116.0.1938.76 Safari/537.36"
84.236.228.59 - - [02/Aug/2026:23:28:46 +0200] "POST /wp-cron.php?doing_wp_cron=1785706126.6642599105834960937500 HTTP/1.1" 200 6900 "-" "WordPress/7.0.2; https://www.ensaco.es"
34.134.190.115 - - [02/Aug/2026:23:28:43 +0200] "GET /?p=30 HTTP/1.1" 301 7003 "-" "Mozilla/5.0 (Macintosh; Intel Mac OS X 10_15_7) AppleWebKit/537.36 (KHTML, like Gecko) Chrome/120.0.0.0 Safari/537.36"
102.249.7.0 - - [02/Aug/2026:23:29:10 +0200] "GET / HTTP/1.1" 301 6954 "https://ensaco.es/" "Mozilla/5.0 (iPhone; CPU iPhone OS 17_1 like Mac OS X) AppleWebKit/605.1.15 (KHTML, like Gecko) Version/17.1 Mobile/15E148 Safari/604.1"
200.75.125.136 - - [02/Aug/2026:23:29:18 +0200] "GET / HTTP/1.1" 500 268248 "https://ensaco.es/" "Mozilla/5.0 (iPhone; CPU iPhone OS 17_1 like Mac OS X) AppleWebKit/605.1.15 (KHTML, like Gecko) Version/17.1 Mobile/15E148 Safari/604.1"
84.236.228.59 - - [02/Aug/2026:23:29:37 +0200] "POST /wp-cron.php?doing_wp_cron=1785706177.4108340740203857421875 HTTP/1.1" 200 6900 "-" "WordPress/7.0.2; https://www.ensaco.es"
34.196.51.17 - - [02/Aug/2026:23:29:34 +0200] "HEAD / HTTP/1.1" 200 7073 "https://www.ensaco.es/" "WPMUDEV Uptime Monitor 5.0 (https://wpmudev.com)"
84.236.228.59 - - [02/Aug/2026:23:31:10 +0200] "POST /wp-cron.php?doing_wp_cron=1785706270.0360090732574462890625 HTTP/1.1" 200 6900 "-" "WordPress/7.0.2; https://www.ensaco.es"
185.168.31.253 - - [02/Aug/2026:23:31:07 +0200] "GET /ensaco.zip HTTP/1.1" 301 7004 "-" "Dalvik/2.1.0 (Linux; U; Android 12; M2102J20SG Build/SKQ1.211006.001) OkHttp/4.10.0"
84.236.228.59 - - [02/Aug/2026:23:31:35 +0200] "POST /wp-cron.php?doing_wp_cron=1785706295.7876510620117187500000 HTTP/1.1" 200 6900 "-" "WordPress/7.0.2; https://www.ensaco.es"
34.196.51.17 - - [02/Aug/2026:23:31:32 +0200] "HEAD / HTTP/1.1" 200 7073 "https://www.ensaco.es/" "WPMUDEV Uptime Monitor 5.0 (https://wpmudev.com)"
34.146.244.102 - - [02/Aug/2026:23:33:20 +0200] "GET /wp-content/uploads/2020/09/0-Mediano.jpg HTTP/1.1" 200 6955 "-" "Python-urllib/3.12"
84.236.228.59 - - [02/Aug/2026:23:33:37 +0200] "POST /wp-cron.php?doing_wp_cron=1785706416.9193561077117919921875 HTTP/1.1" 200 6900 "-" "WordPress/7.0.2; https://www.ensaco.es"
34.196.51.17 - - [02/Aug/2026:23:33:34 +0200] "HEAD / HTTP/1.1" 200 7073 "https://www.ensaco.es/" "WPMUDEV Uptime Monitor 5.0 (https://wpmudev.com)"
37.188.245.214 - - [02/Aug/2026:23:33:40 +0200] "GET /wp-content/uploads/2021/05/btv-logo.png HTTP/1.1" 200 6953 "https://www.aaa-trezory.cz/" "Mozilla/5.0 (iPhone; CPU iPhone OS 26_5_2 like Mac OS X) AppleWebKit/605.1.15 (KHTML, like Gecko) CriOS/150.0.7871.51 Mobile/15E148 Safari/604.1"
144.217.244.188 - - [02/Aug/2026:23:34:03 +0200] "GET /feed/ HTTP/1.1" 301 7057 "-" "Mozilla/5.0 (compatible; YaK/1.0; http://linkfluence.com/; bot@linkfluence.com)"
92.222.108.122 - - [02/Aug/2026:23:34:06 +0200] "GET /sitemap_index.xml HTTP/1.1" 200 7335 "-" "Mozilla/5.0 (compatible; AhrefsBot/7.0; +http://ahrefs.com/robot/)"
92.222.108.106 - - [02/Aug/2026:23:34:11 +0200] "GET /post-sitemap.xml HTTP/1.1" 200 18175 "-" "Mozilla/5.0 (compatible; AhrefsBot/7.0; +http://ahrefs.com/robot/)"
37.59.204.145 - - [02/Aug/2026:23:34:15 +0200] "GET /page-sitemap.xml HTTP/1.1" 200 13029 "-" "Mozilla/5.0 (compatible; AhrefsBot/7.0; +http://ahrefs.com/robot/)"
51.75.236.146 - - [02/Aug/2026:23:34:19 +0200] "GET /product-sitemap.xml HTTP/1.1" 200 10284 "-" "Mozilla/5.0 (compatible; AhrefsBot/7.0; +http://ahrefs.com/robot/)"
51.75.236.154 - - [02/Aug/2026:23:34:23 +0200] "GET /category-sitemap.xml HTTP/1.1" 200 7495 "-" "Mozilla/5.0 (compatible; AhrefsBot/7.0; +http://ahrefs.com/robot/)"
51.75.236.154 - - [02/Aug/2026:23:34:26 +0200] "GET /post_tag-sitemap.xml HTTP/1.1" 200 7432 "-" "Mozilla/5.0 (compatible; AhrefsBot/7.0; +http://ahrefs.com/robot/)"
94.23.188.195 - - [02/Aug/2026:23:34:30 +0200] "GET /product_cat-sitemap.xml HTTP/1.1" 200 7523 "-" "Mozilla/5.0 (compatible; AhrefsBot/7.0; +http://ahrefs.com/robot/)"
84.236.228.59 - - [02/Aug/2026:23:34:36 +0200] "POST /wp-cron.php?doing_wp_cron=1785706475.8553419113159179687500 HTTP/1.1" 200 6900 "-" "WordPress/7.0.2; https://www.ensaco.es"
37.59.204.141 - - [02/Aug/2026:23:34:33 +0200] "GET /author-sitemap.xml HTTP/1.1" 200 7353 "-" "Mozilla/5.0 (compatible; AhrefsBot/7.0; +http://ahrefs.com/robot/)"
34.196.51.17 - - [02/Aug/2026:23:35:30 +0200] "HEAD / HTTP/1.1" 200 7073 "https://www.ensaco.es/" "WPMUDEV Uptime Monitor 5.0 (https://wpmudev.com)"
84.236.228.59 - - [02/Aug/2026:23:35:46 +0200] "POST /wp-cron.php?doing_wp_cron=1785706545.9480860233306884765625 HTTP/1.1" 200 6900 "-" "WordPress/7.0.2; https://www.ensaco.es"
144.217.244.188 - - [02/Aug/2026:23:35:43 +0200] "GET /feed/ HTTP/1.1" 301 7057 "-" "Mozilla/5.0 (compatible; YaK/1.0; http://linkfluence.com/; bot@linkfluence.com)"
84.236.228.59 - - [02/Aug/2026:23:37:03 +0200] "POST /wp-cron.php?doing_wp_cron=1785706622.9342620372772216796875 HTTP/1.1" 200 6900 "-" "WordPress/7.0.2; https://www.ensaco.es"
136.111.41.212 - - [02/Aug/2026:23:36:57 +0200] "GET /sectores/ HTTP/1.1" 500 308777 "-" "Mozilla/5.0 (Macintosh; Intel Mac OS X 10_15_7) AppleWebKit/537.36 (KHTML, like Gecko) Chrome/120.0.0.0 Safari/537.36"
152.203.158.118 - - [02/Aug/2026:23:36:58 +0200] "GET / HTTP/1.1" 301 6954 "https://ensaco.es/" "Mozilla/5.0 (Macintosh; Intel Mac OS X 10_15_7) AppleWebKit/605.1.15 (KHTML, like Gecko) Version/17.0 Safari/605.1.15"
102.138.101.247 - - [02/Aug/2026:23:37:06 +0200] "GET / HTTP/1.1" 500 268227 "https://ensaco.es/" "Mozilla/5.0 (Macintosh; Intel Mac OS X 10_15_7) AppleWebKit/605.1.15 (KHTML, like Gecko) Version/17.0 Safari/605.1.15"
17.241.227.42 - - [02/Aug/2026:23:37:21 +0200] "GET /category/domotica/page/4/ HTTP/1.1" 500 267881 "-" "Mozilla/5.0 (Macintosh; Intel Mac OS X 10_15_7) AppleWebKit/605.1.15 (KHTML, like Gecko) Version/17.4 Safari/605.1.15 (Applebot/0.1; +http://www.apple.com/go/applebot)"
84.236.228.59 - - [02/Aug/2026:23:37:37 +0200] "POST /wp-cron.php?doing_wp_cron=1785706657.3608639240264892578125 HTTP/1.1" 200 6900 "-" "WordPress/7.0.2; https://www.ensaco.es"
34.196.51.17 - - [02/Aug/2026:23:37:33 +0200] "HEAD / HTTP/1.1" 200 7073 "https://www.ensaco.es/" "WPMUDEV Uptime Monitor 5.0 (https://wpmudev.com)"
216.244.66.250 - - [02/Aug/2026:23:37:37 +0200] "GET /wp-content/uploads/2024/03/VIDEO8-3.png HTTP/1.1" 200 6953 "-" "Mozilla/5.0 (compatible; DotBot/1.2; +https://opensiteexplorer.org/dotbot; help@moz.com)"
144.217.244.188 - - [02/Aug/2026:23:37:34 +0200] "GET /feed/ HTTP/1.1" 301 7057 "-" "Mozilla/5.0 (compatible; YaK/1.0; http://linkfluence.com/; bot@linkfluence.com)"
84.236.228.59 - - [02/Aug/2026:23:39:20 +0200] "POST /wp-cron.php?doing_wp_cron=1785706760.8338029384613037109375 HTTP/1.1" 200 6900 "-" "WordPress/7.0.2; https://www.ensaco.es"
144.217.244.188 - - [02/Aug/2026:23:39:17 +0200] "GET /feed/ HTTP/1.1" 301 7057 "-" "Mozilla/5.0 (compatible; YaK/1.0; http://linkfluence.com/; bot@linkfluence.com)"
84.236.228.59 - - [02/Aug/2026:23:39:35 +0200] "POST /wp-cron.php?doing_wp_cron=1785706775.7831239700317382812500 HTTP/1.1" 200 6900 "-" "WordPress/7.0.2; https://www.ensaco.es"
34.196.51.17 - - [02/Aug/2026:23:39:33 +0200] "HEAD / HTTP/1.1" 200 7073 "https://www.ensaco.es/" "WPMUDEV Uptime Monitor 5.0 (https://wpmudev.com)"
84.236.228.59 - - [02/Aug/2026:23:41:07 +0200] "POST /wp-cron.php?doing_wp_cron=1785706867.2367129325866699218750 HTTP/1.1" 200 6900 "-" "WordPress/7.0.2; https://www.ensaco.es"
144.217.244.188 - - [02/Aug/2026:23:41:04 +0200] "GET /feed/ HTTP/1.1" 301 7057 "-" "Mozilla/5.0 (compatible; YaK/1.0; http://linkfluence.com/; bot@linkfluence.com)"
52.167.144.146 - - [02/Aug/2026:23:41:28 +0200] "GET /wp-content/uploads/2020/03/iluminacion-inteligente-3.jpg HTTP/1.1" 200 6971 "-" "Mozilla/5.0 AppleWebKit/537.36 (KHTML, like Gecko; compatible; bingbot/2.0; +http://www.bing.com/bingbot.htm) Chrome/116.0.1938.76 Safari/537.36"
84.236.228.59 - - [02/Aug/2026:23:41:35 +0200] "POST /wp-cron.php?doing_wp_cron=1785706895.7866950035095214843750 HTTP/1.1" 200 6900 "-" "WordPress/7.0.2; https://www.ensaco.es"
34.196.51.17 - - [02/Aug/2026:23:41:33 +0200] "HEAD / HTTP/1.1" 200 7073 "https://www.ensaco.es/" "WPMUDEV Uptime Monitor 5.0 (https://wpmudev.com)"
216.73.217.55 - - [02/Aug/2026:23:42:21 +0200] "GET /robots.txt HTTP/1.1" 200 7462 "-" "Mozilla/5.0 (Macintosh; Intel Mac OS X 10_15_7) AppleWebKit/537.36 (KHTML, like Gecko) Chrome/131.0.0.0 Safari/537.36; ClaudeBot/1.0; +claudebot@anthropic.com)"
216.73.217.55 - - [02/Aug/2026:23:42:24 +0200] "GET /producto/sirena-alarma-loxone/ HTTP/1.1" 500 591294 "-" "Mozilla/5.0 (Macintosh; Intel Mac OS X 10_15_7) AppleWebKit/537.36 (KHTML, like Gecko) Chrome/131.0.0.0 Safari/537.36; ClaudeBot/1.0; +claudebot@anthropic.com)"
216.73.217.55 - - [02/Aug/2026:23:42:27 +0200] "GET /wp-content/plugins/woocommerce/assets/fonts/WooCommerce.woff2 HTTP/1.1" 200 6975 "https://www.ensaco.es/producto/sirena-alarma-loxone/" "Mozilla/5.0 (Macintosh; Intel Mac OS X 10_15_7) AppleWebKit/537.36 (KHTML, like Gecko) Chrome/131.0.0.0 Safari/537.36; ClaudeBot/1.0; +claudebot@anthropic.com)"
216.73.217.55 - - [02/Aug/2026:23:42:27 +0200] "GET /wp-content/plugins/bb-plugin/fonts/fontawesome/5.15.4/webfonts/fa-solid-900.woff2 HTTP/1.1" 200 6995 "https://www.ensaco.es/producto/sirena-alarma-loxone/" "Mozilla/5.0 (Macintosh; Intel Mac OS X 10_15_7) AppleWebKit/537.36 (KHTML, like Gecko) Chrome/131.0.0.0 Safari/537.36; ClaudeBot/1.0; +claudebot@anthropic.com)"
216.73.217.55 - - [02/Aug/2026:23:42:27 +0200] "GET /wp-content/plugins/bb-plugin/fonts/fontawesome/5.15.4/webfonts/fa-regular-400.woff2 HTTP/1.1" 200 6997 "https://www.ensaco.es/producto/sirena-alarma-loxone/" "Mozilla/5.0 (Macintosh; Intel Mac OS X 10_15_7) AppleWebKit/537.36 (KHTML, like Gecko) Chrome/131.0.0.0 Safari/537.36; ClaudeBot/1.0; +claudebot@anthropic.com)"
216.73.217.55 - - [02/Aug/2026:23:42:27 +0200] "GET /wp-content/plugins/bb-plugin/fonts/fontawesome/5.15.4/webfonts/fa-brands-400.woff2 HTTP/1.1" 200 6996 "https://www.ensaco.es/producto/sirena-alarma-loxone/" "Mozilla/5.0 (Macintosh; Intel Mac OS X 10_15_7) AppleWebKit/537.36 (KHTML, like Gecko) Chrome/131.0.0.0 Safari/537.36; ClaudeBot/1.0; +claudebot@anthropic.com)"
84.236.228.59 - - [02/Aug/2026:23:42:50 +0200] "POST /wp-cron.php?doing_wp_cron=1785706969.9814729690551757812500 HTTP/1.1" 200 6900 "-" "WordPress/7.0.2; https://www.ensaco.es"
144.217.244.188 - - [02/Aug/2026:23:42:47 +0200] "GET /feed/ HTTP/1.1" 301 7057 "-" "Mozilla/5.0 (compatible; YaK/1.0; http://linkfluence.com/; bot@linkfluence.com)"
84.236.228.59 - - [02/Aug/2026:23:43:38 +0200] "POST /wp-cron.php?doing_wp_cron=1785707017.9528989791870117187500 HTTP/1.1" 200 6900 "-" "WordPress/7.0.2; https://www.ensaco.es"
34.196.51.17 - - [02/Aug/2026:23:43:35 +0200] "HEAD / HTTP/1.1" 200 7073 "https://www.ensaco.es/" "WPMUDEV Uptime Monitor 5.0 (https://wpmudev.com)"
216.74.79.111 - - [02/Aug/2026:23:43:45 +0200] "GET /wp-content/uploads/2024/12/recuerador-minimo.png HTTP/1.1" 200 6962 "https://www.ensaco.es/producto/motorizacion-de-persiana-y-control/" "Mozilla/5.0 (Macintosh; Intel Mac OS X 10_15_7) AppleWebKit/537.36 (KHTML, like Gecko) Chrome/131.0.0.0 Safari/537.36"
84.236.228.59 - - [02/Aug/2026:23:44:39 +0200] "POST /wp-cron.php?doing_wp_cron=1785707079.6868379116058349609375 HTTP/1.1" 200 6900 "-" "WordPress/7.0.2; https://www.ensaco.es"
144.217.244.188 - - [02/Aug/2026:23:44:36 +0200] "GET /feed/ HTTP/1.1" 301 7057 "-" "Mozilla/5.0 (compatible; YaK/1.0; http://linkfluence.com/; bot@linkfluence.com)"
84.236.228.59 - - [02/Aug/2026:23:45:40 +0200] "POST /wp-cron.php?doing_wp_cron=1785707140.6896009445190429687500 HTTP/1.1" 200 6900 "-" "WordPress/7.0.2; https://www.ensaco.es"
34.196.51.17 - - [02/Aug/2026:23:45:37 +0200] "HEAD / HTTP/1.1" 200 7073 "https://www.ensaco.es/" "WPMUDEV Uptime Monitor 5.0 (https://wpmudev.com)"
84.236.228.59 - - [02/Aug/2026:23:46:29 +0200] "POST /wp-cron.php?doing_wp_cron=1785707189.0135409832000732421875 HTTP/1.1" 200 6900 "-" "WordPress/7.0.2; https://www.ensaco.es"
144.217.244.188 - - [02/Aug/2026:23:46:26 +0200] "GET /feed/ HTTP/1.1" 301 7057 "-" "Mozilla/5.0 (compatible; YaK/1.0; http://linkfluence.com/; bot@linkfluence.com)"
86.127.230.126 - - [02/Aug/2026:23:46:56 +0200] "GET /wp-content/plugins/cookie-law-info/legacy/public/css/cookie-law-info-public.css HTTP/1.1" 200 6991 "https://www.ensaco.es/" "Mozilla/5.0 (Windows NT 10.0; Win64; x64; rv:153.0) Gecko/20100101 Firefox/153.0"
86.127.230.126 - - [02/Aug/2026:23:46:56 +0200] "GET /wp-content/plugins/bb-plugin/fonts/fontawesome/5.15.4/webfonts/fa-solid-900.woff2 HTTP/1.1" 200 6995 "https://www.ensaco.es/" "Mozilla/5.0 (Windows NT 10.0; Win64; x64; rv:153.0) Gecko/20100101 Firefox/153.0"
86.127.230.126 - - [02/Aug/2026:23:46:56 +0200] "GET /wp-content/plugins/woo-product-bundle/assets/css/blocks.css HTTP/1.1" 200 6971 "https://www.ensaco.es/" "Mozilla/5.0 (Windows NT 10.0; Win64; x64; rv:153.0) Gecko/20100101 Firefox/153.0"
86.127.230.126 - - [02/Aug/2026:23:46:56 +0200] "GET /wp-content/plugins/pago-redsys-tpv-grafreak/public/css/pago-redsys-grafreak-public.css HTTP/1.1" 200 6998 "https://www.ensaco.es/" "Mozilla/5.0 (Windows NT 10.0; Win64; x64; rv:153.0) Gecko/20100101 Firefox/153.0"
86.127.230.126 - - [02/Aug/2026:23:46:56 +0200] "GET /wp-content/plugins/cookie-law-info/legacy/public/css/cookie-law-info-gdpr.css HTTP/1.1" 200 6989 "https://www.ensaco.es/" "Mozilla/5.0 (Windows NT 10.0; Win64; x64; rv:153.0) Gecko/20100101 Firefox/153.0"
86.127.230.126 - - [02/Aug/2026:23:46:56 +0200] "GET /wp-content/plugins/bb-plugin/css/jquery.magnificpopup.min.css HTTP/1.1" 200 6973 "https://www.ensaco.es/" "Mozilla/5.0 (Windows NT 10.0; Win64; x64; rv:153.0) Gecko/20100101 Firefox/153.0"
86.127.230.126 - - [02/Aug/2026:23:46:56 +0200] "GET /wp-content/plugins/woo-product-bundle/assets/css/frontend.css HTTP/1.1" 200 6973 "https://www.ensaco.es/" "Mozilla/5.0 (Windows NT 10.0; Win64; x64; rv:153.0) Gecko/20100101 Firefox/153.0"
86.127.230.126 - - [02/Aug/2026:23:46:56 +0200] "GET /wp-content/plugins/bb-plugin/fonts/fontawesome/5.15.4/css/all.min.css HTTP/1.1" 200 6981 "https://www.ensaco.es/" "Mozilla/5.0 (Windows NT 10.0; Win64; x64; rv:153.0) Gecko/20100101 Firefox/153.0"
86.127.230.126 - - [02/Aug/2026:23:46:56 +0200] "GET /wp-content/themes/bb-theme/css/bootstrap.min.css HTTP/1.1" 200 6960 "https://www.ensaco.es/" "Mozilla/5.0 (Windows NT 10.0; Win64; x64; rv:153.0) Gecko/20100101 Firefox/153.0"
86.127.230.126 - - [02/Aug/2026:23:46:56 +0200] "GET /wp-content/plugins/woocommerce/assets/css/woocommerce.css HTTP/1.1" 200 6969 "https://www.ensaco.es/" "Mozilla/5.0 (Windows NT 10.0; Win64; x64; rv:153.0) Gecko/20100101 Firefox/153.0"
86.127.230.126 - - [02/Aug/2026:23:46:56 +0200] "GET /wp-content/plugins/woocommerce/assets/css/woocommerce-layout.css HTTP/1.1" 200 6976 "https://www.ensaco.es/" "Mozilla/5.0 (Windows NT 10.0; Win64; x64; rv:153.0) Gecko/20100101 Firefox/153.0"
86.127.230.126 - - [02/Aug/2026:23:46:56 +0200] "GET /wp-content/plugins/bb-plugin/fonts/fontawesome/5.15.4/webfonts/fa-regular-400.woff2 HTTP/1.1" 200 6997 "https://www.ensaco.es/" "Mozilla/5.0 (Windows NT 10.0; Win64; x64; rv:153.0) Gecko/20100101 Firefox/153.0"
84.236.228.59 - - [02/Aug/2026:23:46:56 +0200] "POST /wp-cron.php?doing_wp_cron=1785707216.3911340236663818359375 HTTP/1.1" 200 6900 "-" "WordPress/7.0.2; https://www.ensaco.es"
86.127.230.126 - - [02/Aug/2026:23:46:52 +0200] "GET / HTTP/1.1" 500 268242 "https://www.google.com/" "Mozilla/5.0 (Windows NT 10.0; Win64; x64; rv:153.0) Gecko/20100101 Firefox/153.0"
86.127.230.126 - - [02/Aug/2026:23:46:56 +0200] "GET /wp-content/plugins/woocommerce/assets/css/woocommerce-smallscreen.css HTTP/1.1" 200 6981 "https://www.ensaco.es/" "Mozilla/5.0 (Windows NT 10.0; Win64; x64; rv:153.0) Gecko/20100101 Firefox/153.0"
86.127.230.126 - - [02/Aug/2026:23:46:56 +0200] "GET /wp-content/smush-webp/2019/12/hoja-azul-100x100.png.webp HTTP/1.1" 200 6970 "https://www.ensaco.es/" "Mozilla/5.0 (Windows NT 10.0; Win64; x64; rv:153.0) Gecko/20100101 Firefox/153.0"
86.127.230.126 - - [02/Aug/2026:23:46:56 +0200] "GET /wp-content/uploads/2019/12/hoja-azul.png HTTP/1.1" 200 6954 "https://www.ensaco.es/" "Mozilla/5.0 (Windows NT 10.0; Win64; x64; rv:153.0) Gecko/20100101 Firefox/153.0"
86.127.230.126 - - [02/Aug/2026:23:46:59 +0200] "GET /equipo/ HTTP/1.1" 500 308467 "https://www.google.com/" "Mozilla/5.0 (Windows NT 10.0; Win64; x64; rv:153.0) Gecko/20100101 Firefox/153.0"
86.127.230.126 - - [02/Aug/2026:23:47:03 +0200] "GET /wp-content/uploads/2021/02/pexels-fauxels-3184418.jpg HTTP/1.1" 200 6968 "https://www.ensaco.es/equipo/" "Mozilla/5.0 (Windows NT 10.0; Win64; x64; rv:153.0) Gecko/20100101 Firefox/153.0"
17.22.237.98 - - [02/Aug/2026:23:47:21 +0200] "GET /wp-json/oembed/1.0/embed?url=https%3A%2F%2Fwww.ensaco.es%2Fenergia-limpia-como-aplicarla-en-tu-vida-diaria%2F HTTP/1.1" 200 9995 "-" "Mozilla/5.0 (Macintosh; Intel Mac OS X 10_15_7) AppleWebKit/605.1.15 (KHTML, like Gecko) Version/17.4 Safari/605.1.15 (Applebot/0.1; +http://www.apple.com/go/applebot)"
84.236.228.59 - - [02/Aug/2026:23:47:42 +0200] "POST /wp-cron.php?doing_wp_cron=1785707262.3290140628814697265625 HTTP/1.1" 200 6900 "-" "WordPress/7.0.2; https://www.ensaco.es"
34.196.51.17 - - [02/Aug/2026:23:47:39 +0200] "HEAD / HTTP/1.1" 200 7073 "https://www.ensaco.es/" "WPMUDEV Uptime Monitor 5.0 (https://wpmudev.com)"
77.75.76.160 - - [02/Aug/2026:23:48:29 +0200] "GET /robots.txt HTTP/1.1" 200 7240 "-" "Mozilla/5.0 (compatible; SeznamBot/4.0; +https://o-seznam.cz/napoveda/vyhledavani/en/seznambot-crawler/)"
84.236.228.59 - - [02/Aug/2026:23:48:34 +0200] "POST /wp-cron.php?doing_wp_cron=1785707314.0267329216003417968750 HTTP/1.1" 200 6900 "-" "WordPress/7.0.2; https://www.ensaco.es"
77.75.76.160 - - [02/Aug/2026:23:48:29 +0200] "GET /sitemap_index.xml HTTP/1.1" 200 7335 "-" "Mozilla/5.0 (compatible; SeznamBot/4.0; +https://o-seznam.cz/napoveda/vyhledavani/en/seznambot-crawler/)"
84.236.228.59 - - [02/Aug/2026:23:49:40 +0200] "POST /wp-cron.php?doing_wp_cron=1785707380.5842700004577636718750 HTTP/1.1" 200 6900 "-" "WordPress/7.0.2; https://www.ensaco.es"
34.196.51.17 - - [02/Aug/2026:23:49:37 +0200] "HEAD / HTTP/1.1" 200 7073 "https://www.ensaco.es/" "WPMUDEV Uptime Monitor 5.0 (https://wpmudev.com)"
66.249.64.44 - - [02/Aug/2026:23:49:51 +0200] "GET /wp-content/uploads/bb-plugin/cache/2-Parque-Venecia-300x225-landscape-8cbab9006e1e900fdaff1bf9bfffabdf-.jpg HTTP/1.1" 200 7022 "-" "Googlebot-Image/1.0"
104.253.135.45 - - [02/Aug/2026:23:49:54 +0200] "GET /equipo/ HTTP/1.1" 500 308467 "-" "Mozilla/5.0 (Macintosh; Intel Mac OS X 10_15_7) AppleWebKit/537.36 (KHTML, like Gecko) Chrome/148.0.0.0 Safari/537.36"
84.236.228.59 - - [02/Aug/2026:23:51:37 +0200] "POST /wp-cron.php?doing_wp_cron=1785707497.4756820201873779296875 HTTP/1.1" 200 6900 "-" "WordPress/7.0.2; https://www.ensaco.es"
34.196.51.17 - - [02/Aug/2026:23:51:34 +0200] "HEAD / HTTP/1.1" 200 7073 "https://www.ensaco.es/" "WPMUDEV Uptime Monitor 5.0 (https://wpmudev.com)"
17.22.245.231 - - [02/Aug/2026:23:51:57 +0200] "GET /wp-json/oembed/1.0/embed?url=https%3A%2F%2Fwww.ensaco.es%2Fcontrol-clima-domotica-viviendas-negocios%2F HTTP/1.1" 200 9896 "-" "Mozilla/5.0 (Macintosh; Intel Mac OS X 10_15_7) AppleWebKit/605.1.15 (KHTML, like Gecko) Version/17.4 Safari/605.1.15 (Applebot/0.1; +http://www.apple.com/go/applebot)"
201.217.155.26 - - [02/Aug/2026:23:52:25 +0200] "GET / HTTP/1.1" 301 6954 "-" "Mozilla/5.0 (Windows NT 10.0; Win64; x64) AppleWebKit/537.36 (KHTML, like Gecko) Chrome/120.0.0.0 Safari/537.36"
84.236.228.59 - - [02/Aug/2026:23:52:34 +0200] "POST /wp-cron.php?doing_wp_cron=1785707554.2460451126098632812500 HTTP/1.1" 200 6900 "-" "WordPress/7.0.2; https://www.ensaco.es"
31.145.24.185 - - [02/Aug/2026:23:52:31 +0200] "GET / HTTP/1.1" 301 6954 "-" "Mozilla/5.0 (Windows NT 10.0; Win64; x64) AppleWebKit/537.36 (KHTML, like Gecko) Chrome/120.0.0.0 Safari/537.36"
14.191.108.7 - - [02/Aug/2026:23:52:41 +0200] "GET / HTTP/1.1" 301 6954 "https://ensaco.es/" "Mozilla/5.0 (X11; Linux x86_64) AppleWebKit/537.36 (KHTML, like Gecko) Chrome/128.0.6613.85 Safari/537.36"
14.183.61.181 - - [02/Aug/2026:23:52:46 +0200] "GET / HTTP/1.1" 500 268242 "https://ensaco.es/" "Mozilla/5.0 (X11; Linux x86_64) AppleWebKit/537.36 (KHTML, like Gecko) Chrome/128.0.6613.85 Safari/537.36"
40.77.167.42 - - [02/Aug/2026:23:53:00 +0200] "GET /wp-content/uploads/2019/03/pulsadores-loxone2-768x185.jpg HTTP/1.1" 200 6972 "-" "Mozilla/5.0 AppleWebKit/537.36 (KHTML, like Gecko; compatible; bingbot/2.0; +http://www.bing.com/bingbot.htm) Chrome/116.0.1938.76 Safari/537.36"
84.236.228.59 - - [02/Aug/2026:23:53:35 +0200] "POST /wp-cron.php?doing_wp_cron=1785707615.1710340976715087890625 HTTP/1.1" 200 6900 "-" "WordPress/7.0.2; https://www.ensaco.es"
34.196.51.17 - - [02/Aug/2026:23:53:32 +0200] "HEAD / HTTP/1.1" 200 7073 "https://www.ensaco.es/" "WPMUDEV Uptime Monitor 5.0 (https://wpmudev.com)"
104.252.38.190 - - [02/Aug/2026:23:53:50 +0200] "GET /politica-de-privacidad/ HTTP/1.1" 500 301797 "-" "Mozilla/5.0 (Macintosh; Intel Mac OS X 10_15_7) AppleWebKit/537.36 (KHTML, like Gecko) Chrome/148.0.0.0 Safari/537.36"
49.51.141.76 - - [02/Aug/2026:23:54:12 +0200] "GET / HTTP/1.1" 301 6954 "http://ensaco.es" "Mozilla/5.0 (iPhone; CPU iPhone OS 13_2_3 like Mac OS X) AppleWebKit/605.1.15 (KHTML, like Gecko) Version/13.0.3 Mobile/15E148 Safari/604.1"
49.51.141.76 - - [02/Aug/2026:23:54:16 +0200] "GET / HTTP/1.1" 500 268242 "https://ensaco.es/" "Mozilla/5.0 (iPhone; CPU iPhone OS 13_2_3 like Mac OS X) AppleWebKit/605.1.15 (KHTML, like Gecko) Version/13.0.3 Mobile/15E148 Safari/604.1"
84.236.228.59 - - [02/Aug/2026:23:55:32 +0200] "POST /wp-cron.php?doing_wp_cron=1785707732.7046999931335449218750 HTTP/1.1" 200 6900 "-" "WordPress/7.0.2; https://www.ensaco.es"
34.196.51.17 - - [02/Aug/2026:23:55:29 +0200] "HEAD / HTTP/1.1" 200 7073 "https://www.ensaco.es/" "WPMUDEV Uptime Monitor 5.0 (https://wpmudev.com)"
38.250.131.19 - - [02/Aug/2026:23:56:11 +0200] "GET /wp-content/uploads/2021/04/LAS-209949-MEJO-1.png HTTP/1.1" 200 6962 "https://www.google.com/" "Mozilla/5.0 (Windows NT 10.0; Win64; x64) AppleWebKit/537.36 (KHTML, like Gecko) Chrome/150.0.0.0 Safari/537.36"
84.236.228.59 - - [02/Aug/2026:23:56:58 +0200] "POST /wp-cron.php?doing_wp_cron=1785707818.2283599376678466796875 HTTP/1.1" 200 6900 "-" "WordPress/7.0.2; https://www.ensaco.es"
216.73.217.138 - - [02/Aug/2026:23:56:55 +0200] "GET /robots.txt HTTP/1.1" 200 7240 "-" "Mozilla/5.0 AppleWebKit/537.36 (KHTML, like Gecko; compatible; ClaudeBot/1.0; +claudebot@anthropic.com)"
216.73.217.138 - - [02/Aug/2026:23:56:58 +0200] "GET /sitemap_index.xml HTTP/1.1" 200 7335 "-" "Mozilla/5.0 AppleWebKit/537.36 (KHTML, like Gecko; compatible; ClaudeBot/1.0; +claudebot@anthropic.com)"
84.236.228.59 - - [02/Aug/2026:23:57:38 +0200] "POST /wp-cron.php?doing_wp_cron=1785707858.2684938907623291015625 HTTP/1.1" 200 6900 "-" "WordPress/7.0.2; https://www.ensaco.es"
34.196.51.17 - - [02/Aug/2026:23:57:35 +0200] "HEAD / HTTP/1.1" 200 7073 "https://www.ensaco.es/" "WPMUDEV Uptime Monitor 5.0 (https://wpmudev.com)"
66.249.64.45 - - [02/Aug/2026:23:57:40 +0200] "GET /wp-content/uploads/2020/09/Ventanal_Lomas-Mediano-1024x640.jpg HTTP/1.1" 200 6977 "-" "Googlebot-Image/1.0"
84.236.228.59 - - [02/Aug/2026:23:59:36 +0200] "POST /wp-cron.php?doing_wp_cron=1785707976.5994250774383544921875 HTTP/1.1" 200 6900 "-" "WordPress/7.0.2; https://www.ensaco.es"
34.196.51.17 - - [02/Aug/2026:23:59:33 +0200] "HEAD / HTTP/1.1" 200 7073 "https://www.ensaco.es/" "WPMUDEV Uptime Monitor 5.0 (https://wpmudev.com)"
66.249.64.45 - - [02/Aug/2026:23:59:58 +0200] "GET /wp-content/uploads/bb-plugin/cache/uncastillo-300x225-landscape-4219705ebf5ce5c002305b4bced96b2b-.jpg HTTP/1.1" 200 7016 "-" "Googlebot-Image/1.0"
84.236.228.59 - - [03/Aug/2026:00:01:39 +0200] "POST /wp-cron.php?doing_wp_cron=1785708099.0591518878936767578125 HTTP/1.1" 200 6900 "-" "WordPress/7.0.2; https://www.ensaco.es"
34.196.51.17 - - [03/Aug/2026:00:01:35 +0200] "HEAD / HTTP/1.1" 200 7073 "https://www.ensaco.es/" "WPMUDEV Uptime Monitor 5.0 (https://wpmudev.com)"
135.132.88.58 - - [03/Aug/2026:00:02:43 +0200] "GET /wp-content/smush-webp/2022/05/piscina-comunitaria-control-domotica-300x175.jpg.webp HTTP/1.1" 200 6997 "https://www.ensaco.es/domotica-piscinas-comunitarias/" "Mozilla/5.0 (Macintosh; Intel Mac OS X 10_15_7) AppleWebKit/537.36 (KHTML, like Gecko) Chrome/131.0.0.0 Safari/537.36"
84.236.228.59 - - [03/Aug/2026:00:03:34 +0200] "POST /wp-cron.php?doing_wp_cron=1785708214.6130719184875488281250 HTTP/1.1" 200 6900 "-" "WordPress/7.0.2; https://www.ensaco.es"
34.196.51.17 - - [03/Aug/2026:00:03:31 +0200] "HEAD / HTTP/1.1" 200 7073 "https://www.ensaco.es/" "WPMUDEV Uptime Monitor 5.0 (https://wpmudev.com)"
52.139.3.76 - - [03/Aug/2026:00:04:06 +0200] "GET / HTTP/1.1" 301 6954 "-" "Mozilla/5.0 (X11; Linux x86_64) AppleWebKit/537.36 (KHTML, like Gecko) Chrome/122.0.0.0 Safari/537.36"
52.139.3.76 - - [03/Aug/2026:00:04:10 +0200] "GET / HTTP/1.1" 500 268248 "-" "Mozilla/5.0 (X11; Linux x86_64) AppleWebKit/537.36 (KHTML, like Gecko) Chrome/122.0.0.0 Safari/537.36"
84.236.228.59 - - [03/Aug/2026:00:05:37 +0200] "POST /wp-cron.php?doing_wp_cron=1785708337.6722369194030761718750 HTTP/1.1" 200 6900 "-" "WordPress/7.0.2; https://www.ensaco.es"
34.196.51.17 - - [03/Aug/2026:00:05:34 +0200] "HEAD / HTTP/1.1" 200 7073 "https://www.ensaco.es/" "WPMUDEV Uptime Monitor 5.0 (https://wpmudev.com)"
216.244.66.250 - - [03/Aug/2026:00:05:49 +0200] "GET /robots.txt HTTP/1.1" 200 7462 "-" "Mozilla/5.0 (compatible; DotBot/1.2; +https://opensiteexplorer.org/dotbot; help@moz.com)"
84.236.228.59 - - [03/Aug/2026:00:07:40 +0200] "POST /wp-cron.php?doing_wp_cron=1785708460.8214719295501708984375 HTTP/1.1" 200 6900 "-" "WordPress/7.0.2; https://www.ensaco.es"
34.196.51.17 - - [03/Aug/2026:00:07:37 +0200] "HEAD / HTTP/1.1" 200 7073 "https://www.ensaco.es/" "WPMUDEV Uptime Monitor 5.0 (https://wpmudev.com)"
107.175.240.174 - - [03/Aug/2026:00:08:37 +0200] "GET /wp-content/smush-webp/2024/12/recuerador-minimo-150x150.png.webp HTTP/1.1" 200 6978 "https://www.ensaco.es/producto/motorizacion-de-persiana-y-control/" "Mozilla/5.0 (Macintosh; Intel Mac OS X 10_15_7) AppleWebKit/537.36 (KHTML, like Gecko) Chrome/131.0.0.0 Safari/537.36"
66.78.57.163 - - [03/Aug/2026:00:08:42 +0200] "GET /wp-content/uploads/2024/12/Persinanas-100x100.png HTTP/1.1" 200 7754 "https://www.ensaco.es/producto/motorizacion-de-persiana-y-control/" "Mozilla/5.0 (Macintosh; Intel Mac OS X 10_15_7) AppleWebKit/537.36 (KHTML, like Gecko) Chrome/131.0.0.0 Safari/537.36"
84.236.228.59 - - [03/Aug/2026:00:08:49 +0200] "POST /wp-cron.php?doing_wp_cron=1785708529.1082680225372314453125 HTTP/1.1" 200 6900 "-" "WordPress/7.0.2; https://www.ensaco.es"
66.249.64.44 - - [03/Aug/2026:00:08:45 +0200] "GET / HTTP/1.1" 500 268248 "-" "Mozilla/5.0 (Linux; Android 6.0.1; Nexus 5X Build/MMB29P) AppleWebKit/537.36 (KHTML, like Gecko) Chrome/150.0.7871.186 Mobile Safari/537.36 (compatible; Googlebot/2.1; +http://www.google.com/bot.html)"
34.98.143.66 - - [03/Aug/2026:00:08:59 +0200] "HEAD / HTTP/1.1" 301 6935 "http://ensaco.es" "Mozilla/5.0 (Windows NT 10.0; Win64; x64) AppleWebKit/537.36 (KHTML, like Gecko) Chrome/112.0.0.0 Safari/537.36 AppEngine-Google; (+http://code.google.com/appengine; appid: s~virustotalcloud)"
34.98.143.66 - - [03/Aug/2026:00:08:59 +0200] "HEAD / HTTP/1.1" 301 6935 "http://ensaco.es" "Mozilla/5.0 (Android 13; Mobile; rv:109.0) Gecko/112.0 Firefox/112.0 AppEngine-Google; (+http://code.google.com/appengine; appid: s~virustotalcloud)"
34.98.143.97 - - [03/Aug/2026:00:09:05 +0200] "HEAD / HTTP/1.1" 200 7073 "http://ensaco.es" "Mozilla/5.0 (Windows NT 10.0; Win64; x64) AppleWebKit/537.36 (KHTML, like Gecko) Chrome/112.0.0.0 Safari/537.36 AppEngine-Google; (+http://code.google.com/appengine; appid: s~virustotalcloud)"
34.98.143.96 - - [03/Aug/2026:00:09:05 +0200] "HEAD / HTTP/1.1" 200 7073 "http://ensaco.es" "Mozilla/5.0 (Android 13; Mobile; rv:109.0) Gecko/112.0 Firefox/112.0 AppEngine-Google; (+http://code.google.com/appengine; appid: s~virustotalcloud)"
34.98.143.97 - - [03/Aug/2026:00:09:10 +0200] "GET / HTTP/1.1" 500 268248 "http://ensaco.es" "Mozilla/5.0 (Windows NT 10.0; Win64; x64) AppleWebKit/537.36 (KHTML, like Gecko) Chrome/112.0.0.0 Safari/537.36 AppEngine-Google; (+http://code.google.com/appengine; appid: s~virustotalcloud)"
34.98.143.96 - - [03/Aug/2026:00:09:10 +0200] "GET / HTTP/1.1" 500 268248 "http://ensaco.es" "Mozilla/5.0 (Android 13; Mobile; rv:109.0) Gecko/112.0 Firefox/112.0 AppEngine-Google; (+http://code.google.com/appengine; appid: s~virustotalcloud)"
34.98.143.65 - - [03/Aug/2026:00:09:16 +0200] "HEAD / HTTP/1.1" 301 6935 "http://ensaco.es" "Mozilla/5.0 (X11; Linux x86_64) AppleWebKit/537.36 (KHTML, like Gecko) Chrome/112.0.0.0 Safari/537.36 AppEngine-Google; (+http://code.google.com/appengine; appid: s~virustotalcloud)"
34.98.143.67 - - [03/Aug/2026:00:09:18 +0200] "HEAD / HTTP/1.1" 301 6935 "http://ensaco.es" "Mozilla/5.0 (Windows NT 10.0; Win64; x64) AppleWebKit/537.36 (KHTML, like Gecko) Chrome/112.0.0.0 Safari/537.36 AppEngine-Google; (+http://code.google.com/appengine; appid: s~virustotalcloud)"
34.98.143.97 - - [03/Aug/2026:00:09:21 +0200] "HEAD / HTTP/1.1" 200 7073 "http://ensaco.es" "Mozilla/5.0 (X11; Linux x86_64) AppleWebKit/537.36 (KHTML, like Gecko) Chrome/112.0.0.0 Safari/537.36 AppEngine-Google; (+http://code.google.com/appengine; appid: s~virustotalcloud)"
34.98.143.101 - - [03/Aug/2026:00:09:22 +0200] "HEAD / HTTP/1.1" 200 7073 "http://ensaco.es" "Mozilla/5.0 (Windows NT 10.0; Win64; x64) AppleWebKit/537.36 (KHTML, like Gecko) Chrome/112.0.0.0 Safari/537.36 AppEngine-Google; (+http://code.google.com/appengine; appid: s~virustotalcloud)"
34.48.138.189 - - [03/Aug/2026:00:09:22 +0200] "GET / HTTP/1.1" 301 6954 "-" "Mozilla/5.0 (X11; Linux x86_64) AppleWebKit/537.36 (KHTML, like Gecko) Chrome/124.0.0.0 Safari/537.36"
84.236.228.59 - - [03/Aug/2026:00:09:35 +0200] "POST /wp-cron.php?doing_wp_cron=1785708575.1455700397491455078125 HTTP/1.1" 200 6900 "-" "WordPress/7.0.2; https://www.ensaco.es"
34.48.138.189 - - [03/Aug/2026:00:09:25 +0200] "GET / HTTP/1.1" 301 6954 "-" "Mozilla/5.0 (X11; Linux x86_64) AppleWebKit/537.36 (KHTML, like Gecko) Chrome/124.0.0.0 Safari/537.36"
34.132.57.123 - - [03/Aug/2026:00:09:29 +0200] "GET / HTTP/1.1" 301 6954 "-" "Mozilla/5.0 (Windows NT 10.0; Win64; x64) AppleWebKit/537.36 (KHTML, like Gecko) Chrome/124.0.0.0 Safari/537.36"
34.98.143.101 - - [03/Aug/2026:00:09:28 +0200] "GET / HTTP/1.1" 500 268248 "http://ensaco.es" "Mozilla/5.0 (X11; Linux x86_64) AppleWebKit/537.36 (KHTML, like Gecko) Chrome/112.0.0.0 Safari/537.36 AppEngine-Google; (+http://code.google.com/appengine; appid: s~virustotalcloud)"
84.236.228.59 - - [03/Aug/2026:00:09:47 +0200] "POST /wp-cron.php?doing_wp_cron=1785708587.1191000938415527343750 HTTP/1.1" 200 6900 "-" "WordPress/7.0.2; https://www.ensaco.es"
34.98.143.101 - - [03/Aug/2026:00:09:32 +0200] "GET / HTTP/1.1" 500 268248 "http://ensaco.es" "Mozilla/5.0 (Windows NT 10.0; Win64; x64) AppleWebKit/537.36 (KHTML, like Gecko) Chrome/112.0.0.0 Safari/537.36 AppEngine-Google; (+http://code.google.com/appengine; appid: s~virustotalcloud)"
34.48.138.189 - - [03/Aug/2026:00:09:35 +0200] "GET / HTTP/1.1" 500 268242 "-" "Mozilla/5.0 (X11; Linux x86_64) AppleWebKit/537.36 (KHTML, like Gecko) Chrome/124.0.0.0 Safari/537.36"
34.48.138.189 - - [03/Aug/2026:00:09:48 +0200] "GET /wp-content/plugins/bb-plugin/fonts/fontawesome/5.15.4/webfonts/fa-regular-400.woff2 HTTP/1.1" 200 6997 "https://www.ensaco.es/" "Mozilla/5.0 (X11; Linux x86_64) AppleWebKit/537.36 (KHTML, like Gecko) Chrome/124.0.0.0 Safari/537.36"
34.48.138.189 - - [03/Aug/2026:00:09:48 +0200] "GET /wp-content/plugins/bb-plugin/fonts/fontawesome/5.15.4/webfonts/fa-solid-900.woff2 HTTP/1.1" 200 6995 "https://www.ensaco.es/" "Mozilla/5.0 (X11; Linux x86_64) AppleWebKit/537.36 (KHTML, like Gecko) Chrome/124.0.0.0 Safari/537.36"
34.48.138.189 - - [03/Aug/2026:00:09:48 +0200] "GET /wp-content/plugins/woo-product-bundle/assets/css/blocks.css HTTP/1.1" 200 6971 "https://www.ensaco.es/" "Mozilla/5.0 (X11; Linux x86_64) AppleWebKit/537.36 (KHTML, like Gecko) Chrome/124.0.0.0 Safari/537.36"
34.48.138.189 - - [03/Aug/2026:00:09:48 +0200] "GET /wp-content/plugins/cookie-law-info/legacy/public/css/cookie-law-info-public.css HTTP/1.1" 200 6991 "https://www.ensaco.es/" "Mozilla/5.0 (X11; Linux x86_64) AppleWebKit/537.36 (KHTML, like Gecko) Chrome/124.0.0.0 Safari/537.36"
34.48.138.189 - - [03/Aug/2026:00:09:48 +0200] "GET /wp-content/plugins/pago-redsys-tpv-grafreak/public/css/pago-redsys-grafreak-public.css HTTP/1.1" 200 6998 "https://www.ensaco.es/" "Mozilla/5.0 (X11; Linux x86_64) AppleWebKit/537.36 (KHTML, like Gecko) Chrome/124.0.0.0 Safari/537.36"
34.48.138.189 - - [03/Aug/2026:00:09:48 +0200] "GET /wp-content/plugins/woocommerce/assets/css/woocommerce-layout.css HTTP/1.1" 200 6976 "https://www.ensaco.es/" "Mozilla/5.0 (X11; Linux x86_64) AppleWebKit/537.36 (KHTML, like Gecko) Chrome/124.0.0.0 Safari/537.36"
34.48.138.189 - - [03/Aug/2026:00:09:48 +0200] "GET /wp-content/plugins/bb-plugin/fonts/fontawesome/5.15.4/css/all.min.css HTTP/1.1" 200 6981 "https://www.ensaco.es/" "Mozilla/5.0 (X11; Linux x86_64) AppleWebKit/537.36 (KHTML, like Gecko) Chrome/124.0.0.0 Safari/537.36"
34.48.138.189 - - [03/Aug/2026:00:09:48 +0200] "GET /wp-content/plugins/woocommerce/assets/css/woocommerce.css HTTP/1.1" 200 6969 "https://www.ensaco.es/" "Mozilla/5.0 (X11; Linux x86_64) AppleWebKit/537.36 (KHTML, like Gecko) Chrome/124.0.0.0 Safari/537.36"
34.48.138.189 - - [03/Aug/2026:00:09:48 +0200] "GET /wp-content/plugins/cookie-law-info/legacy/public/css/cookie-law-info-gdpr.css HTTP/1.1" 200 6989 "https://www.ensaco.es/" "Mozilla/5.0 (X11; Linux x86_64) AppleWebKit/537.36 (KHTML, like Gecko) Chrome/124.0.0.0 Safari/537.36"
34.48.138.189 - - [03/Aug/2026:00:09:48 +0200] "GET /wp-content/plugins/bb-plugin/css/jquery.magnificpopup.min.css HTTP/1.1" 200 6973 "https://www.ensaco.es/" "Mozilla/5.0 (X11; Linux x86_64) AppleWebKit/537.36 (KHTML, like Gecko) Chrome/124.0.0.0 Safari/537.36"
34.48.138.189 - - [03/Aug/2026:00:09:48 +0200] "GET /wp-content/themes/bb-theme/css/bootstrap.min.css HTTP/1.1" 200 6960 "https://www.ensaco.es/" "Mozilla/5.0 (X11; Linux x86_64) AppleWebKit/537.36 (KHTML, like Gecko) Chrome/124.0.0.0 Safari/537.36"
34.48.138.189 - - [03/Aug/2026:00:09:48 +0200] "GET /wp-content/plugins/woo-product-bundle/assets/css/frontend.css HTTP/1.1" 200 6973 "https://www.ensaco.es/" "Mozilla/5.0 (X11; Linux x86_64) AppleWebKit/537.36 (KHTML, like Gecko) Chrome/124.0.0.0 Safari/537.36"
34.48.138.189 - - [03/Aug/2026:00:09:48 +0200] "GET /wp-content/plugins/woocommerce/assets/css/woocommerce-smallscreen.css HTTP/1.1" 200 6981 "https://www.ensaco.es/" "Mozilla/5.0 (X11; Linux x86_64) AppleWebKit/537.36 (KHTML, like Gecko) Chrome/124.0.0.0 Safari/537.36"
34.48.138.189 - - [03/Aug/2026:00:09:48 +0200] "GET /wp-content/smush-webp/2019/12/hoja-azul-100x100.png.webp HTTP/1.1" 200 6970 "https://www.ensaco.es/" "Mozilla/5.0 (X11; Linux x86_64) AppleWebKit/537.36 (KHTML, like Gecko) Chrome/124.0.0.0 Safari/537.36"
34.196.51.17 - - [03/Aug/2026:00:09:39 +0200] "HEAD / HTTP/1.1" 200 7073 "https://www.ensaco.es/" "WPMUDEV Uptime Monitor 5.0 (https://wpmudev.com)"
34.132.57.123 - - [03/Aug/2026:00:09:40 +0200] "GET / HTTP/1.1" 500 268242 "-" "Mozilla/5.0 (Windows NT 10.0; Win64; x64) AppleWebKit/537.36 (KHTML, like Gecko) Chrome/124.0.0.0 Safari/537.36"
34.132.57.123 - - [03/Aug/2026:00:09:52 +0200] "GET /wp-content/plugins/woo-product-bundle/assets/css/blocks.css HTTP/1.1" 200 6971 "https://www.ensaco.es/" "Mozilla/5.0 (Windows NT 10.0; Win64; x64) AppleWebKit/537.36 (KHTML, like Gecko) Chrome/124.0.0.0 Safari/537.36"
34.132.57.123 - - [03/Aug/2026:00:09:52 +0200] "GET /wp-content/plugins/bb-plugin/fonts/fontawesome/5.15.4/webfonts/fa-solid-900.woff2 HTTP/1.1" 200 6995 "https://www.ensaco.es/" "Mozilla/5.0 (Windows NT 10.0; Win64; x64) AppleWebKit/537.36 (KHTML, like Gecko) Chrome/124.0.0.0 Safari/537.36"
34.132.57.123 - - [03/Aug/2026:00:09:52 +0200] "GET /wp-content/plugins/bb-plugin/fonts/fontawesome/5.15.4/webfonts/fa-regular-400.woff2 HTTP/1.1" 200 6997 "https://www.ensaco.es/" "Mozilla/5.0 (Windows NT 10.0; Win64; x64) AppleWebKit/537.36 (KHTML, like Gecko) Chrome/124.0.0.0 Safari/537.36"
34.132.57.123 - - [03/Aug/2026:00:09:52 +0200] "GET /wp-content/plugins/cookie-law-info/legacy/public/css/cookie-law-info-public.css HTTP/1.1" 200 6991 "https://www.ensaco.es/" "Mozilla/5.0 (Windows NT 10.0; Win64; x64) AppleWebKit/537.36 (KHTML, like Gecko) Chrome/124.0.0.0 Safari/537.36"
34.132.57.123 - - [03/Aug/2026:00:09:52 +0200] "GET /wp-content/plugins/pago-redsys-tpv-grafreak/public/css/pago-redsys-grafreak-public.css HTTP/1.1" 200 6998 "https://www.ensaco.es/" "Mozilla/5.0 (Windows NT 10.0; Win64; x64) AppleWebKit/537.36 (KHTML, like Gecko) Chrome/124.0.0.0 Safari/537.36"
34.132.57.123 - - [03/Aug/2026:00:09:52 +0200] "GET /wp-content/plugins/cookie-law-info/legacy/public/css/cookie-law-info-gdpr.css HTTP/1.1" 200 6989 "https://www.ensaco.es/" "Mozilla/5.0 (Windows NT 10.0; Win64; x64) AppleWebKit/537.36 (KHTML, like Gecko) Chrome/124.0.0.0 Safari/537.36"
34.132.57.123 - - [03/Aug/2026:00:09:52 +0200] "GET /wp-content/plugins/woocommerce/assets/css/woocommerce.css HTTP/1.1" 200 6969 "https://www.ensaco.es/" "Mozilla/5.0 (Windows NT 10.0; Win64; x64) AppleWebKit/537.36 (KHTML, like Gecko) Chrome/124.0.0.0 Safari/537.36"
34.132.57.123 - - [03/Aug/2026:00:09:52 +0200] "GET /wp-content/plugins/woocommerce/assets/css/woocommerce-layout.css HTTP/1.1" 200 6976 "https://www.ensaco.es/" "Mozilla/5.0 (Windows NT 10.0; Win64; x64) AppleWebKit/537.36 (KHTML, like Gecko) Chrome/124.0.0.0 Safari/537.36"
34.132.57.123 - - [03/Aug/2026:00:09:52 +0200] "GET /wp-content/plugins/bb-plugin/fonts/fontawesome/5.15.4/css/all.min.css HTTP/1.1" 200 6981 "https://www.ensaco.es/" "Mozilla/5.0 (Windows NT 10.0; Win64; x64) AppleWebKit/537.36 (KHTML, like Gecko) Chrome/124.0.0.0 Safari/537.36"
34.132.57.123 - - [03/Aug/2026:00:09:52 +0200] "GET /wp-content/plugins/woocommerce/assets/css/woocommerce-smallscreen.css HTTP/1.1" 200 6981 "https://www.ensaco.es/" "Mozilla/5.0 (Windows NT 10.0; Win64; x64) AppleWebKit/537.36 (KHTML, like Gecko) Chrome/124.0.0.0 Safari/537.36"
34.132.57.123 - - [03/Aug/2026:00:09:52 +0200] "GET /wp-content/plugins/woo-product-bundle/assets/css/frontend.css HTTP/1.1" 200 6973 "https://www.ensaco.es/" "Mozilla/5.0 (Windows NT 10.0; Win64; x64) AppleWebKit/537.36 (KHTML, like Gecko) Chrome/124.0.0.0 Safari/537.36"
34.132.57.123 - - [03/Aug/2026:00:09:52 +0200] "GET /wp-content/plugins/bb-plugin/css/jquery.magnificpopup.min.css HTTP/1.1" 200 6973 "https://www.ensaco.es/" "Mozilla/5.0 (Windows NT 10.0; Win64; x64) AppleWebKit/537.36 (KHTML, like Gecko) Chrome/124.0.0.0 Safari/537.36"
34.132.57.123 - - [03/Aug/2026:00:09:52 +0200] "GET /wp-content/themes/bb-theme/css/bootstrap.min.css HTTP/1.1" 200 6960 "https://www.ensaco.es/" "Mozilla/5.0 (Windows NT 10.0; Win64; x64) AppleWebKit/537.36 (KHTML, like Gecko) Chrome/124.0.0.0 Safari/537.36"
34.132.57.123 - - [03/Aug/2026:00:09:53 +0200] "GET /wp-content/smush-webp/2019/12/hoja-azul-100x100.png.webp HTTP/1.1" 200 6970 "https://www.ensaco.es/" "Mozilla/5.0 (Windows NT 10.0; Win64; x64) AppleWebKit/537.36 (KHTML, like Gecko) Chrome/124.0.0.0 Safari/537.36"
14.191.18.148 - - [03/Aug/2026:00:10:12 +0200] "GET / HTTP/1.1" 500 268242 "-" "Mozilla/5.0 (Windows NT 10.0; Win64; x64) AppleWebKit/537.36 (KHTML, like Gecko) Chrome/120.0.0.0 Safari/537.36"
38.183.215.72 - - [03/Aug/2026:00:10:23 +0200] "GET / HTTP/1.1" 500 268248 "-" "Mozilla/5.0 (Windows NT 10.0; Win64; x64) AppleWebKit/537.36 (KHTML, like Gecko) Chrome/120.0.0.0 Safari/537.36"
84.236.228.59 - - [03/Aug/2026:00:10:47 +0200] "POST /wp-cron.php?doing_wp_cron=1785708647.1688289642333984375000 HTTP/1.1" 200 6900 "-" "WordPress/7.0.2; https://www.ensaco.es"
154.127.135.91 - - [03/Aug/2026:00:10:43 +0200] "GET / HTTP/1.1" 500 268242 "-" "Mozilla/5.0 (Windows NT 10.0; Win64; x64) AppleWebKit/537.36 (KHTML, like Gecko) Chrome/120.0.0.0 Safari/537.36"
113.165.108.156 - - [03/Aug/2026:00:10:59 +0200] "GET / HTTP/1.1" 301 6954 "https://ensaco.es/" "Mozilla/5.0 (Windows NT 10.0; Win64; x64) AppleWebKit/537.36 (KHTML, like Gecko) Chrome/121.0.0.0 Safari/537.36 Edg/121.0.0.0"
105.67.128.170 - - [03/Aug/2026:00:11:01 +0200] "GET / HTTP/1.1" 500 268248 "-" "Mozilla/5.0 (Windows NT 10.0; Win64; x64) AppleWebKit/537.36 (KHTML, like Gecko) Chrome/120.0.0.0 Safari/537.36"
54.70.53.60 - - [03/Aug/2026:00:11:03 +0200] "GET / HTTP/1.1" 301 6954 "-" "Mozilla/5.0 (Windows NT 10.0; Win64; x64) AppleWebKit/537.36 (KHTML, like Gecko) Chrome/148.0.0.0 Safari/537.36"
14.191.36.30 - - [03/Aug/2026:00:11:04 +0200] "GET / HTTP/1.1" 500 268248 "https://ensaco.es/" "Mozilla/5.0 (Windows NT 10.0; Win64; x64) AppleWebKit/537.36 (KHTML, like Gecko) Chrome/121.0.0.0 Safari/537.36 Edg/121.0.0.0"
54.70.53.60 - - [03/Aug/2026:00:11:10 +0200] "GET / HTTP/1.1" 500 14842 "-" "Mozilla/5.0 (Windows NT 10.0; Win64; x64) AppleWebKit/537.36 (KHTML, like Gecko) Chrome/148.0.0.0 Safari/537.36"
54.70.53.60 - - [03/Aug/2026:00:11:14 +0200] "GET / HTTP/1.1" 301 6954 "-" "Mozilla/5.0 (Windows NT 10.0; Win64; x64) AppleWebKit/537.36 (KHTML, like Gecko) Chrome/148.0.0.0 Safari/537.36"
54.70.53.60 - - [03/Aug/2026:00:11:17 +0200] "GET / HTTP/1.1" 500 268242 "-" "Mozilla/5.0 (Windows NT 10.0; Win64; x64) AppleWebKit/537.36 (KHTML, like Gecko) Chrome/148.0.0.0 Safari/537.36"
54.70.53.60 - - [03/Aug/2026:00:11:21 +0200] "GET /wp-content/plugins/pago-redsys-tpv-grafreak/public/css/pago-redsys-grafreak-public.css HTTP/1.1" 200 6998 "https://www.ensaco.es/" "Mozilla/5.0 (Windows NT 10.0; Win64; x64) AppleWebKit/537.36 (KHTML, like Gecko) Chrome/148.0.0.0 Safari/537.36"
54.70.53.60 - - [03/Aug/2026:00:11:21 +0200] "GET /wp-content/plugins/cookie-law-info/legacy/public/css/cookie-law-info-public.css HTTP/1.1" 200 6991 "https://www.ensaco.es/" "Mozilla/5.0 (Windows NT 10.0; Win64; x64) AppleWebKit/537.36 (KHTML, like Gecko) Chrome/148.0.0.0 Safari/537.36"
54.70.53.60 - - [03/Aug/2026:00:11:21 +0200] "GET /wp-content/plugins/cookie-law-info/legacy/public/css/cookie-law-info-gdpr.css HTTP/1.1" 200 6989 "https://www.ensaco.es/" "Mozilla/5.0 (Windows NT 10.0; Win64; x64) AppleWebKit/537.36 (KHTML, like Gecko) Chrome/148.0.0.0 Safari/537.36"
54.70.53.60 - - [03/Aug/2026:00:11:21 +0200] "GET /wp-content/plugins/woocommerce/assets/css/woocommerce-layout.css HTTP/1.1" 200 6976 "https://www.ensaco.es/" "Mozilla/5.0 (Windows NT 10.0; Win64; x64) AppleWebKit/537.36 (KHTML, like Gecko) Chrome/148.0.0.0 Safari/537.36"
54.70.53.60 - - [03/Aug/2026:00:11:21 +0200] "GET /wp-content/plugins/woo-product-bundle/assets/css/blocks.css HTTP/1.1" 200 6971 "https://www.ensaco.es/" "Mozilla/5.0 (Windows NT 10.0; Win64; x64) AppleWebKit/537.36 (KHTML, like Gecko) Chrome/148.0.0.0 Safari/537.36"
54.70.53.60 - - [03/Aug/2026:00:11:21 +0200] "GET /wp-content/plugins/woo-product-bundle/assets/css/frontend.css HTTP/1.1" 200 6973 "https://www.ensaco.es/" "Mozilla/5.0 (Windows NT 10.0; Win64; x64) AppleWebKit/537.36 (KHTML, like Gecko) Chrome/148.0.0.0 Safari/537.36"
54.70.53.60 - - [03/Aug/2026:00:11:21 +0200] "GET /wp-content/plugins/bb-plugin/css/jquery.magnificpopup.min.css HTTP/1.1" 200 6973 "https://www.ensaco.es/" "Mozilla/5.0 (Windows NT 10.0; Win64; x64) AppleWebKit/537.36 (KHTML, like Gecko) Chrome/148.0.0.0 Safari/537.36"
54.70.53.60 - - [03/Aug/2026:00:11:21 +0200] "GET /wp-content/plugins/bb-plugin/fonts/fontawesome/5.15.4/css/all.min.css HTTP/1.1" 200 6981 "https://www.ensaco.es/" "Mozilla/5.0 (Windows NT 10.0; Win64; x64) AppleWebKit/537.36 (KHTML, like Gecko) Chrome/148.0.0.0 Safari/537.36"
54.70.53.60 - - [03/Aug/2026:00:11:21 +0200] "GET /wp-content/plugins/woocommerce/assets/css/woocommerce.css HTTP/1.1" 200 6969 "https://www.ensaco.es/" "Mozilla/5.0 (Windows NT 10.0; Win64; x64) AppleWebKit/537.36 (KHTML, like Gecko) Chrome/148.0.0.0 Safari/537.36"
