34.196.51.17 - - [02/Aug/2026:19:45:32 +0200] "HEAD / HTTP/1.1" 200 7073 "https://www.ensaco.es/" "WPMUDEV Uptime Monitor 5.0 (https://wpmudev.com)"
45.93.59.7 - - [02/Aug/2026:19:45:42 +0200] "GET /poner-domotica-en-una-casa-sin-hacer-obras/ HTTP/1.1" 500 270718 "-" "Mozilla/5.0 (Windows NT 10.0; Win64; x64) AppleWebKit/537.36 (KHTML, like Gecko) Chrome/150.0.0.0 Safari/537.36"
46.25.4.112 - - [02/Aug/2026:19:45:47 +0200] "GET /poner-domotica-en-una-casa-sin-hacer-obras/ HTTP/1.1" 500 270718 "-" "Mozilla/5.0 (Windows NT 10.0; Win64; x64) AppleWebKit/537.36 (KHTML, like Gecko) Chrome/149.0.0.0 Safari/537.36"
35.226.162.200 - - [02/Aug/2026:19:45:53 +0200] "GET / HTTP/1.1" 301 6954 "-" "Mozilla/5.0 (Windows NT 10.0; Win64; x64) AppleWebKit/537.36 (KHTML, like Gecko) Chrome/121.0.0.0 Safari/537.36 Edg/121.0.0.0"
154.217.206.27 - - [02/Aug/2026:19:45:56 +0200] "GET /wp-content/uploads/2021/04/inBiot-Blanco.png HTTP/1.1" 200 6958 "-" "Mozilla/5.0 (compatible; crawler)"
35.226.162.200 - - [02/Aug/2026:19:45:55 +0200] "GET / HTTP/1.1" 500 268242 "-" "Mozilla/5.0 (Windows NT 10.0; Win64; x64) AppleWebKit/537.36 (KHTML, like Gecko) Chrome/121.0.0.0 Safari/537.36 Edg/121.0.0.0"
84.236.228.59 - - [02/Aug/2026:19:47:35 +0200] "POST /wp-cron.php?doing_wp_cron=1785692855.2105939388275146484375 HTTP/1.1" 200 6900 "-" "WordPress/7.0.2; https://www.ensaco.es"
34.196.51.17 - - [02/Aug/2026:19:47:34 +0200] "HEAD / HTTP/1.1" 200 7073 "https://www.ensaco.es/" "WPMUDEV Uptime Monitor 5.0 (https://wpmudev.com)"
40.88.21.235 - - [02/Aug/2026:19:48:01 +0200] "GET / HTTP/1.1" 500 268248 "http://www.ensaco.es" "DuckDuckBot/1.1; (+http://duckduckgo.com/duckduckbot.html)"
212.47.138.91 - - [02/Aug/2026:19:48:02 +0200] "GET / HTTP/1.1" 301 6954 "https://ensaco.es/" "Mozilla/5.0 (Windows NT 10.0; Win64; x64; rv:126.0) Gecko/20100101 Firefox/126.0"
40.88.21.235 - - [02/Aug/2026:19:48:03 +0200] "GET /favicon.ico HTTP/1.1" 302 7056 "http://www.ensaco.es/favicon.ico" "DuckDuckBot/1.1; (+http://duckduckgo.com/duckduckbot.html)"
40.88.21.235 - - [02/Aug/2026:19:48:05 +0200] "GET /wp-content/uploads/2019/12/hoja-azul-100x100.png HTTP/1.1" 200 6962 "https://www.ensaco.es/favicon.ico" "DuckDuckBot/1.1; (+http://duckduckgo.com/duckduckbot.html)"
103.75.221.152 - - [02/Aug/2026:19:48:53 +0200] "GET /wp-content/uploads/2022/02/suelo-radiante-eficiente.png HTTP/1.1" 200 6969 "https://www.ensaco.es/suelo-radiante-eficiente/" "Mozilla/5.0 (Macintosh; Intel Mac OS X 10_15_7) AppleWebKit/537.36 (KHTML, like Gecko) Chrome/130.0.0.0 Safari/537.36"
84.236.228.59 - - [02/Aug/2026:19:49:02 +0200] "POST /wp-cron.php?doing_wp_cron=1785692942.5556979179382324218750 HTTP/1.1" 200 6900 "-" "WordPress/7.0.2; https://www.ensaco.es"
17.22.245.125 - - [02/Aug/2026:19:48:59 +0200] "GET /wp-json/wp/v2/posts/3876 HTTP/1.1" 200 28951 "-" "Mozilla/5.0 (Macintosh; Intel Mac OS X 10_15_7) AppleWebKit/605.1.15 (KHTML, like Gecko) Version/17.4 Safari/605.1.15 (Applebot/0.1; +http://www.apple.com/go/applebot)"
34.196.51.17 - - [02/Aug/2026:19:49:32 +0200] "HEAD / HTTP/1.1" 200 7073 "https://www.ensaco.es/" "WPMUDEV Uptime Monitor 5.0 (https://wpmudev.com)"
84.236.228.59 - - [02/Aug/2026:19:51:33 +0200] "POST /wp-cron.php?doing_wp_cron=1785693093.2834079265594482421875 HTTP/1.1" 200 6900 "-" "WordPress/7.0.2; https://www.ensaco.es"
34.196.51.17 - - [02/Aug/2026:19:51:31 +0200] "HEAD / HTTP/1.1" 200 7073 "https://www.ensaco.es/" "WPMUDEV Uptime Monitor 5.0 (https://wpmudev.com)"
200.149.46.44 - - [02/Aug/2026:19:51:55 +0200] "GET /wp-content/uploads/2023/09/interruptores-domotica.jpg HTTP/1.1" 200 6968 "-" "Mozilla/5.0 (Windows; U; Windows NT 5.01) AppleWebKit/535.6.5 (KHTML, like Gecko) Version/5.0 Safari/535.6.5"
84.236.228.59 - - [02/Aug/2026:19:53:33 +0200] "POST /wp-cron.php?doing_wp_cron=1785693213.7730889320373535156250 HTTP/1.1" 200 6900 "-" "WordPress/7.0.2; https://www.ensaco.es"
34.196.51.17 - - [02/Aug/2026:19:53:32 +0200] "HEAD / HTTP/1.1" 200 7073 "https://www.ensaco.es/" "WPMUDEV Uptime Monitor 5.0 (https://wpmudev.com)"
17.246.19.92 - - [02/Aug/2026:19:53:59 +0200] "GET /wp-json/oembed/1.0/embed?url=https%3A%2F%2Fwww.ensaco.es%2Fahorrar-factura-energetica%2F HTTP/1.1" 200 9882 "-" "Mozilla/5.0 (Macintosh; Intel Mac OS X 10_15_7) AppleWebKit/605.1.15 (KHTML, like Gecko) Version/17.4 Safari/605.1.15 (Applebot/0.1; +http://www.apple.com/go/applebot)"
84.236.228.59 - - [02/Aug/2026:19:55:36 +0200] "POST /wp-cron.php?doing_wp_cron=1785693336.2533860206604003906250 HTTP/1.1" 200 6900 "-" "WordPress/7.0.2; https://www.ensaco.es"
34.196.51.17 - - [02/Aug/2026:19:55:35 +0200] "HEAD / HTTP/1.1" 200 7073 "https://www.ensaco.es/" "WPMUDEV Uptime Monitor 5.0 (https://wpmudev.com)"
47.77.216.189 - - [02/Aug/2026:19:56:05 +0200] "GET / HTTP/1.1" 500 268248 "-" "Mozilla/5.0 (Macintosh; Intel Mac OS X 10_15_7) AppleWebKit/537.36 (KHTML, like Gecko) Chrome/120.0.0.0 Safari/537.36"
84.236.228.59 - - [02/Aug/2026:19:56:20 +0200] "POST /wp-cron.php?doing_wp_cron=1785693380.0966749191284179687500 HTTP/1.1" 200 6900 "-" "WordPress/7.0.2; https://www.ensaco.es"
127.0.0.1 - - [02/Aug/2026:19:56:17 +0200] "GET / HTTP/1.1" 500 268248 "https://www.ensaco.es/" "Mozilla/5.0 (Macintosh; Intel Mac OS X 10_15_7) AppleWebKit/537.36 (KHTML, like Gecko) Chrome/114.0.0.0 Safari/537.36"
84.236.228.59 - - [02/Aug/2026:19:56:22 +0200] "POST /wp-cron.php?doing_wp_cron=1785693382.0433080196380615234375 HTTP/1.1" 200 6900 "-" "WordPress/7.0.2; https://www.ensaco.es"
127.0.0.1 - - [02/Aug/2026:19:56:19 +0200] "GET / HTTP/1.1" 500 268248 "https://www.ensaco.es/" "Mozilla/5.0 (Macintosh; Intel Mac OS X 10_15_7) AppleWebKit/537.36 (KHTML, like Gecko) Chrome/114.0.0.0 Safari/537.36"
154.217.201.220 - - [02/Aug/2026:19:56:54 +0200] "GET /wp-content/smush-webp/2021/06/pexels-tara-winstead-7111164-600x396.jpg.webp HTTP/1.1" 200 6989 "-" "Mozilla/5.0 (compatible; crawler)"
84.236.228.59 - - [02/Aug/2026:19:57:35 +0200] "POST /wp-cron.php?doing_wp_cron=1785693455.8209319114685058593750 HTTP/1.1" 200 6900 "-" "WordPress/7.0.2; https://www.ensaco.es"
34.196.51.17 - - [02/Aug/2026:19:57:34 +0200] "HEAD / HTTP/1.1" 200 7073 "https://www.ensaco.es/" "WPMUDEV Uptime Monitor 5.0 (https://wpmudev.com)"
84.236.228.59 - - [02/Aug/2026:19:59:35 +0200] "POST /wp-cron.php?doing_wp_cron=1785693574.9382920265197753906250 HTTP/1.1" 200 6900 "-" "WordPress/7.0.2; https://www.ensaco.es"
34.196.51.17 - - [02/Aug/2026:19:59:33 +0200] "HEAD / HTTP/1.1" 200 7073 "https://www.ensaco.es/" "WPMUDEV Uptime Monitor 5.0 (https://wpmudev.com)"
195.63.31.140 - - [02/Aug/2026:19:59:44 +0200] "HEAD / HTTP/1.1" 200 7073 "-" "curl/7.88.1"
217.181.90.18 - - [02/Aug/2026:19:59:46 +0200] "POST /xmlrpc.php HTTP/1.1" 200 7256 "-" "curl/7.88.1"
217.181.90.18 - - [02/Aug/2026:19:59:47 +0200] "GET /xmlrpc.php HTTP/1.1" 405 6929 "http://www.ensaco.es/xmlrpc.php" "Wget/1.21.4"
217.181.90.18 - - [02/Aug/2026:19:59:48 +0200] "GET /wp-login.php HTTP/1.1" 200 10180 "http://www.ensaco.es/wp-login.php" "Wget/1.21.4"
217.181.90.18 - - [02/Aug/2026:19:59:50 +0200] "POST /wp-login.php HTTP/1.1" 302 7890 "https://www.ensaco.es/wp-login.php" "Wget/1.21.4"
84.236.228.59 - - [02/Aug/2026:19:59:56 +0200] "POST /wp-cron.php?doing_wp_cron=1785693596.8299880027770996093750 HTTP/1.1" 200 6900 "-" "WordPress/7.0.2; https://www.ensaco.es"
217.181.90.18 - - [02/Aug/2026:19:59:51 +0200] "GET /wp-admin/ HTTP/1.1" 200 170334 "https://www.ensaco.es/wp-login.php" "Wget/1.21.4"
217.181.90.18 - - [02/Aug/2026:19:59:57 +0200] "GET /wp-admin/plugins.php HTTP/1.1" 200 104846 "-" "curl/8.6.0"
217.181.90.18 - - [02/Aug/2026:20:00:03 +0200] "GET /wp-login.php HTTP/1.1" 200 10180 "http://www.ensaco.es/wp-login.php" "curl/8.6.0"
217.181.90.18 - - [02/Aug/2026:20:00:05 +0200] "POST /wp-login.php HTTP/1.1" 302 7890 "https://www.ensaco.es/wp-login.php" "Wget/1.21.4"
217.181.90.18 - - [02/Aug/2026:20:00:06 +0200] "GET /wp-admin/ HTTP/1.1" 200 194571 "https://www.ensaco.es/wp-login.php" "Wget/1.21.4"
84.236.228.59 - - [02/Aug/2026:20:00:35 +0200] "POST /wp-cron.php?doing_wp_cron=1785693635.3256320953369140625000 HTTP/1.1" 200 6900 "-" "WordPress/7.0.2; https://www.ensaco.es"
167.160.183.139 - - [02/Aug/2026:20:00:33 +0200] "GET / HTTP/1.1" 301 6954 "https://ensaco.es/" "Mozilla/5.0 (Windows NT 10.0; Win64; x64) AppleWebKit/537.36 (KHTML, like Gecko) Chrome/131.0.0.0 Safari/537.36 Unique/97.7.7252.70"
167.160.183.139 - - [02/Aug/2026:20:00:37 +0200] "GET / HTTP/1.1" 500 268242 "https://ensaco.es/" "Mozilla/5.0 (Windows NT 10.0; Win64; x64) AppleWebKit/537.36 (KHTML, like Gecko) Chrome/131.0.0.0 Safari/537.36 Unique/97.7.7252.70"
38.154.103.139 - - [02/Aug/2026:20:00:43 +0200] "GET / HTTP/1.1" 301 6954 "https://ensaco.es/" "Mozilla/5.0 (Windows NT 10.0; Win64; x64) AppleWebKit/537.36 (KHTML, like Gecko) Chrome/132.0.0.0 Safari/537.36 Agency/98.8.7583.74"
38.154.103.139 - - [02/Aug/2026:20:00:45 +0200] "GET / HTTP/1.1" 500 268248 "https://ensaco.es/" "Mozilla/5.0 (Windows NT 10.0; Win64; x64) AppleWebKit/537.36 (KHTML, like Gecko) Chrome/132.0.0.0 Safari/537.36 Agency/98.8.7583.74"
34.196.51.17 - - [02/Aug/2026:20:01:32 +0200] "HEAD / HTTP/1.1" 200 7073 "https://www.ensaco.es/" "WPMUDEV Uptime Monitor 5.0 (https://wpmudev.com)"
84.236.228.59 - - [02/Aug/2026:20:03:18 +0200] "POST /wp-cron.php?doing_wp_cron=1785693798.6588180065155029296875 HTTP/1.1" 200 6900 "-" "WordPress/7.0.2; https://www.ensaco.es"
85.208.98.206 - - [02/Aug/2026:20:03:17 +0200] "GET /robots.txt HTTP/1.1" 200 7240 "-" "Mozilla/5.0 (iPhone; CPU iPhone OS 6_0 like Mac OS X) AppleWebKit/536.26 (KHTML, like Gecko) Version/6.0 Mobile/10A5376e Safari/8536.25 (compatible; SiteAuditBot/0.97; +http://www.semrush.com/bot.html)"
85.208.98.206 - - [02/Aug/2026:20:03:18 +0200] "GET / HTTP/1.1" 500 268248 "-" "Mozilla/5.0 (iPhone; CPU iPhone OS 6_0 like Mac OS X) AppleWebKit/536.26 (KHTML, like Gecko) Version/6.0 Mobile/10A5376e Safari/8536.25 (compatible; SiteAuditBot/0.97; +http://www.semrush.com/bot.html)"
84.236.228.59 - - [02/Aug/2026:20:03:35 +0200] "POST /wp-cron.php?doing_wp_cron=1785693815.6158020496368408203125 HTTP/1.1" 200 6900 "-" "WordPress/7.0.2; https://www.ensaco.es"
34.196.51.17 - - [02/Aug/2026:20:03:34 +0200] "HEAD / HTTP/1.1" 200 7073 "https://www.ensaco.es/" "WPMUDEV Uptime Monitor 5.0 (https://wpmudev.com)"
52.139.3.76 - - [02/Aug/2026:20:03:46 +0200] "GET / HTTP/1.1" 301 6954 "-" "Mozilla/5.0 (X11; Linux x86_64) AppleWebKit/537.36 (KHTML, like Gecko) Chrome/122.0.0.0 Safari/537.36"
52.139.3.76 - - [02/Aug/2026:20:03:47 +0200] "GET / HTTP/1.1" 500 268248 "-" "Mozilla/5.0 (X11; Linux x86_64) AppleWebKit/537.36 (KHTML, like Gecko) Chrome/122.0.0.0 Safari/537.36"
66.249.64.44 - - [02/Aug/2026:20:03:59 +0200] "GET /domotica-piscinas-comunitarias/ HTTP/1.1" 500 309760 "-" "Mozilla/5.0 (Linux; Android 6.0.1; Nexus 5X Build/MMB29P) AppleWebKit/537.36 (KHTML, like Gecko) Chrome/150.0.7871.186 Mobile Safari/537.36 (compatible; Googlebot/2.1; +http://www.google.com/bot.html)"
216.244.66.250 - - [02/Aug/2026:20:04:24 +0200] "GET /robots.txt HTTP/1.1" 200 7462 "-" "Mozilla/5.0 (compatible; DotBot/1.2; +https://opensiteexplorer.org/dotbot; help@moz.com)"
144.76.163.143 - - [02/Aug/2026:20:04:27 +0200] "GET / HTTP/1.1" 500 268248 "-" "Mozilla/5.0 (Macintosh; Intel Mac OS X 14_0) AppleWebKit/537.36 (KHTML, like Gecko) Chrome/124.0.0.0 Safari/537.36"
84.236.228.59 - - [02/Aug/2026:20:05:34 +0200] "POST /wp-cron.php?doing_wp_cron=1785693934.1609768867492675781250 HTTP/1.1" 200 6900 "-" "WordPress/7.0.2; https://www.ensaco.es"
34.196.51.17 - - [02/Aug/2026:20:05:32 +0200] "HEAD / HTTP/1.1" 200 7073 "https://www.ensaco.es/" "WPMUDEV Uptime Monitor 5.0 (https://wpmudev.com)"
84.236.228.59 - - [02/Aug/2026:20:07:36 +0200] "POST /wp-cron.php?doing_wp_cron=1785694056.2497930526733398437500 HTTP/1.1" 200 6900 "-" "WordPress/7.0.2; https://www.ensaco.es"
34.196.51.17 - - [02/Aug/2026:20:07:35 +0200] "HEAD / HTTP/1.1" 200 7073 "https://www.ensaco.es/" "WPMUDEV Uptime Monitor 5.0 (https://wpmudev.com)"
84.236.228.59 - - [02/Aug/2026:20:09:34 +0200] "POST /wp-cron.php?doing_wp_cron=1785694174.2381730079650878906250 HTTP/1.1" 200 6900 "-" "WordPress/7.0.2; https://www.ensaco.es"
34.196.51.17 - - [02/Aug/2026:20:09:32 +0200] "HEAD / HTTP/1.1" 200 7073 "https://www.ensaco.es/" "WPMUDEV Uptime Monitor 5.0 (https://wpmudev.com)"
40.77.167.224 - - [02/Aug/2026:20:09:33 +0200] "GET /lena/hargassner-caldera-lena-2/ HTTP/1.1" 301 7010 "-" "Mozilla/5.0 AppleWebKit/537.36 (KHTML, like Gecko; compatible; bingbot/2.0; +http://www.bing.com/bingbot.htm) Chrome/116.0.1938.76 Safari/537.36"
40.77.167.224 - - [02/Aug/2026:20:11:00 +0200] "GET /wp-content/uploads/2017/10/Diptico_ECO_HK_250-330.pdf HTTP/1.1" 200 6972 "-" "Mozilla/5.0 AppleWebKit/537.36 (KHTML, like Gecko; compatible; bingbot/2.0; +http://www.bing.com/bingbot.htm) Chrome/116.0.1938.76 Safari/537.36"
109.81.21.130 - - [02/Aug/2026:20:11:07 +0200] "GET /wp-content/uploads/2021/05/btv-logo.png HTTP/1.1" 200 6953 "https://www.aaa-trezory.cz/" "Mozilla/5.0 (iPhone; CPU iPhone OS 26_5_2 like Mac OS X) AppleWebKit/605.1.15 (KHTML, like Gecko) CriOS/150.0.7871.113 Mobile/15E148 Safari/604.1"
47.128.21.67 - - [02/Aug/2026:20:11:23 +0200] "GET /producto/servicio-de-atencion-telefonica-10-anos/ HTTP/1.1" 404 7113 "-" "Mozilla/5.0 (Linux; Android 5.0) AppleWebKit/537.36 (KHTML, like Gecko) Mobile Safari/537.36 (compatible; Bytespider; https://bytedance.sg.larkoffice.com/docx/K5bxdypulop3IIxrJb0lOjLVgFe)"
84.236.228.59 - - [02/Aug/2026:20:11:35 +0200] "POST /wp-cron.php?doing_wp_cron=1785694295.5408151149749755859375 HTTP/1.1" 200 6900 "-" "WordPress/7.0.2; https://www.ensaco.es"
34.196.51.17 - - [02/Aug/2026:20:11:33 +0200] "HEAD / HTTP/1.1" 200 7073 "https://www.ensaco.es/" "WPMUDEV Uptime Monitor 5.0 (https://wpmudev.com)"
66.249.64.43 - - [02/Aug/2026:20:11:33 +0200] "GET /producto/stereo-extension/ HTTP/1.1" 500 591658 "-" "Mozilla/5.0 (Linux; Android 6.0.1; Nexus 5X Build/MMB29P) AppleWebKit/537.36 (KHTML, like Gecko) Chrome/150.0.7871.186 Mobile Safari/537.36 (compatible; Googlebot/2.1; +http://www.google.com/bot.html)"
179.6.55.92 - - [02/Aug/2026:20:12:13 +0200] "GET /producto/servicio-de-atencion-telefonica-10-anos/ HTTP/1.1" 500 591582 "-" "Mozilla/5.0 (iPhone; CPU iPhone OS 11_0 like Mac OS X) AppleWebKit/537.36 (KHTML, like Gecko) Chrome/57.0.6790.1272 Mobile Safari/537.36"
216.244.66.250 - - [02/Aug/2026:20:12:23 +0200] "GET /wp-content/uploads/2021/03/pexels-max-fischer-5212345.jpg HTTP/1.1" 200 6972 "-" "Mozilla/5.0 (compatible; DotBot/1.2; +https://opensiteexplorer.org/dotbot; help@moz.com)"
17.246.15.230 - - [02/Aug/2026:20:12:22 +0200] "GET /wp-json/oembed/1.0/embed?url=https%3A%2F%2Fwww.ensaco.es%2Fdomotica-vida-diaria-asistida%2F HTTP/1.1" 200 9879 "-" "Mozilla/5.0 (Macintosh; Intel Mac OS X 10_15_7) AppleWebKit/605.1.15 (KHTML, like Gecko) Version/17.4 Safari/605.1.15 (Applebot/0.1; +http://www.apple.com/go/applebot)"
84.236.228.59 - - [02/Aug/2026:20:12:38 +0200] "POST /wp-cron.php?doing_wp_cron=1785694358.0852990150451660156250 HTTP/1.1" 200 6900 "-" "WordPress/7.0.2; https://www.ensaco.es"
66.249.64.43 - - [02/Aug/2026:20:12:36 +0200] "GET /producto/pulsador-touch-flex-air-antracita/ HTTP/1.1" 500 591623 "-" "Mozilla/5.0 (Linux; Android 6.0.1; Nexus 5X Build/MMB29P) AppleWebKit/537.36 (KHTML, like Gecko) Chrome/150.0.7871.186 Mobile Safari/537.36 (compatible; Googlebot/2.1; +http://www.google.com/bot.html)"
84.236.228.59 - - [02/Aug/2026:20:13:35 +0200] "POST /wp-cron.php?doing_wp_cron=1785694414.8948481082916259765625 HTTP/1.1" 200 6900 "-" "WordPress/7.0.2; https://www.ensaco.es"
34.196.51.17 - - [02/Aug/2026:20:13:33 +0200] "HEAD / HTTP/1.1" 200 7073 "https://www.ensaco.es/" "WPMUDEV Uptime Monitor 5.0 (https://wpmudev.com)"
84.236.228.59 - - [02/Aug/2026:20:15:31 +0200] "POST /wp-cron.php?doing_wp_cron=1785694531.8078699111938476562500 HTTP/1.1" 200 6900 "-" "WordPress/7.0.2; https://www.ensaco.es"
34.196.51.17 - - [02/Aug/2026:20:15:30 +0200] "HEAD / HTTP/1.1" 200 7073 "https://www.ensaco.es/" "WPMUDEV Uptime Monitor 5.0 (https://wpmudev.com)"
34.85.4.251 - - [02/Aug/2026:20:17:14 +0200] "GET /wp-content/uploads/2017/10/child-1183465_640.jpg HTTP/1.1" 200 6963 "-" "Python-urllib/3.12"
84.236.228.59 - - [02/Aug/2026:20:17:33 +0200] "POST /wp-cron.php?doing_wp_cron=1785694652.9856200218200683593750 HTTP/1.1" 200 6900 "-" "WordPress/7.0.2; https://www.ensaco.es"
34.196.51.17 - - [02/Aug/2026:20:17:31 +0200] "HEAD / HTTP/1.1" 200 7073 "https://www.ensaco.es/" "WPMUDEV Uptime Monitor 5.0 (https://wpmudev.com)"
104.128.49.69 - - [02/Aug/2026:20:18:17 +0200] "GET /wp-content/uploads/2020/11/pexels-tima-miroshnichenko-5717512-300x200.jpg HTTP/1.1" 200 6988 "-" "python-requests/2.34.2"
84.236.228.59 - - [02/Aug/2026:20:19:34 +0200] "POST /wp-cron.php?doing_wp_cron=1785694774.5618770122528076171875 HTTP/1.1" 200 6900 "-" "WordPress/7.0.2; https://www.ensaco.es"
34.196.51.17 - - [02/Aug/2026:20:19:33 +0200] "HEAD / HTTP/1.1" 200 7073 "https://www.ensaco.es/" "WPMUDEV Uptime Monitor 5.0 (https://wpmudev.com)"
84.236.228.59 - - [02/Aug/2026:20:21:35 +0200] "POST /wp-cron.php?doing_wp_cron=1785694895.5169920921325683593750 HTTP/1.1" 200 6900 "-" "WordPress/7.0.2; https://www.ensaco.es"
34.196.51.17 - - [02/Aug/2026:20:21:33 +0200] "HEAD / HTTP/1.1" 200 7073 "https://www.ensaco.es/" "WPMUDEV Uptime Monitor 5.0 (https://wpmudev.com)"
84.236.228.59 - - [02/Aug/2026:20:23:44 +0200] "POST /wp-cron.php?doing_wp_cron=1785695023.8995559215545654296875 HTTP/1.1" 200 6900 "-" "WordPress/7.0.2; https://www.ensaco.es"
34.196.51.17 - - [02/Aug/2026:20:23:32 +0200] "HEAD / HTTP/1.1" 200 7073 "https://www.ensaco.es/" "WPMUDEV Uptime Monitor 5.0 (https://wpmudev.com)"
192.178.4.102 - - [02/Aug/2026:20:23:44 +0200] "GET / HTTP/1.1" 301 6954 "-" "Mozilla/5.0 (Linux; Android 6.0.1; Nexus 5X Build/MMB29P) AppleWebKit/537.36 (KHTML, like Gecko) Chrome/150.0.7871.186 Mobile Safari/537.36 (compatible; Googlebot/2.1; +http://www.google.com/bot.html)"
66.249.64.44 - - [02/Aug/2026:20:23:49 +0200] "GET / HTTP/1.1" 500 268248 "-" "Mozilla/5.0 (Linux; Android 6.0.1; Nexus 5X Build/MMB29P) AppleWebKit/537.36 (KHTML, like Gecko) Chrome/150.0.7871.186 Mobile Safari/537.36 (compatible; Googlebot/2.1; +http://www.google.com/bot.html)"
40.77.167.24 - - [02/Aug/2026:20:24:40 +0200] "GET /wp-content/uploads/bb-plugin/cache/pexels-asad-photo-maldives-1268855-landscape-7475861311609d2c8e14647a677a924e-607726cb646a8.jpg HTTP/1.1" 200 7045 "-" "Mozilla/5.0 AppleWebKit/537.36 (KHTML, like Gecko; compatible; bingbot/2.0; +http://www.bing.com/bingbot.htm) Chrome/116.0.1938.76 Safari/537.36"
84.236.228.59 - - [02/Aug/2026:20:25:34 +0200] "POST /wp-cron.php?doing_wp_cron=1785695134.4140889644622802734375 HTTP/1.1" 200 6900 "-" "WordPress/7.0.2; https://www.ensaco.es"
34.196.51.17 - - [02/Aug/2026:20:25:30 +0200] "HEAD / HTTP/1.1" 200 7073 "https://www.ensaco.es/" "WPMUDEV Uptime Monitor 5.0 (https://wpmudev.com)"
84.236.228.59 - - [02/Aug/2026:20:26:56 +0200] "POST /wp-cron.php?doing_wp_cron=1785695216.5056200027465820312500 HTTP/1.1" 200 6900 "-" "WordPress/7.0.2; https://www.ensaco.es"
74.7.241.185 - - [02/Aug/2026:20:26:53 +0200] "GET /robots.txt HTTP/1.1" 200 7240 "-" "Mozilla/5.0 (Macintosh; Intel Mac OS X 10_15_7) AppleWebKit/537.36 (KHTML, like Gecko) Chrome/131.0.0.0 Safari/537.36; compatible; OAI-SearchBot/1.4; robots.txt; +https://openai.com/searchbot"
84.236.228.59 - - [02/Aug/2026:20:27:36 +0200] "POST /wp-cron.php?doing_wp_cron=1785695256.5299708843231201171875 HTTP/1.1" 200 6900 "-" "WordPress/7.0.2; https://www.ensaco.es"
34.196.51.17 - - [02/Aug/2026:20:27:33 +0200] "HEAD / HTTP/1.1" 200 7073 "https://www.ensaco.es/" "WPMUDEV Uptime Monitor 5.0 (https://wpmudev.com)"
84.236.228.59 - - [02/Aug/2026:20:29:36 +0200] "POST /wp-cron.php?doing_wp_cron=1785695376.1250739097595214843750 HTTP/1.1" 200 6900 "-" "WordPress/7.0.2; https://www.ensaco.es"
34.196.51.17 - - [02/Aug/2026:20:29:33 +0200] "HEAD / HTTP/1.1" 200 7073 "https://www.ensaco.es/" "WPMUDEV Uptime Monitor 5.0 (https://wpmudev.com)"
84.236.228.59 - - [02/Aug/2026:20:31:43 +0200] "POST /wp-cron.php?doing_wp_cron=1785695503.2144548892974853515625 HTTP/1.1" 200 6900 "-" "WordPress/7.0.2; https://www.ensaco.es"
34.196.51.17 - - [02/Aug/2026:20:31:37 +0200] "HEAD / HTTP/1.1" 200 7073 "https://www.ensaco.es/" "WPMUDEV Uptime Monitor 5.0 (https://wpmudev.com)"
84.236.228.59 - - [02/Aug/2026:20:33:38 +0200] "POST /wp-cron.php?doing_wp_cron=1785695618.3818399906158447265625 HTTP/1.1" 200 6900 "-" "WordPress/7.0.2; https://www.ensaco.es"
34.196.51.17 - - [02/Aug/2026:20:33:35 +0200] "HEAD / HTTP/1.1" 200 7073 "https://www.ensaco.es/" "WPMUDEV Uptime Monitor 5.0 (https://wpmudev.com)"
162.120.185.255 - - [02/Aug/2026:20:34:41 +0200] "GET /sistemas-domoticos-mas-utilizados/ HTTP/1.1" 500 14842 "https://www.google.com/" "Mozilla/5.0 (Linux; Android 10; K) AppleWebKit/537.36 (KHTML, like Gecko) Chrome/150.0.0.0 Mobile Safari/537.36"
84.236.228.59 - - [02/Aug/2026:20:34:47 +0200] "POST /wp-cron.php?doing_wp_cron=1785695687.4432299137115478515625 HTTP/1.1" 200 6900 "-" "WordPress/7.0.2; https://www.ensaco.es"
66.249.88.96 - - [02/Aug/2026:20:34:41 +0200] "GET /.well-known/traffic-advice HTTP/1.1" 500 265494 "-" "Chrome Privacy Preserving Prefetch Proxy"
84.236.228.59 - - [02/Aug/2026:20:35:35 +0200] "POST /wp-cron.php?doing_wp_cron=1785695735.0205519199371337890625 HTTP/1.1" 200 6900 "-" "WordPress/7.0.2; https://www.ensaco.es"
34.196.51.17 - - [02/Aug/2026:20:35:32 +0200] "HEAD / HTTP/1.1" 200 7073 "https://www.ensaco.es/" "WPMUDEV Uptime Monitor 5.0 (https://wpmudev.com)"
17.22.237.161 - - [02/Aug/2026:20:35:49 +0200] "GET /wp-json/oembed/1.0/embed?url=https%3A%2F%2Fwww.ensaco.es%2Fdomotica-piscinas-comunitarias%2F&format=xml HTTP/1.1" 200 8588 "-" "Mozilla/5.0 (Macintosh; Intel Mac OS X 10_15_7) AppleWebKit/605.1.15 (KHTML, like Gecko) Version/17.4 Safari/605.1.15 (Applebot/0.1; +http://www.apple.com/go/applebot)"
66.249.64.45 - - [02/Aug/2026:20:35:54 +0200] "GET /enerkeeper/enerkeeper-fotos.php HTTP/1.1" 301 7159 "-" "Mozilla/5.0 (Linux; Android 6.0.1; Nexus 5X Build/MMB29P) AppleWebKit/537.36 (KHTML, like Gecko) Chrome/150.0.7871.186 Mobile Safari/537.36 (compatible; Googlebot/2.1; +http://www.google.com/bot.html)"
66.249.64.43 - - [02/Aug/2026:20:35:56 +0200] "GET /enerkeeper/ HTTP/1.1" 301 7183 "-" "Mozilla/5.0 (Linux; Android 6.0.1; Nexus 5X Build/MMB29P) AppleWebKit/537.36 (KHTML, like Gecko) Chrome/150.0.7871.186 Mobile Safari/537.36 (compatible; Googlebot/2.1; +http://www.google.com/bot.html)"
66.249.64.44 - - [02/Aug/2026:20:35:57 +0200] "GET /eficiencia-energetica/ HTTP/1.1" 500 333941 "-" "Mozilla/5.0 (Linux; Android 6.0.1; Nexus 5X Build/MMB29P) AppleWebKit/537.36 (KHTML, like Gecko) Chrome/150.0.7871.186 Mobile Safari/537.36 (compatible; Googlebot/2.1; +http://www.google.com/bot.html)"
84.236.228.59 - - [02/Aug/2026:20:37:28 +0200] "POST /wp-cron.php?doing_wp_cron=1785695848.6443669795989990234375 HTTP/1.1" 200 6900 "-" "WordPress/7.0.2; https://www.ensaco.es"
37.14.124.248 - - [02/Aug/2026:20:37:25 +0200] "GET / HTTP/1.1" 500 268248 "-" "Mozilla/5.0 (Windows NT 10.0; Win64; x64) AppleWebKit/537.36 (KHTML, like Gecko) Chrome/151.0.0.0 Safari/537.36"
37.14.124.248 - - [02/Aug/2026:20:37:29 +0200] "GET /wp-content/plugins/cookie-law-info/legacy/public/css/cookie-law-info-gdpr.css HTTP/1.1" 200 6989 "https://www.ensaco.es/" "Mozilla/5.0 (Windows NT 10.0; Win64; x64) AppleWebKit/537.36 (KHTML, like Gecko) Chrome/151.0.0.0 Safari/537.36"
37.14.124.248 - - [02/Aug/2026:20:37:29 +0200] "GET /wp-content/plugins/woo-product-bundle/assets/css/blocks.css HTTP/1.1" 200 6971 "https://www.ensaco.es/" "Mozilla/5.0 (Windows NT 10.0; Win64; x64) AppleWebKit/537.36 (KHTML, like Gecko) Chrome/151.0.0.0 Safari/537.36"
37.14.124.248 - - [02/Aug/2026:20:37:29 +0200] "GET /wp-content/plugins/cookie-law-info/legacy/public/css/cookie-law-info-public.css HTTP/1.1" 200 6991 "https://www.ensaco.es/" "Mozilla/5.0 (Windows NT 10.0; Win64; x64) AppleWebKit/537.36 (KHTML, like Gecko) Chrome/151.0.0.0 Safari/537.36"
37.14.124.248 - - [02/Aug/2026:20:37:29 +0200] "GET /wp-content/plugins/bb-plugin/fonts/fontawesome/5.15.4/css/all.min.css HTTP/1.1" 200 6981 "https://www.ensaco.es/" "Mozilla/5.0 (Windows NT 10.0; Win64; x64) AppleWebKit/537.36 (KHTML, like Gecko) Chrome/151.0.0.0 Safari/537.36"
37.14.124.248 - - [02/Aug/2026:20:37:29 +0200] "GET /wp-content/plugins/pago-redsys-tpv-grafreak/public/css/pago-redsys-grafreak-public.css HTTP/1.1" 200 6998 "https://www.ensaco.es/" "Mozilla/5.0 (Windows NT 10.0; Win64; x64) AppleWebKit/537.36 (KHTML, like Gecko) Chrome/151.0.0.0 Safari/537.36"
37.14.124.248 - - [02/Aug/2026:20:37:29 +0200] "GET /wp-content/plugins/bb-plugin/fonts/fontawesome/5.15.4/webfonts/fa-regular-400.woff2 HTTP/1.1" 200 6997 "https://www.ensaco.es/" "Mozilla/5.0 (Windows NT 10.0; Win64; x64) AppleWebKit/537.36 (KHTML, like Gecko) Chrome/151.0.0.0 Safari/537.36"
37.14.124.248 - - [02/Aug/2026:20:37:29 +0200] "GET /wp-content/plugins/bb-plugin/fonts/fontawesome/5.15.4/webfonts/fa-solid-900.woff2 HTTP/1.1" 200 6995 "https://www.ensaco.es/" "Mozilla/5.0 (Windows NT 10.0; Win64; x64) AppleWebKit/537.36 (KHTML, like Gecko) Chrome/151.0.0.0 Safari/537.36"
37.14.124.248 - - [02/Aug/2026:20:37:29 +0200] "GET /wp-content/plugins/woocommerce/assets/css/woocommerce-layout.css HTTP/1.1" 200 6976 "https://www.ensaco.es/" "Mozilla/5.0 (Windows NT 10.0; Win64; x64) AppleWebKit/537.36 (KHTML, like Gecko) Chrome/151.0.0.0 Safari/537.36"
37.14.124.248 - - [02/Aug/2026:20:37:29 +0200] "GET /wp-content/themes/bb-theme/css/bootstrap.min.css HTTP/1.1" 200 6960 "https://www.ensaco.es/" "Mozilla/5.0 (Windows NT 10.0; Win64; x64) AppleWebKit/537.36 (KHTML, like Gecko) Chrome/151.0.0.0 Safari/537.36"
37.14.124.248 - - [02/Aug/2026:20:37:29 +0200] "GET /wp-content/plugins/woo-product-bundle/assets/css/frontend.css HTTP/1.1" 200 6973 "https://www.ensaco.es/" "Mozilla/5.0 (Windows NT 10.0; Win64; x64) AppleWebKit/537.36 (KHTML, like Gecko) Chrome/151.0.0.0 Safari/537.36"
37.14.124.248 - - [02/Aug/2026:20:37:29 +0200] "GET /wp-content/plugins/woocommerce/assets/css/woocommerce.css HTTP/1.1" 200 6969 "https://www.ensaco.es/" "Mozilla/5.0 (Windows NT 10.0; Win64; x64) AppleWebKit/537.36 (KHTML, like Gecko) Chrome/151.0.0.0 Safari/537.36"
37.14.124.248 - - [02/Aug/2026:20:37:29 +0200] "GET /wp-content/plugins/bb-plugin/css/jquery.magnificpopup.min.css HTTP/1.1" 200 6973 "https://www.ensaco.es/" "Mozilla/5.0 (Windows NT 10.0; Win64; x64) AppleWebKit/537.36 (KHTML, like Gecko) Chrome/151.0.0.0 Safari/537.36"
37.14.124.248 - - [02/Aug/2026:20:37:30 +0200] "GET /wp-content/plugins/woocommerce/assets/css/woocommerce-smallscreen.css HTTP/1.1" 200 6981 "https://www.ensaco.es/" "Mozilla/5.0 (Windows NT 10.0; Win64; x64) AppleWebKit/537.36 (KHTML, like Gecko) Chrome/151.0.0.0 Safari/537.36"
37.14.124.248 - - [02/Aug/2026:20:37:30 +0200] "GET /wp-content/smush-webp/2019/12/hoja-azul-100x100.png.webp HTTP/1.1" 200 6970 "https://www.ensaco.es/" "Mozilla/5.0 (Windows NT 10.0; Win64; x64) AppleWebKit/537.36 (KHTML, like Gecko) Chrome/151.0.0.0 Safari/537.36"
66.249.64.43 - - [02/Aug/2026:20:37:30 +0200] "GET /politica-de-privacidad/ HTTP/1.1" 500 301645 "-" "Mozilla/5.0 (Linux; Android 6.0.1; Nexus 5X Build/MMB29P) AppleWebKit/537.36 (KHTML, like Gecko) Chrome/150.0.7871.186 Mobile Safari/537.36 (compatible; Googlebot/2.1; +http://www.google.com/bot.html)"
34.196.51.17 - - [02/Aug/2026:20:37:31 +0200] "HEAD / HTTP/1.1" 200 7073 "https://www.ensaco.es/" "WPMUDEV Uptime Monitor 5.0 (https://wpmudev.com)"
84.236.228.59 - - [02/Aug/2026:20:37:40 +0200] "POST /wp-cron.php?doing_wp_cron=1785695859.8749589920043945312500 HTTP/1.1" 200 6900 "-" "WordPress/7.0.2; https://www.ensaco.es"
37.14.124.248 - - [02/Aug/2026:20:37:33 +0200] "GET /solucion/viviendas-colectivas/ HTTP/1.1" 500 268147 "https://www.ensaco.es/" "Mozilla/5.0 (Windows NT 10.0; Win64; x64) AppleWebKit/537.36 (KHTML, like Gecko) Chrome/151.0.0.0 Safari/537.36"
84.236.228.59 - - [02/Aug/2026:20:39:35 +0200] "POST /wp-cron.php?doing_wp_cron=1785695974.9716560840606689453125 HTTP/1.1" 200 6900 "-" "WordPress/7.0.2; https://www.ensaco.es"
34.196.51.17 - - [02/Aug/2026:20:39:32 +0200] "HEAD / HTTP/1.1" 200 7073 "https://www.ensaco.es/" "WPMUDEV Uptime Monitor 5.0 (https://wpmudev.com)"
84.236.228.59 - - [02/Aug/2026:20:41:37 +0200] "POST /wp-cron.php?doing_wp_cron=1785696097.7066450119018554687500 HTTP/1.1" 200 6900 "-" "WordPress/7.0.2; https://www.ensaco.es"
34.196.51.17 - - [02/Aug/2026:20:41:34 +0200] "HEAD / HTTP/1.1" 200 7073 "https://www.ensaco.es/" "WPMUDEV Uptime Monitor 5.0 (https://wpmudev.com)"
84.236.228.59 - - [02/Aug/2026:20:43:36 +0200] "POST /wp-cron.php?doing_wp_cron=1785696216.3846609592437744140625 HTTP/1.1" 200 6900 "-" "WordPress/7.0.2; https://www.ensaco.es"
34.196.51.17 - - [02/Aug/2026:20:43:33 +0200] "HEAD / HTTP/1.1" 200 7073 "https://www.ensaco.es/" "WPMUDEV Uptime Monitor 5.0 (https://wpmudev.com)"
84.236.228.59 - - [02/Aug/2026:20:45:36 +0200] "POST /wp-cron.php?doing_wp_cron=1785696336.4363479614257812500000 HTTP/1.1" 200 6900 "-" "WordPress/7.0.2; https://www.ensaco.es"
34.196.51.17 - - [02/Aug/2026:20:45:33 +0200] "HEAD / HTTP/1.1" 200 7073 "https://www.ensaco.es/" "WPMUDEV Uptime Monitor 5.0 (https://wpmudev.com)"
84.236.228.59 - - [02/Aug/2026:20:47:34 +0200] "POST /wp-cron.php?doing_wp_cron=1785696454.6122179031372070312500 HTTP/1.1" 200 6900 "-" "WordPress/7.0.2; https://www.ensaco.es"
34.196.51.17 - - [02/Aug/2026:20:47:31 +0200] "HEAD / HTTP/1.1" 200 7073 "https://www.ensaco.es/" "WPMUDEV Uptime Monitor 5.0 (https://wpmudev.com)"
17.241.227.134 - - [02/Aug/2026:20:48:10 +0200] "GET /wp-json/oembed/1.0/embed?url=https%3A%2F%2Fwww.ensaco.es%2Fcasa-autosuficiente%2F HTTP/1.1" 200 9850 "-" "Mozilla/5.0 (Macintosh; Intel Mac OS X 10_15_7) AppleWebKit/605.1.15 (KHTML, like Gecko) Version/17.4 Safari/605.1.15 (Applebot/0.1; +http://www.apple.com/go/applebot)"
84.236.228.59 - - [02/Aug/2026:20:49:36 +0200] "POST /wp-cron.php?doing_wp_cron=1785696576.2871909141540527343750 HTTP/1.1" 200 6900 "-" "WordPress/7.0.2; https://www.ensaco.es"
34.196.51.17 - - [02/Aug/2026:20:49:33 +0200] "HEAD / HTTP/1.1" 200 7073 "https://www.ensaco.es/" "WPMUDEV Uptime Monitor 5.0 (https://wpmudev.com)"
87.250.224.234 - - [02/Aug/2026:20:49:52 +0200] "GET /category/eficiencia-energetica/feed/ HTTP/1.1" 200 24339 "-" "Mozilla/5.0 (compatible; YandexBot/3.0; +http://yandex.com/bots)"
17.22.253.139 - - [02/Aug/2026:20:50:11 +0200] "GET /wp-json/oembed/1.0/embed?url=https%3A%2F%2Fwww.ensaco.es%2Fturismo-ecologico-biomasa-casas-rurales%2F HTTP/1.1" 200 9911 "-" "Mozilla/5.0 (Macintosh; Intel Mac OS X 10_15_7) AppleWebKit/605.1.15 (KHTML, like Gecko) Version/17.4 Safari/605.1.15 (Applebot/0.1; +http://www.apple.com/go/applebot)"
84.236.228.59 - - [02/Aug/2026:20:51:38 +0200] "POST /wp-cron.php?doing_wp_cron=1785696698.4257400035858154296875 HTTP/1.1" 200 6900 "-" "WordPress/7.0.2; https://www.ensaco.es"
34.196.51.17 - - [02/Aug/2026:20:51:35 +0200] "HEAD / HTTP/1.1" 200 7073 "https://www.ensaco.es/" "WPMUDEV Uptime Monitor 5.0 (https://wpmudev.com)"
84.236.228.59 - - [02/Aug/2026:20:52:54 +0200] "POST /wp-cron.php?doing_wp_cron=1785696774.0363171100616455078125 HTTP/1.1" 200 6900 "-" "WordPress/7.0.2; https://www.ensaco.es"
216.244.66.250 - - [02/Aug/2026:20:52:51 +0200] "GET /robots.txt HTTP/1.1" 301 6964 "-" "Mozilla/5.0 (compatible; DotBot/1.2; +https://opensiteexplorer.org/dotbot; help@moz.com)"
84.236.228.59 - - [02/Aug/2026:20:53:36 +0200] "POST /wp-cron.php?doing_wp_cron=1785696816.3956739902496337890625 HTTP/1.1" 200 6900 "-" "WordPress/7.0.2; https://www.ensaco.es"
34.196.51.17 - - [02/Aug/2026:20:53:33 +0200] "HEAD / HTTP/1.1" 200 7073 "https://www.ensaco.es/" "WPMUDEV Uptime Monitor 5.0 (https://wpmudev.com)"
84.236.228.59 - - [02/Aug/2026:20:55:09 +0200] "POST /wp-cron.php?doing_wp_cron=1785696909.7843649387359619140625 HTTP/1.1" 200 6900 "-" "WordPress/7.0.2; https://www.ensaco.es"
170.231.129.48 - - [02/Aug/2026:20:55:06 +0200] "GET / HTTP/1.1" 301 6954 "https://ensaco.es/" "Mozilla/5.0 (Macintosh; Intel Mac OS X 14_0) AppleWebKit/605.1.15 (KHTML, like Gecko) Version/17.0 Safari/605.1.15"
42.116.196.183 - - [02/Aug/2026:20:55:13 +0200] "GET / HTTP/1.1" 500 268242 "https://ensaco.es/" "Mozilla/5.0 (Macintosh; Intel Mac OS X 14_0) AppleWebKit/605.1.15 (KHTML, like Gecko) Version/17.0 Safari/605.1.15"
84.236.228.59 - - [02/Aug/2026:20:55:38 +0200] "POST /wp-cron.php?doing_wp_cron=1785696937.9692881107330322265625 HTTP/1.1" 200 6900 "-" "WordPress/7.0.2; https://www.ensaco.es"
34.196.51.17 - - [02/Aug/2026:20:55:35 +0200] "HEAD / HTTP/1.1" 200 7073 "https://www.ensaco.es/" "WPMUDEV Uptime Monitor 5.0 (https://wpmudev.com)"
84.236.228.59 - - [02/Aug/2026:20:57:37 +0200] "POST /wp-cron.php?doing_wp_cron=1785697057.5287671089172363281250 HTTP/1.1" 200 6900 "-" "WordPress/7.0.2; https://www.ensaco.es"
34.196.51.17 - - [02/Aug/2026:20:57:34 +0200] "HEAD / HTTP/1.1" 200 7073 "https://www.ensaco.es/" "WPMUDEV Uptime Monitor 5.0 (https://wpmudev.com)"
84.236.228.59 - - [02/Aug/2026:20:59:34 +0200] "POST /wp-cron.php?doing_wp_cron=1785697173.9930710792541503906250 HTTP/1.1" 200 6900 "-" "WordPress/7.0.2; https://www.ensaco.es"
34.196.51.17 - - [02/Aug/2026:20:59:31 +0200] "HEAD / HTTP/1.1" 200 7073 "https://www.ensaco.es/" "WPMUDEV Uptime Monitor 5.0 (https://wpmudev.com)"
84.236.228.59 - - [02/Aug/2026:20:59:59 +0200] "POST /wp-cron.php?doing_wp_cron=1785697199.2908871173858642578125 HTTP/1.1" 200 6900 "-" "WordPress/7.0.2; https://www.ensaco.es"
66.249.64.45 - - [02/Aug/2026:20:59:55 +0200] "GET /que-es-la-simulacion-de-presencia/ HTTP/1.1" 500 309832 "-" "Mozilla/5.0 (Linux; Android 6.0.1; Nexus 5X Build/MMB29P) AppleWebKit/537.36 (KHTML, like Gecko) Chrome/150.0.7871.186 Mobile Safari/537.36 (compatible; Googlebot/2.1; +http://www.google.com/bot.html)"
84.236.228.59 - - [02/Aug/2026:21:01:36 +0200] "POST /wp-cron.php?doing_wp_cron=1785697296.1995179653167724609375 HTTP/1.1" 200 6900 "-" "WordPress/7.0.2; https://www.ensaco.es"
34.196.51.17 - - [02/Aug/2026:21:01:33 +0200] "HEAD / HTTP/1.1" 200 7073 "https://www.ensaco.es/" "WPMUDEV Uptime Monitor 5.0 (https://wpmudev.com)"
34.104.239.247 - - [02/Aug/2026:21:02:15 +0200] "GET /wp-content/smush-webp/2024/01/tedee-600x400.jpg.webp HTTP/1.1" 200 6966 "-" "Python-urllib/3.12"
84.236.228.59 - - [02/Aug/2026:21:03:25 +0200] "POST /wp-cron.php?doing_wp_cron=1785697405.8252210617065429687500 HTTP/1.1" 200 6900 "-" "WordPress/7.0.2; https://www.ensaco.es"
52.139.3.76 - - [02/Aug/2026:21:03:22 +0200] "GET / HTTP/1.1" 301 6954 "-" "Mozilla/5.0 (X11; Linux x86_64) AppleWebKit/537.36 (KHTML, like Gecko) Chrome/122.0.0.0 Safari/537.36"
52.139.3.76 - - [02/Aug/2026:21:03:26 +0200] "GET / HTTP/1.1" 500 268248 "-" "Mozilla/5.0 (X11; Linux x86_64) AppleWebKit/537.36 (KHTML, like Gecko) Chrome/122.0.0.0 Safari/537.36"
84.236.228.59 - - [02/Aug/2026:21:03:37 +0200] "POST /wp-cron.php?doing_wp_cron=1785697417.5876960754394531250000 HTTP/1.1" 200 6900 "-" "WordPress/7.0.2; https://www.ensaco.es"
34.196.51.17 - - [02/Aug/2026:21:03:35 +0200] "HEAD / HTTP/1.1" 200 7073 "https://www.ensaco.es/" "WPMUDEV Uptime Monitor 5.0 (https://wpmudev.com)"
84.236.228.59 - - [02/Aug/2026:21:05:24 +0200] "POST /wp-cron.php?doing_wp_cron=1785697523.8700969219207763671875 HTTP/1.1" 200 6900 "-" "WordPress/7.0.2; https://www.ensaco.es"
66.249.64.44 - - [02/Aug/2026:21:05:20 +0200] "GET /eficiencia-energetica-en-viviendas-ayudas-y-ahorro-en-2025/ HTTP/1.1" 500 310432 "-" "Mozilla/5.0 (Linux; Android 6.0.1; Nexus 5X Build/MMB29P) AppleWebKit/537.36 (KHTML, like Gecko) Chrome/150.0.7871.186 Mobile Safari/537.36 (compatible; Googlebot/2.1; +http://www.google.com/bot.html)"
84.236.228.59 - - [02/Aug/2026:21:05:36 +0200] "POST /wp-cron.php?doing_wp_cron=1785697536.1137509346008300781250 HTTP/1.1" 200 6900 "-" "WordPress/7.0.2; https://www.ensaco.es"
34.196.51.17 - - [02/Aug/2026:21:05:33 +0200] "HEAD / HTTP/1.1" 200 7073 "https://www.ensaco.es/" "WPMUDEV Uptime Monitor 5.0 (https://wpmudev.com)"
84.236.228.59 - - [02/Aug/2026:21:07:39 +0200] "POST /wp-cron.php?doing_wp_cron=1785697659.8463709354400634765625 HTTP/1.1" 200 6900 "-" "WordPress/7.0.2; https://www.ensaco.es"
34.196.51.17 - - [02/Aug/2026:21:07:37 +0200] "HEAD / HTTP/1.1" 200 7073 "https://www.ensaco.es/" "WPMUDEV Uptime Monitor 5.0 (https://wpmudev.com)"
84.236.228.59 - - [02/Aug/2026:21:09:03 +0200] "POST /wp-cron.php?doing_wp_cron=1785697743.2833330631256103515625 HTTP/1.1" 200 6900 "-" "WordPress/7.0.2; https://www.ensaco.es"
17.241.75.47 - - [02/Aug/2026:21:08:59 +0200] "GET /wp-json/wp/v2/posts/4145 HTTP/1.1" 200 27927 "-" "Mozilla/5.0 (Macintosh; Intel Mac OS X 10_15_7) AppleWebKit/605.1.15 (KHTML, like Gecko) Version/17.4 Safari/605.1.15 (Applebot/0.1; +http://www.apple.com/go/applebot)"
84.236.228.59 - - [02/Aug/2026:21:09:37 +0200] "POST /wp-cron.php?doing_wp_cron=1785697777.2585330009460449218750 HTTP/1.1" 200 6900 "-" "WordPress/7.0.2; https://www.ensaco.es"
34.196.51.17 - - [02/Aug/2026:21:09:34 +0200] "HEAD / HTTP/1.1" 200 7073 "https://www.ensaco.es/" "WPMUDEV Uptime Monitor 5.0 (https://wpmudev.com)"
66.249.64.43 - - [02/Aug/2026:21:10:24 +0200] "GET /producto/contacto-puerta-ventana-air-negro/ HTTP/1.1" 500 591768 "-" "Mozilla/5.0 (Linux; Android 6.0.1; Nexus 5X Build/MMB29P) AppleWebKit/537.36 (KHTML, like Gecko) Chrome/150.0.7871.186 Mobile Safari/537.36 (compatible; Googlebot/2.1; +http://www.google.com/bot.html)"
84.236.228.59 - - [02/Aug/2026:21:10:53 +0200] "POST /wp-cron.php?doing_wp_cron=1785697852.9652988910675048828125 HTTP/1.1" 200 6900 "-" "WordPress/7.0.2; https://www.ensaco.es"
17.22.245.27 - - [02/Aug/2026:21:10:50 +0200] "GET /wp-json/oembed/1.0/embed?url=https%3A%2F%2Fwww.ensaco.es%2Feficiencia-energetica%2F&format=xml HTTP/1.1" 200 8419 "-" "Mozilla/5.0 (Macintosh; Intel Mac OS X 10_15_7) AppleWebKit/605.1.15 (KHTML, like Gecko) Version/17.4 Safari/605.1.15 (Applebot/0.1; +http://www.apple.com/go/applebot)"
176.202.28.8 - - [02/Aug/2026:21:11:02 +0200] "GET /wp-content/uploads/bb-plugin/cache/pexels-fauxels-3183127-panorama-416a8c032a105dae28686dc9312a9ae4-6073e7b32e76e.jpg HTTP/1.1" 200 7032 "-" "Mozilla/5.0 (Windows; U; Windows NT 6.2) AppleWebKit/535.43.1 (KHTML, like Gecko) Version/4.1 Safari/535.43.1"
84.236.228.59 - - [02/Aug/2026:21:11:36 +0200] "POST /wp-cron.php?doing_wp_cron=1785697896.7450649738311767578125 HTTP/1.1" 200 6900 "-" "WordPress/7.0.2; https://www.ensaco.es"
34.196.51.17 - - [02/Aug/2026:21:11:33 +0200] "HEAD / HTTP/1.1" 200 7073 "https://www.ensaco.es/" "WPMUDEV Uptime Monitor 5.0 (https://wpmudev.com)"
84.236.228.59 - - [02/Aug/2026:21:12:43 +0200] "POST /wp-cron.php?doing_wp_cron=1785697963.2535829544067382812500 HTTP/1.1" 200 6900 "-" "WordPress/7.0.2; https://www.ensaco.es"
47.59.159.89 - - [02/Aug/2026:21:12:39 +0200] "GET /producto/servicio-de-atencion-telefonica-10-anos/ HTTP/1.1" 500 591737 "-" "Mozilla/5.0 (Windows NT 10.0; Win64; x64) AppleWebKit/537.36 (KHTML, like Gecko) Chrome/150.0.0.0 Safari/537.36"
2.137.21.57 - - [02/Aug/2026:21:12:52 +0200] "GET / HTTP/1.1" 500 268242 "-" "Mozilla/5.0 (Windows NT 10.0; Win64; x64) AppleWebKit/537.36 (KHTML, like Gecko) Chrome/150.0.0.0 Safari/537.36"
2.137.21.57 - - [02/Aug/2026:21:12:55 +0200] "GET /wp-content/plugins/woocommerce/assets/css/woocommerce-layout.css HTTP/1.1" 200 6976 "https://www.ensaco.es/" "Mozilla/5.0 (Windows NT 10.0; Win64; x64) AppleWebKit/537.36 (KHTML, like Gecko) Chrome/150.0.0.0 Safari/537.36"
2.137.21.57 - - [02/Aug/2026:21:12:55 +0200] "GET /wp-content/plugins/pago-redsys-tpv-grafreak/public/css/pago-redsys-grafreak-public.css HTTP/1.1" 200 6998 "https://www.ensaco.es/" "Mozilla/5.0 (Windows NT 10.0; Win64; x64) AppleWebKit/537.36 (KHTML, like Gecko) Chrome/150.0.0.0 Safari/537.36"
2.137.21.57 - - [02/Aug/2026:21:12:56 +0200] "GET /wp-content/plugins/cookie-law-info/legacy/public/css/cookie-law-info-gdpr.css HTTP/1.1" 200 6989 "https://www.ensaco.es/" "Mozilla/5.0 (Windows NT 10.0; Win64; x64) AppleWebKit/537.36 (KHTML, like Gecko) Chrome/150.0.0.0 Safari/537.36"
2.137.21.57 - - [02/Aug/2026:21:12:55 +0200] "GET /wp-content/plugins/bb-plugin/fonts/fontawesome/5.15.4/webfonts/fa-regular-400.woff2 HTTP/1.1" 200 6997 "https://www.ensaco.es/" "Mozilla/5.0 (Windows NT 10.0; Win64; x64) AppleWebKit/537.36 (KHTML, like Gecko) Chrome/150.0.0.0 Safari/537.36"
2.137.21.57 - - [02/Aug/2026:21:12:56 +0200] "GET /wp-content/plugins/woo-product-bundle/assets/css/blocks.css HTTP/1.1" 200 6971 "https://www.ensaco.es/" "Mozilla/5.0 (Windows NT 10.0; Win64; x64) AppleWebKit/537.36 (KHTML, like Gecko) Chrome/150.0.0.0 Safari/537.36"
2.137.21.57 - - [02/Aug/2026:21:12:55 +0200] "GET /wp-content/plugins/woocommerce/assets/css/woocommerce.css HTTP/1.1" 200 6969 "https://www.ensaco.es/" "Mozilla/5.0 (Windows NT 10.0; Win64; x64) AppleWebKit/537.36 (KHTML, like Gecko) Chrome/150.0.0.0 Safari/537.36"
2.137.21.57 - - [02/Aug/2026:21:12:56 +0200] "GET /wp-content/plugins/bb-plugin/fonts/fontawesome/5.15.4/webfonts/fa-solid-900.woff2 HTTP/1.1" 200 6995 "https://www.ensaco.es/" "Mozilla/5.0 (Windows NT 10.0; Win64; x64) AppleWebKit/537.36 (KHTML, like Gecko) Chrome/150.0.0.0 Safari/537.36"
2.137.21.57 - - [02/Aug/2026:21:12:55 +0200] "GET /wp-content/plugins/cookie-law-info/legacy/public/css/cookie-law-info-public.css HTTP/1.1" 200 6991 "https://www.ensaco.es/" "Mozilla/5.0 (Windows NT 10.0; Win64; x64) AppleWebKit/537.36 (KHTML, like Gecko) Chrome/150.0.0.0 Safari/537.36"
2.137.21.57 - - [02/Aug/2026:21:12:56 +0200] "GET /wp-content/plugins/bb-plugin/fonts/fontawesome/5.15.4/css/all.min.css HTTP/1.1" 200 6981 "https://www.ensaco.es/" "Mozilla/5.0 (Windows NT 10.0; Win64; x64) AppleWebKit/537.36 (KHTML, like Gecko) Chrome/150.0.0.0 Safari/537.36"
2.137.21.57 - - [02/Aug/2026:21:12:56 +0200] "GET /wp-content/plugins/woo-product-bundle/assets/css/frontend.css HTTP/1.1" 200 6973 "https://www.ensaco.es/" "Mozilla/5.0 (Windows NT 10.0; Win64; x64) AppleWebKit/537.36 (KHTML, like Gecko) Chrome/150.0.0.0 Safari/537.36"
2.137.21.57 - - [02/Aug/2026:21:12:56 +0200] "GET /wp-content/plugins/bb-plugin/css/jquery.magnificpopup.min.css HTTP/1.1" 200 6973 "https://www.ensaco.es/" "Mozilla/5.0 (Windows NT 10.0; Win64; x64) AppleWebKit/537.36 (KHTML, like Gecko) Chrome/150.0.0.0 Safari/537.36"
2.137.21.57 - - [02/Aug/2026:21:12:56 +0200] "GET /wp-content/themes/bb-theme/css/bootstrap.min.css HTTP/1.1" 200 6960 "https://www.ensaco.es/" "Mozilla/5.0 (Windows NT 10.0; Win64; x64) AppleWebKit/537.36 (KHTML, like Gecko) Chrome/150.0.0.0 Safari/537.36"
2.137.21.57 - - [02/Aug/2026:21:12:56 +0200] "GET /wp-content/plugins/woocommerce/assets/css/woocommerce-smallscreen.css HTTP/1.1" 200 6981 "https://www.ensaco.es/" "Mozilla/5.0 (Windows NT 10.0; Win64; x64) AppleWebKit/537.36 (KHTML, like Gecko) Chrome/150.0.0.0 Safari/537.36"
2.137.21.57 - - [02/Aug/2026:21:12:56 +0200] "GET /wp-content/smush-webp/2019/12/hoja-azul-100x100.png.webp HTTP/1.1" 200 6970 "https://www.ensaco.es/" "Mozilla/5.0 (Windows NT 10.0; Win64; x64) AppleWebKit/537.36 (KHTML, like Gecko) Chrome/150.0.0.0 Safari/537.36"
2.137.21.57 - - [02/Aug/2026:21:13:00 +0200] "GET /producto/servicio-de-atencion-telefonica-10-anos/ HTTP/1.1" 500 591722 "-" "Mozilla/5.0 (Windows NT 10.0; Win64; x64) AppleWebKit/537.36 (KHTML, like Gecko) Chrome/150.0.0.0 Safari/537.36"
2.137.21.57 - - [02/Aug/2026:21:13:04 +0200] "GET /wp-content/uploads/2024/03/CALL10.png HTTP/1.1" 200 6951 "https://www.ensaco.es/producto/servicio-de-atencion-telefonica-10-anos/" "Mozilla/5.0 (Windows NT 10.0; Win64; x64) AppleWebKit/537.36 (KHTML, like Gecko) Chrome/150.0.0.0 Safari/537.36"
2.137.21.57 - - [02/Aug/2026:21:13:04 +0200] "GET /wp-content/plugins/bb-plugin/fonts/fontawesome/5.15.4/webfonts/fa-brands-400.woff2 HTTP/1.1" 200 6996 "https://www.ensaco.es/producto/servicio-de-atencion-telefonica-10-anos/" "Mozilla/5.0 (Windows NT 10.0; Win64; x64) AppleWebKit/537.36 (KHTML, like Gecko) Chrome/150.0.0.0 Safari/537.36"
2.137.21.57 - - [02/Aug/2026:21:13:04 +0200] "GET /wp-content/plugins/woocommerce/assets/fonts/WooCommerce.woff2 HTTP/1.1" 200 6975 "https://www.ensaco.es/producto/servicio-de-atencion-telefonica-10-anos/" "Mozilla/5.0 (Windows NT 10.0; Win64; x64) AppleWebKit/537.36 (KHTML, like Gecko) Chrome/150.0.0.0 Safari/537.36"
40.77.167.30 - - [02/Aug/2026:21:13:32 +0200] "GET /wp-content/uploads/2020/06/control-de-la-ventilacion2-768x511.jpg HTTP/1.1" 200 6980 "-" "Mozilla/5.0 AppleWebKit/537.36 (KHTML, like Gecko; compatible; bingbot/2.0; +http://www.bing.com/bingbot.htm) Chrome/116.0.1938.76 Safari/537.36"
84.236.228.59 - - [02/Aug/2026:21:13:35 +0200] "POST /wp-cron.php?doing_wp_cron=1785698015.1295950412750244140625 HTTP/1.1" 200 6900 "-" "WordPress/7.0.2; https://www.ensaco.es"
34.196.51.17 - - [02/Aug/2026:21:13:32 +0200] "HEAD / HTTP/1.1" 200 7073 "https://www.ensaco.es/" "WPMUDEV Uptime Monitor 5.0 (https://wpmudev.com)"
178.63.63.253 - - [02/Aug/2026:21:13:42 +0200] "GET / HTTP/1.1" 301 6954 "-" "Mozilla/5.0 (Windows NT 10.0; Win64; x64) AppleWebKit/537.36 (KHTML, like Gecko) Chrome/149.0.0.0 Safari/537.36"
178.63.63.253 - - [02/Aug/2026:21:13:45 +0200] "GET / HTTP/1.1" 500 268242 "-" "Mozilla/5.0 (Windows NT 10.0; Win64; x64) AppleWebKit/537.36 (KHTML, like Gecko) Chrome/149.0.0.0 Safari/537.36"
178.63.63.253 - - [02/Aug/2026:21:13:48 +0200] "GET / HTTP/1.1" 500 268248 "-" "Mozilla/5.0 (Windows NT 10.0; Win64; x64) AppleWebKit/537.36 (KHTML, like Gecko) Chrome/149.0.0.0 Safari/537.36"
178.63.63.253 - - [02/Aug/2026:21:13:52 +0200] "GET / HTTP/1.1" 301 6954 "-" "Mozilla/5.0 (Windows NT 10.0; Win64; x64) AppleWebKit/537.36 (KHTML, like Gecko) Chrome/149.0.0.0 Safari/537.36"
178.63.63.253 - - [02/Aug/2026:21:13:54 +0200] "GET / HTTP/1.1" 500 268242 "-" "Mozilla/5.0 (Windows NT 10.0; Win64; x64) AppleWebKit/537.36 (KHTML, like Gecko) Chrome/149.0.0.0 Safari/537.36"
178.63.63.253 - - [02/Aug/2026:21:13:58 +0200] "GET / HTTP/1.1" 500 268248 "-" "Mozilla/5.0 (Windows NT 10.0; Win64; x64) AppleWebKit/537.36 (KHTML, like Gecko) Chrome/149.0.0.0 Safari/537.36"
178.63.63.253 - - [02/Aug/2026:21:14:03 +0200] "GET /blog-ensaco/ HTTP/1.1" 500 317189 "-" "Mozilla/5.0 (Windows NT 10.0; Win64; x64) AppleWebKit/537.36 (KHTML, like Gecko) Chrome/149.0.0.0 Safari/537.36"
84.236.228.59 - - [02/Aug/2026:21:15:35 +0200] "POST /wp-cron.php?doing_wp_cron=1785698135.5096619129180908203125 HTTP/1.1" 200 6900 "-" "WordPress/7.0.2; https://www.ensaco.es"
34.196.51.17 - - [02/Aug/2026:21:15:32 +0200] "HEAD / HTTP/1.1" 200 7073 "https://www.ensaco.es/" "WPMUDEV Uptime Monitor 5.0 (https://wpmudev.com)"
84.236.228.59 - - [02/Aug/2026:21:16:41 +0200] "POST /wp-cron.php?doing_wp_cron=1785698200.9866919517517089843750 HTTP/1.1" 200 6900 "-" "WordPress/7.0.2; https://www.ensaco.es"
78.47.52.154 - - [02/Aug/2026:21:16:38 +0200] "GET /robots.txt HTTP/1.1" 200 7240 "-" "Mozilla/5.0 (compatible; um-FC/1.0; https://www.ubermetrics-technologies.com/; Windows NT 6.1; WOW64; rv:125.0) Gecko/20100101 Firefox/125.1"
78.47.52.154 - - [02/Aug/2026:21:16:41 +0200] "GET /feed/ HTTP/1.1" 200 93525 "-" "Mozilla/5.0 (compatible; um-IC/1.0; https://www.ubermetrics-technologies.com/; Windows NT 6.1; WOW64; rv:125.0) Gecko/20100101 Firefox/125.1"
84.236.228.59 - - [02/Aug/2026:21:17:38 +0200] "POST /wp-cron.php?doing_wp_cron=1785698258.3705129623413085937500 HTTP/1.1" 200 6900 "-" "WordPress/7.0.2; https://www.ensaco.es"
34.196.51.17 - - [02/Aug/2026:21:17:35 +0200] "HEAD / HTTP/1.1" 200 7073 "https://www.ensaco.es/" "WPMUDEV Uptime Monitor 5.0 (https://wpmudev.com)"
84.236.228.59 - - [02/Aug/2026:21:17:40 +0200] "POST /wp-admin/admin-ajax.php HTTP/1.1" 200 7173 "-" "WordPress/7.0.2; https://www.ensaco.es"
84.236.228.59 - - [02/Aug/2026:21:19:36 +0200] "POST /wp-cron.php?doing_wp_cron=1785698375.8431160449981689453125 HTTP/1.1" 200 6900 "-" "WordPress/7.0.2; https://www.ensaco.es"
34.196.51.17 - - [02/Aug/2026:21:19:32 +0200] "HEAD / HTTP/1.1" 200 7073 "https://www.ensaco.es/" "WPMUDEV Uptime Monitor 5.0 (https://wpmudev.com)"
66.249.64.44 - - [02/Aug/2026:21:21:03 +0200] "GET /consultoria/workplace-1245776_640/ HTTP/1.1" 301 7275 "-" "Mozilla/5.0 (Linux; Android 6.0.1; Nexus 5X Build/MMB29P) AppleWebKit/537.36 (KHTML, like Gecko) Chrome/150.0.7871.186 Mobile Safari/537.36 (compatible; Googlebot/2.1; +http://www.google.com/bot.html)"
84.236.228.59 - - [02/Aug/2026:21:21:07 +0200] "POST /wp-cron.php?doing_wp_cron=1785698467.7928769588470458984375 HTTP/1.1" 200 6900 "-" "WordPress/7.0.2; https://www.ensaco.es"
66.249.64.44 - - [02/Aug/2026:21:21:04 +0200] "GET /consultoria-energetica-y-analitica-de-negocio/workplace-1245776_640/ HTTP/1.1" 301 7006 "-" "Mozilla/5.0 (Linux; Android 6.0.1; Nexus 5X Build/MMB29P) AppleWebKit/537.36 (KHTML, like Gecko) Chrome/150.0.7871.186 Mobile Safari/537.36 (compatible; Googlebot/2.1; +http://www.google.com/bot.html)"
66.249.64.43 - - [02/Aug/2026:21:21:08 +0200] "GET /wp-content/uploads/2017/09/workplace-1245776_640.jpg HTTP/1.1" 200 6967 "-" "Mozilla/5.0 (Linux; Android 6.0.1; Nexus 5X Build/MMB29P) AppleWebKit/537.36 (KHTML, like Gecko) Chrome/150.0.7871.186 Mobile Safari/537.36 (compatible; Googlebot/2.1; +http://www.google.com/bot.html)"
84.236.228.59 - - [02/Aug/2026:21:21:36 +0200] "POST /wp-cron.php?doing_wp_cron=1785698496.7221739292144775390625 HTTP/1.1" 200 6900 "-" "WordPress/7.0.2; https://www.ensaco.es"
34.196.51.17 - - [02/Aug/2026:21:21:34 +0200] "HEAD / HTTP/1.1" 200 7073 "https://www.ensaco.es/" "WPMUDEV Uptime Monitor 5.0 (https://wpmudev.com)"
84.236.228.59 - - [02/Aug/2026:21:22:36 +0200] "POST /wp-cron.php?doing_wp_cron=1785698556.5025980472564697265625 HTTP/1.1" 200 6900 "-" "WordPress/7.0.2; https://www.ensaco.es"
