84.236.228.59 - - [02/Aug/2026:14:21:31 +0200] "POST /wp-cron.php?doing_wp_cron=1785673291.1118459701538085937500 HTTP/1.1" 200 6900 "-" "WordPress/7.0.2; https://www.ensaco.es"
34.196.51.17 - - [02/Aug/2026:14:21:25 +0200] "HEAD / HTTP/1.1" 200 7073 "https://www.ensaco.es/" "WPMUDEV Uptime Monitor 5.0 (https://wpmudev.com)"
66.249.64.44 - - [02/Aug/2026:14:21:28 +0200] "GET /actur/ HTTP/1.1" 500 299640 "-" "Mozilla/5.0 (Linux; Android 6.0.1; Nexus 5X Build/MMB29P) AppleWebKit/537.36 (KHTML, like Gecko) Chrome/150.0.7871.186 Mobile Safari/537.36 (compatible; Googlebot/2.1; +http://www.google.com/bot.html)"
176.89.0.159 - - [02/Aug/2026:14:22:05 +0200] "GET / HTTP/1.1" 500 268242 "-" "Mozilla/5.0 (iPhone; CPU iPhone OS 26_5_2 like Mac OS X) AppleWebKit/605.1.15 (KHTML, like Gecko) CriOS/151.0.7922.25 Mobile/15E148 Safari/604.1"
176.89.0.159 - - [02/Aug/2026:14:22:10 +0200] "GET /wp-content/plugins/woo-product-bundle/assets/css/blocks.css HTTP/1.1" 200 6971 "https://www.ensaco.es/" "Mozilla/5.0 (iPhone; CPU iPhone OS 26_5_2 like Mac OS X) AppleWebKit/605.1.15 (KHTML, like Gecko) CriOS/151.0.7922.25 Mobile/15E148 Safari/604.1"
176.89.0.159 - - [02/Aug/2026:14:22:10 +0200] "GET /wp-content/plugins/cookie-law-info/legacy/public/css/cookie-law-info-public.css HTTP/1.1" 200 6991 "https://www.ensaco.es/" "Mozilla/5.0 (iPhone; CPU iPhone OS 26_5_2 like Mac OS X) AppleWebKit/605.1.15 (KHTML, like Gecko) CriOS/151.0.7922.25 Mobile/15E148 Safari/604.1"
176.89.0.159 - - [02/Aug/2026:14:22:10 +0200] "GET /wp-content/plugins/bb-plugin/fonts/fontawesome/5.15.4/webfonts/fa-regular-400.woff2 HTTP/1.1" 200 6997 "https://www.ensaco.es/" "Mozilla/5.0 (iPhone; CPU iPhone OS 26_5_2 like Mac OS X) AppleWebKit/605.1.15 (KHTML, like Gecko) CriOS/151.0.7922.25 Mobile/15E148 Safari/604.1"
176.89.0.159 - - [02/Aug/2026:14:22:10 +0200] "GET /wp-content/plugins/bb-plugin/fonts/fontawesome/5.15.4/webfonts/fa-solid-900.woff2 HTTP/1.1" 200 6995 "https://www.ensaco.es/" "Mozilla/5.0 (iPhone; CPU iPhone OS 26_5_2 like Mac OS X) AppleWebKit/605.1.15 (KHTML, like Gecko) CriOS/151.0.7922.25 Mobile/15E148 Safari/604.1"
176.89.0.159 - - [02/Aug/2026:14:22:10 +0200] "GET /wp-content/plugins/pago-redsys-tpv-grafreak/public/css/pago-redsys-grafreak-public.css HTTP/1.1" 200 6998 "https://www.ensaco.es/" "Mozilla/5.0 (iPhone; CPU iPhone OS 26_5_2 like Mac OS X) AppleWebKit/605.1.15 (KHTML, like Gecko) CriOS/151.0.7922.25 Mobile/15E148 Safari/604.1"
176.89.0.159 - - [02/Aug/2026:14:22:10 +0200] "GET /wp-content/plugins/cookie-law-info/legacy/public/css/cookie-law-info-gdpr.css HTTP/1.1" 200 6989 "https://www.ensaco.es/" "Mozilla/5.0 (iPhone; CPU iPhone OS 26_5_2 like Mac OS X) AppleWebKit/605.1.15 (KHTML, like Gecko) CriOS/151.0.7922.25 Mobile/15E148 Safari/604.1"
176.89.0.159 - - [02/Aug/2026:14:22:10 +0200] "GET /wp-content/plugins/woocommerce/assets/css/woocommerce.css HTTP/1.1" 200 6969 "https://www.ensaco.es/" "Mozilla/5.0 (iPhone; CPU iPhone OS 26_5_2 like Mac OS X) AppleWebKit/605.1.15 (KHTML, like Gecko) CriOS/151.0.7922.25 Mobile/15E148 Safari/604.1"
176.89.0.159 - - [02/Aug/2026:14:22:10 +0200] "GET /wp-content/plugins/woocommerce/assets/css/woocommerce-smallscreen.css HTTP/1.1" 200 6981 "https://www.ensaco.es/" "Mozilla/5.0 (iPhone; CPU iPhone OS 26_5_2 like Mac OS X) AppleWebKit/605.1.15 (KHTML, like Gecko) CriOS/151.0.7922.25 Mobile/15E148 Safari/604.1"
176.89.0.159 - - [02/Aug/2026:14:22:10 +0200] "GET /wp-content/plugins/woocommerce/assets/css/woocommerce-layout.css HTTP/1.1" 200 6976 "https://www.ensaco.es/" "Mozilla/5.0 (iPhone; CPU iPhone OS 26_5_2 like Mac OS X) AppleWebKit/605.1.15 (KHTML, like Gecko) CriOS/151.0.7922.25 Mobile/15E148 Safari/604.1"
176.89.0.159 - - [02/Aug/2026:14:22:10 +0200] "GET /wp-content/plugins/bb-plugin/fonts/fontawesome/5.15.4/css/all.min.css HTTP/1.1" 200 6981 "https://www.ensaco.es/" "Mozilla/5.0 (iPhone; CPU iPhone OS 26_5_2 like Mac OS X) AppleWebKit/605.1.15 (KHTML, like Gecko) CriOS/151.0.7922.25 Mobile/15E148 Safari/604.1"
176.89.0.159 - - [02/Aug/2026:14:22:10 +0200] "GET /wp-content/plugins/bb-plugin/css/jquery.magnificpopup.min.css HTTP/1.1" 200 6973 "https://www.ensaco.es/" "Mozilla/5.0 (iPhone; CPU iPhone OS 26_5_2 like Mac OS X) AppleWebKit/605.1.15 (KHTML, like Gecko) CriOS/151.0.7922.25 Mobile/15E148 Safari/604.1"
176.89.0.159 - - [02/Aug/2026:14:22:10 +0200] "GET /wp-content/themes/bb-theme/css/bootstrap.min.css HTTP/1.1" 200 6960 "https://www.ensaco.es/" "Mozilla/5.0 (iPhone; CPU iPhone OS 26_5_2 like Mac OS X) AppleWebKit/605.1.15 (KHTML, like Gecko) CriOS/151.0.7922.25 Mobile/15E148 Safari/604.1"
176.89.0.159 - - [02/Aug/2026:14:22:10 +0200] "GET /wp-content/plugins/woo-product-bundle/assets/css/frontend.css HTTP/1.1" 200 6973 "https://www.ensaco.es/" "Mozilla/5.0 (iPhone; CPU iPhone OS 26_5_2 like Mac OS X) AppleWebKit/605.1.15 (KHTML, like Gecko) CriOS/151.0.7922.25 Mobile/15E148 Safari/604.1"
176.89.0.159 - - [02/Aug/2026:14:22:10 +0200] "GET /favicon.ico HTTP/1.1" 302 7056 "-" "Mozilla/5.0 (iPhone; CPU iPhone OS 26_5_2 like Mac OS X) AppleWebKit/605.1.15 (KHTML, like Gecko) CriOS/151.0.7922.25 Mobile/15E148 Safari/604.1"
176.89.0.159 - - [02/Aug/2026:14:22:13 +0200] "GET /wp-content/uploads/2019/12/hoja-azul-100x100.png HTTP/1.1" 200 6962 "-" "Mozilla/5.0 (iPhone; CPU iPhone OS 26_5_2 like Mac OS X) AppleWebKit/605.1.15 (KHTML, like Gecko) CriOS/151.0.7922.25 Mobile/15E148 Safari/604.1"
160.224.116.120 - - [02/Aug/2026:14:23:11 +0200] "GET /wp-content/uploads/2021/03/Fotos-de-stock-1.png HTTP/1.1" 200 6961 "https://www.ensaco.es/ventanas-passivhaus-que-debes-saber-sobre-ellas/" "Mozilla/5.0 (Macintosh; Intel Mac OS X 10_15_7) AppleWebKit/537.36 (KHTML, like Gecko) Chrome/130.0.0.0 Safari/537.36"
84.236.228.59 - - [02/Aug/2026:14:23:26 +0200] "POST /wp-cron.php?doing_wp_cron=1785673406.6192939281463623046875 HTTP/1.1" 200 6900 "-" "WordPress/7.0.2; https://www.ensaco.es"
34.196.51.17 - - [02/Aug/2026:14:23:23 +0200] "HEAD / HTTP/1.1" 200 7073 "https://www.ensaco.es/" "WPMUDEV Uptime Monitor 5.0 (https://wpmudev.com)"
84.236.228.59 - - [02/Aug/2026:14:24:36 +0200] "POST /wp-cron.php?doing_wp_cron=1785673476.6165940761566162109375 HTTP/1.1" 200 6900 "-" "WordPress/7.0.2; https://www.ensaco.es"
216.244.66.250 - - [02/Aug/2026:14:24:32 +0200] "GET /robots.txt HTTP/1.1" 200 7462 "-" "Mozilla/5.0 (compatible; DotBot/1.2; +https://opensiteexplorer.org/dotbot; help@moz.com)"
34.196.51.17 - - [02/Aug/2026:14:25:26 +0200] "HEAD / HTTP/1.1" 200 7073 "https://www.ensaco.es/" "WPMUDEV Uptime Monitor 5.0 (https://wpmudev.com)"
84.236.228.59 - - [02/Aug/2026:14:27:29 +0200] "POST /wp-cron.php?doing_wp_cron=1785673648.9213180541992187500000 HTTP/1.1" 200 6900 "-" "WordPress/7.0.2; https://www.ensaco.es"
34.196.51.17 - - [02/Aug/2026:14:27:26 +0200] "HEAD / HTTP/1.1" 200 7073 "https://www.ensaco.es/" "WPMUDEV Uptime Monitor 5.0 (https://wpmudev.com)"
142.147.142.128 - - [02/Aug/2026:14:28:59 +0200] "GET /wp-content/uploads/2024/03/QUADRAL70B.png HTTP/1.1" 200 6955 "-" "Mozilla/5.0 (compatible; crawler)"
84.236.228.59 - - [02/Aug/2026:14:29:32 +0200] "POST /wp-cron.php?doing_wp_cron=1785673772.0797090530395507812500 HTTP/1.1" 200 6900 "-" "WordPress/7.0.2; https://www.ensaco.es"
34.196.51.17 - - [02/Aug/2026:14:29:28 +0200] "HEAD / HTTP/1.1" 200 7073 "https://www.ensaco.es/" "WPMUDEV Uptime Monitor 5.0 (https://wpmudev.com)"
17.22.237.50 - - [02/Aug/2026:14:31:14 +0200] "GET /biomasa/adobestock_6066535_preview/ HTTP/1.1" 301 7233 "-" "Mozilla/5.0 (Macintosh; Intel Mac OS X 10_15_7) AppleWebKit/605.1.15 (KHTML, like Gecko) Version/17.4 Safari/605.1.15 (Applebot/0.1; +http://www.apple.com/go/applebot)"
84.236.228.59 - - [02/Aug/2026:14:31:19 +0200] "POST /wp-cron.php?doing_wp_cron=1785673878.9863789081573486328125 HTTP/1.1" 200 6900 "-" "WordPress/7.0.2; https://www.ensaco.es"
17.22.237.50 - - [02/Aug/2026:14:31:15 +0200] "GET /energias-renovables/adobestock_6066535_preview/ HTTP/1.1" 301 7012 "-" "Mozilla/5.0 (Macintosh; Intel Mac OS X 10_15_7) AppleWebKit/605.1.15 (KHTML, like Gecko) Version/17.4 Safari/605.1.15 (Applebot/0.1; +http://www.apple.com/go/applebot)"
17.22.237.50 - - [02/Aug/2026:14:31:19 +0200] "GET /wp-content/uploads/2017/09/AdobeStock_6066535_Preview.jpeg HTTP/1.1" 200 6973 "-" "Mozilla/5.0 (Macintosh; Intel Mac OS X 10_15_7) AppleWebKit/605.1.15 (KHTML, like Gecko) Version/17.4 Safari/605.1.15 (Applebot/0.1; +http://www.apple.com/go/applebot)"
84.236.228.59 - - [02/Aug/2026:14:31:38 +0200] "POST /wp-cron.php?doing_wp_cron=1785673898.6901540756225585937500 HTTP/1.1" 200 6900 "-" "WordPress/7.0.2; https://www.ensaco.es"
34.196.51.17 - - [02/Aug/2026:14:31:35 +0200] "HEAD / HTTP/1.1" 200 7073 "https://www.ensaco.es/" "WPMUDEV Uptime Monitor 5.0 (https://wpmudev.com)"
17.246.15.18 - - [02/Aug/2026:14:32:02 +0200] "GET /wp-content/uploads/2018/12/Dom%C3%B3tica-por-control-de-voz-de-Loxone2.jpg HTTP/1.1" 200 6985 "-" "Mozilla/5.0 (Macintosh; Intel Mac OS X 10_15_7) AppleWebKit/605.1.15 (KHTML, like Gecko) Version/17.4 Safari/605.1.15 (Applebot/0.1; +http://www.apple.com/go/applebot)"
34.85.4.251 - - [02/Aug/2026:14:33:07 +0200] "GET /wp-content/uploads/2022/12/sensores-domotica.jpg HTTP/1.1" 200 6963 "-" "Python-urllib/3.12"
84.236.228.59 - - [02/Aug/2026:14:33:14 +0200] "POST /wp-cron.php?doing_wp_cron=1785673994.1364159584045410156250 HTTP/1.1" 200 6900 "-" "WordPress/7.0.2; https://www.ensaco.es"
216.244.66.250 - - [02/Aug/2026:14:33:09 +0200] "GET /solucion/piscina-y-jardin/ HTTP/1.1" 500 268220 "-" "Mozilla/5.0 (compatible; DotBot/1.2; +https://opensiteexplorer.org/dotbot; help@moz.com)"
84.236.228.59 - - [02/Aug/2026:14:33:38 +0200] "POST /wp-cron.php?doing_wp_cron=1785674018.0482339859008789062500 HTTP/1.1" 200 6900 "-" "WordPress/7.0.2; https://www.ensaco.es"
34.196.51.17 - - [02/Aug/2026:14:33:35 +0200] "HEAD / HTTP/1.1" 200 7073 "https://www.ensaco.es/" "WPMUDEV Uptime Monitor 5.0 (https://wpmudev.com)"
151.244.68.173 - - [02/Aug/2026:14:34:46 +0200] "GET /wp-content/uploads/2017/10/Catalogo-EK-PLUS.pdf HTTP/1.1" 200 6966 "-" "Mozilla/5.0 (Linux; Android 6.0; Nexus 5 Build/MRA58N) AppleWebKit/537.36 (KHTML, like Gecko) Chrome/60.0.1629.1974 Mobile Safari/537.36"
84.236.228.59 - - [02/Aug/2026:14:35:36 +0200] "POST /wp-cron.php?doing_wp_cron=1785674135.9146320819854736328125 HTTP/1.1" 200 6900 "-" "WordPress/7.0.2; https://www.ensaco.es"
34.196.51.17 - - [02/Aug/2026:14:35:32 +0200] "HEAD / HTTP/1.1" 200 7073 "https://www.ensaco.es/" "WPMUDEV Uptime Monitor 5.0 (https://wpmudev.com)"
84.236.228.59 - - [02/Aug/2026:14:37:34 +0200] "POST /wp-cron.php?doing_wp_cron=1785674254.2245259284973144531250 HTTP/1.1" 200 6900 "-" "WordPress/7.0.2; https://www.ensaco.es"
34.196.51.17 - - [02/Aug/2026:14:37:30 +0200] "HEAD / HTTP/1.1" 200 7073 "https://www.ensaco.es/" "WPMUDEV Uptime Monitor 5.0 (https://wpmudev.com)"
173.252.82.34 - - [02/Aug/2026:14:38:30 +0200] "GET /wp-content/uploads/bb-plugin/cache/pexels-sevenstorm-juhaszimrus-443383-panorama-d91b635a76477e4db882e6ec85e66c7f-6073e775cf9e6.jpg HTTP/1.1" 200 7046 "-" "meta-externalagent/1.1 (+https://developers.facebook.com/docs/sharing/webmasters/crawler)"
84.236.228.59 - - [02/Aug/2026:14:39:00 +0200] "POST /wp-cron.php?doing_wp_cron=1785674340.5066750049591064453125 HTTP/1.1" 200 6900 "-" "WordPress/7.0.2; https://www.ensaco.es"
1.55.38.58 - - [02/Aug/2026:14:38:57 +0200] "GET / HTTP/1.1" 301 6954 "https://ensaco.es/" "Mozilla/5.0 (Macintosh; Intel Mac OS X 10_15_7) AppleWebKit/605.1.15 (KHTML, like Gecko) Version/17.1 Safari/605.1.15"
196.130.249.185 - - [02/Aug/2026:14:39:03 +0200] "GET / HTTP/1.1" 500 268242 "https://ensaco.es/" "Mozilla/5.0 (Macintosh; Intel Mac OS X 10_15_7) AppleWebKit/605.1.15 (KHTML, like Gecko) Version/17.1 Safari/605.1.15"
34.196.51.17 - - [02/Aug/2026:14:39:28 +0200] "HEAD / HTTP/1.1" 200 7073 "https://www.ensaco.es/" "WPMUDEV Uptime Monitor 5.0 (https://wpmudev.com)"
84.236.228.59 - - [02/Aug/2026:14:41:37 +0200] "POST /wp-cron.php?doing_wp_cron=1785674497.3695778846740722656250 HTTP/1.1" 200 6900 "-" "WordPress/7.0.2; https://www.ensaco.es"
34.196.51.17 - - [02/Aug/2026:14:41:33 +0200] "HEAD / HTTP/1.1" 200 7073 "https://www.ensaco.es/" "WPMUDEV Uptime Monitor 5.0 (https://wpmudev.com)"
196.189.224.21 - - [02/Aug/2026:14:42:25 +0200] "GET /ventajas-passivhaus/ HTTP/1.1" 500 309702 "-" "Mozilla/5.0 (Linux; Android 5.0; SM-G900P Build/LRX21T) AppleWebKit/537.36 (KHTML, like Gecko) Chrome/59.0.2415.1852 Mobile Safari/537.36"
84.236.228.59 - - [02/Aug/2026:14:42:45 +0200] "POST /wp-cron.php?doing_wp_cron=1785674565.2282319068908691406250 HTTP/1.1" 200 6900 "-" "WordPress/7.0.2; https://www.ensaco.es"
14.232.204.116 - - [02/Aug/2026:14:42:41 +0200] "GET / HTTP/1.1" 301 6954 "https://ensaco.es/" "Mozilla/5.0 (Windows NT 10.0; Win64; x64) AppleWebKit/537.36 (KHTML, like Gecko) Chrome/127.0.6533.73 Safari/537.36"
123.23.7.226 - - [02/Aug/2026:14:42:49 +0200] "GET / HTTP/1.1" 500 268242 "https://ensaco.es/" "Mozilla/5.0 (Windows NT 10.0; Win64; x64) AppleWebKit/537.36 (KHTML, like Gecko) Chrome/127.0.6533.73 Safari/537.36"
40.77.167.57 - - [02/Aug/2026:14:43:28 +0200] "GET /wp-content/uploads/2021/06/Logo_BusinessDescriptorGraphite_Centered-1-600x417.png HTTP/1.1" 200 6995 "-" "Mozilla/5.0 AppleWebKit/537.36 (KHTML, like Gecko; compatible; bingbot/2.0; +http://www.bing.com/bingbot.htm) Chrome/116.0.1938.76 Safari/537.36"
84.236.228.59 - - [02/Aug/2026:14:43:35 +0200] "POST /wp-cron.php?doing_wp_cron=1785674614.9468080997467041015625 HTTP/1.1" 200 6900 "-" "WordPress/7.0.2; https://www.ensaco.es"
34.196.51.17 - - [02/Aug/2026:14:43:32 +0200] "HEAD / HTTP/1.1" 200 7073 "https://www.ensaco.es/" "WPMUDEV Uptime Monitor 5.0 (https://wpmudev.com)"
105.120.132.103 - - [02/Aug/2026:14:45:31 +0200] "GET / HTTP/1.1" 301 6954 "https://ensaco.es/" "Mozilla/5.0 (Macintosh; Intel Mac OS X 10.15; rv:122.0) Gecko/20100101 Firefox/122.0"
84.236.228.59 - - [02/Aug/2026:14:45:37 +0200] "POST /wp-cron.php?doing_wp_cron=1785674737.2203209400177001953125 HTTP/1.1" 200 6900 "-" "WordPress/7.0.2; https://www.ensaco.es"
34.196.51.17 - - [02/Aug/2026:14:45:31 +0200] "HEAD / HTTP/1.1" 200 7073 "https://www.ensaco.es/" "WPMUDEV Uptime Monitor 5.0 (https://wpmudev.com)"
84.236.228.59 - - [02/Aug/2026:14:47:13 +0200] "POST /wp-cron.php?doing_wp_cron=1785674833.4538230895996093750000 HTTP/1.1" 200 6900 "-" "WordPress/7.0.2; https://www.ensaco.es"
216.73.217.138 - - [02/Aug/2026:14:47:10 +0200] "GET /robots.txt HTTP/1.1" 200 7240 "-" "Mozilla/5.0 AppleWebKit/537.36 (KHTML, like Gecko; compatible; ClaudeBot/1.0; +claudebot@anthropic.com)"
216.73.217.138 - - [02/Aug/2026:14:47:13 +0200] "GET /integrar-domotica-fotovoltaica/ HTTP/1.1" 500 309627 "-" "Mozilla/5.0 AppleWebKit/537.36 (KHTML, like Gecko; compatible; ClaudeBot/1.0; +claudebot@anthropic.com)"
216.73.217.138 - - [02/Aug/2026:14:47:14 +0200] "GET /sitemap_index.xml HTTP/1.1" 200 7335 "-" "Mozilla/5.0 AppleWebKit/537.36 (KHTML, like Gecko; compatible; ClaudeBot/1.0; +claudebot@anthropic.com)"
84.236.228.59 - - [02/Aug/2026:14:47:34 +0200] "POST /wp-cron.php?doing_wp_cron=1785674854.1278769969940185546875 HTTP/1.1" 200 6900 "-" "WordPress/7.0.2; https://www.ensaco.es"
34.196.51.17 - - [02/Aug/2026:14:47:31 +0200] "HEAD / HTTP/1.1" 200 7073 "https://www.ensaco.es/" "WPMUDEV Uptime Monitor 5.0 (https://wpmudev.com)"
84.236.228.59 - - [02/Aug/2026:14:48:42 +0200] "POST /wp-cron.php?doing_wp_cron=1785674922.6514060497283935546875 HTTP/1.1" 200 6900 "-" "WordPress/7.0.2; https://www.ensaco.es"
40.77.167.57 - - [02/Aug/2026:14:48:39 +0200] "GET /juega-desde-tu-movil-libertad-total-en-cada-toque-de-pantalla/ HTTP/1.1" 500 270583 "-" "Mozilla/5.0 AppleWebKit/537.36 (KHTML, like Gecko; compatible; bingbot/2.0; +http://www.bing.com/bingbot.htm) Chrome/116.0.1938.76 Safari/537.36"
84.236.228.59 - - [02/Aug/2026:14:49:36 +0200] "POST /wp-cron.php?doing_wp_cron=1785674976.1524279117584228515625 HTTP/1.1" 200 6900 "-" "WordPress/7.0.2; https://www.ensaco.es"
34.196.51.17 - - [02/Aug/2026:14:49:33 +0200] "HEAD / HTTP/1.1" 200 7073 "https://www.ensaco.es/" "WPMUDEV Uptime Monitor 5.0 (https://wpmudev.com)"
159.65.231.253 - - [02/Aug/2026:14:51:09 +0200] "GET /wp-content/uploads/bb-plugin/cache/pexels-dmitry-zvolskiy-2253643-panorama-60e54316abadd41dde81bf10d2e9b46e-607fd1863825d.jpg HTTP/1.1" 200 7040 "https://www.ensaco.es/" "Mozilla/5.0 (Windows NT 10.0; Win64; x64) AppleWebKit/537.36 (KHTML, like Gecko) Chrome/117.0.0.0 Safari/537.36"
84.236.228.59 - - [02/Aug/2026:14:51:36 +0200] "POST /wp-cron.php?doing_wp_cron=1785675095.9493811130523681640625 HTTP/1.1" 200 6900 "-" "WordPress/7.0.2; https://www.ensaco.es"
34.196.51.17 - - [02/Aug/2026:14:51:33 +0200] "HEAD / HTTP/1.1" 200 7073 "https://www.ensaco.es/" "WPMUDEV Uptime Monitor 5.0 (https://wpmudev.com)"
84.236.228.59 - - [02/Aug/2026:14:53:33 +0200] "POST /wp-cron.php?doing_wp_cron=1785675213.8360168933868408203125 HTTP/1.1" 200 6900 "-" "WordPress/7.0.2; https://www.ensaco.es"
34.196.51.17 - - [02/Aug/2026:14:53:30 +0200] "HEAD / HTTP/1.1" 200 7073 "https://www.ensaco.es/" "WPMUDEV Uptime Monitor 5.0 (https://wpmudev.com)"
84.236.228.59 - - [02/Aug/2026:14:55:34 +0200] "POST /wp-cron.php?doing_wp_cron=1785675333.9850370883941650390625 HTTP/1.1" 200 6900 "-" "WordPress/7.0.2; https://www.ensaco.es"
34.196.51.17 - - [02/Aug/2026:14:55:30 +0200] "HEAD / HTTP/1.1" 200 7073 "https://www.ensaco.es/" "WPMUDEV Uptime Monitor 5.0 (https://wpmudev.com)"
84.236.228.59 - - [02/Aug/2026:14:56:35 +0200] "POST /wp-cron.php?doing_wp_cron=1785675395.8069539070129394531250 HTTP/1.1" 200 6900 "-" "WordPress/7.0.2; https://www.ensaco.es"
17.241.75.117 - - [02/Aug/2026:14:56:33 +0200] "GET /?attachment_id=5379 HTTP/1.1" 301 7014 "-" "Mozilla/5.0 (Macintosh; Intel Mac OS X 10_15_7) AppleWebKit/605.1.15 (KHTML, like Gecko) Version/17.4 Safari/605.1.15 (Applebot/0.1; +http://www.apple.com/go/applebot)"
17.241.75.117 - - [02/Aug/2026:14:56:36 +0200] "GET /wp-content/uploads/2024/11/ph-shop-stellenantrieb-air_2x.jpg HTTP/1.1" 200 6975 "-" "Mozilla/5.0 (Macintosh; Intel Mac OS X 10_15_7) AppleWebKit/605.1.15 (KHTML, like Gecko) Version/17.4 Safari/605.1.15 (Applebot/0.1; +http://www.apple.com/go/applebot)"
84.236.228.59 - - [02/Aug/2026:14:57:34 +0200] "POST /wp-cron.php?doing_wp_cron=1785675454.8479759693145751953125 HTTP/1.1" 200 6900 "-" "WordPress/7.0.2; https://www.ensaco.es"
34.196.51.17 - - [02/Aug/2026:14:57:31 +0200] "HEAD / HTTP/1.1" 200 7073 "https://www.ensaco.es/" "WPMUDEV Uptime Monitor 5.0 (https://wpmudev.com)"
104.223.34.113 - - [02/Aug/2026:14:58:02 +0200] "GET /producto/auditoria-energetica-de-sistemas-termicos-para-comunidades/ HTTP/1.1" 500 592401 "-" "Mozilla/5.0 (Linux; Android 5.0; SM-G900P Build/LRX21T) AppleWebKit/537.36 (KHTML, like Gecko) Chrome/49.0.5574.1789 Mobile Safari/537.36"
104.223.34.113 - - [02/Aug/2026:14:58:07 +0200] "GET /wp-content/plugins/woocommerce/assets/css/photoswipe/photoswipe.min.css HTTP/1.1" 200 6983 "https://www.ensaco.es/producto/auditoria-energetica-de-sistemas-termicos-para-comunidades/" "Mozilla/5.0 (Linux; Android 5.0; SM-G900P Build/LRX21T) AppleWebKit/537.36 (KHTML, like Gecko) Chrome/49.0.5574.1789 Mobile Safari/537.36"
104.223.34.113 - - [02/Aug/2026:14:58:07 +0200] "GET /wp-content/plugins/woocommerce/assets/css/photoswipe/default-skin/default-skin.min.css HTTP/1.1" 200 6998 "https://www.ensaco.es/producto/auditoria-energetica-de-sistemas-termicos-para-comunidades/" "Mozilla/5.0 (Linux; Android 5.0; SM-G900P Build/LRX21T) AppleWebKit/537.36 (KHTML, like Gecko) Chrome/49.0.5574.1789 Mobile Safari/537.36"
84.236.228.59 - - [02/Aug/2026:14:58:54 +0200] "POST /wp-cron.php?doing_wp_cron=1785675534.3255789279937744140625 HTTP/1.1" 200 6900 "-" "WordPress/7.0.2; https://www.ensaco.es"
17.22.253.190 - - [02/Aug/2026:14:58:50 +0200] "GET /wp-json/wp/v2/pages/2847 HTTP/1.1" 200 20118 "-" "Mozilla/5.0 (Macintosh; Intel Mac OS X 10_15_7) AppleWebKit/605.1.15 (KHTML, like Gecko) Version/17.4 Safari/605.1.15 (Applebot/0.1; +http://www.apple.com/go/applebot)"
17.22.253.138 - - [02/Aug/2026:14:59:12 +0200] "GET /wp-json/oembed/1.0/embed?url=https%3A%2F%2Fwww.ensaco.es%2Filuminacion-inteligente-como-ahorrar-en-electricidad%2F HTTP/1.1" 200 10026 "-" "Mozilla/5.0 (Macintosh; Intel Mac OS X 10_15_7) AppleWebKit/605.1.15 (KHTML, like Gecko) Version/17.4 Safari/605.1.15 (Applebot/0.1; +http://www.apple.com/go/applebot)"
84.236.228.59 - - [02/Aug/2026:14:59:35 +0200] "POST /wp-cron.php?doing_wp_cron=1785675575.6185290813446044921875 HTTP/1.1" 200 6900 "-" "WordPress/7.0.2; https://www.ensaco.es"
34.196.51.17 - - [02/Aug/2026:14:59:32 +0200] "HEAD / HTTP/1.1" 200 7073 "https://www.ensaco.es/" "WPMUDEV Uptime Monitor 5.0 (https://wpmudev.com)"
186.194.157.41 - - [02/Aug/2026:14:59:42 +0200] "GET / HTTP/1.1" 301 6954 "https://ensaco.es/" "Mozilla/5.0 (X11; Ubuntu; Linux x86_64; rv:124.0) Gecko/20100101 Firefox/124.0"
104.244.230.163 - - [02/Aug/2026:14:59:48 +0200] "GET / HTTP/1.1" 500 268248 "https://ensaco.es/" "Mozilla/5.0 (X11; Ubuntu; Linux x86_64; rv:124.0) Gecko/20100101 Firefox/124.0"
84.236.228.59 - - [02/Aug/2026:15:01:40 +0200] "POST /wp-cron.php?doing_wp_cron=1785675700.1427159309387207031250 HTTP/1.1" 200 6900 "-" "WordPress/7.0.2; https://www.ensaco.es"
34.196.51.17 - - [02/Aug/2026:15:01:36 +0200] "HEAD / HTTP/1.1" 200 7073 "https://www.ensaco.es/" "WPMUDEV Uptime Monitor 5.0 (https://wpmudev.com)"
14.227.82.18 - - [02/Aug/2026:15:01:52 +0200] "GET / HTTP/1.1" 301 6954 "https://ensaco.es/" "Mozilla/5.0 (Macintosh; Intel Mac OS X 10_15_7) AppleWebKit/605.1.15 (KHTML, like Gecko) Version/17.0 Safari/605.1.15"
177.22.180.101 - - [02/Aug/2026:15:02:00 +0200] "GET / HTTP/1.1" 500 268242 "https://ensaco.es/" "Mozilla/5.0 (Macintosh; Intel Mac OS X 10_15_7) AppleWebKit/605.1.15 (KHTML, like Gecko) Version/17.0 Safari/605.1.15"
66.249.64.44 - - [02/Aug/2026:15:02:11 +0200] "GET /wp-content/uploads/bb-plugin/cache/15-Centro-219x300-landscape-ea4f3252c7842d291efc46281742232c-.jpg HTTP/1.1" 200 7015 "-" "Googlebot-Image/1.0"
84.236.228.59 - - [02/Aug/2026:15:03:28 +0200] "POST /wp-cron.php?doing_wp_cron=1785675808.7590329647064208984375 HTTP/1.1" 200 6900 "-" "WordPress/7.0.2; https://www.ensaco.es"
179.15.21.85 - - [02/Aug/2026:15:03:26 +0200] "GET / HTTP/1.1" 301 6954 "https://ensaco.es/" "Mozilla/5.0 (X11; Linux x86_64) AppleWebKit/537.36 (KHTML, like Gecko) Chrome/128.0.6613.85 Safari/537.36"
84.236.228.59 - - [02/Aug/2026:15:03:39 +0200] "POST /wp-cron.php?doing_wp_cron=1785675819.4918699264526367187500 HTTP/1.1" 200 6900 "-" "WordPress/7.0.2; https://www.ensaco.es"
34.196.51.17 - - [02/Aug/2026:15:03:35 +0200] "HEAD / HTTP/1.1" 200 7073 "https://www.ensaco.es/" "WPMUDEV Uptime Monitor 5.0 (https://wpmudev.com)"
190.104.40.175 - - [02/Aug/2026:15:03:36 +0200] "GET / HTTP/1.1" 500 268248 "https://ensaco.es/" "Mozilla/5.0 (X11; Linux x86_64) AppleWebKit/537.36 (KHTML, like Gecko) Chrome/128.0.6613.85 Safari/537.36"
68.183.138.238 - - [02/Aug/2026:15:03:41 +0200] "GET / HTTP/1.1" 500 14842 "-" "Mozilla/5.0 (Macintosh; Intel Mac OS X 10_15_7) AppleWebKit/537.36 (KHTML, like Gecko) Chrome/128.0.0.0 Safari/537.36"
52.139.3.76 - - [02/Aug/2026:15:03:52 +0200] "GET / HTTP/1.1" 301 6954 "-" "Mozilla/5.0 (X11; Linux x86_64) AppleWebKit/537.36 (KHTML, like Gecko) Chrome/122.0.0.0 Safari/537.36"
52.139.3.76 - - [02/Aug/2026:15:03:55 +0200] "GET / HTTP/1.1" 500 268242 "-" "Mozilla/5.0 (X11; Linux x86_64) AppleWebKit/537.36 (KHTML, like Gecko) Chrome/122.0.0.0 Safari/537.36"
84.236.228.59 - - [02/Aug/2026:15:05:33 +0200] "POST /wp-cron.php?doing_wp_cron=1785675932.9513878822326660156250 HTTP/1.1" 200 6900 "-" "WordPress/7.0.2; https://www.ensaco.es"
34.196.51.17 - - [02/Aug/2026:15:05:29 +0200] "HEAD / HTTP/1.1" 200 7073 "https://www.ensaco.es/" "WPMUDEV Uptime Monitor 5.0 (https://wpmudev.com)"
149.74.102.88 - - [02/Aug/2026:15:05:39 +0200] "GET /showroom-tour-virtual/ HTTP/1.1" 500 307925 "https://www.ensaco.es/casa-autosuficiente/" "Mozilla/5.0 (Windows NT 10.0; Win64; x64) AppleWebKit/537.36 (KHTML, like Gecko) Chrome/150.0.0.0 Safari/537.36"
149.74.102.88 - - [02/Aug/2026:15:05:43 +0200] "GET /wp-content/plugins/woo-product-bundle/assets/css/blocks.css HTTP/1.1" 200 6971 "https://www.ensaco.es/showroom-tour-virtual/" "Mozilla/5.0 (Windows NT 10.0; Win64; x64) AppleWebKit/537.36 (KHTML, like Gecko) Chrome/150.0.0.0 Safari/537.36"
149.74.102.88 - - [02/Aug/2026:15:05:43 +0200] "GET /wp-content/plugins/bb-plugin/fonts/fontawesome/5.15.4/css/all.min.css HTTP/1.1" 200 6981 "https://www.ensaco.es/showroom-tour-virtual/" "Mozilla/5.0 (Windows NT 10.0; Win64; x64) AppleWebKit/537.36 (KHTML, like Gecko) Chrome/150.0.0.0 Safari/537.36"
149.74.102.88 - - [02/Aug/2026:15:05:44 +0200] "GET /wp-content/plugins/cookie-law-info/legacy/public/css/cookie-law-info-public.css HTTP/1.1" 200 6991 "https://www.ensaco.es/showroom-tour-virtual/" "Mozilla/5.0 (Windows NT 10.0; Win64; x64) AppleWebKit/537.36 (KHTML, like Gecko) Chrome/150.0.0.0 Safari/537.36"
149.74.102.88 - - [02/Aug/2026:15:05:44 +0200] "GET /wp-content/plugins/cookie-law-info/legacy/public/css/cookie-law-info-gdpr.css HTTP/1.1" 200 6989 "https://www.ensaco.es/showroom-tour-virtual/" "Mozilla/5.0 (Windows NT 10.0; Win64; x64) AppleWebKit/537.36 (KHTML, like Gecko) Chrome/150.0.0.0 Safari/537.36"
149.74.102.88 - - [02/Aug/2026:15:05:44 +0200] "GET /wp-content/plugins/pago-redsys-tpv-grafreak/public/css/pago-redsys-grafreak-public.css HTTP/1.1" 200 6998 "https://www.ensaco.es/showroom-tour-virtual/" "Mozilla/5.0 (Windows NT 10.0; Win64; x64) AppleWebKit/537.36 (KHTML, like Gecko) Chrome/150.0.0.0 Safari/537.36"
149.74.102.88 - - [02/Aug/2026:15:05:44 +0200] "GET /wp-content/plugins/woocommerce/assets/css/woocommerce-layout.css HTTP/1.1" 200 6976 "https://www.ensaco.es/showroom-tour-virtual/" "Mozilla/5.0 (Windows NT 10.0; Win64; x64) AppleWebKit/537.36 (KHTML, like Gecko) Chrome/150.0.0.0 Safari/537.36"
149.74.102.88 - - [02/Aug/2026:15:05:44 +0200] "GET /wp-content/plugins/woocommerce/assets/css/woocommerce.css HTTP/1.1" 200 6969 "https://www.ensaco.es/showroom-tour-virtual/" "Mozilla/5.0 (Windows NT 10.0; Win64; x64) AppleWebKit/537.36 (KHTML, like Gecko) Chrome/150.0.0.0 Safari/537.36"
149.74.102.88 - - [02/Aug/2026:15:05:44 +0200] "GET /wp-content/plugins/woo-product-bundle/assets/css/frontend.css HTTP/1.1" 200 6973 "https://www.ensaco.es/showroom-tour-virtual/" "Mozilla/5.0 (Windows NT 10.0; Win64; x64) AppleWebKit/537.36 (KHTML, like Gecko) Chrome/150.0.0.0 Safari/537.36"
149.74.102.88 - - [02/Aug/2026:15:05:44 +0200] "GET /wp-content/themes/bb-theme/css/bootstrap.min.css HTTP/1.1" 200 6960 "https://www.ensaco.es/showroom-tour-virtual/" "Mozilla/5.0 (Windows NT 10.0; Win64; x64) AppleWebKit/537.36 (KHTML, like Gecko) Chrome/150.0.0.0 Safari/537.36"
149.74.102.88 - - [02/Aug/2026:15:05:44 +0200] "GET /wp-content/plugins/bb-plugin/css/jquery.magnificpopup.min.css HTTP/1.1" 200 6973 "https://www.ensaco.es/showroom-tour-virtual/" "Mozilla/5.0 (Windows NT 10.0; Win64; x64) AppleWebKit/537.36 (KHTML, like Gecko) Chrome/150.0.0.0 Safari/537.36"
149.74.102.88 - - [02/Aug/2026:15:05:44 +0200] "GET /wp-content/plugins/woocommerce/assets/css/woocommerce-smallscreen.css HTTP/1.1" 200 6981 "https://www.ensaco.es/showroom-tour-virtual/" "Mozilla/5.0 (Windows NT 10.0; Win64; x64) AppleWebKit/537.36 (KHTML, like Gecko) Chrome/150.0.0.0 Safari/537.36"
149.74.102.88 - - [02/Aug/2026:15:05:41 +0200] "GET /casa-autosuficiente/ HTTP/1.1" 500 309623 "https://www.google.com/" "Mozilla/5.0 (Windows NT 10.0; Win64; x64) AppleWebKit/537.36 (KHTML, like Gecko) Chrome/150.0.0.0 Safari/537.36"
84.236.228.59 - - [02/Aug/2026:15:07:37 +0200] "POST /wp-cron.php?doing_wp_cron=1785676057.2285349369049072265625 HTTP/1.1" 200 6900 "-" "WordPress/7.0.2; https://www.ensaco.es"
34.196.51.17 - - [02/Aug/2026:15:07:34 +0200] "HEAD / HTTP/1.1" 200 7073 "https://www.ensaco.es/" "WPMUDEV Uptime Monitor 5.0 (https://wpmudev.com)"
84.236.228.59 - - [02/Aug/2026:15:08:20 +0200] "POST /wp-cron.php?doing_wp_cron=1785676099.9490709304809570312500 HTTP/1.1" 200 6900 "-" "WordPress/7.0.2; https://www.ensaco.es"
17.246.15.66 - - [02/Aug/2026:15:08:17 +0200] "GET /wp-json/oembed/1.0/embed?url=https%3A%2F%2Fwww.ensaco.es%2Fcasa-autosuficiente%2F&format=xml HTTP/1.1" 200 8537 "-" "Mozilla/5.0 (Macintosh; Intel Mac OS X 10_15_7) AppleWebKit/605.1.15 (KHTML, like Gecko) Version/17.4 Safari/605.1.15 (Applebot/0.1; +http://www.apple.com/go/applebot)"
84.236.228.59 - - [02/Aug/2026:15:08:41 +0200] "POST /wp-cron.php?doing_wp_cron=1785676121.4439349174499511718750 HTTP/1.1" 200 6900 "-" "WordPress/7.0.2; https://www.ensaco.es"
149.74.102.88 - - [02/Aug/2026:15:08:37 +0200] "GET /casa-autosuficiente/ HTTP/1.1" 500 309638 "https://www.google.com/" "Mozilla/5.0 (Windows NT 10.0; Win64; x64) AppleWebKit/537.36 (KHTML, like Gecko) Chrome/150.0.0.0 Safari/537.36"
149.74.102.88 - - [02/Aug/2026:15:08:38 +0200] "GET /showroom-tour-virtual/ HTTP/1.1" 500 307925 "https://www.ensaco.es/casa-autosuficiente/" "Mozilla/5.0 (Windows NT 10.0; Win64; x64) AppleWebKit/537.36 (KHTML, like Gecko) Chrome/150.0.0.0 Safari/537.36"
149.74.102.88 - - [02/Aug/2026:15:08:48 +0200] "GET /showroom-tour-virtual/ HTTP/1.1" 500 307925 "https://www.ensaco.es/casa-autosuficiente/" "Mozilla/5.0 (Windows NT 10.0; Win64; x64) AppleWebKit/537.36 (KHTML, like Gecko) Chrome/150.0.0.0 Safari/537.36"
34.196.51.17 - - [02/Aug/2026:15:09:30 +0200] "HEAD / HTTP/1.1" 200 7073 "https://www.ensaco.es/" "WPMUDEV Uptime Monitor 5.0 (https://wpmudev.com)"
9.249.31.237 - - [02/Aug/2026:15:10:11 +0200] "GET /wp-content/smush-webp/2024/12/Medido-electricidad-100x100.png.webp HTTP/1.1" 200 6980 "https://www.ensaco.es/producto/motorizacion-de-persiana-y-control/" "Mozilla/5.0 (Macintosh; Intel Mac OS X 10_15_7) AppleWebKit/537.36 (KHTML, like Gecko) Chrome/131.0.0.0 Safari/537.36"
84.236.228.59 - - [02/Aug/2026:15:11:34 +0200] "POST /wp-cron.php?doing_wp_cron=1785676294.5463349819183349609375 HTTP/1.1" 200 6900 "-" "WordPress/7.0.2; https://www.ensaco.es"
34.196.51.17 - - [02/Aug/2026:15:11:30 +0200] "HEAD / HTTP/1.1" 200 7073 "https://www.ensaco.es/" "WPMUDEV Uptime Monitor 5.0 (https://wpmudev.com)"
84.236.228.59 - - [02/Aug/2026:15:12:43 +0200] "POST /wp-cron.php?doing_wp_cron=1785676363.0569500923156738281250 HTTP/1.1" 200 6900 "-" "WordPress/7.0.2; https://www.ensaco.es"
216.244.66.250 - - [02/Aug/2026:15:12:39 +0200] "GET /robots.txt HTTP/1.1" 200 7462 "-" "Mozilla/5.0 (compatible; DotBot/1.2; +https://opensiteexplorer.org/dotbot; help@moz.com)"
17.22.245.160 - - [02/Aug/2026:15:12:56 +0200] "GET /wp-json/oembed/1.0/embed?url=https%3A%2F%2Fwww.ensaco.es%2Flos-mitos-mas-comunes-sobre-energia-renovable-para-empresas-que-debes-conocer%2F&format=xml HTTP/1.1" 200 8586 "-" "Mozilla/5.0 (Macintosh; Intel Mac OS X 10_15_7) AppleWebKit/605.1.15 (KHTML, like Gecko) Version/17.4 Safari/605.1.15 (Applebot/0.1; +http://www.apple.com/go/applebot)"
84.236.228.59 - - [02/Aug/2026:15:13:36 +0200] "POST /wp-cron.php?doing_wp_cron=1785676416.5849440097808837890625 HTTP/1.1" 200 6900 "-" "WordPress/7.0.2; https://www.ensaco.es"
34.196.51.17 - - [02/Aug/2026:15:13:33 +0200] "HEAD / HTTP/1.1" 200 7073 "https://www.ensaco.es/" "WPMUDEV Uptime Monitor 5.0 (https://wpmudev.com)"
84.236.228.59 - - [02/Aug/2026:15:15:36 +0200] "POST /wp-cron.php?doing_wp_cron=1785676536.0306029319763183593750 HTTP/1.1" 200 6900 "-" "WordPress/7.0.2; https://www.ensaco.es"
34.196.51.17 - - [02/Aug/2026:15:15:33 +0200] "HEAD / HTTP/1.1" 200 7073 "https://www.ensaco.es/" "WPMUDEV Uptime Monitor 5.0 (https://wpmudev.com)"
84.236.228.59 - - [02/Aug/2026:15:17:33 +0200] "POST /wp-cron.php?doing_wp_cron=1785676653.0870780944824218750000 HTTP/1.1" 200 6900 "-" "WordPress/7.0.2; https://www.ensaco.es"
34.196.51.17 - - [02/Aug/2026:15:17:30 +0200] "HEAD / HTTP/1.1" 200 7073 "https://www.ensaco.es/" "WPMUDEV Uptime Monitor 5.0 (https://wpmudev.com)"
84.236.228.59 - - [02/Aug/2026:15:18:48 +0200] "POST /wp-cron.php?doing_wp_cron=1785676728.3550839424133300781250 HTTP/1.1" 200 6900 "-" "WordPress/7.0.2; https://www.ensaco.es"
216.73.217.138 - - [02/Aug/2026:15:18:45 +0200] "GET /sitemap_index.xml HTTP/1.1" 200 7335 "-" "Mozilla/5.0 AppleWebKit/537.36 (KHTML, like Gecko; compatible; ClaudeBot/1.0; +claudebot@anthropic.com)"
84.236.228.59 - - [02/Aug/2026:15:19:35 +0200] "POST /wp-cron.php?doing_wp_cron=1785676775.4110391139984130859375 HTTP/1.1" 200 6900 "-" "WordPress/7.0.2; https://www.ensaco.es"
34.196.51.17 - - [02/Aug/2026:15:19:32 +0200] "HEAD / HTTP/1.1" 200 7073 "https://www.ensaco.es/" "WPMUDEV Uptime Monitor 5.0 (https://wpmudev.com)"
84.236.228.59 - - [02/Aug/2026:15:20:49 +0200] "POST /wp-cron.php?doing_wp_cron=1785676849.2362310886383056640625 HTTP/1.1" 200 6900 "-" "WordPress/7.0.2; https://www.ensaco.es"
216.244.66.250 - - [02/Aug/2026:15:20:45 +0200] "GET /mejorar-la-seguridad-del-hogar/ HTTP/1.1" 500 270535 "-" "Mozilla/5.0 (compatible; DotBot/1.2; +https://opensiteexplorer.org/dotbot; help@moz.com)"
84.236.228.59 - - [02/Aug/2026:15:21:38 +0200] "POST /wp-cron.php?doing_wp_cron=1785676898.6700959205627441406250 HTTP/1.1" 200 6900 "-" "WordPress/7.0.2; https://www.ensaco.es"
34.196.51.17 - - [02/Aug/2026:15:21:35 +0200] "HEAD / HTTP/1.1" 200 7073 "https://www.ensaco.es/" "WPMUDEV Uptime Monitor 5.0 (https://wpmudev.com)"
84.236.228.59 - - [02/Aug/2026:15:22:42 +0200] "POST /wp-cron.php?doing_wp_cron=1785676962.4621949195861816406250 HTTP/1.1" 200 6900 "-" "WordPress/7.0.2; https://www.ensaco.es"
216.244.66.250 - - [02/Aug/2026:15:22:38 +0200] "GET /tendencias-en-eficiencia-energetica-para-2025/ HTTP/1.1" 500 310158 "-" "Mozilla/5.0 (compatible; DotBot/1.2; +https://opensiteexplorer.org/dotbot; help@moz.com)"
103.216.1.207 - - [02/Aug/2026:15:23:00 +0200] "GET /wp-content/smush-webp/2024/03/CONTPULS-2-300x300.png.webp HTTP/1.1" 200 6971 "https://www.ensaco.es/producto/loxone-smartsocket/" "Mozilla/5.0 (Macintosh; Intel Mac OS X 10_15_7) AppleWebKit/537.36 (KHTML, like Gecko) Chrome/130.0.0.0 Safari/537.36"
84.236.228.59 - - [02/Aug/2026:15:23:39 +0200] "POST /wp-cron.php?doing_wp_cron=1785677019.3510310649871826171875 HTTP/1.1" 200 6900 "-" "WordPress/7.0.2; https://www.ensaco.es"
34.196.51.17 - - [02/Aug/2026:15:23:36 +0200] "HEAD / HTTP/1.1" 200 7073 "https://www.ensaco.es/" "WPMUDEV Uptime Monitor 5.0 (https://wpmudev.com)"
66.249.64.43 - - [02/Aug/2026:15:23:44 +0200] "GET /wp-content/uploads/2020/08/AdobeStock_249287937-Mediano.jpeg HTTP/1.1" 200 6975 "-" "Googlebot-Image/1.0"
17.241.219.101 - - [02/Aug/2026:15:24:06 +0200] "GET /wp-json/wp/v2/posts/3686 HTTP/1.1" 200 27263 "-" "Mozilla/5.0 (Macintosh; Intel Mac OS X 10_15_7) AppleWebKit/605.1.15 (KHTML, like Gecko) Version/17.4 Safari/605.1.15 (Applebot/0.1; +http://www.apple.com/go/applebot)"
84.236.228.59 - - [02/Aug/2026:15:24:42 +0200] "POST /wp-cron.php?doing_wp_cron=1785677082.5542240142822265625000 HTTP/1.1" 200 6900 "-" "WordPress/7.0.2; https://www.ensaco.es"
216.244.66.250 - - [02/Aug/2026:15:24:39 +0200] "GET /diseno-showroom/ HTTP/1.1" 500 313889 "-" "Mozilla/5.0 (compatible; DotBot/1.2; +https://opensiteexplorer.org/dotbot; help@moz.com)"
58.65.220.252 - - [02/Aug/2026:15:25:17 +0200] "GET / HTTP/1.1" 301 6954 "https://ensaco.es/" "Mozilla/5.0 (Windows NT 10.0; Win64; x64) AppleWebKit/537.36 (KHTML, like Gecko) Chrome/122.0.0.0 Safari/537.36 Edg/122.0.0.0"
143.105.129.161 - - [02/Aug/2026:15:25:24 +0200] "GET / HTTP/1.1" 500 268248 "https://ensaco.es/" "Mozilla/5.0 (Windows NT 10.0; Win64; x64) AppleWebKit/537.36 (KHTML, like Gecko) Chrome/122.0.0.0 Safari/537.36 Edg/122.0.0.0"
34.196.51.17 - - [02/Aug/2026:15:25:30 +0200] "HEAD / HTTP/1.1" 200 7073 "https://www.ensaco.es/" "WPMUDEV Uptime Monitor 5.0 (https://wpmudev.com)"
216.107.134.120 - - [02/Aug/2026:15:26:13 +0200] "GET /wp-content/smush-webp/2019/02/child-865116_640-600x399.jpg.webp HTTP/1.1" 200 6977 "https://www.ensaco.es/10-soluciones-domoticas-para-una-casa-con-ninos/" "Mozilla/5.0 (Macintosh; Intel Mac OS X 10_15_7) AppleWebKit/537.36 (KHTML, like Gecko) Chrome/131.0.0.0 Safari/537.36"
84.236.228.59 - - [02/Aug/2026:15:27:36 +0200] "POST /wp-cron.php?doing_wp_cron=1785677256.2584109306335449218750 HTTP/1.1" 200 6900 "-" "WordPress/7.0.2; https://www.ensaco.es"
34.196.51.17 - - [02/Aug/2026:15:27:33 +0200] "HEAD / HTTP/1.1" 200 7073 "https://www.ensaco.es/" "WPMUDEV Uptime Monitor 5.0 (https://wpmudev.com)"
84.236.228.59 - - [02/Aug/2026:15:28:59 +0200] "POST /wp-cron.php?doing_wp_cron=1785677338.8774850368499755859375 HTTP/1.1" 200 6900 "-" "WordPress/7.0.2; https://www.ensaco.es"
40.77.167.132 - - [02/Aug/2026:15:28:55 +0200] "GET /producto/control-de-persiana/ HTTP/1.1" 500 591422 "-" "Mozilla/5.0 AppleWebKit/537.36 (KHTML, like Gecko; compatible; bingbot/2.0; +http://www.bing.com/bingbot.htm) Chrome/116.0.1938.76 Safari/537.36"
190.96.127.134 - - [02/Aug/2026:15:29:11 +0200] "GET / HTTP/1.1" 301 6954 "https://ensaco.es/" "Mozilla/5.0 (Windows NT 10.0; Win64; x64) AppleWebKit/537.36 (KHTML, like Gecko) Chrome/122.0.0.0 Safari/537.36 Edg/122.0.0.0"
196.190.123.45 - - [02/Aug/2026:15:29:13 +0200] "GET / HTTP/1.1" 301 6954 "https://ensaco.es/" "Mozilla/5.0 (X11; Linux x86_64) AppleWebKit/537.36 (KHTML, like Gecko) Chrome/128.0.6613.85 Safari/537.36"
103.234.202.124 - - [02/Aug/2026:15:29:18 +0200] "GET / HTTP/1.1" 500 268242 "https://ensaco.es/" "Mozilla/5.0 (X11; Linux x86_64) AppleWebKit/537.36 (KHTML, like Gecko) Chrome/128.0.6613.85 Safari/537.36"
27.2.33.109 - - [02/Aug/2026:15:29:19 +0200] "GET / HTTP/1.1" 500 268248 "https://ensaco.es/" "Mozilla/5.0 (Windows NT 10.0; Win64; x64) AppleWebKit/537.36 (KHTML, like Gecko) Chrome/122.0.0.0 Safari/537.36 Edg/122.0.0.0"
84.236.228.59 - - [02/Aug/2026:15:29:36 +0200] "POST /wp-cron.php?doing_wp_cron=1785677376.2077069282531738281250 HTTP/1.1" 200 6900 "-" "WordPress/7.0.2; https://www.ensaco.es"
34.196.51.17 - - [02/Aug/2026:15:29:33 +0200] "HEAD / HTTP/1.1" 200 7073 "https://www.ensaco.es/" "WPMUDEV Uptime Monitor 5.0 (https://wpmudev.com)"
125.235.238.94 - - [02/Aug/2026:15:29:59 +0200] "GET / HTTP/1.1" 301 6954 "https://ensaco.es/" "Mozilla/5.0 (Windows NT 10.0; Win64; x64) AppleWebKit/537.36 (KHTML, like Gecko) Chrome/125.0.6400.44 Safari/537.36"
176.29.168.96 - - [02/Aug/2026:15:30:04 +0200] "GET / HTTP/1.1" 500 268248 "https://ensaco.es/" "Mozilla/5.0 (Windows NT 10.0; Win64; x64) AppleWebKit/537.36 (KHTML, like Gecko) Chrome/125.0.6400.44 Safari/537.36"
84.236.228.59 - - [02/Aug/2026:15:31:34 +0200] "POST /wp-cron.php?doing_wp_cron=1785677494.0142021179199218750000 HTTP/1.1" 200 6900 "-" "WordPress/7.0.2; https://www.ensaco.es"
34.196.51.17 - - [02/Aug/2026:15:31:31 +0200] "HEAD / HTTP/1.1" 200 7073 "https://www.ensaco.es/" "WPMUDEV Uptime Monitor 5.0 (https://wpmudev.com)"
84.236.228.59 - - [02/Aug/2026:15:33:39 +0200] "POST /wp-cron.php?doing_wp_cron=1785677619.0395789146423339843750 HTTP/1.1" 200 6900 "-" "WordPress/7.0.2; https://www.ensaco.es"
34.196.51.17 - - [02/Aug/2026:15:33:35 +0200] "HEAD / HTTP/1.1" 200 7073 "https://www.ensaco.es/" "WPMUDEV Uptime Monitor 5.0 (https://wpmudev.com)"
152.163.167.13 - - [02/Aug/2026:15:33:47 +0200] "GET /aviso-legal/ HTTP/1.1" 500 301643 "-" "Mozilla/5.0 (Macintosh; Intel Mac OS X 10_15_7) AppleWebKit/537.36 (KHTML, like Gecko) Chrome/148.0.0.0 Safari/537.36"
95.108.213.188 - - [02/Aug/2026:15:34:06 +0200] "GET /robots.txt HTTP/1.1" 200 7462 "-" "Mozilla/5.0 (compatible; YandexBot/3.0; +http://yandex.com/bots)"
87.250.224.119 - - [02/Aug/2026:15:34:10 +0200] "GET /producto/pack-iluminacion-1/ HTTP/1.1" 500 591697 "-" "Mozilla/5.0 (compatible; YandexBot/3.0; +http://yandex.com/bots)"
202.37.53.87 - - [02/Aug/2026:15:34:13 +0200] "GET / HTTP/1.1" 301 6954 "https://ensaco.es/" "Mozilla/5.0 (Macintosh; Intel Mac OS X 14_0) AppleWebKit/605.1.15 (KHTML, like Gecko) Version/17.0 Safari/605.1.15"
190.153.80.177 - - [02/Aug/2026:15:34:19 +0200] "GET / HTTP/1.1" 500 268248 "https://ensaco.es/" "Mozilla/5.0 (Macintosh; Intel Mac OS X 14_0) AppleWebKit/605.1.15 (KHTML, like Gecko) Version/17.0 Safari/605.1.15"
123.28.12.34 - - [02/Aug/2026:15:34:21 +0200] "GET / HTTP/1.1" 301 6954 "https://ensaco.es/" "Mozilla/5.0 (Macintosh; Intel Mac OS X 14_0) AppleWebKit/605.1.15 (KHTML, like Gecko) Version/17.0 Safari/605.1.15"
52.167.144.193 - - [02/Aug/2026:15:34:23 +0200] "GET /domotica-hospitales/pexels-anna-shvets-4483323/ HTTP/1.1" 301 7011 "-" "Mozilla/5.0 AppleWebKit/537.36 (KHTML, like Gecko; compatible; bingbot/2.0; +http://www.bing.com/bingbot.htm) Chrome/116.0.1938.76 Safari/537.36"
171.252.153.125 - - [02/Aug/2026:15:34:28 +0200] "GET / HTTP/1.1" 500 268248 "https://ensaco.es/" "Mozilla/5.0 (Macintosh; Intel Mac OS X 14_0) AppleWebKit/605.1.15 (KHTML, like Gecko) Version/17.0 Safari/605.1.15"
52.167.144.193 - - [02/Aug/2026:15:35:03 +0200] "GET /wp-content/uploads/2019/02/Nano-PK_PLUS_ES.pdf HTTP/1.1" 200 6965 "-" "Mozilla/5.0 AppleWebKit/537.36 (KHTML, like Gecko; compatible; bingbot/2.0; +http://www.bing.com/bingbot.htm) Chrome/116.0.1938.76 Safari/537.36"
84.236.228.59 - - [02/Aug/2026:15:35:39 +0200] "POST /wp-cron.php?doing_wp_cron=1785677739.3720099925994873046875 HTTP/1.1" 200 6900 "-" "WordPress/7.0.2; https://www.ensaco.es"
34.196.51.17 - - [02/Aug/2026:15:35:36 +0200] "HEAD / HTTP/1.1" 200 7073 "https://www.ensaco.es/" "WPMUDEV Uptime Monitor 5.0 (https://wpmudev.com)"
84.236.228.59 - - [02/Aug/2026:15:37:36 +0200] "POST /wp-cron.php?doing_wp_cron=1785677856.7638900279998779296875 HTTP/1.1" 200 6900 "-" "WordPress/7.0.2; https://www.ensaco.es"
34.196.51.17 - - [02/Aug/2026:15:37:33 +0200] "HEAD / HTTP/1.1" 200 7073 "https://www.ensaco.es/" "WPMUDEV Uptime Monitor 5.0 (https://wpmudev.com)"
84.236.228.59 - - [02/Aug/2026:15:39:10 +0200] "POST /wp-cron.php?doing_wp_cron=1785677950.0143959522247314453125 HTTP/1.1" 200 6900 "-" "WordPress/7.0.2; https://www.ensaco.es"
171.225.205.122 - - [02/Aug/2026:15:39:06 +0200] "GET / HTTP/1.1" 301 6954 "https://ensaco.es/" "Mozilla/5.0 (Macintosh; Intel Mac OS X 10_15_7) AppleWebKit/605.1.15 (KHTML, like Gecko) Version/17.0 Safari/605.1.15"
113.191.27.216 - - [02/Aug/2026:15:39:12 +0200] "GET / HTTP/1.1" 500 268248 "https://ensaco.es/" "Mozilla/5.0 (Macintosh; Intel Mac OS X 10_15_7) AppleWebKit/605.1.15 (KHTML, like Gecko) Version/17.0 Safari/605.1.15"
84.236.228.59 - - [02/Aug/2026:15:39:35 +0200] "POST /wp-cron.php?doing_wp_cron=1785677975.7734758853912353515625 HTTP/1.1" 200 6900 "-" "WordPress/7.0.2; https://www.ensaco.es"
34.196.51.17 - - [02/Aug/2026:15:39:32 +0200] "HEAD / HTTP/1.1" 200 7073 "https://www.ensaco.es/" "WPMUDEV Uptime Monitor 5.0 (https://wpmudev.com)"
17.241.75.208 - - [02/Aug/2026:15:39:52 +0200] "GET /tienda/feed/ HTTP/1.1" 200 8979 "-" "Mozilla/5.0 (Macintosh; Intel Mac OS X 10_15_7) AppleWebKit/605.1.15 (KHTML, like Gecko) Version/17.4 Safari/605.1.15 (Applebot/0.1; +http://www.apple.com/go/applebot)"
36.226.230.235 - - [02/Aug/2026:15:39:55 +0200] "GET / HTTP/1.1" 500 268248 "https://www.ensaco.es/" "Mozilla/5.0 (Windows NT 6.1; WOW64) AppleWebKit/537.36 (KHTML, like Gecko) Chrome/36.0.2069.138 Safari/537.36"
78.47.52.154 - - [02/Aug/2026:15:40:21 +0200] "GET /robots.txt HTTP/1.1" 200 7240 "-" "Mozilla/5.0 (compatible; um-FC/1.0; https://www.ubermetrics-technologies.com/; Windows NT 6.1; WOW64; rv:125.0) Gecko/20100101 Firefox/125.1"
78.47.52.154 - - [02/Aug/2026:15:40:24 +0200] "GET /feed/ HTTP/1.1" 200 93525 "-" "Mozilla/5.0 (compatible; um-IC/1.0; https://www.ubermetrics-technologies.com/; Windows NT 6.1; WOW64; rv:125.0) Gecko/20100101 Firefox/125.1"
84.236.228.59 - - [02/Aug/2026:15:40:45 +0200] "POST /wp-cron.php?doing_wp_cron=1785678045.6428110599517822265625 HTTP/1.1" 200 6900 "-" "WordPress/7.0.2; https://www.ensaco.es"
87.250.224.228 - - [02/Aug/2026:15:40:43 +0200] "GET /construccion-showroom/logo_businessdescriptorgraphite_centered-2/ HTTP/1.1" 301 7027 "-" "Mozilla/5.0 (compatible; YandexBot/3.0; +http://yandex.com/bots)"
95.108.213.224 - - [02/Aug/2026:15:40:46 +0200] "GET /wp-content/uploads/2021/06/Logo_BusinessDescriptorGraphite_Centered-1.png HTTP/1.1" 200 6987 "-" "Mozilla/5.0 (compatible; YandexBot/3.0; +http://yandex.com/bots)"
102.90.118.132 - - [02/Aug/2026:15:41:09 +0200] "GET / HTTP/1.1" 301 6954 "https://ensaco.es/" "Mozilla/5.0 (Windows NT 10.0; Win64; x64) AppleWebKit/537.36 (KHTML, like Gecko) Chrome/121.0.0.0 Safari/537.36 Edg/121.0.0.0"
181.122.37.209 - - [02/Aug/2026:15:41:16 +0200] "GET / HTTP/1.1" 500 268242 "https://ensaco.es/" "Mozilla/5.0 (Windows NT 10.0; Win64; x64) AppleWebKit/537.36 (KHTML, like Gecko) Chrome/121.0.0.0 Safari/537.36 Edg/121.0.0.0"
84.236.228.59 - - [02/Aug/2026:15:41:39 +0200] "POST /wp-cron.php?doing_wp_cron=1785678099.1517119407653808593750 HTTP/1.1" 200 6900 "-" "WordPress/7.0.2; https://www.ensaco.es"
34.196.51.17 - - [02/Aug/2026:15:41:36 +0200] "HEAD / HTTP/1.1" 200 7073 "https://www.ensaco.es/" "WPMUDEV Uptime Monitor 5.0 (https://wpmudev.com)"
84.236.228.59 - - [02/Aug/2026:15:42:38 +0200] "POST /wp-cron.php?doing_wp_cron=1785678158.2089209556579589843750 HTTP/1.1" 200 6900 "-" "WordPress/7.0.2; https://www.ensaco.es"
37.40.227.210 - - [02/Aug/2026:15:42:35 +0200] "GET / HTTP/1.1" 301 6954 "https://ensaco.es/" "Mozilla/5.0 (X11; Ubuntu; Linux x86_64; rv:124.0) Gecko/20100101 Firefox/124.0"
113.177.115.29 - - [02/Aug/2026:15:42:40 +0200] "GET / HTTP/1.1" 500 268242 "https://ensaco.es/" "Mozilla/5.0 (X11; Ubuntu; Linux x86_64; rv:124.0) Gecko/20100101 Firefox/124.0"
2.136.144.150 - - [02/Aug/2026:15:42:49 +0200] "GET /ventajas-passivhaus/ HTTP/1.1" 500 309858 "https://www.google.com/" "Mozilla/5.0 (Windows NT 10.0; Win64; x64) AppleWebKit/537.36 (KHTML, like Gecko) Chrome/150.0.0.0 Safari/537.36"
103.108.97.183 - - [02/Aug/2026:15:42:52 +0200] "GET /wp-content/smush-webp/2019/02/baby-1151351_640-1-300x225.jpg.webp HTTP/1.1" 200 6979 "https://www.ensaco.es/10-soluciones-domoticas-para-una-casa-con-ninos/" "Mozilla/5.0 (Macintosh; Intel Mac OS X 10_15_7) AppleWebKit/537.36 (KHTML, like Gecko) Chrome/131.0.0.0 Safari/537.36"
37.35.240.253 - - [02/Aug/2026:15:43:12 +0200] "GET /ventajas-passivhaus/ HTTP/1.1" 500 309858 "-" "Mozilla/5.0 (Windows NT 10.0; Win64; x64) AppleWebKit/537.36 (KHTML, like Gecko) Chrome/150.0.0.0 Safari/537.36"
84.236.228.59 - - [02/Aug/2026:15:43:34 +0200] "POST /wp-cron.php?doing_wp_cron=1785678214.8703260421752929687500 HTTP/1.1" 200 6900 "-" "WordPress/7.0.2; https://www.ensaco.es"
34.196.51.17 - - [02/Aug/2026:15:43:32 +0200] "HEAD / HTTP/1.1" 200 7073 "https://www.ensaco.es/" "WPMUDEV Uptime Monitor 5.0 (https://wpmudev.com)"
66.249.64.43 - - [02/Aug/2026:15:44:08 +0200] "GET /wp-content/uploads/2019/08/adult-aging-close-up-1305302.jpg HTTP/1.1" 200 6974 "-" "Googlebot-Image/1.0"
84.236.228.59 - - [02/Aug/2026:15:44:54 +0200] "POST /wp-cron.php?doing_wp_cron=1785678294.8715040683746337890625 HTTP/1.1" 200 6900 "-" "WordPress/7.0.2; https://www.ensaco.es"
17.246.15.78 - - [02/Aug/2026:15:44:48 +0200] "GET /wp-json/wp/v2/pages/2842 HTTP/1.1" 200 20097 "-" "Mozilla/5.0 (Macintosh; Intel Mac OS X 10_15_7) AppleWebKit/605.1.15 (KHTML, like Gecko) Version/17.4 Safari/605.1.15 (Applebot/0.1; +http://www.apple.com/go/applebot)"
103.148.52.246 - - [02/Aug/2026:15:45:03 +0200] "GET / HTTP/1.1" 301 6954 "https://ensaco.es/" "Mozilla/5.0 (Macintosh; Intel Mac OS X 10_15_7) AppleWebKit/537.36 (KHTML, like Gecko) Chrome/121.0.6167.57 Safari/537.36"
123.21.251.125 - - [02/Aug/2026:15:45:11 +0200] "GET / HTTP/1.1" 500 268242 "https://ensaco.es/" "Mozilla/5.0 (Macintosh; Intel Mac OS X 10_15_7) AppleWebKit/537.36 (KHTML, like Gecko) Chrome/121.0.6167.57 Safari/537.36"
84.236.228.59 - - [02/Aug/2026:15:45:36 +0200] "POST /wp-cron.php?doing_wp_cron=1785678336.5970549583435058593750 HTTP/1.1" 200 6900 "-" "WordPress/7.0.2; https://www.ensaco.es"
34.196.51.17 - - [02/Aug/2026:15:45:33 +0200] "HEAD / HTTP/1.1" 200 7073 "https://www.ensaco.es/" "WPMUDEV Uptime Monitor 5.0 (https://wpmudev.com)"
47.128.21.69 - - [02/Aug/2026:15:47:17 +0200] "GET /aerotermia/ HTTP/1.1" 404 7113 "-" "Mozilla/5.0 (Linux; Android 5.0) AppleWebKit/537.36 (KHTML, like Gecko) Mobile Safari/537.36 (compatible; Bytespider; https://bytedance.sg.larkoffice.com/docx/K5bxdypulop3IIxrJb0lOjLVgFe)"
84.236.228.59 - - [02/Aug/2026:15:47:34 +0200] "POST /wp-cron.php?doing_wp_cron=1785678454.6332380771636962890625 HTTP/1.1" 200 6900 "-" "WordPress/7.0.2; https://www.ensaco.es"
34.196.51.17 - - [02/Aug/2026:15:47:31 +0200] "HEAD / HTTP/1.1" 200 7073 "https://www.ensaco.es/" "WPMUDEV Uptime Monitor 5.0 (https://wpmudev.com)"
200.53.205.117 - - [02/Aug/2026:15:48:07 +0200] "GET /aerotermia/ HTTP/1.1" 500 325506 "-" "Mozilla/5.0 (Linux; Android 6.0; Nexus 5 Build/MRA58N) AppleWebKit/537.36 (KHTML, like Gecko) Chrome/58.0.5755.1576 Mobile Safari/537.36"
84.236.228.59 - - [02/Aug/2026:15:49:29 +0200] "POST /wp-cron.php?doing_wp_cron=1785678569.1148450374603271484375 HTTP/1.1" 200 6900 "-" "WordPress/7.0.2; https://www.ensaco.es"
66.249.64.44 - - [02/Aug/2026:15:49:25 +0200] "GET /calderas-biomasa-elegir-segun-instalacion/ HTTP/1.1" 500 270807 "-" "Mozilla/5.0 (Linux; Android 6.0.1; Nexus 5X Build/MMB29P) AppleWebKit/537.36 (KHTML, like Gecko) Chrome/99.0.4844.84 Mobile Safari/537.36 (compatible; Googlebot/2.1; +http://www.google.com/bot.html)"
66.249.64.45 - - [02/Aug/2026:15:49:29 +0200] "GET /calderas-biomasa-elegir-segun-instalacion/ HTTP/1.1" 500 270972 "-" "Mozilla/5.0 (compatible; Googlebot/2.1; +http://www.google.com/bot.html)"
84.236.228.59 - - [02/Aug/2026:15:49:37 +0200] "POST /wp-cron.php?doing_wp_cron=1785678576.9147601127624511718750 HTTP/1.1" 200 6900 "-" "WordPress/7.0.2; https://www.ensaco.es"
34.196.51.17 - - [02/Aug/2026:15:49:33 +0200] "HEAD / HTTP/1.1" 200 7073 "https://www.ensaco.es/" "WPMUDEV Uptime Monitor 5.0 (https://wpmudev.com)"
66.249.64.43 - - [02/Aug/2026:15:49:40 +0200] "GET /calderas-biomasa-elegir-segun-instalacion/ HTTP/1.1" 500 270978 "-" "Mozilla/5.0 (compatible; Googlebot/2.1; +http://www.google.com/bot.html)"
