84.236.228.59 - - [02/Aug/2026:09:12:43 +0200] "HEAD /wp-content/uploads/2020/09/domotica-para-residencia-de-mayores.jpg HTTP/1.1" 200 6963 "https://www.ensaco.es" "WPMU DEV Broken Link Checker Local Engine"
84.236.228.59 - - [02/Aug/2026:09:12:57 +0200] "POST /wp-cron.php?doing_wp_cron=1785654777.7242510318756103515625 HTTP/1.1" 200 6900 "-" "WordPress/7.0.2; https://www.ensaco.es"
84.236.228.59 - - [02/Aug/2026:09:12:48 +0200] "HEAD /que-diferencia-hay-entre-domotica-e-inmotica/ HTTP/1.1" 200 7080 "https://www.ensaco.es" "WPMU DEV Broken Link Checker Local Engine"
85.208.96.208 - - [02/Aug/2026:09:12:52 +0200] "GET /tienda/ HTTP/1.1" 500 268223 "-" "Mozilla/5.0 (compatible; SemrushBot/7~bl; +http://www.semrush.com/bot.html)"
84.236.228.59 - - [02/Aug/2026:09:13:03 +0200] "HEAD /wp-content/uploads/2019/05/Loxone-Tree5.jpg HTTP/1.1" 200 6963 "https://www.ensaco.es" "WPMU DEV Broken Link Checker Local Engine"
84.236.228.59 - - [02/Aug/2026:09:13:05 +0200] "HEAD /wp-content/uploads/2020/10/calefaccion-ahorro.jpg HTTP/1.1" 200 6963 "https://www.ensaco.es" "WPMU DEV Broken Link Checker Local Engine"
84.236.228.59 - - [02/Aug/2026:09:13:07 +0200] "HEAD /wp-content/uploads/2019/04/Rehabilitar-una-casa-y-poner-dom%C3%B3tica.jpg HTTP/1.1" 200 6963 "https://www.ensaco.es" "WPMU DEV Broken Link Checker Local Engine"
84.236.228.59 - - [02/Aug/2026:09:13:09 +0200] "HEAD /controla-la-temperatura-de-casa-con-domotica/ HTTP/1.1" 200 7080 "https://www.ensaco.es" "WPMU DEV Broken Link Checker Local Engine"
84.236.228.59 - - [02/Aug/2026:09:13:22 +0200] "HEAD /wp-content/uploads/2019/04/Rehabilitar-una-casa-y-poner-dom%C3%B3tica3.jpg HTTP/1.1" 200 6963 "https://www.ensaco.es" "WPMU DEV Broken Link Checker Local Engine"
84.236.228.59 - - [02/Aug/2026:09:13:24 +0200] "HEAD /wp-content/uploads/2019/03/pulsadores-loxone.jpg HTTP/1.1" 200 6963 "https://www.ensaco.es" "WPMU DEV Broken Link Checker Local Engine"
84.236.228.59 - - [02/Aug/2026:09:13:26 +0200] "HEAD /wp-content/uploads/2021/10/automatizacion-vivienda-biopasiva.jpg HTTP/1.1" 200 6963 "https://www.ensaco.es" "WPMU DEV Broken Link Checker Local Engine"
84.236.228.59 - - [02/Aug/2026:09:13:29 +0200] "HEAD /wp-content/uploads/2024/04/multimedia.png HTTP/1.1" 200 6964 "https://www.ensaco.es" "WPMU DEV Broken Link Checker Local Engine"
84.236.228.59 - - [02/Aug/2026:09:13:33 +0200] "HEAD /wp-content/uploads/2018/07/Seguridad-en-vacaciones3.jpg HTTP/1.1" 200 6963 "https://www.ensaco.es" "WPMU DEV Broken Link Checker Local Engine"
84.236.228.59 - - [02/Aug/2026:09:13:34 +0200] "POST /wp-cron.php?doing_wp_cron=1785654814.1426041126251220703125 HTTP/1.1" 200 6900 "-" "WordPress/7.0.2; https://www.ensaco.es"
34.196.51.17 - - [02/Aug/2026:09:13:31 +0200] "HEAD / HTTP/1.1" 200 7073 "https://www.ensaco.es/" "WPMUDEV Uptime Monitor 5.0 (https://wpmudev.com)"
84.236.228.59 - - [02/Aug/2026:09:13:38 +0200] "HEAD /wp-content/uploads/2020/11/accessible-5019260_640.jpg HTTP/1.1" 200 6963 "https://www.ensaco.es" "WPMU DEV Broken Link Checker Local Engine"
84.236.228.59 - - [02/Aug/2026:09:13:43 +0200] "HEAD /wp-content/uploads/2019/08/adult-baby-babysitting-302083.jpg HTTP/1.1" 200 6964 "https://www.ensaco.es" "WPMU DEV Broken Link Checker Local Engine"
84.236.228.59 - - [02/Aug/2026:09:13:49 +0200] "HEAD /wp-content/uploads/2021/06/pexels-rathaphon-nanthapreecha-3846205.jpg HTTP/1.1" 200 6963 "https://www.ensaco.es" "WPMU DEV Broken Link Checker Local Engine"
84.236.228.59 - - [02/Aug/2026:09:13:54 +0200] "HEAD /wp-content/uploads/2020/12/pexels-pixabay-221502.jpg HTTP/1.1" 200 6964 "https://www.ensaco.es" "WPMU DEV Broken Link Checker Local Engine"
84.236.228.59 - - [02/Aug/2026:09:13:59 +0200] "HEAD /wp-content/uploads/2019/02/child-865116_640.jpg HTTP/1.1" 200 6963 "https://www.ensaco.es" "WPMU DEV Broken Link Checker Local Engine"
84.236.228.59 - - [02/Aug/2026:09:14:03 +0200] "HEAD /wp-content/uploads/2019/09/Seguridad-en-casas-y-empresas2.jpg HTTP/1.1" 200 6963 "https://www.ensaco.es" "WPMU DEV Broken Link Checker Local Engine"
84.236.228.59 - - [02/Aug/2026:09:14:08 +0200] "HEAD /la-domotica-solucion-futuro/ HTTP/1.1" 200 7080 "https://www.ensaco.es" "WPMU DEV Broken Link Checker Local Engine"
84.236.228.59 - - [02/Aug/2026:09:14:18 +0200] "HEAD /wp-content/uploads/2019/06/domotica-para-el-jard%C3%ADn3.jpg HTTP/1.1" 200 6964 "https://www.ensaco.es" "WPMU DEV Broken Link Checker Local Engine"
84.236.228.59 - - [02/Aug/2026:09:14:20 +0200] "HEAD /wp-content/uploads/2019/03/pexels-photo-276511.jpeg HTTP/1.1" 200 6963 "https://www.ensaco.es" "WPMU DEV Broken Link Checker Local Engine"
84.236.228.59 - - [02/Aug/2026:09:14:23 +0200] "HEAD /control-de-una-casa-domotica-con-pulsadores-loxone/ HTTP/1.1" 200 7080 "https://www.ensaco.es" "WPMU DEV Broken Link Checker Local Engine"
84.236.228.59 - - [02/Aug/2026:09:14:31 +0200] "HEAD /wp-content/uploads/2021/03/LAS-209670-MEJO.png HTTP/1.1" 200 6964 "https://www.ensaco.es" "WPMU DEV Broken Link Checker Local Engine"
84.236.228.59 - - [02/Aug/2026:09:14:33 +0200] "HEAD /wp-content/uploads/2021/08/pexels-skitterphoto-615326-copia.jpg HTTP/1.1" 200 6963 "https://www.ensaco.es" "WPMU DEV Broken Link Checker Local Engine"
84.236.228.59 - - [02/Aug/2026:09:14:38 +0200] "HEAD /wp-content/uploads/2019/03/pulsadores-loxone4.jpg HTTP/1.1" 200 6963 "https://www.ensaco.es" "WPMU DEV Broken Link Checker Local Engine"
84.236.228.59 - - [02/Aug/2026:09:14:46 +0200] "POST /wp-cron.php?doing_wp_cron=1785654886.8245759010314941406250 HTTP/1.1" 200 6900 "-" "WordPress/7.0.2; https://www.ensaco.es"
84.236.228.59 - - [02/Aug/2026:09:14:43 +0200] "HEAD /domotica-y-sistemas-de-seguridad-inteligentes-en-casas-y-empresas/ HTTP/1.1" 200 7080 "https://www.ensaco.es" "WPMU DEV Broken Link Checker Local Engine"
84.236.228.59 - - [02/Aug/2026:09:15:37 +0200] "POST /wp-cron.php?doing_wp_cron=1785654937.4099020957946777343750 HTTP/1.1" 200 6900 "-" "WordPress/7.0.2; https://www.ensaco.es"
34.196.51.17 - - [02/Aug/2026:09:15:32 +0200] "HEAD / HTTP/1.1" 200 7073 "https://www.ensaco.es/" "WPMUDEV Uptime Monitor 5.0 (https://wpmudev.com)"
189.81.71.153 - - [02/Aug/2026:09:16:11 +0200] "GET /blog/ HTTP/1.1" 301 7149 "-" "Mozilla/5.0 (Macintosh; Intel Mac OS X 10_15_7) AppleWebKit/537.36 (KHTML, like Gecko) Chrome/148.0.0.0 Safari/537.36"
84.236.228.59 - - [02/Aug/2026:09:16:22 +0200] "POST /wp-cron.php?doing_wp_cron=1785654981.8987920284271240234375 HTTP/1.1" 200 6900 "-" "WordPress/7.0.2; https://www.ensaco.es"
17.241.219.137 - - [02/Aug/2026:09:16:16 +0200] "GET /ahorrar-calefaccion-invierno-domotica/ HTTP/1.1" 500 311510 "-" "Mozilla/5.0 (Macintosh; Intel Mac OS X 10_15_7) AppleWebKit/605.1.15 (KHTML, like Gecko) Version/17.4 Safari/605.1.15 (Applebot/0.1; +http://www.apple.com/go/applebot)"
84.236.228.59 - - [02/Aug/2026:09:16:25 +0200] "HEAD /wp-content/uploads/2019/06/domotica-para-el-jard%C3%ADn.jpg HTTP/1.1" 200 6965 "https://www.ensaco.es" "WPMU DEV Broken Link Checker Local Engine"
84.236.228.59 - - [02/Aug/2026:09:16:27 +0200] "HEAD /wp-content/uploads/2021/04/pexels-anna-shvets-4483323.jpg HTTP/1.1" 200 6963 "https://www.ensaco.es" "WPMU DEV Broken Link Checker Local Engine"
84.236.228.59 - - [02/Aug/2026:09:16:29 +0200] "HEAD /wp-content/uploads/2021/05/LAS-1270-MEJORE-4.png HTTP/1.1" 200 6964 "https://www.ensaco.es" "WPMU DEV Broken Link Checker Local Engine"
84.236.228.59 - - [02/Aug/2026:09:16:31 +0200] "HEAD /wp-content/uploads/2023/01/crisis-energetica.jpg HTTP/1.1" 200 6963 "https://www.ensaco.es" "WPMU DEV Broken Link Checker Local Engine"
66.249.64.44 - - [02/Aug/2026:09:16:30 +0200] "GET /la-psicologia-del-gioco-nei-casino-online-non-aams-2/ HTTP/1.1" 500 271211 "-" "Mozilla/5.0 (Linux; Android 6.0.1; Nexus 5X Build/MMB29P) AppleWebKit/537.36 (KHTML, like Gecko) Chrome/150.0.7871.186 Mobile Safari/537.36 (compatible; GoogleOther)"
84.236.228.59 - - [02/Aug/2026:09:16:35 +0200] "HEAD /wp-content/uploads/2022/02/clima-domotica.jpg HTTP/1.1" 200 6963 "https://www.ensaco.es" "WPMU DEV Broken Link Checker Local Engine"
84.236.228.59 - - [02/Aug/2026:09:16:40 +0200] "HEAD /wp-content/uploads/2019/04/dom%C3%B3tica-para-la-cocina.jpg HTTP/1.1" 200 6963 "https://www.ensaco.es" "WPMU DEV Broken Link Checker Local Engine"
84.236.228.59 - - [02/Aug/2026:09:16:45 +0200] "HEAD /que-es-una-casa-pasiva/ HTTP/1.1" 200 7080 "https://www.ensaco.es" "WPMU DEV Broken Link Checker Local Engine"
84.236.228.59 - - [02/Aug/2026:09:16:53 +0200] "HEAD /wp-content/uploads/2021/01/pexels-tiger-lily-4484078.jpg HTTP/1.1" 200 6964 "https://www.ensaco.es" "WPMU DEV Broken Link Checker Local Engine"
84.236.228.59 - - [02/Aug/2026:09:16:55 +0200] "HEAD /wp-content/uploads/2021/10/iluminacion-inteligente-casa.jpg HTTP/1.1" 200 6963 "https://www.ensaco.es" "WPMU DEV Broken Link Checker Local Engine"
84.236.228.59 - - [02/Aug/2026:09:17:00 +0200] "HEAD /wp-content/uploads/2017/10/tablet-2471184_640.jpg HTTP/1.1" 200 6963 "https://www.ensaco.es" "WPMU DEV Broken Link Checker Local Engine"
84.236.228.59 - - [02/Aug/2026:09:17:05 +0200] "HEAD /wp-content/uploads/2019/04/Rehabilitar-una-casa-y-poner-dom%C3%B3tica6.jpg HTTP/1.1" 200 6963 "https://www.ensaco.es" "WPMU DEV Broken Link Checker Local Engine"
66.249.64.45 - - [02/Aug/2026:09:17:04 +0200] "GET /ponimanie-vazhnosti-zerkala-1xbet-dlia-igrokov-3/ HTTP/1.1" 500 271654 "-" "Mozilla/5.0 (Linux; Android 6.0.1; Nexus 5X Build/MMB29P) AppleWebKit/537.36 (KHTML, like Gecko) Chrome/150.0.7871.186 Mobile Safari/537.36 (compatible; GoogleOther)"
84.236.228.59 - - [02/Aug/2026:09:17:10 +0200] "HEAD /wp-content/uploads/2021/08/pexels-mikhail-nilov-6530564.jpg HTTP/1.1" 200 6963 "https://www.ensaco.es" "WPMU DEV Broken Link Checker Local Engine"
84.236.228.59 - - [02/Aug/2026:09:17:15 +0200] "HEAD /wp-content/uploads/2021/11/salas-alquiler-domotica.jpg HTTP/1.1" 200 6963 "https://www.ensaco.es" "WPMU DEV Broken Link Checker Local Engine"
84.236.228.59 - - [02/Aug/2026:09:17:20 +0200] "HEAD /wp-content/uploads/2020/12/pexels-pixabay-262405.jpg HTTP/1.1" 200 6964 "https://www.ensaco.es" "WPMU DEV Broken Link Checker Local Engine"
84.236.228.59 - - [02/Aug/2026:09:17:27 +0200] "POST /wp-cron.php?doing_wp_cron=1785655046.9145228862762451171875 HTTP/1.1" 200 6900 "-" "WordPress/7.0.2; https://www.ensaco.es"
66.249.64.44 - - [02/Aug/2026:09:17:22 +0200] "GET /obshchie-problemy-s-1xbet-zerkalo-i-kak-ikh-ispravit-3/ HTTP/1.1" 500 271644 "-" "Mozilla/5.0 (Linux; Android 6.0.1; Nexus 5X Build/MMB29P) AppleWebKit/537.36 (KHTML, like Gecko) Chrome/150.0.7871.186 Mobile Safari/537.36 (compatible; GoogleOther)"
84.236.228.59 - - [02/Aug/2026:09:17:30 +0200] "POST /wp-cron.php?doing_wp_cron=1785655050.4122610092163085937500 HTTP/1.1" 200 6900 "-" "WordPress/7.0.2; https://www.ensaco.es"
84.236.228.59 - - [02/Aug/2026:09:17:25 +0200] "HEAD /como-controlar-tu-piscina-con-domotica/ HTTP/1.1" 200 7080 "https://www.ensaco.es" "WPMU DEV Broken Link Checker Local Engine"
84.236.228.59 - - [02/Aug/2026:09:17:36 +0200] "HEAD /wp-content/uploads/2020/11/pexels-tima-miroshnichenko-5717512.jpg HTTP/1.1" 200 6963 "https://www.ensaco.es" "WPMU DEV Broken Link Checker Local Engine"
34.196.51.17 - - [02/Aug/2026:09:17:32 +0200] "HEAD / HTTP/1.1" 200 7073 "https://www.ensaco.es/" "WPMUDEV Uptime Monitor 5.0 (https://wpmudev.com)"
84.236.228.59 - - [02/Aug/2026:09:17:38 +0200] "HEAD /wp-content/uploads/2019/10/Soluciones-para-empresas-inteligentes4.jpg HTTP/1.1" 200 6963 "https://www.ensaco.es" "WPMU DEV Broken Link Checker Local Engine"
84.236.228.59 - - [02/Aug/2026:09:17:40 +0200] "HEAD /que-es-la-simulacion-de-presencia/ HTTP/1.1" 200 7080 "https://www.ensaco.es" "WPMU DEV Broken Link Checker Local Engine"
84.236.228.59 - - [02/Aug/2026:09:17:34 +0200] "POST /wp-admin/admin-ajax.php HTTP/1.1" 200 7173 "-" "WordPress/7.0.2; https://www.ensaco.es"
34.104.239.247 - - [02/Aug/2026:09:17:45 +0200] "GET /wp-content/uploads/2020/08/AdobeStock_349154933_HeatPump_-Mediano.png HTTP/1.1" 200 6983 "-" "Python-urllib/3.12"
84.236.228.59 - - [02/Aug/2026:09:17:47 +0200] "HEAD /wp-content/uploads/2019/08/action-adult-care-339620.jpg HTTP/1.1" 200 6963 "https://www.ensaco.es" "WPMU DEV Broken Link Checker Local Engine"
84.236.228.59 - - [02/Aug/2026:09:17:50 +0200] "HEAD /wp-content/uploads/2019/09/Seguridad-en-casas-y-empresas3.jpg HTTP/1.1" 200 6963 "https://www.ensaco.es" "WPMU DEV Broken Link Checker Local Engine"
84.236.228.59 - - [02/Aug/2026:09:17:55 +0200] "HEAD /wp-content/uploads/2019/05/black-and-white-broken-dark-235727.jpg HTTP/1.1" 200 6964 "https://www.ensaco.es" "WPMU DEV Broken Link Checker Local Engine"
84.236.228.59 - - [02/Aug/2026:09:18:00 +0200] "HEAD /wp-content/uploads/2020/10/automatizaci%C3%B3n-en-centros-deportivos.jpg HTTP/1.1" 200 6964 "https://www.ensaco.es" "WPMU DEV Broken Link Checker Local Engine"
84.236.228.59 - - [02/Aug/2026:09:18:05 +0200] "HEAD /wp-content/uploads/2024/01/loxone-smart-tags_shop-300x300.png HTTP/1.1" 200 6962 "https://www.ensaco.es" "WPMU DEV Broken Link Checker Local Engine"
84.236.228.59 - - [02/Aug/2026:09:18:10 +0200] "HEAD /wp-content/uploads/2019/07/inmotica.jpg HTTP/1.1" 200 6963 "https://www.ensaco.es" "WPMU DEV Broken Link Checker Local Engine"
84.236.228.59 - - [02/Aug/2026:09:18:15 +0200] "HEAD /wp-content/uploads/2022/09/ventilacion-domotica.jpg HTTP/1.1" 200 6963 "https://www.ensaco.es" "WPMU DEV Broken Link Checker Local Engine"
84.236.228.59 - - [02/Aug/2026:09:18:20 +0200] "HEAD /wp-content/uploads/2020/12/pexels-pixabay-221540.jpg HTTP/1.1" 200 6964 "https://www.ensaco.es" "WPMU DEV Broken Link Checker Local Engine"
84.236.228.59 - - [02/Aug/2026:09:18:25 +0200] "HEAD /wp-content/uploads/2021/05/pexels-adrienn-1460742.jpg HTTP/1.1" 200 6963 "https://www.ensaco.es" "WPMU DEV Broken Link Checker Local Engine"
84.236.228.59 - - [02/Aug/2026:09:18:30 +0200] "HEAD /wp-content/uploads/2021/02/pexels-elevate-1267320.jpg HTTP/1.1" 200 6964 "https://www.ensaco.es" "WPMU DEV Broken Link Checker Local Engine"
84.236.228.59 - - [02/Aug/2026:09:18:35 +0200] "HEAD /wp-content/uploads/2018/12/google-home2.png HTTP/1.1" 200 6962 "https://www.ensaco.es" "WPMU DEV Broken Link Checker Local Engine"
84.236.228.59 - - [02/Aug/2026:09:18:40 +0200] "HEAD /wp-content/uploads/2020/09/domotica-en-geriatricos.jpg HTTP/1.1" 200 6963 "https://www.ensaco.es" "WPMU DEV Broken Link Checker Local Engine"
84.236.228.59 - - [02/Aug/2026:09:18:45 +0200] "HEAD /wp-content/uploads/2021/09/passivhaus-calidad-aire.jpg HTTP/1.1" 200 6964 "https://www.ensaco.es" "WPMU DEV Broken Link Checker Local Engine"
84.236.228.59 - - [02/Aug/2026:09:18:50 +0200] "HEAD /wp-content/uploads/2021/05/pexels-andrea-piacquadio-3852252.jpg HTTP/1.1" 200 6963 "https://www.ensaco.es" "WPMU DEV Broken Link Checker Local Engine"
84.236.228.59 - - [02/Aug/2026:09:18:55 +0200] "HEAD /wp-content/uploads/2021/03/Fotos-de-stock-.png HTTP/1.1" 200 6964 "https://www.ensaco.es" "WPMU DEV Broken Link Checker Local Engine"
84.236.228.59 - - [02/Aug/2026:09:19:00 +0200] "HEAD /wp-content/uploads/2020/08/bionm.png HTTP/1.1" 200 6962 "https://www.ensaco.es" "WPMU DEV Broken Link Checker Local Engine"
84.236.228.59 - - [02/Aug/2026:09:19:20 +0200] "POST /wp-cron.php?doing_wp_cron=1785655160.1302790641784667968750 HTTP/1.1" 200 6900 "-" "WordPress/7.0.2; https://www.ensaco.es"
84.236.228.59 - - [02/Aug/2026:09:19:05 +0200] "HEAD /domotica-lavanderias-autoservicio/ HTTP/1.1" 200 7080 "https://www.ensaco.es" "WPMU DEV Broken Link Checker Local Engine"
84.236.228.59 - - [02/Aug/2026:09:19:25 +0200] "HEAD /wp-content/uploads/2021/11/suelo-radiante-sistema-inteligente.jpg HTTP/1.1" 200 6963 "https://www.ensaco.es" "WPMU DEV Broken Link Checker Local Engine"
84.236.228.59 - - [02/Aug/2026:09:19:27 +0200] "HEAD /wp-content/uploads/2022/04/estacion-carga.jpg HTTP/1.1" 200 6963 "https://www.ensaco.es" "WPMU DEV Broken Link Checker Local Engine"
84.236.228.59 - - [02/Aug/2026:09:19:29 +0200] "HEAD /wp-content/uploads/2021/04/pexels-pixabay-263402.jpg HTTP/1.1" 200 6964 "https://www.ensaco.es" "WPMU DEV Broken Link Checker Local Engine"
84.236.228.59 - - [02/Aug/2026:09:19:31 +0200] "HEAD /wp-content/uploads/2020/10/gimnasios-inteligentes.jpg HTTP/1.1" 200 6963 "https://www.ensaco.es" "WPMU DEV Broken Link Checker Local Engine"
84.236.228.59 - - [02/Aug/2026:09:19:34 +0200] "POST /wp-cron.php?doing_wp_cron=1785655174.1466429233551025390625 HTTP/1.1" 200 6900 "-" "WordPress/7.0.2; https://www.ensaco.es"
34.196.51.17 - - [02/Aug/2026:09:19:31 +0200] "HEAD / HTTP/1.1" 200 7073 "https://www.ensaco.es/" "WPMUDEV Uptime Monitor 5.0 (https://wpmudev.com)"
84.236.228.59 - - [02/Aug/2026:09:19:35 +0200] "HEAD /wp-content/uploads/2024/03/toldos-domotizados-2.jpg HTTP/1.1" 200 6963 "https://www.ensaco.es" "WPMU DEV Broken Link Checker Local Engine"
84.236.228.59 - - [02/Aug/2026:09:19:40 +0200] "HEAD /wp-content/uploads/2021/01/pexels-elevate-1267329.jpg HTTP/1.1" 200 6964 "https://www.ensaco.es" "WPMU DEV Broken Link Checker Local Engine"
84.236.228.59 - - [02/Aug/2026:09:19:45 +0200] "HEAD /wp-content/uploads/2020/09/domotica-en-segundas-residencias.jpg HTTP/1.1" 200 6964 "https://www.ensaco.es" "WPMU DEV Broken Link Checker Local Engine"
84.236.228.59 - - [02/Aug/2026:09:19:50 +0200] "HEAD /wp-content/uploads/2021/12/paneles-solares.jpg HTTP/1.1" 200 6965 "https://www.ensaco.es" "WPMU DEV Broken Link Checker Local Engine"
84.236.228.59 - - [02/Aug/2026:09:19:55 +0200] "HEAD /wp-content/uploads/2021/01/pexels-pixabay-209251.jpg HTTP/1.1" 200 6964 "https://www.ensaco.es" "WPMU DEV Broken Link Checker Local Engine"
84.236.228.59 - - [02/Aug/2026:09:20:00 +0200] "HEAD /wp-content/uploads/2021/02/pexels-valeria-boltneva-1484516.jpg HTTP/1.1" 200 6963 "https://www.ensaco.es" "WPMU DEV Broken Link Checker Local Engine"
84.236.228.59 - - [02/Aug/2026:09:20:05 +0200] "HEAD /wp-content/uploads/2018/09/sistema-llenado-astilla.jpg HTTP/1.1" 200 6963 "https://www.ensaco.es" "WPMU DEV Broken Link Checker Local Engine"
84.236.228.59 - - [02/Aug/2026:09:20:10 +0200] "HEAD /wp-content/uploads/2020/12/pexels-vivint-solar-2850347.jpg HTTP/1.1" 200 6964 "https://www.ensaco.es" "WPMU DEV Broken Link Checker Local Engine"
84.236.228.59 - - [02/Aug/2026:09:20:15 +0200] "HEAD /wp-content/uploads/2021/10/sensores-iluminacion.jpg HTTP/1.1" 200 6963 "https://www.ensaco.es" "WPMU DEV Broken Link Checker Local Engine"
15.224.105.194 - - [02/Aug/2026:09:20:15 +0200] "GET /robots.txt HTTP/1.1" 301 6964 "-" "Mozilla/5.0 (Macintosh; Intel Mac OS X 10_15_7) AppleWebKit/605.1.15 (KHTML, like Gecko) Version/17.4 Safari/605.1.15"
84.236.228.59 - - [02/Aug/2026:09:20:20 +0200] "HEAD /wp-content/uploads/2020/10/ahorra-en-la-factura-de-calefaccion.jpg HTTP/1.1" 200 6963 "https://www.ensaco.es" "WPMU DEV Broken Link Checker Local Engine"
13.38.36.88 - - [02/Aug/2026:09:20:20 +0200] "GET /robots.txt HTTP/1.1" 200 7962 "-" "Mozilla/5.0 (Macintosh; Intel Mac OS X 10_15_7) AppleWebKit/605.1.15 (KHTML, like Gecko) Version/17.4 Safari/605.1.15"
84.236.228.59 - - [02/Aug/2026:09:20:25 +0200] "HEAD /wp-content/uploads/2021/04/LAS-209949-MEJO-3.png HTTP/1.1" 200 6964 "https://www.ensaco.es" "WPMU DEV Broken Link Checker Local Engine"
15.224.105.194 - - [02/Aug/2026:09:20:23 +0200] "GET /mi-cuenta HTTP/1.1" 301 6994 "-" "Mozilla/5.0 (Macintosh; Intel Mac OS X 10_15_7) AppleWebKit/605.1.15 (KHTML, like Gecko) Version/17.4 Safari/605.1.15"
13.38.36.88 - - [02/Aug/2026:09:20:25 +0200] "GET /mi-cuenta/ HTTP/1.1" 500 269248 "-" "Mozilla/5.0 (Macintosh; Intel Mac OS X 10_15_7) AppleWebKit/605.1.15 (KHTML, like Gecko) Version/17.4 Safari/605.1.15"
84.236.228.59 - - [02/Aug/2026:09:20:30 +0200] "HEAD /wp-content/uploads/2019/09/iluminaci%C3%B3n-inteligente2.jpg HTTP/1.1" 200 6963 "https://www.ensaco.es" "WPMU DEV Broken Link Checker Local Engine"
84.236.228.59 - - [02/Aug/2026:09:20:35 +0200] "HEAD /wp-content/uploads/2019/04/Rehabilitar-una-casa-y-poner-dom%C3%B3tica2.jpg HTTP/1.1" 200 6963 "https://www.ensaco.es" "WPMU DEV Broken Link Checker Local Engine"
84.236.228.59 - - [02/Aug/2026:09:20:40 +0200] "HEAD /wp-content/uploads/2021/03/Fotos-de-stock-4.png HTTP/1.1" 200 6964 "https://www.ensaco.es" "WPMU DEV Broken Link Checker Local Engine"
84.236.228.59 - - [02/Aug/2026:09:20:45 +0200] "HEAD /wp-content/uploads/2021/07/pexels-suzukii-xingfu-698317.jpg HTTP/1.1" 200 6964 "https://www.ensaco.es" "WPMU DEV Broken Link Checker Local Engine"
84.236.228.59 - - [02/Aug/2026:09:20:50 +0200] "HEAD /wp-content/uploads/2020/11/energy-efficiency-154006_640.png HTTP/1.1" 200 6962 "https://www.ensaco.es" "WPMU DEV Broken Link Checker Local Engine"
84.236.228.59 - - [02/Aug/2026:09:20:55 +0200] "HEAD /wp-content/uploads/2020/04/MU-iPhone-X-Lighting-1.png HTTP/1.1" 200 6962 "https://www.ensaco.es" "WPMU DEV Broken Link Checker Local Engine"
84.236.228.59 - - [02/Aug/2026:09:21:00 +0200] "HEAD /wp-content/uploads/2020/11/architecture-1477041_640.jpg HTTP/1.1" 200 6963 "https://www.ensaco.es" "WPMU DEV Broken Link Checker Local Engine"
84.236.228.59 - - [02/Aug/2026:09:21:05 +0200] "HEAD /wp-content/uploads/2020/11/pexels-marc-mueller-380769.jpg HTTP/1.1" 200 6963 "https://www.ensaco.es" "WPMU DEV Broken Link Checker Local Engine"
84.236.228.59 - - [02/Aug/2026:09:21:10 +0200] "HEAD /wp-content/uploads/2020/06/Automatizaci%C3%B3n-frente-al-covid19_2.jpg HTTP/1.1" 200 6963 "https://www.ensaco.es" "WPMU DEV Broken Link Checker Local Engine"
84.236.228.59 - - [02/Aug/2026:09:21:15 +0200] "HEAD /wp-content/uploads/2020/09/automatizacion-segundas-viviendias.jpg HTTP/1.1" 200 6963 "https://www.ensaco.es" "WPMU DEV Broken Link Checker Local Engine"
84.236.228.59 - - [02/Aug/2026:09:21:20 +0200] "HEAD /wp-content/uploads/2021/08/automatizacion-pistas.jpg HTTP/1.1" 200 6963 "https://www.ensaco.es" "WPMU DEV Broken Link Checker Local Engine"
84.236.228.59 - - [02/Aug/2026:09:21:30 +0200] "POST /wp-cron.php?doing_wp_cron=1785655290.2425179481506347656250 HTTP/1.1" 200 6900 "-" "WordPress/7.0.2; https://www.ensaco.es"
84.236.228.59 - - [02/Aug/2026:09:21:25 +0200] "HEAD /luces-domoticas-ventajas-de-un-hogar-o-negocio-inteligente/ HTTP/1.1" 200 7080 "https://www.ensaco.es" "WPMU DEV Broken Link Checker Local Engine"
66.249.64.43 - - [02/Aug/2026:09:21:16 +0200] "GET /jak-zdobyc-darmowe-spiny-w-mostbet-3/ HTTP/1.1" 500 270593 "-" "Mozilla/5.0 (Linux; Android 6.0.1; Nexus 5X Build/MMB29P) AppleWebKit/537.36 (KHTML, like Gecko) Chrome/150.0.7871.186 Mobile Safari/537.36 (compatible; Googlebot/2.1; +http://www.google.com/bot.html)"
84.236.228.59 - - [02/Aug/2026:09:21:35 +0200] "HEAD /wp-content/uploads/2022/04/automatizacion-comunidad-vecinos.jpg HTTP/1.1" 200 6964 "https://www.ensaco.es" "WPMU DEV Broken Link Checker Local Engine"
34.196.51.17 - - [02/Aug/2026:09:21:31 +0200] "HEAD / HTTP/1.1" 200 7073 "https://www.ensaco.es/" "WPMUDEV Uptime Monitor 5.0 (https://wpmudev.com)"
84.236.228.59 - - [02/Aug/2026:09:21:37 +0200] "HEAD /wp-content/uploads/2020/09/control-presencia-segundas-residencias.jpg HTTP/1.1" 200 6963 "https://www.ensaco.es" "WPMU DEV Broken Link Checker Local Engine"
84.236.228.59 - - [02/Aug/2026:09:21:40 +0200] "HEAD /wp-content/uploads/2021/06/pexels-markus-spiske-218445.jpg HTTP/1.1" 200 6963 "https://www.ensaco.es" "WPMU DEV Broken Link Checker Local Engine"
84.236.228.59 - - [02/Aug/2026:09:21:45 +0200] "HEAD /wp-content/uploads/2018/08/Dom%C3%B3tica-para-ni%C3%B1os-2.jpg HTTP/1.1" 200 6963 "https://www.ensaco.es" "WPMU DEV Broken Link Checker Local Engine"
35.225.81.164 - - [02/Aug/2026:09:21:41 +0200] "GET /equipo/ HTTP/1.1" 500 309886 "-" "Mozilla/5.0 (Macintosh; Intel Mac OS X 10_15_7) AppleWebKit/537.36 (KHTML, like Gecko) Chrome/120.0.0.0 Safari/537.36"
84.236.228.59 - - [02/Aug/2026:09:21:50 +0200] "HEAD /wp-content/uploads/2018/12/Dom%C3%B3tica-por-control-de-voz-de-Loxone.jpg HTTP/1.1" 200 6963 "https://www.ensaco.es" "WPMU DEV Broken Link Checker Local Engine"
84.236.228.59 - - [02/Aug/2026:09:21:55 +0200] "HEAD /wp-content/uploads/2021/07/pexels-jonathan-borba-2888492.jpg HTTP/1.1" 200 6963 "https://www.ensaco.es" "WPMU DEV Broken Link Checker Local Engine"
84.236.228.59 - - [02/Aug/2026:09:22:00 +0200] "HEAD /wp-content/uploads/2021/05/LAS-1270-MEJORE-3.png HTTP/1.1" 200 6964 "https://www.ensaco.es" "WPMU DEV Broken Link Checker Local Engine"
84.236.228.59 - - [02/Aug/2026:09:22:05 +0200] "HEAD /wp-content/uploads/2021/01/pexels-elevate-1267338.jpg HTTP/1.1" 200 6965 "https://www.ensaco.es" "WPMU DEV Broken Link Checker Local Engine"
84.236.228.59 - - [02/Aug/2026:09:22:10 +0200] "HEAD /wp-content/uploads/2019/08/architecture-blue-water-buildings-261102.jpg HTTP/1.1" 200 6964 "https://www.ensaco.es" "WPMU DEV Broken Link Checker Local Engine"
84.236.228.59 - - [02/Aug/2026:09:22:15 +0200] "HEAD /wp-content/uploads/2020/11/pexels-kelvin-fran%C3%A7a-3714524.jpg HTTP/1.1" 200 6963 "https://www.ensaco.es" "WPMU DEV Broken Link Checker Local Engine"
84.236.228.59 - - [02/Aug/2026:09:22:32 +0200] "POST /wp-cron.php?doing_wp_cron=1785655351.9555819034576416015625 HTTP/1.1" 200 6900 "-" "WordPress/7.0.2; https://www.ensaco.es"
82.22.215.129 - - [02/Aug/2026:09:22:28 +0200] "GET /producto/loxone-touch-air-antracita/ HTTP/1.1" 500 593135 "-" "Mozilla/5.0 (compatible; Googlebot/2.1; +http://www.google.com/bot.html)"
85.208.96.194 - - [02/Aug/2026:09:22:30 +0200] "GET /domotica-para-personas-mayores-como-hacer-que-su-hogar-sea-mas-seguro-y-comodo-copy/ HTTP/1.1" 500 310353 "-" "Mozilla/5.0 (compatible; SemrushBot/7~bl; +http://www.semrush.com/bot.html)"
84.236.228.59 - - [02/Aug/2026:09:23:34 +0200] "POST /wp-cron.php?doing_wp_cron=1785655414.3632659912109375000000 HTTP/1.1" 200 6900 "-" "WordPress/7.0.2; https://www.ensaco.es"
34.196.51.17 - - [02/Aug/2026:09:23:31 +0200] "HEAD / HTTP/1.1" 200 7073 "https://www.ensaco.es/" "WPMUDEV Uptime Monitor 5.0 (https://wpmudev.com)"
84.236.228.59 - - [02/Aug/2026:09:23:50 +0200] "POST /wp-cron.php?doing_wp_cron=1785655430.5466389656066894531250 HTTP/1.1" 200 6900 "-" "WordPress/7.0.2; https://www.ensaco.es"
66.249.64.44 - - [02/Aug/2026:09:23:47 +0200] "GET /la-psicologia-del-gioco-nei-casino-online-non-aams-2/ HTTP/1.1" 500 271204 "-" "Mozilla/5.0 (Linux; Android 6.0.1; Nexus 5X Build/MMB29P) AppleWebKit/537.36 (KHTML, like Gecko) Chrome/150.0.7871.186 Mobile Safari/537.36 (compatible; Googlebot/2.1; +http://www.google.com/bot.html)"
84.236.228.59 - - [02/Aug/2026:09:25:44 +0200] "POST /wp-cron.php?doing_wp_cron=1785655544.3718841075897216796875 HTTP/1.1" 200 6900 "-" "WordPress/7.0.2; https://www.ensaco.es"
34.196.51.17 - - [02/Aug/2026:09:25:30 +0200] "HEAD / HTTP/1.1" 200 7073 "https://www.ensaco.es/" "WPMUDEV Uptime Monitor 5.0 (https://wpmudev.com)"
84.236.228.59 - - [02/Aug/2026:09:26:25 +0200] "POST /wp-cron.php?doing_wp_cron=1785655585.4328401088714599609375 HTTP/1.1" 200 6900 "-" "WordPress/7.0.2; https://www.ensaco.es"
66.249.64.44 - - [02/Aug/2026:09:26:19 +0200] "GET /ponimanie-vazhnosti-zerkala-1xbet-dlia-igrokov-3/ HTTP/1.1" 500 271654 "-" "Mozilla/5.0 (Linux; Android 6.0.1; Nexus 5X Build/MMB29P) AppleWebKit/537.36 (KHTML, like Gecko) Chrome/150.0.7871.186 Mobile Safari/537.36 (compatible; Googlebot/2.1; +http://www.google.com/bot.html)"
47.128.22.104 - - [02/Aug/2026:09:26:37 +0200] "GET /solucion/eficiencia-energetica/page/5/ HTTP/1.1" 404 7113 "-" "Mozilla/5.0 (Linux; Android 5.0) AppleWebKit/537.36 (KHTML, like Gecko) Mobile Safari/537.36 (compatible; Bytespider; https://bytedance.sg.larkoffice.com/docx/K5bxdypulop3IIxrJb0lOjLVgFe)"
84.236.228.59 - - [02/Aug/2026:09:27:30 +0200] "POST /wp-cron.php?doing_wp_cron=1785655649.8425869941711425781250 HTTP/1.1" 200 6900 "-" "WordPress/7.0.2; https://www.ensaco.es"
149.19.20.200 - - [02/Aug/2026:09:27:26 +0200] "GET /solucion/eficiencia-energetica/page/5/ HTTP/1.1" 500 269891 "-" "Mozilla/5.0 (Linux; Android 6.0; Nexus 5 Build/MRA58N) AppleWebKit/537.36 (KHTML, like Gecko) Chrome/49.0.4619.1194 Mobile Safari/537.36"
34.196.51.17 - - [02/Aug/2026:09:27:31 +0200] "HEAD / HTTP/1.1" 200 7073 "https://www.ensaco.es/" "WPMUDEV Uptime Monitor 5.0 (https://wpmudev.com)"
35.180.227.252 - - [02/Aug/2026:09:29:23 +0200] "GET /wp-content/plugins/woocommerce/assets/css/woocommerce-layout.css HTTP/1.1" 200 6976 "https://www.ensaco.es/mi-cuenta/" "Mozilla/5.0 (Macintosh; Intel Mac OS X 10_15_7) AppleWebKit/605.1.15 (KHTML, like Gecko) Version/17.4 Safari/605.1.15"
35.180.227.252 - - [02/Aug/2026:09:29:24 +0200] "GET /wp-content/plugins/cookie-law-info/legacy/public/css/cookie-law-info-gdpr.css HTTP/1.1" 200 6989 "https://www.ensaco.es/mi-cuenta/" "Mozilla/5.0 (Macintosh; Intel Mac OS X 10_15_7) AppleWebKit/605.1.15 (KHTML, like Gecko) Version/17.4 Safari/605.1.15"
35.180.227.252 - - [02/Aug/2026:09:29:25 +0200] "GET /wp-content/plugins/pago-redsys-tpv-grafreak/public/css/pago-redsys-grafreak-public.css HTTP/1.1" 200 6998 "https://www.ensaco.es/mi-cuenta/" "Mozilla/5.0 (Macintosh; Intel Mac OS X 10_15_7) AppleWebKit/605.1.15 (KHTML, like Gecko) Version/17.4 Safari/605.1.15"
35.180.227.252 - - [02/Aug/2026:09:29:26 +0200] "GET /wp-content/plugins/woocommerce/assets/css/select2.css HTTP/1.1" 200 6965 "https://www.ensaco.es/mi-cuenta/" "Mozilla/5.0 (Macintosh; Intel Mac OS X 10_15_7) AppleWebKit/605.1.15 (KHTML, like Gecko) Version/17.4 Safari/605.1.15"
35.180.227.252 - - [02/Aug/2026:09:29:28 +0200] "GET /wp-content/plugins/woo-product-bundle/assets/css/blocks.css HTTP/1.1" 200 6971 "https://www.ensaco.es/mi-cuenta/" "Mozilla/5.0 (Macintosh; Intel Mac OS X 10_15_7) AppleWebKit/605.1.15 (KHTML, like Gecko) Version/17.4 Safari/605.1.15"
35.180.227.252 - - [02/Aug/2026:09:29:29 +0200] "GET /wp-content/plugins/cookie-law-info/legacy/public/css/cookie-law-info-public.css HTTP/1.1" 200 6991 "https://www.ensaco.es/mi-cuenta/" "Mozilla/5.0 (Macintosh; Intel Mac OS X 10_15_7) AppleWebKit/605.1.15 (KHTML, like Gecko) Version/17.4 Safari/605.1.15"
35.180.227.252 - - [02/Aug/2026:09:29:31 +0200] "GET /wp-content/plugins/woocommerce/assets/css/woocommerce.css HTTP/1.1" 200 6969 "https://www.ensaco.es/mi-cuenta/" "Mozilla/5.0 (Macintosh; Intel Mac OS X 10_15_7) AppleWebKit/605.1.15 (KHTML, like Gecko) Version/17.4 Safari/605.1.15"
35.180.227.252 - - [02/Aug/2026:09:29:32 +0200] "GET /wp-content/plugins/bb-plugin/fonts/fontawesome/5.15.4/css/all.min.css HTTP/1.1" 200 6981 "https://www.ensaco.es/mi-cuenta/" "Mozilla/5.0 (Macintosh; Intel Mac OS X 10_15_7) AppleWebKit/605.1.15 (KHTML, like Gecko) Version/17.4 Safari/605.1.15"
35.180.227.252 - - [02/Aug/2026:09:29:34 +0200] "GET /wp-content/plugins/woo-product-bundle/assets/css/frontend.css HTTP/1.1" 200 6973 "https://www.ensaco.es/mi-cuenta/" "Mozilla/5.0 (Macintosh; Intel Mac OS X 10_15_7) AppleWebKit/605.1.15 (KHTML, like Gecko) Version/17.4 Safari/605.1.15"
35.180.227.252 - - [02/Aug/2026:09:29:35 +0200] "GET /wp-content/plugins/bb-plugin/css/jquery.magnificpopup.min.css HTTP/1.1" 200 6973 "https://www.ensaco.es/mi-cuenta/" "Mozilla/5.0 (Macintosh; Intel Mac OS X 10_15_7) AppleWebKit/605.1.15 (KHTML, like Gecko) Version/17.4 Safari/605.1.15"
35.180.227.252 - - [02/Aug/2026:09:29:37 +0200] "GET /wp-content/themes/bb-theme/css/bootstrap.min.css HTTP/1.1" 200 6960 "https://www.ensaco.es/mi-cuenta/" "Mozilla/5.0 (Macintosh; Intel Mac OS X 10_15_7) AppleWebKit/605.1.15 (KHTML, like Gecko) Version/17.4 Safari/605.1.15"
35.180.227.252 - - [02/Aug/2026:09:29:38 +0200] "GET /wp-content/plugins/woocommerce/assets/css/woocommerce-smallscreen.css HTTP/1.1" 200 6981 "https://www.ensaco.es/mi-cuenta/" "Mozilla/5.0 (Macintosh; Intel Mac OS X 10_15_7) AppleWebKit/605.1.15 (KHTML, like Gecko) Version/17.4 Safari/605.1.15"
84.236.228.59 - - [02/Aug/2026:09:29:54 +0200] "POST /wp-cron.php?doing_wp_cron=1785655794.6939740180969238281250 HTTP/1.1" 200 6900 "-" "WordPress/7.0.2; https://www.ensaco.es"
34.196.51.17 - - [02/Aug/2026:09:29:30 +0200] "HEAD / HTTP/1.1" 200 7073 "https://www.ensaco.es/" "WPMUDEV Uptime Monitor 5.0 (https://wpmudev.com)"
35.157.144.199 - - [02/Aug/2026:09:29:54 +0200] "HEAD / HTTP/1.1" 200 7073 "https://www.ensaco.es/" "WPMUDEV Uptime Monitor 5.0 (https://wpmudev.com)"
84.236.228.59 - - [02/Aug/2026:09:31:46 +0200] "POST /wp-cron.php?doing_wp_cron=1785655906.0295360088348388671875 HTTP/1.1" 200 6900 "-" "WordPress/7.0.2; https://www.ensaco.es"
34.196.51.17 - - [02/Aug/2026:09:31:29 +0200] "HEAD / HTTP/1.1" 200 7073 "https://www.ensaco.es/" "WPMUDEV Uptime Monitor 5.0 (https://wpmudev.com)"
84.236.228.59 - - [02/Aug/2026:09:33:52 +0200] "POST /wp-cron.php?doing_wp_cron=1785656032.8019969463348388671875 HTTP/1.1" 200 6900 "-" "WordPress/7.0.2; https://www.ensaco.es"
34.196.51.17 - - [02/Aug/2026:09:33:32 +0200] "HEAD / HTTP/1.1" 200 7073 "https://www.ensaco.es/" "WPMUDEV Uptime Monitor 5.0 (https://wpmudev.com)"
35.157.144.199 - - [02/Aug/2026:09:33:57 +0200] "HEAD / HTTP/1.1" 200 7073 "https://www.ensaco.es/" "WPMUDEV Uptime Monitor 5.0 (https://wpmudev.com)"
84.236.228.59 - - [02/Aug/2026:09:35:43 +0200] "POST /wp-cron.php?doing_wp_cron=1785656143.2663280963897705078125 HTTP/1.1" 200 6900 "-" "WordPress/7.0.2; https://www.ensaco.es"
34.196.51.17 - - [02/Aug/2026:09:35:32 +0200] "HEAD / HTTP/1.1" 200 7073 "https://www.ensaco.es/" "WPMUDEV Uptime Monitor 5.0 (https://wpmudev.com)"
84.236.228.59 - - [02/Aug/2026:09:36:57 +0200] "POST /wp-cron.php?doing_wp_cron=1785656217.2670059204101562500000 HTTP/1.1" 200 6900 "-" "WordPress/7.0.2; https://www.ensaco.es"
127.0.0.1 - - [02/Aug/2026:09:36:49 +0200] "GET / HTTP/1.1" 301 6954 "-" "Mozilla/5.0 (Macintosh; Intel Mac OS X 10_15_7) AppleWebKit/537.36 (KHTML, like Gecko) Chrome/147.0.0.0 Safari/537.36 CloudflareWebScanner/1.0"
40.77.167.51 - - [02/Aug/2026:09:36:41 +0200] "GET /control-inteligente-ventilacion-empresas/ HTTP/1.1" 500 311568 "-" "Mozilla/5.0 AppleWebKit/537.36 (KHTML, like Gecko; compatible; bingbot/2.0; +http://www.bing.com/bingbot.htm) Chrome/116.0.1938.76 Safari/537.36"
84.236.228.59 - - [02/Aug/2026:09:37:03 +0200] "HEAD /wp-content/uploads/2020/12/pexels-cottonbro-4918102.jpg HTTP/1.1" 200 6964 "https://www.ensaco.es" "WPMU DEV Broken Link Checker Local Engine"
127.0.0.1 - - [02/Aug/2026:09:36:59 +0200] "GET / HTTP/1.1" 500 14842 "-" "Mozilla/5.0 (Macintosh; Intel Mac OS X 10_15_7) AppleWebKit/537.36 (KHTML, like Gecko) Chrome/147.0.0.0 Safari/537.36 CloudflareWebScanner/1.0"
84.236.228.59 - - [02/Aug/2026:09:37:05 +0200] "HEAD /wp-content/uploads/2022/03/aerotermia-suelo-radiante.jpg HTTP/1.1" 200 6963 "https://www.ensaco.es" "WPMU DEV Broken Link Checker Local Engine"
84.236.228.59 - - [02/Aug/2026:09:37:07 +0200] "HEAD /wp-content/uploads/2021/03/pexels-christina-morillo-1181534.jpg HTTP/1.1" 200 6963 "https://www.ensaco.es" "WPMU DEV Broken Link Checker Local Engine"
84.236.228.59 - - [02/Aug/2026:09:37:09 +0200] "HEAD /wp-content/uploads/2021/03/pexels-max-fischer-5212345.jpg HTTP/1.1" 200 6963 "https://www.ensaco.es" "WPMU DEV Broken Link Checker Local Engine"
84.236.228.59 - - [02/Aug/2026:09:37:13 +0200] "HEAD /wp-content/uploads/2021/05/pexels-mark-neal-3115007.jpg HTTP/1.1" 200 6964 "https://www.ensaco.es" "WPMU DEV Broken Link Checker Local Engine"
84.236.228.59 - - [02/Aug/2026:09:37:18 +0200] "HEAD /wp-content/uploads/2021/09/passivhaus-calidad-aire-inteligente.jpg HTTP/1.1" 200 6963 "https://www.ensaco.es" "WPMU DEV Broken Link Checker Local Engine"
84.236.228.59 - - [02/Aug/2026:09:37:23 +0200] "HEAD /wp-content/uploads/2022/11/ventilacion-doble-flujo-automatica.jpg HTTP/1.1" 200 6963 "https://www.ensaco.es" "WPMU DEV Broken Link Checker Local Engine"
84.236.228.59 - - [02/Aug/2026:09:37:28 +0200] "HEAD /wp-content/uploads/2020/08/vivienda-passivhaus.jpg HTTP/1.1" 200 6963 "https://www.ensaco.es" "WPMU DEV Broken Link Checker Local Engine"
84.236.228.59 - - [02/Aug/2026:09:37:33 +0200] "HEAD /wp-content/uploads/2022/04/sistemas-domotica-empresas.jpg HTTP/1.1" 200 6963 "https://www.ensaco.es" "WPMU DEV Broken Link Checker Local Engine"
84.236.228.59 - - [02/Aug/2026:09:37:38 +0200] "HEAD /wp-content/uploads/2020/09/domotica-segundas-viviendas.jpg HTTP/1.1" 200 6964 "https://www.ensaco.es" "WPMU DEV Broken Link Checker Local Engine"
84.236.228.59 - - [02/Aug/2026:09:37:43 +0200] "HEAD /carga-ve/ HTTP/1.1" 200 7080 "https://www.ensaco.es" "WPMU DEV Broken Link Checker Local Engine"
216.244.66.250 - - [02/Aug/2026:09:37:38 +0200] "GET /robots.txt HTTP/1.1" 200 8865 "-" "Mozilla/5.0 (compatible; DotBot/1.2; +https://opensiteexplorer.org/dotbot; help@moz.com)"
34.196.51.17 - - [02/Aug/2026:09:37:32 +0200] "HEAD / HTTP/1.1" 200 7073 "https://www.ensaco.es/" "WPMUDEV Uptime Monitor 5.0 (https://wpmudev.com)"
84.236.228.59 - - [02/Aug/2026:09:37:58 +0200] "HEAD /wp-content/uploads/2021/10/automatizacion-casa-biopasiva.jpg HTTP/1.1" 200 6963 "https://www.ensaco.es" "WPMU DEV Broken Link Checker Local Engine"
84.236.228.59 - - [02/Aug/2026:09:38:00 +0200] "HEAD /wp-content/uploads/2025/01/Imagen1loxone.png HTTP/1.1" 200 6963 "https://www.ensaco.es" "WPMU DEV Broken Link Checker Local Engine"
84.236.228.59 - - [02/Aug/2026:09:38:02 +0200] "HEAD /wp-content/uploads/2022/01/plan-moves-coche-electrico.jpg HTTP/1.1" 200 6963 "https://www.ensaco.es" "WPMU DEV Broken Link Checker Local Engine"
84.236.228.59 - - [02/Aug/2026:09:38:04 +0200] "HEAD /wp-content/uploads/2022/05/automatizacion-negocios.jpg HTTP/1.1" 200 6963 "https://www.ensaco.es" "WPMU DEV Broken Link Checker Local Engine"
84.236.228.59 - - [02/Aug/2026:09:38:08 +0200] "HEAD /wp-content/uploads/2021/07/pexels-askar-abayev-5638749.jpg HTTP/1.1" 200 6964 "https://www.ensaco.es" "WPMU DEV Broken Link Checker Local Engine"
84.236.228.59 - - [02/Aug/2026:09:38:13 +0200] "POST /wp-cron.php?doing_wp_cron=1785656293.0976159572601318359375 HTTP/1.1" 200 6900 "-" "WordPress/7.0.2; https://www.ensaco.es"
35.157.144.199 - - [02/Aug/2026:09:37:53 +0200] "HEAD / HTTP/1.1" 200 7073 "https://www.ensaco.es/" "WPMUDEV Uptime Monitor 5.0 (https://wpmudev.com)"
84.236.228.59 - - [02/Aug/2026:09:38:13 +0200] "HEAD /wp-content/uploads/2018/02/SmartHome.jpg HTTP/1.1" 200 6963 "https://www.ensaco.es" "WPMU DEV Broken Link Checker Local Engine"
84.236.228.59 - - [02/Aug/2026:09:39:43 +0200] "POST /wp-cron.php?doing_wp_cron=1785656383.5366120338439941406250 HTTP/1.1" 200 6900 "-" "WordPress/7.0.2; https://www.ensaco.es"
34.196.51.17 - - [02/Aug/2026:09:39:32 +0200] "HEAD / HTTP/1.1" 200 7073 "https://www.ensaco.es/" "WPMUDEV Uptime Monitor 5.0 (https://wpmudev.com)"
84.236.228.59 - - [02/Aug/2026:09:41:45 +0200] "POST /wp-cron.php?doing_wp_cron=1785656505.8033170700073242187500 HTTP/1.1" 200 6900 "-" "WordPress/7.0.2; https://www.ensaco.es"
34.196.51.17 - - [02/Aug/2026:09:41:30 +0200] "HEAD / HTTP/1.1" 200 7073 "https://www.ensaco.es/" "WPMUDEV Uptime Monitor 5.0 (https://wpmudev.com)"
84.236.228.59 - - [02/Aug/2026:09:42:37 +0200] "POST /wp-cron.php?doing_wp_cron=1785656557.7592051029205322265625 HTTP/1.1" 200 6900 "-" "WordPress/7.0.2; https://www.ensaco.es"
192.204.139.54 - - [02/Aug/2026:09:42:32 +0200] "GET /hispanidad/ HTTP/1.1" 500 301193 "-" "Mozilla/5.0 (Macintosh; Intel Mac OS X 10_13_0) AppleWebKit/537.36 (KHTML, like Gecko) Chrome/42.0.2980.1277 Safari/537.36"
34.146.244.102 - - [02/Aug/2026:09:42:38 +0200] "GET /wp-content/uploads/2020/09/A5A2C9C8-E00C-4C82-BDCC-2BE295AE80E4.jpeg HTTP/1.1" 200 6983 "-" "Python-urllib/3.12"
192.204.139.54 - - [02/Aug/2026:09:42:38 +0200] "GET /wp-content/plugins/bb-plugin/css/jquery.bxslider.css HTTP/1.1" 200 6964 "https://www.ensaco.es/hispanidad/" "Mozilla/5.0 (Macintosh; Intel Mac OS X 10_13_0) AppleWebKit/537.36 (KHTML, like Gecko) Chrome/42.0.2980.1277 Safari/537.36"
5.255.231.127 - - [02/Aug/2026:09:42:56 +0200] "GET /robots.txt HTTP/1.1" 200 8865 "-" "Mozilla/5.0 (compatible; YandexBot/3.0; +http://yandex.com/bots)"
213.180.203.89 - - [02/Aug/2026:09:42:59 +0200] "GET /?attachment_id=4404 HTTP/1.1" 301 6994 "-" "Mozilla/5.0 (compatible; YandexBot/3.0; +http://yandex.com/bots)"
95.108.213.180 - - [02/Aug/2026:09:43:03 +0200] "GET /wp-content/uploads/2024/03/PRESENEXT.png HTTP/1.1" 200 6954 "-" "Mozilla/5.0 (compatible; YandexBot/3.0; +http://yandex.com/bots)"
34.170.6.187 - - [02/Aug/2026:09:43:10 +0200] "GET /robots.txt HTTP/1.1" 301 6964 "-" "Mozilla/5.0 (compatible; LyonlBot/1.0; +https://lyonl.com/bot.html)"
34.170.6.187 - - [02/Aug/2026:09:43:18 +0200] "GET /robots.txt HTTP/1.1" 200 7962 "-" "Mozilla/5.0 (compatible; LyonlBot/1.0; +https://lyonl.com/bot.html)"
104.250.209.112 - - [02/Aug/2026:09:43:22 +0200] "GET /hispanidad/ HTTP/1.1" 500 301208 "https://www.yandex.es/" "Mozilla/5.0 (Linux; Android 10; K) AppleWebKit/537.36 (KHTML, like Gecko) Chrome/126.0.0.0 Mobile Safari/537.36 OPR/83.0.0.0"
104.238.18.121 - - [02/Aug/2026:09:43:26 +0200] "GET /hispanidad/ HTTP/1.1" 500 301193 "https://www.ensaco.es/" "Mozilla/5.0 (Linux; Android 14; Pixel 6 Pro) AppleWebKit/537.36 (KHTML, like Gecko) Chrome/122.0.6261.119 Mobile Safari/537.36 OPR/81.2.4292.78581"
84.236.228.59 - - [02/Aug/2026:09:43:38 +0200] "POST /wp-cron.php?doing_wp_cron=1785656618.1290550231933593750000 HTTP/1.1" 200 6900 "-" "WordPress/7.0.2; https://www.ensaco.es"
34.170.6.187 - - [02/Aug/2026:09:43:31 +0200] "GET / HTTP/1.1" 301 6954 "-" "Mozilla/5.0 (compatible; LyonlBot/1.0; +https://lyonl.com/bot.html)"
90.74.100.160 - - [02/Aug/2026:09:43:30 +0200] "GET / HTTP/1.1" 500 269651 "https://www.ensaco.es/" "Mozilla/5.0 (Linux; Android 6.0; Nexus 5 Build/MRA58N) AppleWebKit/537.36 (KHTML, like Gecko) Chrome/122.0.0.0 Mobile Safari/537.36 Edg/122.0.0.0"
34.196.51.17 - - [02/Aug/2026:09:43:32 +0200] "HEAD / HTTP/1.1" 200 7073 "https://www.ensaco.es/" "WPMUDEV Uptime Monitor 5.0 (https://wpmudev.com)"
34.170.6.187 - - [02/Aug/2026:09:43:38 +0200] "GET / HTTP/1.1" 500 269651 "-" "Mozilla/5.0 (compatible; LyonlBot/1.0; +https://lyonl.com/bot.html)"
90.74.100.160 - - [02/Aug/2026:09:43:39 +0200] "GET /hispanidad/ HTTP/1.1" 500 301193 "https://www.ensaco.es/" "Mozilla/5.0 (Linux; Android 6.0; Nexus 5 Build/MRA58N) AppleWebKit/537.36 (KHTML, like Gecko) Chrome/122.0.0.0 Mobile Safari/537.36 Edg/122.0.0.0"
104.194.193.46 - - [02/Aug/2026:09:43:49 +0200] "GET / HTTP/1.1" 500 269651 "https://www.ensaco.es/" "Mozilla/5.0 (Linux; Android 8.0.0; SM-J330G) AppleWebKit/537.36 (KHTML, like Gecko) Chrome/114.0.0.0 Mobile Safari/537.36 EdgA/114.0.1823.74"
104.194.193.46 - - [02/Aug/2026:09:43:54 +0200] "GET /hispanidad/ HTTP/1.1" 500 301193 "https://www.ensaco.es/" "Mozilla/5.0 (Linux; Android 8.0.0; SM-J330G) AppleWebKit/537.36 (KHTML, like Gecko) Chrome/114.0.0.0 Mobile Safari/537.36 EdgA/114.0.1823.74"
104.224.70.240 - - [02/Aug/2026:09:44:00 +0200] "GET /hispanidad/ HTTP/1.1" 500 301208 "-" "Mozilla/5.0 (Linux; Android 10; K) AppleWebKit/537.36 (KHTML, like Gecko) SamsungBrowser/26.0 Chrome/122.0.0.0 Mobile Safari/537.36"
104.252.58.209 - - [02/Aug/2026:09:44:05 +0200] "GET /hispanidad/ HTTP/1.1" 500 301208 "-" "Mozilla/5.0 (Linux; Android 8; SM-S901B) AppleWebKit/537.36 (KHTML, like Gecko) Chrome/112.0.0.0 Mobile Safari/537.36"
103.156.233.17 - - [02/Aug/2026:09:44:18 +0200] "GET /hispanidad/ HTTP/1.1" 500 301193 "https://www.bing.es/" "Mozilla/5.0 (Linux; Android 11; SM-S901B) AppleWebKit/537.36 (KHTML, like Gecko) Chrome/112.0.0.0 Mobile Safari/537.36"
79.156.207.193 - - [02/Aug/2026:09:44:23 +0200] "GET /hispanidad/ HTTP/1.1" 500 301208 "https://www.yandex.es/" "Mozilla/5.0 (Linux; Android 8.0.0; SM-J330G) AppleWebKit/537.36 (KHTML, like Gecko) Chrome/114.0.0.0 Mobile Safari/537.36 EdgA/114.0.1823.74"
104.250.216.118 - - [02/Aug/2026:09:44:27 +0200] "GET /hispanidad/ HTTP/1.1" 500 301193 "-" "Mozilla/5.0 (Linux; Android 10; K) AppleWebKit/537.36 (KHTML, like Gecko) Chrome/126.0.0.0 Mobile Safari/537.36 EdgA/126.0.0.0"
84.236.228.59 - - [02/Aug/2026:09:44:35 +0200] "POST /wp-cron.php?doing_wp_cron=1785656674.9120709896087646484375 HTTP/1.1" 200 6900 "-" "WordPress/7.0.2; https://www.ensaco.es"
104.250.216.146 - - [02/Aug/2026:09:44:32 +0200] "GET /hispanidad/ HTTP/1.1" 500 301208 "https://www.ensaco.es/" "Mozilla/5.0 (Linux; U; Android 15; SM-A546B Build/AP3A.240905.015.A2; wv) AppleWebKit/537.36 (KHTML, like Gecko) Version/4.0 Chrome/139.0.7258.158 Mobile Safari/537.36 OPR/11.9.2254.73133"
188.241.100.163 - - [02/Aug/2026:09:44:35 +0200] "GET / HTTP/1.1" 500 269645 "-" "Mozilla/5.0 (Linux; Android 7.0; SM-G930V Build/NRD90M) AppleWebKit/537.36 (KHTML, like Gecko) Chrome/59.0.3071.125 Mobile Safari/537.36"
188.241.100.163 - - [02/Aug/2026:09:44:42 +0200] "GET /hispanidad/ HTTP/1.1" 500 301193 "https://www.ensaco.es/" "Mozilla/5.0 (Linux; Android 7.0; SM-G930V Build/NRD90M) AppleWebKit/537.36 (KHTML, like Gecko) Chrome/59.0.3071.125 Mobile Safari/537.36"
85.87.6.146 - - [02/Aug/2026:09:44:46 +0200] "GET / HTTP/1.1" 500 269645 "https://www.ensaco.es/" "Mozilla/5.0 (Linux; U; Android 14; SM-A145F Build/UP1A.231005.007; wv) AppleWebKit/537.36 (KHTML, like Gecko) Version/4.0 Chrome/140.0.7339.51 Mobile Safari/537.36 OPR/94.0.2254.78762"
85.87.6.146 - - [02/Aug/2026:09:44:50 +0200] "GET /hispanidad/ HTTP/1.1" 500 301193 "https://www.ensaco.es/" "Mozilla/5.0 (Linux; U; Android 14; SM-A145F Build/UP1A.231005.007; wv) AppleWebKit/537.36 (KHTML, like Gecko) Version/4.0 Chrome/140.0.7339.51 Mobile Safari/537.36 OPR/94.0.2254.78762"
85.208.96.210 - - [02/Aug/2026:09:45:12 +0200] "GET /soluciones-integrales/ HTTP/1.1" 500 363678 "-" "Mozilla/5.0 (compatible; SemrushBot/7~bl; +http://www.semrush.com/bot.html)"
84.236.228.59 - - [02/Aug/2026:09:45:34 +0200] "POST /wp-cron.php?doing_wp_cron=1785656734.6252810955047607421875 HTTP/1.1" 200 6900 "-" "WordPress/7.0.2; https://www.ensaco.es"
34.196.51.17 - - [02/Aug/2026:09:45:31 +0200] "HEAD / HTTP/1.1" 200 7073 "https://www.ensaco.es/" "WPMUDEV Uptime Monitor 5.0 (https://wpmudev.com)"
84.236.228.59 - - [02/Aug/2026:09:46:45 +0200] "POST /wp-cron.php?doing_wp_cron=1785656805.5814099311828613281250 HTTP/1.1" 200 6900 "-" "WordPress/7.0.2; https://www.ensaco.es"
192.178.4.103 - - [02/Aug/2026:09:46:39 +0200] "GET /robots.txt HTTP/1.1" 301 6964 "-" "Mozilla/5.0 (compatible; Googlebot/2.1; +http://www.google.com/bot.html)"
66.249.64.43 - - [02/Aug/2026:09:46:42 +0200] "GET /ads.txt HTTP/1.1" 500 266942 "-" "Mozilla/5.0 (compatible; Googlebot/2.1; +http://www.google.com/bot.html)"
66.249.64.44 - - [02/Aug/2026:09:46:46 +0200] "GET /robots.txt HTTP/1.1" 200 7962 "-" "Mozilla/5.0 (compatible; Googlebot/2.1; +http://www.google.com/bot.html)"
84.236.228.59 - - [02/Aug/2026:09:47:46 +0200] "POST /wp-cron.php?doing_wp_cron=1785656866.4688320159912109375000 HTTP/1.1" 200 6900 "-" "WordPress/7.0.2; https://www.ensaco.es"
34.196.51.17 - - [02/Aug/2026:09:47:31 +0200] "HEAD / HTTP/1.1" 200 7073 "https://www.ensaco.es/" "WPMUDEV Uptime Monitor 5.0 (https://wpmudev.com)"
84.236.228.59 - - [02/Aug/2026:09:49:18 +0200] "POST /wp-cron.php?doing_wp_cron=1785656958.6219489574432373046875 HTTP/1.1" 200 6900 "-" "WordPress/7.0.2; https://www.ensaco.es"
34.170.6.187 - - [02/Aug/2026:09:49:16 +0200] "GET / HTTP/1.1" 301 6954 "-" "Mozilla/5.0 (compatible; LyonlBot/1.0; +https://lyonl.com/bot.html)"
34.170.6.187 - - [02/Aug/2026:09:49:19 +0200] "GET / HTTP/1.1" 500 269651 "-" "Mozilla/5.0 (compatible; LyonlBot/1.0; +https://lyonl.com/bot.html)"
34.196.51.17 - - [02/Aug/2026:09:49:29 +0200] "HEAD / HTTP/1.1" 200 7073 "https://www.ensaco.es/" "WPMUDEV Uptime Monitor 5.0 (https://wpmudev.com)"
84.236.228.59 - - [02/Aug/2026:09:49:35 +0200] "POST /wp-cron.php?doing_wp_cron=1785656974.8680610656738281250000 HTTP/1.1" 200 6900 "-" "WordPress/7.0.2; https://www.ensaco.es"
34.170.6.187 - - [02/Aug/2026:09:49:33 +0200] "GET / HTTP/1.1" 301 6954 "-" "Mozilla/5.0 (compatible; LyonlBot/1.0; +https://lyonl.com/bot.html)"
34.170.6.187 - - [02/Aug/2026:09:49:35 +0200] "GET / HTTP/1.1" 500 269645 "-" "Mozilla/5.0 (compatible; LyonlBot/1.0; +https://lyonl.com/bot.html)"
43.164.133.138 - - [02/Aug/2026:09:50:05 +0200] "GET / HTTP/1.1" 301 6954 "http://ensaco.es" "Mozilla/5.0 (iPhone; CPU iPhone OS 13_2_3 like Mac OS X) AppleWebKit/605.1.15 (KHTML, like Gecko) Version/13.0.3 Mobile/15E148 Safari/604.1"
43.164.133.138 - - [02/Aug/2026:09:50:10 +0200] "GET / HTTP/1.1" 500 269651 "https://ensaco.es/" "Mozilla/5.0 (iPhone; CPU iPhone OS 13_2_3 like Mac OS X) AppleWebKit/605.1.15 (KHTML, like Gecko) Version/13.0.3 Mobile/15E148 Safari/604.1"
78.47.52.154 - - [02/Aug/2026:09:50:28 +0200] "GET /robots.txt HTTP/1.1" 200 7962 "-" "Mozilla/5.0 (compatible; um-FC/1.0; https://www.ubermetrics-technologies.com/; Windows NT 6.1; WOW64; rv:125.0) Gecko/20100101 Firefox/125.1"
78.47.52.154 - - [02/Aug/2026:09:50:31 +0200] "GET /feed/ HTTP/1.1" 200 106299 "-" "Mozilla/5.0 (compatible; um-IC/1.0; https://www.ubermetrics-technologies.com/; Windows NT 6.1; WOW64; rv:125.0) Gecko/20100101 Firefox/125.1"
84.236.228.59 - - [02/Aug/2026:09:51:33 +0200] "POST /wp-cron.php?doing_wp_cron=1785657093.0750279426574707031250 HTTP/1.1" 200 6900 "-" "WordPress/7.0.2; https://www.ensaco.es"
34.196.51.17 - - [02/Aug/2026:09:51:30 +0200] "HEAD / HTTP/1.1" 200 7073 "https://www.ensaco.es/" "WPMUDEV Uptime Monitor 5.0 (https://wpmudev.com)"
40.77.167.24 - - [02/Aug/2026:09:52:20 +0200] "GET /wp-content/uploads/2024/11/SmartSocket-F-Spain_AIR_2_medidas.jpg HTTP/1.1" 200 6979 "-" "Mozilla/5.0 AppleWebKit/537.36 (KHTML, like Gecko; compatible; bingbot/2.0; +http://www.bing.com/bingbot.htm) Chrome/116.0.1938.76 Safari/537.36"
84.236.228.59 - - [02/Aug/2026:09:53:35 +0200] "POST /wp-cron.php?doing_wp_cron=1785657215.5723829269409179687500 HTTP/1.1" 200 6900 "-" "WordPress/7.0.2; https://www.ensaco.es"
34.196.51.17 - - [02/Aug/2026:09:53:30 +0200] "HEAD / HTTP/1.1" 200 7073 "https://www.ensaco.es/" "WPMUDEV Uptime Monitor 5.0 (https://wpmudev.com)"
84.236.228.59 - - [02/Aug/2026:09:55:34 +0200] "POST /wp-cron.php?doing_wp_cron=1785657334.4097321033477783203125 HTTP/1.1" 200 6900 "-" "WordPress/7.0.2; https://www.ensaco.es"
34.196.51.17 - - [02/Aug/2026:09:55:30 +0200] "HEAD / HTTP/1.1" 200 7073 "https://www.ensaco.es/" "WPMUDEV Uptime Monitor 5.0 (https://wpmudev.com)"
