84.236.228.59 - - [02/Aug/2026:10:27:25 +0200] "POST /wp-cron.php?doing_wp_cron=1785659245.0840520858764648437500 HTTP/1.1" 200 6900 "-" "WordPress/7.0.2; https://www.ensaco.es"
85.208.96.201 - - [02/Aug/2026:10:27:22 +0200] "GET /robots.txt HTTP/1.1" 200 7962 "-" "Mozilla/5.0 (compatible; SemrushBot/7~bl; +http://www.semrush.com/bot.html)"
84.236.228.59 - - [02/Aug/2026:10:27:28 +0200] "HEAD /wp-content/uploads/2024/08/1-1.jpg HTTP/1.1" 200 6963 "https://www.ensaco.es" "WPMU DEV Broken Link Checker Local Engine"
85.208.96.210 - - [02/Aug/2026:10:27:25 +0200] "GET /category/biomasa/ HTTP/1.1" 500 267338 "-" "Mozilla/5.0 (compatible; SemrushBot/7~bl; +http://www.semrush.com/bot.html)"
84.236.228.59 - - [02/Aug/2026:10:27:30 +0200] "HEAD /ahorrar-calefaccion-invierno-domotica/ HTTP/1.1" 200 7080 "https://www.ensaco.es" "WPMU DEV Broken Link Checker Local Engine"
84.236.228.59 - - [02/Aug/2026:10:27:32 +0200] "HEAD /wp-content/uploads/2024/08/3.jpg HTTP/1.1" 200 6963 "https://www.ensaco.es" "WPMU DEV Broken Link Checker Local Engine"
84.236.228.59 - - [02/Aug/2026:10:27:34 +0200] "HEAD /wp-content/uploads/2021/10/iluminacion-inteligente-1.jpg HTTP/1.1" 200 6963 "https://www.ensaco.es" "WPMU DEV Broken Link Checker Local Engine"
34.196.51.17 - - [02/Aug/2026:10:27:32 +0200] "HEAD / HTTP/1.1" 200 7073 "https://www.ensaco.es/" "WPMUDEV Uptime Monitor 5.0 (https://wpmudev.com)"
84.236.228.59 - - [02/Aug/2026:10:27:38 +0200] "HEAD /wp-content/uploads/2024/05/domotica-hospitales-1.jpg HTTP/1.1" 200 6963 "https://www.ensaco.es" "WPMU DEV Broken Link Checker Local Engine"
84.236.228.59 - - [02/Aug/2026:10:27:43 +0200] "HEAD /wp-content/uploads/2024/03/persianas-moto-1.jpg HTTP/1.1" 200 6963 "https://www.ensaco.es" "WPMU DEV Broken Link Checker Local Engine"
84.236.228.59 - - [02/Aug/2026:10:27:48 +0200] "HEAD /wp-content/uploads/2023/01/smart-home.jpg HTTP/1.1" 200 6963 "https://www.ensaco.es" "WPMU DEV Broken Link Checker Local Engine"
84.236.228.59 - - [02/Aug/2026:10:27:53 +0200] "HEAD /solucion/piscina-y-sauna/ HTTP/1.1" 404 6973 "https://www.ensaco.es" "WPMU DEV Broken Link Checker Local Engine"
84.236.228.59 - - [02/Aug/2026:10:27:55 +0200] "GET /solucion/piscina-y-sauna/ HTTP/1.1" 500 266964 "https://www.ensaco.es" "WPMU DEV Broken Link Checker Local Engine"
84.236.228.59 - - [02/Aug/2026:10:28:02 +0200] "HEAD /wp-content/uploads/2024/08/2.jpg HTTP/1.1" 200 6964 "https://www.ensaco.es" "WPMU DEV Broken Link Checker Local Engine"
84.236.228.59 - - [02/Aug/2026:10:28:04 +0200] "HEAD /wp-content/uploads/2025/02/Smart-Building-que-es-Hogar-Ensaco.jpg HTTP/1.1" 200 6963 "https://www.ensaco.es" "WPMU DEV Broken Link Checker Local Engine"
84.236.228.59 - - [02/Aug/2026:10:28:08 +0200] "HEAD /wp-content/uploads/2025/02/Aerotermia-Bienestar-Hogar-Ensaco.jpg HTTP/1.1" 200 6963 "https://www.ensaco.es" "WPMU DEV Broken Link Checker Local Engine"
84.236.228.59 - - [02/Aug/2026:10:28:13 +0200] "HEAD /wp-content/uploads/2023/09/control-automatizado-piscina.jpg HTTP/1.1" 200 6965 "https://www.ensaco.es" "WPMU DEV Broken Link Checker Local Engine"
84.236.228.59 - - [02/Aug/2026:10:28:18 +0200] "HEAD /wp-content/uploads/2025/01/Imagen2ensaco.jpg HTTP/1.1" 200 6964 "https://www.ensaco.es" "WPMU DEV Broken Link Checker Local Engine"
43.167.241.46 - - [02/Aug/2026:10:28:16 +0200] "GET /wp-json/oembed/1.0/embed?url=https%3A%2F%2Fwww.ensaco.es%2Fdomotica-para-personas-mayores%2F HTTP/1.1" 200 9910 "-" "Mozilla/5.0 (iPhone; CPU iPhone OS 13_2_3 like Mac OS X) AppleWebKit/605.1.15 (KHTML, like Gecko) Version/13.0.3 Mobile/15E148 Safari/604.1"
84.236.228.59 - - [02/Aug/2026:10:28:23 +0200] "HEAD /wp-content/uploads/2025/02/Smart-Building-ejemplos-Hogar-Ensaco.jpg HTTP/1.1" 200 6963 "https://www.ensaco.es" "WPMU DEV Broken Link Checker Local Engine"
84.236.228.59 - - [02/Aug/2026:10:28:28 +0200] "HEAD /wp-content/uploads/2024/08/4.jpg HTTP/1.1" 200 6963 "https://www.ensaco.es" "WPMU DEV Broken Link Checker Local Engine"
84.236.228.59 - - [02/Aug/2026:10:28:33 +0200] "HEAD /wp-content/uploads/2023/06/puerta-domotica-empresa.jpg HTTP/1.1" 200 6963 "https://www.ensaco.es" "WPMU DEV Broken Link Checker Local Engine"
84.236.228.59 - - [02/Aug/2026:10:28:38 +0200] "HEAD /wp-content/uploads/2024/09/2.jpg HTTP/1.1" 200 6963 "https://www.ensaco.es" "WPMU DEV Broken Link Checker Local Engine"
84.236.228.59 - - [02/Aug/2026:10:28:43 +0200] "HEAD /wp-content/uploads/2022/02/control-clima-inteligente.jpg HTTP/1.1" 200 6963 "https://www.ensaco.es" "WPMU DEV Broken Link Checker Local Engine"
84.236.228.59 - - [02/Aug/2026:10:28:48 +0200] "HEAD /wp-content/uploads/2022/06/jardin-automatizado.jpg HTTP/1.1" 200 6963 "https://www.ensaco.es" "WPMU DEV Broken Link Checker Local Engine"
84.236.228.59 - - [02/Aug/2026:10:28:53 +0200] "HEAD /wp-content/uploads/2024/06/domotica-vida-asistida-3.jpg HTTP/1.1" 200 6963 "https://www.ensaco.es" "WPMU DEV Broken Link Checker Local Engine"
84.236.228.59 - - [02/Aug/2026:10:28:58 +0200] "HEAD /wp-content/uploads/2022/04/aerotermia.jpg HTTP/1.1" 200 6963 "https://www.ensaco.es" "WPMU DEV Broken Link Checker Local Engine"
84.236.228.59 - - [02/Aug/2026:10:29:03 +0200] "HEAD /wp-content/uploads/2024/08/1.jpg HTTP/1.1" 200 6963 "https://www.ensaco.es" "WPMU DEV Broken Link Checker Local Engine"
84.236.228.59 - - [02/Aug/2026:10:29:09 +0200] "HEAD /wp-content/uploads/2024/06/domotica-vida-asistida-4.jpg HTTP/1.1" 200 6963 "https://www.ensaco.es" "WPMU DEV Broken Link Checker Local Engine"
84.236.228.59 - - [02/Aug/2026:10:29:13 +0200] "HEAD /wp-content/uploads/2023/06/eficiencia-casa-verano.jpg HTTP/1.1" 200 6963 "https://www.ensaco.es" "WPMU DEV Broken Link Checker Local Engine"
84.236.228.59 - - [02/Aug/2026:10:29:18 +0200] "HEAD /wp-content/uploads/2022/05/empresas-eficientes.jpg HTTP/1.1" 200 6963 "https://www.ensaco.es" "WPMU DEV Broken Link Checker Local Engine"
84.236.228.59 - - [02/Aug/2026:10:29:23 +0200] "HEAD /wp-content/uploads/2023/01/persianas-inteligentes.jpg HTTP/1.1" 200 6963 "https://www.ensaco.es" "WPMU DEV Broken Link Checker Local Engine"
84.236.228.59 - - [02/Aug/2026:10:29:28 +0200] "HEAD /wp-content/uploads/2022/10/garaje-automatizado.jpg HTTP/1.1" 200 6963 "https://www.ensaco.es" "WPMU DEV Broken Link Checker Local Engine"
84.236.228.59 - - [02/Aug/2026:10:29:33 +0200] "HEAD /wp-content/uploads/2025/02/Aerotermia-consejos-Hogar-Ensaco.jpg HTTP/1.1" 200 6963 "https://www.ensaco.es" "WPMU DEV Broken Link Checker Local Engine"
84.236.228.59 - - [02/Aug/2026:10:29:33 +0200] "POST /wp-cron.php?doing_wp_cron=1785659373.6940579414367675781250 HTTP/1.1" 200 6900 "-" "WordPress/7.0.2; https://www.ensaco.es"
34.196.51.17 - - [02/Aug/2026:10:29:31 +0200] "HEAD / HTTP/1.1" 200 7073 "https://www.ensaco.es/" "WPMUDEV Uptime Monitor 5.0 (https://wpmudev.com)"
84.236.228.59 - - [02/Aug/2026:10:29:38 +0200] "HEAD /wp-content/uploads/2023/09/piscina-domotica-1.jpg HTTP/1.1" 200 6963 "https://www.ensaco.es" "WPMU DEV Broken Link Checker Local Engine"
216.244.66.250 - - [02/Aug/2026:10:29:39 +0200] "GET /wp-content/uploads/2020/03/iluminacion-inteligente-1.jpg HTTP/1.1" 200 6971 "-" "Mozilla/5.0 (compatible; DotBot/1.2; +https://opensiteexplorer.org/dotbot; help@moz.com)"
84.236.228.59 - - [02/Aug/2026:10:29:43 +0200] "HEAD /wp-content/uploads/2022/08/pic_aerotermia_01.jpg HTTP/1.1" 200 6963 "https://www.ensaco.es" "WPMU DEV Broken Link Checker Local Engine"
84.236.228.59 - - [02/Aug/2026:10:29:48 +0200] "HEAD /wp-content/uploads/2024/09/3.jpg HTTP/1.1" 200 6963 "https://www.ensaco.es" "WPMU DEV Broken Link Checker Local Engine"
84.236.228.59 - - [02/Aug/2026:10:29:53 +0200] "HEAD /wp-content/uploads/2024/10/1.jpg HTTP/1.1" 200 6963 "https://www.ensaco.es" "WPMU DEV Broken Link Checker Local Engine"
84.236.228.59 - - [02/Aug/2026:10:29:58 +0200] "HEAD /wp-content/uploads/2024/02/automatizacion-hogar-1.jpg HTTP/1.1" 200 6963 "https://www.ensaco.es" "WPMU DEV Broken Link Checker Local Engine"
84.236.228.59 - - [02/Aug/2026:10:30:03 +0200] "HEAD /wp-content/uploads/2024/08/4-1.jpg HTTP/1.1" 200 6963 "https://www.ensaco.es" "WPMU DEV Broken Link Checker Local Engine"
84.236.228.59 - - [02/Aug/2026:10:30:08 +0200] "HEAD /wp-content/uploads/2024/09/1.jpg HTTP/1.1" 200 6963 "https://www.ensaco.es" "WPMU DEV Broken Link Checker Local Engine"
84.236.228.59 - - [02/Aug/2026:10:30:13 +0200] "HEAD /solucion/jardines-y-riego/ HTTP/1.1" 404 6973 "https://www.ensaco.es" "WPMU DEV Broken Link Checker Local Engine"
84.236.228.59 - - [02/Aug/2026:10:30:15 +0200] "GET /solucion/jardines-y-riego/ HTTP/1.1" 500 266964 "https://www.ensaco.es" "WPMU DEV Broken Link Checker Local Engine"
84.236.228.59 - - [02/Aug/2026:10:30:22 +0200] "HEAD /wp-content/uploads/2022/12/domotica-casa-alquiler.jpg HTTP/1.1" 200 6963 "https://www.ensaco.es" "WPMU DEV Broken Link Checker Local Engine"
84.236.228.59 - - [02/Aug/2026:10:30:27 +0200] "POST /wp-cron.php?doing_wp_cron=1785659427.0614619255065917968750 HTTP/1.1" 200 6900 "-" "WordPress/7.0.2; https://www.ensaco.es"
84.236.228.59 - - [02/Aug/2026:10:30:24 +0200] "HEAD /producto/camara-ip-2mp-cableada/ HTTP/1.1" 404 6973 "https://www.ensaco.es" "WPMU DEV Broken Link Checker Local Engine"
84.236.228.59 - - [02/Aug/2026:10:30:27 +0200] "GET /producto/camara-ip-2mp-cableada/ HTTP/1.1" 500 266958 "https://www.ensaco.es" "WPMU DEV Broken Link Checker Local Engine"
84.236.228.59 - - [02/Aug/2026:10:30:34 +0200] "HEAD /wp-content/uploads/2023/06/calefaccion-domotica.jpg HTTP/1.1" 200 6963 "https://www.ensaco.es" "WPMU DEV Broken Link Checker Local Engine"
84.236.228.59 - - [02/Aug/2026:10:30:36 +0200] "HEAD /wp-content/uploads/2022/01/puntos-recarga-electrico.jpg HTTP/1.1" 200 6963 "https://www.ensaco.es" "WPMU DEV Broken Link Checker Local Engine"
84.236.228.59 - - [02/Aug/2026:10:30:38 +0200] "HEAD /wp-content/uploads/2022/12/domotica-sensores.jpg HTTP/1.1" 200 6963 "https://www.ensaco.es" "WPMU DEV Broken Link Checker Local Engine"
84.236.228.59 - - [02/Aug/2026:10:30:43 +0200] "HEAD /wp-content/uploads/2024/08/5-1.jpg HTTP/1.1" 200 6964 "https://www.ensaco.es" "WPMU DEV Broken Link Checker Local Engine"
84.236.228.59 - - [02/Aug/2026:10:30:48 +0200] "HEAD /wp-content/uploads/2018/12/alexa.png HTTP/1.1" 200 6961 "https://www.ensaco.es" "WPMU DEV Broken Link Checker Local Engine"
84.236.228.59 - - [02/Aug/2026:10:30:55 +0200] "POST /wp-cron.php?doing_wp_cron=1785659455.5950419902801513671875 HTTP/1.1" 200 6900 "-" "WordPress/7.0.2; https://www.ensaco.es"
84.236.228.59 - - [02/Aug/2026:10:30:53 +0200] "HEAD /hispanidad/ HTTP/1.1" 200 7080 "https://www.ensaco.es" "WPMU DEV Broken Link Checker Local Engine"
84.236.228.59 - - [02/Aug/2026:10:31:00 +0200] "HEAD /wp-content/uploads/2022/08/pic_puertasautomat_02.jpg HTTP/1.1" 200 6964 "https://www.ensaco.es" "WPMU DEV Broken Link Checker Local Engine"
84.236.228.59 - - [02/Aug/2026:10:31:03 +0200] "HEAD /wp-content/uploads/2024/06/domotica-vida-asistida-6.jpg HTTP/1.1" 200 6963 "https://www.ensaco.es" "WPMU DEV Broken Link Checker Local Engine"
84.236.228.59 - - [02/Aug/2026:10:31:08 +0200] "HEAD /wp-content/uploads/2024/10/2.jpg HTTP/1.1" 200 6963 "https://www.ensaco.es" "WPMU DEV Broken Link Checker Local Engine"
84.236.228.59 - - [02/Aug/2026:10:31:13 +0200] "HEAD /wp-content/uploads/2022/10/automatizar-garaje.jpg HTTP/1.1" 200 6963 "https://www.ensaco.es" "WPMU DEV Broken Link Checker Local Engine"
84.236.228.59 - - [02/Aug/2026:10:31:18 +0200] "HEAD /wp-content/uploads/2022/04/estacion-vehiculo-electrico.jpg HTTP/1.1" 200 6963 "https://www.ensaco.es" "WPMU DEV Broken Link Checker Local Engine"
66.249.89.107 - - [02/Aug/2026:10:31:16 +0200] "GET /.well-known/apple-app-site-association HTTP/1.1" 500 266964 "-" "Mozilla/5.0 (Linux; Android 6.0.1; Nexus 5X Build/MMB29P) AppleWebKit/537.36 (KHTML, like Gecko) Chrome/150.0.7871.186 Mobile Safari/537.36 (compatible; AdsBot-Google-Mobile; +http://www.google.com/mobile/adsbot.html)"
84.236.228.59 - - [02/Aug/2026:10:31:23 +0200] "HEAD /wp-content/uploads/2021/03/pexels-vivint-solar-2850347-2.jpg HTTP/1.1" 200 6964 "https://www.ensaco.es" "WPMU DEV Broken Link Checker Local Engine"
84.236.228.59 - - [02/Aug/2026:10:31:28 +0200] "HEAD /wp-content/uploads/2025/01/eficiencia-en-hogares.jpg HTTP/1.1" 200 6965 "https://www.ensaco.es" "WPMU DEV Broken Link Checker Local Engine"
84.236.228.59 - - [02/Aug/2026:10:31:33 +0200] "HEAD /wp-content/uploads/2023/01/aal-automatizacion.jpg HTTP/1.1" 200 6963 "https://www.ensaco.es" "WPMU DEV Broken Link Checker Local Engine"
84.236.228.59 - - [02/Aug/2026:10:31:35 +0200] "POST /wp-cron.php?doing_wp_cron=1785659495.2396171092987060546875 HTTP/1.1" 200 6900 "-" "WordPress/7.0.2; https://www.ensaco.es"
34.196.51.17 - - [02/Aug/2026:10:31:33 +0200] "HEAD / HTTP/1.1" 200 7073 "https://www.ensaco.es/" "WPMUDEV Uptime Monitor 5.0 (https://wpmudev.com)"
84.236.228.59 - - [02/Aug/2026:10:31:38 +0200] "HEAD /wp-content/uploads/bb-plugin/cache/wood-825792_640-1-circle.jpg HTTP/1.1" 404 6973 "https://www.ensaco.es" "WPMU DEV Broken Link Checker Local Engine"
84.236.228.59 - - [02/Aug/2026:10:31:40 +0200] "GET /wp-content/uploads/bb-plugin/cache/wood-825792_640-1-circle.jpg HTTP/1.1" 500 266797 "https://www.ensaco.es" "WPMU DEV Broken Link Checker Local Engine"
84.236.228.59 - - [02/Aug/2026:10:31:48 +0200] "HEAD /wp-content/uploads/2023/06/automatizacion-puertas.jpg HTTP/1.1" 200 6963 "https://www.ensaco.es" "WPMU DEV Broken Link Checker Local Engine"
84.236.228.59 - - [02/Aug/2026:10:31:50 +0200] "HEAD /wp-content/uploads/2024/03/domotica-casa-rural-1.jpg HTTP/1.1" 200 6964 "https://www.ensaco.es" "WPMU DEV Broken Link Checker Local Engine"
84.236.228.59 - - [02/Aug/2026:10:31:53 +0200] "HEAD /wp-content/uploads/2024/08/5.jpg HTTP/1.1" 200 6963 "https://www.ensaco.es" "WPMU DEV Broken Link Checker Local Engine"
84.236.228.59 - - [02/Aug/2026:10:31:58 +0200] "HEAD /wp-content/uploads/2023/06/puerta-automatizada.jpg HTTP/1.1" 200 6963 "https://www.ensaco.es" "WPMU DEV Broken Link Checker Local Engine"
84.236.228.59 - - [02/Aug/2026:10:32:03 +0200] "HEAD /wp-content/uploads/2022/12/sensores-domotica.jpg HTTP/1.1" 200 6963 "https://www.ensaco.es" "WPMU DEV Broken Link Checker Local Engine"
84.236.228.59 - - [02/Aug/2026:10:32:08 +0200] "HEAD /wp-content/uploads/2024/01/NUKI-300x300.jpg HTTP/1.1" 404 6973 "https://www.ensaco.es" "WPMU DEV Broken Link Checker Local Engine"
34.170.6.187 - - [02/Aug/2026:10:32:09 +0200] "GET / HTTP/1.1" 301 6954 "-" "Mozilla/5.0 (compatible; LyonlBot/1.0; +https://lyonl.com/bot.html)"
84.236.228.59 - - [02/Aug/2026:10:32:12 +0200] "GET /wp-content/uploads/2024/01/NUKI-300x300.jpg HTTP/1.1" 500 266797 "https://www.ensaco.es" "WPMU DEV Broken Link Checker Local Engine"
34.170.6.187 - - [02/Aug/2026:10:32:13 +0200] "GET / HTTP/1.1" 500 269651 "-" "Mozilla/5.0 (compatible; LyonlBot/1.0; +https://lyonl.com/bot.html)"
84.236.228.59 - - [02/Aug/2026:10:32:21 +0200] "HEAD /wp-content/uploads/2024/06/domotica-vida-asistida-2.jpg HTTP/1.1" 200 6963 "https://www.ensaco.es" "WPMU DEV Broken Link Checker Local Engine"
34.170.6.187 - - [02/Aug/2026:10:32:21 +0200] "GET /robots.txt HTTP/1.1" 301 6964 "-" "Mozilla/5.0 (compatible; LyonlBot/1.0; +https://lyonl.com/bot.html)"
84.236.228.59 - - [02/Aug/2026:10:32:23 +0200] "HEAD /wp-content/uploads/2024/03/vivienda-turistica-4.jpg HTTP/1.1" 200 6963 "https://www.ensaco.es" "WPMU DEV Broken Link Checker Local Engine"
34.170.6.187 - - [02/Aug/2026:10:32:23 +0200] "GET /robots.txt HTTP/1.1" 200 7962 "-" "Mozilla/5.0 (compatible; LyonlBot/1.0; +https://lyonl.com/bot.html)"
84.236.228.59 - - [02/Aug/2026:10:32:25 +0200] "HEAD /wp-content/uploads/2024/02/iluminacion-inteligente-2.jpg HTTP/1.1" 200 6963 "https://www.ensaco.es" "WPMU DEV Broken Link Checker Local Engine"
84.236.228.59 - - [02/Aug/2026:10:32:28 +0200] "HEAD /wp-content/uploads/2022/05/piscina-comunitaria-automatizacion.jpg HTTP/1.1" 200 6963 "https://www.ensaco.es" "WPMU DEV Broken Link Checker Local Engine"
84.236.228.59 - - [02/Aug/2026:10:32:33 +0200] "HEAD /wp-content/uploads/2024/03/toldos-domotizados-1.jpg HTTP/1.1" 200 6963 "https://www.ensaco.es" "WPMU DEV Broken Link Checker Local Engine"
84.236.228.59 - - [02/Aug/2026:10:32:40 +0200] "POST /wp-cron.php?doing_wp_cron=1785659560.6900548934936523437500 HTTP/1.1" 200 6900 "-" "WordPress/7.0.2; https://www.ensaco.es"
84.236.228.59 - - [02/Aug/2026:10:32:38 +0200] "HEAD /hospitales/ HTTP/1.1" 404 6973 "https://www.ensaco.es" "WPMU DEV Broken Link Checker Local Engine"
84.236.228.59 - - [02/Aug/2026:10:32:40 +0200] "GET /hospitales/ HTTP/1.1" 500 266958 "https://www.ensaco.es" "WPMU DEV Broken Link Checker Local Engine"
84.236.228.59 - - [02/Aug/2026:10:32:50 +0200] "HEAD /wp-content/uploads/2022/06/domotica-paneles-solares.jpg HTTP/1.1" 200 6963 "https://www.ensaco.es" "WPMU DEV Broken Link Checker Local Engine"
66.249.89.107 - - [02/Aug/2026:10:33:16 +0200] "GET /.well-known/apple-app-site-association HTTP/1.1" 500 266964 "-" "Mozilla/5.0 (Linux; Android 6.0.1; Nexus 5X Build/MMB29P) AppleWebKit/537.36 (KHTML, like Gecko) Chrome/150.0.7871.186 Mobile Safari/537.36 (compatible; AdsBot-Google-Mobile; +http://www.google.com/mobile/adsbot.html)"
34.170.6.187 - - [02/Aug/2026:10:33:19 +0200] "GET / HTTP/1.1" 301 6954 "-" "Mozilla/5.0 (compatible; LyonlBot/1.0; +https://lyonl.com/bot.html)"
34.170.6.187 - - [02/Aug/2026:10:33:21 +0200] "GET / HTTP/1.1" 500 269651 "-" "Mozilla/5.0 (compatible; LyonlBot/1.0; +https://lyonl.com/bot.html)"
66.249.64.43 - - [02/Aug/2026:10:33:22 +0200] "GET /jak-zdobyc-darmowe-spiny-w-mostbet-3/ HTTP/1.1" 500 270587 "-" "Mozilla/5.0 (Linux; Android 6.0.1; Nexus 5X Build/MMB29P) AppleWebKit/537.36 (KHTML, like Gecko) Chrome/150.0.7871.186 Mobile Safari/537.36 (compatible; GoogleOther)"
84.236.228.59 - - [02/Aug/2026:10:33:35 +0200] "POST /wp-cron.php?doing_wp_cron=1785659615.1460909843444824218750 HTTP/1.1" 200 6900 "-" "WordPress/7.0.2; https://www.ensaco.es"
34.196.51.17 - - [02/Aug/2026:10:33:33 +0200] "HEAD / HTTP/1.1" 200 7073 "https://www.ensaco.es/" "WPMUDEV Uptime Monitor 5.0 (https://wpmudev.com)"
66.249.64.43 - - [02/Aug/2026:10:33:43 +0200] "GET /stavki-na-sport-pin-up-analitika-dlia-uspeshnykh-prognozov-7/ HTTP/1.1" 500 271968 "-" "Mozilla/5.0 (Linux; Android 6.0.1; Nexus 5X Build/MMB29P) AppleWebKit/537.36 (KHTML, like Gecko) Chrome/150.0.7871.186 Mobile Safari/537.36 (compatible; GoogleOther)"
45.228.51.205 - - [02/Aug/2026:10:33:45 +0200] "GET /iluminacion-inteligente-como-ahorrar-en-electricidad/ HTTP/1.1" 500 311687 "-" "Mozilla/5.0 (Linux; Android 8.0; Pixel 2 Build/OPD3.170816.012) AppleWebKit/537.36 (KHTML, like Gecko) Chrome/51.0.8066.1317 Mobile Safari/537.36"
34.170.6.187 - - [02/Aug/2026:10:33:48 +0200] "GET /robots.txt HTTP/1.1" 301 6964 "-" "Mozilla/5.0 (compatible; LyonlBot/1.0; +https://lyonl.com/bot.html)"
34.170.6.187 - - [02/Aug/2026:10:33:50 +0200] "GET /robots.txt HTTP/1.1" 200 7962 "-" "Mozilla/5.0 (compatible; LyonlBot/1.0; +https://lyonl.com/bot.html)"
66.249.64.45 - - [02/Aug/2026:10:34:04 +0200] "GET /how-to-avoid-scams-in-online-casino-canada-3/ HTTP/1.1" 500 271052 "-" "Mozilla/5.0 (Linux; Android 6.0.1; Nexus 5X Build/MMB29P) AppleWebKit/537.36 (KHTML, like Gecko) Chrome/150.0.7871.186 Mobile Safari/537.36 (compatible; GoogleOther)"
84.236.228.59 - - [02/Aug/2026:10:34:49 +0200] "POST /wp-cron.php?doing_wp_cron=1785659689.5964510440826416015625 HTTP/1.1" 200 6900 "-" "WordPress/7.0.2; https://www.ensaco.es"
34.170.6.187 - - [02/Aug/2026:10:34:47 +0200] "GET / HTTP/1.1" 301 6954 "-" "Mozilla/5.0 (compatible; LyonlBot/1.0; +https://lyonl.com/bot.html)"
34.170.6.187 - - [02/Aug/2026:10:34:50 +0200] "GET / HTTP/1.1" 500 269651 "-" "Mozilla/5.0 (compatible; LyonlBot/1.0; +https://lyonl.com/bot.html)"
57.141.0.51 - - [02/Aug/2026:10:35:01 +0200] "GET /altamira/ HTTP/1.1" 500 301170 "-" "Mozilla/5.0 (Macintosh; Intel Mac OS X 10_15_7) AppleWebKit/537.36 (KHTML, like Gecko) Chrome/145.0.0.0 Safari/537.36 (compatible; meta-webindexer/1.1 (+https://developers.facebook.com/docs/sharing/webmasters/crawler))"
34.170.6.187 - - [02/Aug/2026:10:35:05 +0200] "GET /robots.txt HTTP/1.1" 301 6964 "-" "Mozilla/5.0 (compatible; LyonlBot/1.0; +https://lyonl.com/bot.html)"
189.81.70.21 - - [02/Aug/2026:10:35:05 +0200] "GET /equipo/ HTTP/1.1" 500 309871 "-" "Mozilla/5.0 (Macintosh; Intel Mac OS X 10_15_7) AppleWebKit/537.36 (KHTML, like Gecko) Chrome/148.0.0.0 Safari/537.36"
34.170.6.187 - - [02/Aug/2026:10:35:09 +0200] "GET /robots.txt HTTP/1.1" 200 7962 "-" "Mozilla/5.0 (compatible; LyonlBot/1.0; +https://lyonl.com/bot.html)"
84.236.228.59 - - [02/Aug/2026:10:35:36 +0200] "POST /wp-cron.php?doing_wp_cron=1785659736.0386040210723876953125 HTTP/1.1" 200 6900 "-" "WordPress/7.0.2; https://www.ensaco.es"
34.196.51.17 - - [02/Aug/2026:10:35:34 +0200] "HEAD / HTTP/1.1" 200 7073 "https://www.ensaco.es/" "WPMUDEV Uptime Monitor 5.0 (https://wpmudev.com)"
216.244.66.250 - - [02/Aug/2026:10:35:53 +0200] "GET /solucion/gestion-energetica/feed/ HTTP/1.1" 200 17716 "-" "Mozilla/5.0 (compatible; DotBot/1.2; +https://opensiteexplorer.org/dotbot; help@moz.com)"
34.170.6.187 - - [02/Aug/2026:10:36:04 +0200] "GET / HTTP/1.1" 301 6954 "-" "Mozilla/5.0 (compatible; LyonlBot/1.0; +https://lyonl.com/bot.html)"
34.170.6.187 - - [02/Aug/2026:10:36:07 +0200] "GET / HTTP/1.1" 500 269645 "-" "Mozilla/5.0 (compatible; LyonlBot/1.0; +https://lyonl.com/bot.html)"
84.236.228.59 - - [02/Aug/2026:10:36:44 +0200] "POST /wp-cron.php?doing_wp_cron=1785659804.6349060535430908203125 HTTP/1.1" 200 6900 "-" "WordPress/7.0.2; https://www.ensaco.es"
100.8.165.16 - - [02/Aug/2026:10:36:41 +0200] "GET / HTTP/1.1" 500 269651 "https://businessinspection.com.bd/orbe3d-transforming-product-visualization-from-bd-to-the-world/" "Findisebot/1.0 (+https://findise.net)"
43.131.243.61 - - [02/Aug/2026:10:37:17 +0200] "GET /wp-content/uploads/2026/03/fondo-domotica.webp HTTP/1.1" 200 6960 "-" "Mozilla/5.0 (iPhone; CPU iPhone OS 13_2_3 like Mac OS X) AppleWebKit/605.1.15 (KHTML, like Gecko) Version/13.0.3 Mobile/15E148 Safari/604.1"
84.236.228.59 - - [02/Aug/2026:10:37:37 +0200] "POST /wp-cron.php?doing_wp_cron=1785659856.8721818923950195312500 HTTP/1.1" 200 6900 "-" "WordPress/7.0.2; https://www.ensaco.es"
34.196.51.17 - - [02/Aug/2026:10:37:34 +0200] "HEAD / HTTP/1.1" 200 7073 "https://www.ensaco.es/" "WPMUDEV Uptime Monitor 5.0 (https://wpmudev.com)"
107.173.94.62 - - [02/Aug/2026:10:37:57 +0200] "GET /politica-de-privacidad/ HTTP/1.1" 500 303200 "-" "Mozilla/5.0 (Macintosh; Intel Mac OS X 10_15_7) AppleWebKit/537.36 (KHTML, like Gecko) Chrome/148.0.0.0 Safari/537.36"
66.249.64.43 - - [02/Aug/2026:10:38:04 +0200] "GET /how-to-avoid-scams-in-online-casino-canada-3/ HTTP/1.1" 500 271052 "-" "Mozilla/5.0 (Linux; Android 6.0.1; Nexus 5X Build/MMB29P) AppleWebKit/537.36 (KHTML, like Gecko) Chrome/150.0.7871.186 Mobile Safari/537.36 (compatible; Googlebot/2.1; +http://www.google.com/bot.html)"
34.170.6.187 - - [02/Aug/2026:10:38:18 +0200] "GET /robots.txt HTTP/1.1" 301 6964 "-" "Mozilla/5.0 (compatible; LyonlBot/1.0; +https://lyonl.com/bot.html)"
34.170.6.187 - - [02/Aug/2026:10:38:21 +0200] "GET /robots.txt HTTP/1.1" 200 7962 "-" "Mozilla/5.0 (compatible; LyonlBot/1.0; +https://lyonl.com/bot.html)"
66.249.64.43 - - [02/Aug/2026:10:38:24 +0200] "GET /obshchie-problemy-s-1xbet-zerkalo-i-kak-ikh-ispravit-3/ HTTP/1.1" 500 271710 "-" "Mozilla/5.0 (Linux; Android 6.0.1; Nexus 5X Build/MMB29P) AppleWebKit/537.36 (KHTML, like Gecko) Chrome/150.0.7871.186 Mobile Safari/537.36 (compatible; Googlebot/2.1; +http://www.google.com/bot.html)"
84.236.228.59 - - [02/Aug/2026:10:39:14 +0200] "POST /wp-cron.php?doing_wp_cron=1785659953.9491760730743408203125 HTTP/1.1" 200 6900 "-" "WordPress/7.0.2; https://www.ensaco.es"
34.170.6.187 - - [02/Aug/2026:10:39:11 +0200] "GET / HTTP/1.1" 301 6954 "-" "Mozilla/5.0 (compatible; LyonlBot/1.0; +https://lyonl.com/bot.html)"
34.170.6.187 - - [02/Aug/2026:10:39:14 +0200] "GET / HTTP/1.1" 500 269645 "-" "Mozilla/5.0 (compatible; LyonlBot/1.0; +https://lyonl.com/bot.html)"
52.167.144.158 - - [02/Aug/2026:10:39:28 +0200] "GET /wp-content/uploads/2020/08/rilain.jpg HTTP/1.1" 200 6952 "-" "Mozilla/5.0 AppleWebKit/537.36 (KHTML, like Gecko; compatible; bingbot/2.0; +http://www.bing.com/bingbot.htm) Chrome/116.0.1938.76 Safari/537.36"
84.236.228.59 - - [02/Aug/2026:10:39:36 +0200] "POST /wp-cron.php?doing_wp_cron=1785659975.9232261180877685546875 HTTP/1.1" 200 6900 "-" "WordPress/7.0.2; https://www.ensaco.es"
34.196.51.17 - - [02/Aug/2026:10:39:32 +0200] "HEAD / HTTP/1.1" 200 7073 "https://www.ensaco.es/" "WPMUDEV Uptime Monitor 5.0 (https://wpmudev.com)"
34.170.6.187 - - [02/Aug/2026:10:39:34 +0200] "GET /robots.txt HTTP/1.1" 301 6964 "-" "Mozilla/5.0 (compatible; LyonlBot/1.0; +https://lyonl.com/bot.html)"
34.170.6.187 - - [02/Aug/2026:10:39:37 +0200] "GET /robots.txt HTTP/1.1" 200 7962 "-" "Mozilla/5.0 (compatible; LyonlBot/1.0; +https://lyonl.com/bot.html)"
34.170.6.187 - - [02/Aug/2026:10:40:30 +0200] "GET / HTTP/1.1" 301 6954 "-" "Mozilla/5.0 (compatible; LyonlBot/1.0; +https://lyonl.com/bot.html)"
84.236.228.59 - - [02/Aug/2026:10:40:35 +0200] "POST /wp-cron.php?doing_wp_cron=1785660034.9547810554504394531250 HTTP/1.1" 200 6900 "-" "WordPress/7.0.2; https://www.ensaco.es"
34.170.6.187 - - [02/Aug/2026:10:40:32 +0200] "GET / HTTP/1.1" 500 269651 "-" "Mozilla/5.0 (compatible; LyonlBot/1.0; +https://lyonl.com/bot.html)"
104.168.126.179 - - [02/Aug/2026:10:40:45 +0200] "GET /wp-content/uploads/2024/02/iluminacion-inteligente-1.jpg HTTP/1.1" 200 6971 "https://www.ensaco.es/iluminacion-inteligente-oficinas/" "Mozilla/5.0 (Macintosh; Intel Mac OS X 10_15_7) AppleWebKit/537.36 (KHTML, like Gecko) Chrome/131.0.0.0 Safari/537.36"
34.170.6.187 - - [02/Aug/2026:10:40:54 +0200] "GET /robots.txt HTTP/1.1" 301 6964 "-" "Mozilla/5.0 (compatible; LyonlBot/1.0; +https://lyonl.com/bot.html)"
34.170.6.187 - - [02/Aug/2026:10:40:56 +0200] "GET /robots.txt HTTP/1.1" 200 7962 "-" "Mozilla/5.0 (compatible; LyonlBot/1.0; +https://lyonl.com/bot.html)"
84.236.228.59 - - [02/Aug/2026:10:41:35 +0200] "POST /wp-cron.php?doing_wp_cron=1785660094.8317101001739501953125 HTTP/1.1" 200 6900 "-" "WordPress/7.0.2; https://www.ensaco.es"
34.196.51.17 - - [02/Aug/2026:10:41:32 +0200] "HEAD / HTTP/1.1" 200 7073 "https://www.ensaco.es/" "WPMUDEV Uptime Monitor 5.0 (https://wpmudev.com)"
34.170.6.187 - - [02/Aug/2026:10:42:02 +0200] "GET / HTTP/1.1" 301 6954 "-" "Mozilla/5.0 (compatible; LyonlBot/1.0; +https://lyonl.com/bot.html)"
57.141.0.40 - - [02/Aug/2026:10:42:02 +0200] "GET /integrar-domotica-fotovoltaica/ HTTP/1.1" 500 311030 "-" "Mozilla/5.0 (Windows NT 10.0; Win64; x64) AppleWebKit/537.36 (KHTML, like Gecko) Chrome/145.0.0.0 Safari/537.36 (compatible; meta-webindexer/1.1 (+https://developers.facebook.com/docs/sharing/webmasters/crawler))"
34.170.6.187 - - [02/Aug/2026:10:42:06 +0200] "GET / HTTP/1.1" 500 269651 "-" "Mozilla/5.0 (compatible; LyonlBot/1.0; +https://lyonl.com/bot.html)"
84.236.228.59 - - [02/Aug/2026:10:42:41 +0200] "POST /wp-cron.php?doing_wp_cron=1785660160.9459369182586669921875 HTTP/1.1" 200 6900 "-" "WordPress/7.0.2; https://www.ensaco.es"
17.246.15.75 - - [02/Aug/2026:10:42:37 +0200] "GET /instalar-domotica-en-una-empresa-para-evitar-el-covid-19/ HTTP/1.1" 500 311555 "-" "Mozilla/5.0 (Macintosh; Intel Mac OS X 10_15_7) AppleWebKit/605.1.15 (KHTML, like Gecko) Version/17.4 Safari/605.1.15 (Applebot/0.1; +http://www.apple.com/go/applebot)"
34.170.6.187 - - [02/Aug/2026:10:42:50 +0200] "GET /robots.txt HTTP/1.1" 301 6964 "-" "Mozilla/5.0 (compatible; LyonlBot/1.0; +https://lyonl.com/bot.html)"
34.170.6.187 - - [02/Aug/2026:10:42:52 +0200] "GET /robots.txt HTTP/1.1" 200 7962 "-" "Mozilla/5.0 (compatible; LyonlBot/1.0; +https://lyonl.com/bot.html)"
34.196.51.17 - - [02/Aug/2026:10:43:30 +0200] "HEAD / HTTP/1.1" 200 7073 "https://www.ensaco.es/" "WPMUDEV Uptime Monitor 5.0 (https://wpmudev.com)"
84.236.228.59 - - [02/Aug/2026:10:44:12 +0200] "POST /wp-cron.php?doing_wp_cron=1785660252.4395298957824707031250 HTTP/1.1" 200 6900 "-" "WordPress/7.0.2; https://www.ensaco.es"
34.170.6.187 - - [02/Aug/2026:10:44:10 +0200] "GET / HTTP/1.1" 301 6954 "-" "Mozilla/5.0 (compatible; LyonlBot/1.0; +https://lyonl.com/bot.html)"
34.170.6.187 - - [02/Aug/2026:10:44:13 +0200] "GET / HTTP/1.1" 500 269651 "-" "Mozilla/5.0 (compatible; LyonlBot/1.0; +https://lyonl.com/bot.html)"
84.236.228.59 - - [02/Aug/2026:10:45:15 +0200] "POST /wp-cron.php?doing_wp_cron=1785660315.8421649932861328125000 HTTP/1.1" 200 6900 "-" "WordPress/7.0.2; https://www.ensaco.es"
34.170.6.187 - - [02/Aug/2026:10:45:13 +0200] "GET /robots.txt HTTP/1.1" 301 6964 "-" "Mozilla/5.0 (compatible; LyonlBot/1.0; +https://lyonl.com/bot.html)"
34.170.6.187 - - [02/Aug/2026:10:45:16 +0200] "GET /robots.txt HTTP/1.1" 200 7962 "-" "Mozilla/5.0 (compatible; LyonlBot/1.0; +https://lyonl.com/bot.html)"
84.236.228.59 - - [02/Aug/2026:10:45:34 +0200] "POST /wp-cron.php?doing_wp_cron=1785660334.7164900302886962890625 HTTP/1.1" 200 6900 "-" "WordPress/7.0.2; https://www.ensaco.es"
34.196.51.17 - - [02/Aug/2026:10:45:32 +0200] "HEAD / HTTP/1.1" 200 7073 "https://www.ensaco.es/" "WPMUDEV Uptime Monitor 5.0 (https://wpmudev.com)"
151.236.189.77 - - [02/Aug/2026:10:45:43 +0200] "GET / HTTP/1.1" 301 6954 "https://ensaco.es/" "Mozilla/5.0 (Macintosh; Intel Mac OS X 10_15_7) AppleWebKit/537.36 (KHTML, like Gecko) Chrome/121.0.0.0 Safari/537.36 Edg/121.0.0.0"
188.138.171.135 - - [02/Aug/2026:10:45:47 +0200] "GET / HTTP/1.1" 500 269651 "https://ensaco.es/" "Mozilla/5.0 (Macintosh; Intel Mac OS X 10_15_7) AppleWebKit/537.36 (KHTML, like Gecko) Chrome/121.0.0.0 Safari/537.36 Edg/121.0.0.0"
113.166.234.22 - - [02/Aug/2026:10:45:54 +0200] "GET / HTTP/1.1" 301 6954 "https://ensaco.es/" "Mozilla/5.0 (Windows NT 10.0; Win64; x64) AppleWebKit/537.36 (KHTML, like Gecko) Chrome/121.0.0.0 Safari/537.36 Edg/121.0.0.0"
84.236.228.59 - - [02/Aug/2026:10:46:00 +0200] "POST /wp-cron.php?doing_wp_cron=1785660360.7704889774322509765625 HTTP/1.1" 200 6900 "-" "WordPress/7.0.2; https://www.ensaco.es"
160.154.130.200 - - [02/Aug/2026:10:45:58 +0200] "GET / HTTP/1.1" 500 269651 "https://ensaco.es/" "Mozilla/5.0 (Windows NT 10.0; Win64; x64) AppleWebKit/537.36 (KHTML, like Gecko) Chrome/121.0.0.0 Safari/537.36 Edg/121.0.0.0"
84.236.228.59 - - [02/Aug/2026:10:46:29 +0200] "POST /wp-cron.php?doing_wp_cron=1785660389.7054169178009033203125 HTTP/1.1" 200 6900 "-" "WordPress/7.0.2; https://www.ensaco.es"
66.249.64.44 - - [02/Aug/2026:10:46:27 +0200] "GET /stavki-na-sport-pin-up-analitika-dlia-uspeshnykh-prognozov-7/ HTTP/1.1" 500 271968 "-" "Mozilla/5.0 (Linux; Android 6.0.1; Nexus 5X Build/MMB29P) AppleWebKit/537.36 (KHTML, like Gecko) Chrome/150.0.7871.186 Mobile Safari/537.36 (compatible; GoogleOther)"
84.236.228.59 - - [02/Aug/2026:10:47:13 +0200] "POST /wp-cron.php?doing_wp_cron=1785660433.6585369110107421875000 HTTP/1.1" 200 6900 "-" "WordPress/7.0.2; https://www.ensaco.es"
34.170.6.187 - - [02/Aug/2026:10:47:11 +0200] "GET / HTTP/1.1" 301 6954 "-" "Mozilla/5.0 (compatible; LyonlBot/1.0; +https://lyonl.com/bot.html)"
34.170.6.187 - - [02/Aug/2026:10:47:14 +0200] "GET / HTTP/1.1" 500 269645 "-" "Mozilla/5.0 (compatible; LyonlBot/1.0; +https://lyonl.com/bot.html)"
34.196.51.17 - - [02/Aug/2026:10:47:31 +0200] "HEAD / HTTP/1.1" 200 7073 "https://www.ensaco.es/" "WPMUDEV Uptime Monitor 5.0 (https://wpmudev.com)"
17.246.15.221 - - [02/Aug/2026:10:47:38 +0200] "GET /wp-content/plugins/woocommerce/assets/css/woocommerce-layout.css HTTP/1.1" 200 6976 "https://www.ensaco.es/instalar-domotica-en-una-empresa-para-evitar-el-covid-19/" "Mozilla/5.0 (Macintosh; Intel Mac OS X 10_15_7) AppleWebKit/605.1.15 (KHTML, like Gecko) Version/17.4 Safari/605.1.15 (Applebot/0.1; +http://www.apple.com/go/applebot)"
17.246.15.221 - - [02/Aug/2026:10:47:39 +0200] "GET /wp-content/plugins/pago-redsys-tpv-grafreak/public/css/pago-redsys-grafreak-public.css HTTP/1.1" 200 6998 "https://www.ensaco.es/instalar-domotica-en-una-empresa-para-evitar-el-covid-19/" "Mozilla/5.0 (Macintosh; Intel Mac OS X 10_15_7) AppleWebKit/605.1.15 (KHTML, like Gecko) Version/17.4 Safari/605.1.15 (Applebot/0.1; +http://www.apple.com/go/applebot)"
17.246.15.221 - - [02/Aug/2026:10:47:40 +0200] "GET /wp-content/plugins/cookie-law-info/legacy/public/css/cookie-law-info-gdpr.css HTTP/1.1" 200 6989 "https://www.ensaco.es/instalar-domotica-en-una-empresa-para-evitar-el-covid-19/" "Mozilla/5.0 (Macintosh; Intel Mac OS X 10_15_7) AppleWebKit/605.1.15 (KHTML, like Gecko) Version/17.4 Safari/605.1.15 (Applebot/0.1; +http://www.apple.com/go/applebot)"
17.246.15.221 - - [02/Aug/2026:10:47:42 +0200] "GET /wp-content/plugins/cookie-law-info/legacy/public/css/cookie-law-info-public.css HTTP/1.1" 200 6991 "https://www.ensaco.es/instalar-domotica-en-una-empresa-para-evitar-el-covid-19/" "Mozilla/5.0 (Macintosh; Intel Mac OS X 10_15_7) AppleWebKit/605.1.15 (KHTML, like Gecko) Version/17.4 Safari/605.1.15 (Applebot/0.1; +http://www.apple.com/go/applebot)"
17.246.15.221 - - [02/Aug/2026:10:47:43 +0200] "GET /wp-content/plugins/bb-plugin/fonts/fontawesome/5.15.4/css/all.min.css HTTP/1.1" 200 6981 "https://www.ensaco.es/instalar-domotica-en-una-empresa-para-evitar-el-covid-19/" "Mozilla/5.0 (Macintosh; Intel Mac OS X 10_15_7) AppleWebKit/605.1.15 (KHTML, like Gecko) Version/17.4 Safari/605.1.15 (Applebot/0.1; +http://www.apple.com/go/applebot)"
17.246.15.221 - - [02/Aug/2026:10:47:45 +0200] "GET /wp-content/plugins/woo-product-bundle/assets/css/blocks.css HTTP/1.1" 200 6971 "https://www.ensaco.es/instalar-domotica-en-una-empresa-para-evitar-el-covid-19/" "Mozilla/5.0 (Macintosh; Intel Mac OS X 10_15_7) AppleWebKit/605.1.15 (KHTML, like Gecko) Version/17.4 Safari/605.1.15 (Applebot/0.1; +http://www.apple.com/go/applebot)"
17.246.15.221 - - [02/Aug/2026:10:47:46 +0200] "GET /wp-content/plugins/woocommerce/assets/css/woocommerce.css HTTP/1.1" 200 6969 "https://www.ensaco.es/instalar-domotica-en-una-empresa-para-evitar-el-covid-19/" "Mozilla/5.0 (Macintosh; Intel Mac OS X 10_15_7) AppleWebKit/605.1.15 (KHTML, like Gecko) Version/17.4 Safari/605.1.15 (Applebot/0.1; +http://www.apple.com/go/applebot)"
17.246.15.221 - - [02/Aug/2026:10:47:48 +0200] "GET /wp-content/plugins/woo-product-bundle/assets/css/frontend.css HTTP/1.1" 200 6973 "https://www.ensaco.es/instalar-domotica-en-una-empresa-para-evitar-el-covid-19/" "Mozilla/5.0 (Macintosh; Intel Mac OS X 10_15_7) AppleWebKit/605.1.15 (KHTML, like Gecko) Version/17.4 Safari/605.1.15 (Applebot/0.1; +http://www.apple.com/go/applebot)"
17.246.15.221 - - [02/Aug/2026:10:47:49 +0200] "GET /wp-content/themes/bb-theme/css/bootstrap.min.css HTTP/1.1" 200 6960 "https://www.ensaco.es/instalar-domotica-en-una-empresa-para-evitar-el-covid-19/" "Mozilla/5.0 (Macintosh; Intel Mac OS X 10_15_7) AppleWebKit/605.1.15 (KHTML, like Gecko) Version/17.4 Safari/605.1.15 (Applebot/0.1; +http://www.apple.com/go/applebot)"
17.246.15.221 - - [02/Aug/2026:10:47:51 +0200] "GET /wp-content/plugins/woocommerce/assets/css/woocommerce-smallscreen.css HTTP/1.1" 200 6981 "https://www.ensaco.es/instalar-domotica-en-una-empresa-para-evitar-el-covid-19/" "Mozilla/5.0 (Macintosh; Intel Mac OS X 10_15_7) AppleWebKit/605.1.15 (KHTML, like Gecko) Version/17.4 Safari/605.1.15 (Applebot/0.1; +http://www.apple.com/go/applebot)"
84.236.228.59 - - [02/Aug/2026:10:47:53 +0200] "POST /wp-cron.php?doing_wp_cron=1785660473.3269469738006591796875 HTTP/1.1" 200 6900 "-" "WordPress/7.0.2; https://www.ensaco.es"
168.119.99.194 - - [02/Aug/2026:10:47:50 +0200] "GET /como-la-inteligencia-artificial-mejora-la-eficiencia-energetica-en-empresas/ HTTP/1.1" 500 272619 "-" "Mozilla/5.0 (compatible; RSiteAuditor)"
84.236.228.59 - - [02/Aug/2026:10:48:57 +0200] "POST /wp-cron.php?doing_wp_cron=1785660537.8298048973083496093750 HTTP/1.1" 200 6900 "-" "WordPress/7.0.2; https://www.ensaco.es"
23.21.62.45 - - [02/Aug/2026:10:48:55 +0200] "GET / HTTP/1.1" 301 6954 "-" "Mozilla/5.0 (Windows NT 10.0; Win64; x64) AppleWebKit/537.36 (KHTML, like Gecko) Chrome/83.0.4093.0 Safari/537.36 Edg/83.0.470.0"
23.21.62.45 - - [02/Aug/2026:10:48:58 +0200] "GET / HTTP/1.1" 500 269651 "-" "Mozilla/5.0 (Windows NT 10.0; Win64; x64) AppleWebKit/537.36 (KHTML, like Gecko) Chrome/83.0.4093.0 Safari/537.36 Edg/83.0.470.0"
34.170.6.187 - - [02/Aug/2026:10:49:21 +0200] "GET /robots.txt HTTP/1.1" 301 6964 "-" "Mozilla/5.0 (compatible; LyonlBot/1.0; +https://lyonl.com/bot.html)"
34.170.6.187 - - [02/Aug/2026:10:49:25 +0200] "GET /robots.txt HTTP/1.1" 200 7962 "-" "Mozilla/5.0 (compatible; LyonlBot/1.0; +https://lyonl.com/bot.html)"
34.196.51.17 - - [02/Aug/2026:10:49:31 +0200] "HEAD / HTTP/1.1" 200 7073 "https://www.ensaco.es/" "WPMUDEV Uptime Monitor 5.0 (https://wpmudev.com)"
35.88.30.38 - - [02/Aug/2026:10:49:45 +0200] "GET /wp-content/uploads/2023/06/climatizacion-automatizada.jpg HTTP/1.1" 200 6972 "-" "Mozilla/5.0 (Windows NT 10.0; Win64; x64) AppleWebKit/537.36 (KHTML, like Gecko) Chrome/144.0.0.0 Safari/537.36"
35.93.180.26 - - [02/Aug/2026:10:49:46 +0200] "GET /wp-content/uploads/2023/06/climatizacion-domotica.jpg HTTP/1.1" 200 6968 "-" "Mozilla/5.0 (Windows NT 10.0; Win64; x64) AppleWebKit/537.36 (KHTML, like Gecko) Chrome/144.0.0.0 Safari/537.36"
84.236.228.59 - - [02/Aug/2026:10:51:22 +0200] "POST /wp-cron.php?doing_wp_cron=1785660681.9179360866546630859375 HTTP/1.1" 200 6900 "-" "WordPress/7.0.2; https://www.ensaco.es"
34.170.6.187 - - [02/Aug/2026:10:51:19 +0200] "GET / HTTP/1.1" 301 6954 "-" "Mozilla/5.0 (compatible; LyonlBot/1.0; +https://lyonl.com/bot.html)"
34.170.6.187 - - [02/Aug/2026:10:51:22 +0200] "GET / HTTP/1.1" 500 269651 "-" "Mozilla/5.0 (compatible; LyonlBot/1.0; +https://lyonl.com/bot.html)"
84.236.228.59 - - [02/Aug/2026:10:51:34 +0200] "POST /wp-cron.php?doing_wp_cron=1785660694.5656020641326904296875 HTTP/1.1" 200 6900 "-" "WordPress/7.0.2; https://www.ensaco.es"
34.196.51.17 - - [02/Aug/2026:10:51:32 +0200] "HEAD / HTTP/1.1" 200 7073 "https://www.ensaco.es/" "WPMUDEV Uptime Monitor 5.0 (https://wpmudev.com)"
34.170.6.187 - - [02/Aug/2026:10:51:48 +0200] "GET /robots.txt HTTP/1.1" 301 6964 "-" "Mozilla/5.0 (compatible; LyonlBot/1.0; +https://lyonl.com/bot.html)"
34.170.6.187 - - [02/Aug/2026:10:51:50 +0200] "GET /robots.txt HTTP/1.1" 200 7962 "-" "Mozilla/5.0 (compatible; LyonlBot/1.0; +https://lyonl.com/bot.html)"
84.236.228.59 - - [02/Aug/2026:10:53:40 +0200] "POST /wp-cron.php?doing_wp_cron=1785660820.5549790859222412109375 HTTP/1.1" 200 6900 "-" "WordPress/7.0.2; https://www.ensaco.es"
34.196.51.17 - - [02/Aug/2026:10:53:31 +0200] "HEAD / HTTP/1.1" 200 7073 "https://www.ensaco.es/" "WPMUDEV Uptime Monitor 5.0 (https://wpmudev.com)"
34.170.6.187 - - [02/Aug/2026:10:53:52 +0200] "GET / HTTP/1.1" 301 6954 "-" "Mozilla/5.0 (compatible; LyonlBot/1.0; +https://lyonl.com/bot.html)"
34.170.6.187 - - [02/Aug/2026:10:53:54 +0200] "GET / HTTP/1.1" 500 269651 "-" "Mozilla/5.0 (compatible; LyonlBot/1.0; +https://lyonl.com/bot.html)"
84.236.228.59 - - [02/Aug/2026:10:54:31 +0200] "POST /wp-cron.php?doing_wp_cron=1785660871.2744350433349609375000 HTTP/1.1" 200 6900 "-" "WordPress/7.0.2; https://www.ensaco.es"
34.170.6.187 - - [02/Aug/2026:10:54:28 +0200] "GET /robots.txt HTTP/1.1" 301 6964 "-" "Mozilla/5.0 (compatible; LyonlBot/1.0; +https://lyonl.com/bot.html)"
34.170.6.187 - - [02/Aug/2026:10:54:31 +0200] "GET /robots.txt HTTP/1.1" 200 7962 "-" "Mozilla/5.0 (compatible; LyonlBot/1.0; +https://lyonl.com/bot.html)"
45.252.80.127 - - [02/Aug/2026:10:55:09 +0200] "GET /wp-content/smush-webp/2024/02/iluminacion-inteligente-1-300x200.jpg.webp HTTP/1.1" 200 6986 "https://www.ensaco.es/iluminacion-inteligente-oficinas/" "Mozilla/5.0 (Macintosh; Intel Mac OS X 10_15_7) AppleWebKit/537.36 (KHTML, like Gecko) Chrome/131.0.0.0 Safari/537.36"
84.236.228.59 - - [02/Aug/2026:10:55:36 +0200] "POST /wp-cron.php?doing_wp_cron=1785660936.5999650955200195312500 HTTP/1.1" 200 6900 "-" "WordPress/7.0.2; https://www.ensaco.es"
34.196.51.17 - - [02/Aug/2026:10:55:33 +0200] "HEAD / HTTP/1.1" 200 7073 "https://www.ensaco.es/" "WPMUDEV Uptime Monitor 5.0 (https://wpmudev.com)"
84.236.228.59 - - [02/Aug/2026:10:56:30 +0200] "POST /wp-cron.php?doing_wp_cron=1785660990.6060121059417724609375 HTTP/1.1" 200 6900 "-" "WordPress/7.0.2; https://www.ensaco.es"
34.170.6.187 - - [02/Aug/2026:10:56:26 +0200] "GET / HTTP/1.1" 301 6954 "-" "Mozilla/5.0 (compatible; LyonlBot/1.0; +https://lyonl.com/bot.html)"
40.77.167.44 - - [02/Aug/2026:10:56:28 +0200] "GET /producto/pack-seguridad-2-3-contacto-de-puerta-detector-de-presencia/ HTTP/1.1" 500 593244 "-" "Mozilla/5.0 AppleWebKit/537.36 (KHTML, like Gecko; compatible; bingbot/2.0; +http://www.bing.com/bingbot.htm) Chrome/116.0.1938.76 Safari/537.36"
34.170.6.187 - - [02/Aug/2026:10:56:31 +0200] "GET / HTTP/1.1" 500 269651 "-" "Mozilla/5.0 (compatible; LyonlBot/1.0; +https://lyonl.com/bot.html)"
84.236.228.59 - - [02/Aug/2026:10:57:34 +0200] "POST /wp-cron.php?doing_wp_cron=1785661054.5929949283599853515625 HTTP/1.1" 200 6900 "-" "WordPress/7.0.2; https://www.ensaco.es"
34.196.51.17 - - [02/Aug/2026:10:57:31 +0200] "HEAD / HTTP/1.1" 200 7073 "https://www.ensaco.es/" "WPMUDEV Uptime Monitor 5.0 (https://wpmudev.com)"
34.170.6.187 - - [02/Aug/2026:10:58:11 +0200] "GET /robots.txt HTTP/1.1" 301 6964 "-" "Mozilla/5.0 (compatible; LyonlBot/1.0; +https://lyonl.com/bot.html)"
34.170.6.187 - - [02/Aug/2026:10:58:14 +0200] "GET /robots.txt HTTP/1.1" 200 7962 "-" "Mozilla/5.0 (compatible; LyonlBot/1.0; +https://lyonl.com/bot.html)"
66.249.64.43 - - [02/Aug/2026:10:58:22 +0200] "GET /ponimanie-vazhnosti-zerkala-1xbet-dlia-igrokov-3/ HTTP/1.1" 500 271654 "-" "Mozilla/5.0 (Linux; Android 6.0.1; Nexus 5X Build/MMB29P) AppleWebKit/537.36 (KHTML, like Gecko) Chrome/150.0.7871.186 Mobile Safari/537.36 (compatible; GoogleOther)"
40.77.167.44 - - [02/Aug/2026:10:58:30 +0200] "GET /ahorro-y-diversificacion-energetica-feder-2019/ HTTP/1.1" 500 301192 "-" "Mozilla/5.0 AppleWebKit/537.36 (KHTML, like Gecko; compatible; bingbot/2.0; +http://www.bing.com/bingbot.htm) Chrome/116.0.1938.76 Safari/537.36"
84.236.228.59 - - [02/Aug/2026:10:58:36 +0200] "POST /wp-cron.php?doing_wp_cron=1785661116.0291330814361572265625 HTTP/1.1" 200 6900 "-" "WordPress/7.0.2; https://www.ensaco.es"
52.167.144.67 - - [02/Aug/2026:10:58:33 +0200] "GET /robots.txt HTTP/1.1" 200 7962 "-" "Mozilla/5.0 AppleWebKit/537.36 (KHTML, like Gecko; compatible; bingbot/2.0; +http://www.bing.com/bingbot.htm) Chrome/116.0.1938.76 Safari/537.36"
84.236.228.59 - - [02/Aug/2026:10:59:36 +0200] "POST /wp-cron.php?doing_wp_cron=1785661176.3371639251708984375000 HTTP/1.1" 200 6900 "-" "WordPress/7.0.2; https://www.ensaco.es"
34.196.51.17 - - [02/Aug/2026:10:59:33 +0200] "HEAD / HTTP/1.1" 200 7073 "https://www.ensaco.es/" "WPMUDEV Uptime Monitor 5.0 (https://wpmudev.com)"
34.170.6.187 - - [02/Aug/2026:11:00:25 +0200] "GET / HTTP/1.1" 301 6954 "-" "Mozilla/5.0 (compatible; LyonlBot/1.0; +https://lyonl.com/bot.html)"
34.170.6.187 - - [02/Aug/2026:11:00:28 +0200] "GET / HTTP/1.1" 500 269651 "-" "Mozilla/5.0 (compatible; LyonlBot/1.0; +https://lyonl.com/bot.html)"
84.236.228.59 - - [02/Aug/2026:11:00:38 +0200] "POST /wp-cron.php?doing_wp_cron=1785661238.0288031101226806640625 HTTP/1.1" 200 6900 "-" "WordPress/7.0.2; https://www.ensaco.es"
85.208.98.227 - - [02/Aug/2026:11:00:35 +0200] "GET /robots.txt HTTP/1.1" 200 7962 "-" "Mozilla/5.0 (iPhone; CPU iPhone OS 6_0 like Mac OS X) AppleWebKit/536.26 (KHTML, like Gecko) Version/6.0 Mobile/10A5376e Safari/8536.25 (compatible; Googlebot/2.1; +http://www.google.com/bot.html)"
85.208.98.227 - - [02/Aug/2026:11:00:39 +0200] "GET /construccion-showroom/ HTTP/1.1" 500 14842 "-" "Mozilla/5.0 (iPhone; CPU iPhone OS 6_0 like Mac OS X) AppleWebKit/536.26 (KHTML, like Gecko) Version/6.0 Mobile/10A5376e Safari/8536.25 (compatible; Googlebot/2.1; +http://www.google.com/bot.html)"
85.208.98.226 - - [02/Aug/2026:11:00:44 +0200] "GET /construccion-showroom/ HTTP/1.1" 500 344133 "-" "Mozilla/5.0 (iPhone; CPU iPhone OS 6_0 like Mac OS X) AppleWebKit/536.26 (KHTML, like Gecko) Version/6.0 Mobile/10A5376e Safari/8536.25 (compatible; Googlebot/2.1; +http://www.google.com/bot.html)"
34.170.6.187 - - [02/Aug/2026:11:00:50 +0200] "GET /robots.txt HTTP/1.1" 301 6964 "-" "Mozilla/5.0 (compatible; LyonlBot/1.0; +https://lyonl.com/bot.html)"
34.170.6.187 - - [02/Aug/2026:11:00:52 +0200] "GET /robots.txt HTTP/1.1" 200 7962 "-" "Mozilla/5.0 (compatible; LyonlBot/1.0; +https://lyonl.com/bot.html)"
84.236.228.59 - - [02/Aug/2026:11:01:36 +0200] "POST /wp-cron.php?doing_wp_cron=1785661296.7310450077056884765625 HTTP/1.1" 200 6900 "-" "WordPress/7.0.2; https://www.ensaco.es"
34.196.51.17 - - [02/Aug/2026:11:01:34 +0200] "HEAD / HTTP/1.1" 200 7073 "https://www.ensaco.es/" "WPMUDEV Uptime Monitor 5.0 (https://wpmudev.com)"
151.244.70.123 - - [02/Aug/2026:11:03:08 +0200] "GET /wp-content/uploads/2019/02/10-Rivas.jpg HTTP/1.1" 200 6954 "https://www.ensaco.es/rivas-vaciamadrid/" "Mozilla/5.0 (Macintosh; Intel Mac OS X 10_15_7) AppleWebKit/537.36 (KHTML, like Gecko) Chrome/130.0.0.0 Safari/537.36"
84.236.228.59 - - [02/Aug/2026:11:03:18 +0200] "POST /wp-cron.php?doing_wp_cron=1785661398.0323660373687744140625 HTTP/1.1" 200 6900 "-" "WordPress/7.0.2; https://www.ensaco.es"
52.139.3.76 - - [02/Aug/2026:11:03:15 +0200] "GET / HTTP/1.1" 301 6954 "-" "Mozilla/5.0 (X11; Linux x86_64) AppleWebKit/537.36 (KHTML, like Gecko) Chrome/122.0.0.0 Safari/537.36"
52.139.3.76 - - [02/Aug/2026:11:03:18 +0200] "GET / HTTP/1.1" 500 269651 "-" "Mozilla/5.0 (X11; Linux x86_64) AppleWebKit/537.36 (KHTML, like Gecko) Chrome/122.0.0.0 Safari/537.36"
84.236.228.59 - - [02/Aug/2026:11:03:37 +0200] "POST /wp-cron.php?doing_wp_cron=1785661417.2102169990539550781250 HTTP/1.1" 200 6900 "-" "WordPress/7.0.2; https://www.ensaco.es"
34.196.51.17 - - [02/Aug/2026:11:03:34 +0200] "HEAD / HTTP/1.1" 200 7073 "https://www.ensaco.es/" "WPMUDEV Uptime Monitor 5.0 (https://wpmudev.com)"
152.163.164.92 - - [02/Aug/2026:11:03:45 +0200] "GET /inicio/ HTTP/1.1" 301 6954 "-" "Mozilla/5.0 (Macintosh; Intel Mac OS X 10_15_7) AppleWebKit/537.36 (KHTML, like Gecko) Chrome/148.0.0.0 Safari/537.36"
84.236.228.59 - - [02/Aug/2026:11:05:39 +0200] "POST /wp-cron.php?doing_wp_cron=1785661538.8843920230865478515625 HTTP/1.1" 200 6900 "-" "WordPress/7.0.2; https://www.ensaco.es"
34.196.51.17 - - [02/Aug/2026:11:05:35 +0200] "HEAD / HTTP/1.1" 200 7073 "https://www.ensaco.es/" "WPMUDEV Uptime Monitor 5.0 (https://wpmudev.com)"
84.236.228.59 - - [02/Aug/2026:11:06:48 +0200] "POST /wp-cron.php?doing_wp_cron=1785661607.9902229309082031250000 HTTP/1.1" 200 6900 "-" "WordPress/7.0.2; https://www.ensaco.es"
185.133.63.72 - - [02/Aug/2026:11:06:44 +0200] "GET /calderas-biomasa-elegir-segun-instalacion/ HTTP/1.1" 500 270978 "-" "Claude-User (claude-code/2.1.220; +https://support.anthropic.com/)"
185.133.63.72 - - [02/Aug/2026:11:06:58 +0200] "GET /contacto/ HTTP/1.1" 500 312087 "-" "Claude-User (claude-code/2.1.220; +https://support.anthropic.com/)"
84.236.228.59 - - [02/Aug/2026:11:07:37 +0200] "POST /wp-cron.php?doing_wp_cron=1785661656.9812340736389160156250 HTTP/1.1" 200 6900 "-" "WordPress/7.0.2; https://www.ensaco.es"
34.196.51.17 - - [02/Aug/2026:11:07:34 +0200] "HEAD / HTTP/1.1" 200 7073 "https://www.ensaco.es/" "WPMUDEV Uptime Monitor 5.0 (https://wpmudev.com)"
142.252.156.3 - - [02/Aug/2026:11:07:43 +0200] "GET /politica-de-cookies/ HTTP/1.1" 500 302424 "-" "Mozilla/5.0 (Macintosh; Intel Mac OS X 10_15_7) AppleWebKit/537.36 (KHTML, like Gecko) Chrome/148.0.0.0 Safari/537.36"
84.236.228.59 - - [02/Aug/2026:11:09:36 +0200] "POST /wp-cron.php?doing_wp_cron=1785661776.3046700954437255859375 HTTP/1.1" 200 6900 "-" "WordPress/7.0.2; https://www.ensaco.es"
34.196.51.17 - - [02/Aug/2026:11:09:33 +0200] "HEAD / HTTP/1.1" 200 7073 "https://www.ensaco.es/" "WPMUDEV Uptime Monitor 5.0 (https://wpmudev.com)"
84.236.228.59 - - [02/Aug/2026:11:10:57 +0200] "POST /wp-cron.php?doing_wp_cron=1785661857.0998699665069580078125 HTTP/1.1" 200 6900 "-" "WordPress/7.0.2; https://www.ensaco.es"
66.249.64.45 - - [02/Aug/2026:11:10:52 +0200] "GET /how-to-avoid-scams-in-online-casino-canada-3/ HTTP/1.1" 500 269689 "-" "Mozilla/5.0 (Linux; Android 6.0.1; Nexus 5X Build/MMB29P) AppleWebKit/537.36 (KHTML, like Gecko) Chrome/150.0.7871.186 Mobile Safari/537.36 (compatible; GoogleOther)"
216.244.66.250 - - [02/Aug/2026:11:10:53 +0200] "GET /robots.txt HTTP/1.1" 200 7462 "-" "Mozilla/5.0 (compatible; DotBot/1.2; +https://opensiteexplorer.org/dotbot; help@moz.com)"
84.236.228.59 - - [02/Aug/2026:11:11:35 +0200] "POST /wp-cron.php?doing_wp_cron=1785661895.1116418838500976562500 HTTP/1.1" 200 6900 "-" "WordPress/7.0.2; https://www.ensaco.es"
34.196.51.17 - - [02/Aug/2026:11:11:32 +0200] "HEAD / HTTP/1.1" 200 7073 "https://www.ensaco.es/" "WPMUDEV Uptime Monitor 5.0 (https://wpmudev.com)"
84.236.228.59 - - [02/Aug/2026:11:13:35 +0200] "POST /wp-cron.php?doing_wp_cron=1785662014.9106929302215576171875 HTTP/1.1" 200 6900 "-" "WordPress/7.0.2; https://www.ensaco.es"
34.196.51.17 - - [02/Aug/2026:11:13:32 +0200] "HEAD / HTTP/1.1" 200 7073 "https://www.ensaco.es/" "WPMUDEV Uptime Monitor 5.0 (https://wpmudev.com)"
66.249.64.45 - - [02/Aug/2026:11:13:45 +0200] "GET /producto/altavoz-satellite/ HTTP/1.1" 500 591321 "-" "Mozilla/5.0 (Linux; Android 6.0.1; Nexus 5X Build/MMB29P) AppleWebKit/537.36 (KHTML, like Gecko) Chrome/150.0.7871.186 Mobile Safari/537.36 (compatible; Googlebot/2.1; +http://www.google.com/bot.html)"
23.230.213.77 - - [02/Aug/2026:11:13:59 +0200] "GET /wp-content/smush-webp/2024/03/Espero-tu-respuesta-Un-saludo-David-Andres-Janeczko-Ingeniero-ENSACO-EFICIENCIA-ENERGETICA-S.L.-djaneczko@ensaco.es-661017911-www.ensaco.es-Sede-Central-C-Cortes-de-Aragon-55-entlo.-dcha.-%C2%B7-1-1-600x600.png.webp HTTP/1.1" 200 7155 "-" "Mozilla/5.0 (compatible; crawler)"
