84.236.228.59 - - [02/Aug/2026:11:14:42 +0200] "POST /wp-cron.php?doing_wp_cron=1785662081.9584219455718994140625 HTTP/1.1" 200 6900 "-" "WordPress/7.0.2; https://www.ensaco.es"
188.240.48.132 - - [02/Aug/2026:11:14:38 +0200] "GET / HTTP/1.1" 500 268248 "-" "Mozilla/5.0 (Macintosh; Intel Mac OS X 10_15_7) AppleWebKit/605.1.15 (KHTML, like Gecko) Version/18.5 Safari/605.1.15"
52.167.144.232 - - [02/Aug/2026:11:15:04 +0200] "GET /calefaccion-passivhaus/ HTTP/1.1" 500 309698 "-" "Mozilla/5.0 AppleWebKit/537.36 (KHTML, like Gecko; compatible; bingbot/2.0; +http://www.bing.com/bingbot.htm) Chrome/116.0.1938.76 Safari/537.36"
84.236.228.59 - - [02/Aug/2026:11:15:35 +0200] "POST /wp-cron.php?doing_wp_cron=1785662135.0363640785217285156250 HTTP/1.1" 200 6900 "-" "WordPress/7.0.2; https://www.ensaco.es"
34.196.51.17 - - [02/Aug/2026:11:15:32 +0200] "HEAD / HTTP/1.1" 200 7073 "https://www.ensaco.es/" "WPMUDEV Uptime Monitor 5.0 (https://wpmudev.com)"
104.210.140.136 - - [02/Aug/2026:11:15:47 +0200] "GET /robots.txt HTTP/1.1" 301 6964 "-" "Mozilla/5.0 (Macintosh; Intel Mac OS X 10_15_7) AppleWebKit/537.36 (KHTML, like Gecko) Chrome/131.0.0.0 Safari/537.36; compatible; OAI-SearchBot/1.0; +https://openai.com/searchbot"
198.235.24.209 - - [02/Aug/2026:11:16:04 +0200] "GET /wp-login.php HTTP/1.1" 200 16881 "-" "Hello from Palo Alto Networks, find out more about our scans in https://docs-cortex.paloaltonetworks.com/r/1/Cortex-Xpanse/Scanning-activity"
84.236.228.59 - - [02/Aug/2026:11:17:34 +0200] "POST /wp-cron.php?doing_wp_cron=1785662254.7825028896331787109375 HTTP/1.1" 200 6900 "-" "WordPress/7.0.2; https://www.ensaco.es"
34.196.51.17 - - [02/Aug/2026:11:17:31 +0200] "HEAD / HTTP/1.1" 200 7073 "https://www.ensaco.es/" "WPMUDEV Uptime Monitor 5.0 (https://wpmudev.com)"
84.236.228.59 - - [02/Aug/2026:11:18:34 +0200] "POST /wp-cron.php?doing_wp_cron=1785662314.7087841033935546875000 HTTP/1.1" 200 6900 "-" "WordPress/7.0.2; https://www.ensaco.es"
216.244.66.250 - - [02/Aug/2026:11:18:31 +0200] "GET /ventanas-passivhaus-que-debes-saber-sobre-ellas/ HTTP/1.1" 500 310242 "-" "Mozilla/5.0 (compatible; DotBot/1.2; +https://opensiteexplorer.org/dotbot; help@moz.com)"
84.236.228.59 - - [02/Aug/2026:11:19:35 +0200] "POST /wp-cron.php?doing_wp_cron=1785662375.0384840965270996093750 HTTP/1.1" 200 6900 "-" "WordPress/7.0.2; https://www.ensaco.es"
34.196.51.17 - - [02/Aug/2026:11:19:32 +0200] "HEAD / HTTP/1.1" 200 7073 "https://www.ensaco.es/" "WPMUDEV Uptime Monitor 5.0 (https://wpmudev.com)"
176.98.217.231 - - [02/Aug/2026:11:20:03 +0200] "GET / HTTP/1.1" 301 6954 "-" "Mozilla/5.0 (Windows NT 10.0; Win64; x64) AppleWebKit/537.36 (KHTML, like Gecko) Chrome/131.0.0.0 Safari/537.36"
176.98.217.231 - - [02/Aug/2026:11:20:14 +0200] "GET / HTTP/1.1" 301 6954 "-" "Mozilla/5.0 (Windows NT 10.0; Win64; x64) AppleWebKit/537.36 (KHTML, like Gecko) Chrome/131.0.0.0 Safari/537.36"
176.98.217.231 - - [02/Aug/2026:11:20:20 +0200] "GET / HTTP/1.1" 500 267871 "-" "Mozilla/5.0 (Windows NT 10.0; Win64; x64) AppleWebKit/537.36 (KHTML, like Gecko) Chrome/131.0.0.0 Safari/537.36"
216.244.66.250 - - [02/Aug/2026:11:20:24 +0200] "GET /wp-content/uploads/2017/10/5.jpg HTTP/1.1" 200 6947 "-" "Mozilla/5.0 (compatible; DotBot/1.2; +https://opensiteexplorer.org/dotbot; help@moz.com)"
176.98.217.231 - - [02/Aug/2026:11:20:25 +0200] "GET / HTTP/1.1" 301 6954 "-" "Mozilla/5.0 (Windows NT 10.0; Win64; x64) AppleWebKit/537.36 (KHTML, like Gecko) Chrome/131.0.0.0 Safari/537.36"
176.98.217.231 - - [02/Aug/2026:11:20:28 +0200] "GET / HTTP/1.1" 500 267865 "-" "Mozilla/5.0 (Windows NT 10.0; Win64; x64) AppleWebKit/537.36 (KHTML, like Gecko) Chrome/131.0.0.0 Safari/537.36"
84.236.228.59 - - [02/Aug/2026:11:20:45 +0200] "POST /wp-cron.php?doing_wp_cron=1785662445.5390551090240478515625 HTTP/1.1" 200 6900 "-" "WordPress/7.0.2; https://www.ensaco.es"
176.98.217.231 - - [02/Aug/2026:11:20:42 +0200] "GET /aviso-legal HTTP/1.1" 301 6966 "-" "Mozilla/5.0 (Windows NT 10.0; Win64; x64) AppleWebKit/537.36 (KHTML, like Gecko) Chrome/131.0.0.0 Safari/537.36"
176.98.217.231 - - [02/Aug/2026:11:20:45 +0200] "GET /aviso-legal HTTP/1.1" 301 6966 "-" "Mozilla/5.0 (Windows NT 10.0; Win64; x64) AppleWebKit/537.36 (KHTML, like Gecko) Chrome/131.0.0.0 Safari/537.36"
176.98.217.231 - - [02/Aug/2026:11:20:50 +0200] "GET /aviso-legal/ HTTP/1.1" 500 301091 "-" "Mozilla/5.0 (Windows NT 10.0; Win64; x64) AppleWebKit/537.36 (KHTML, like Gecko) Chrome/131.0.0.0 Safari/537.36"
176.98.217.231 - - [02/Aug/2026:11:20:54 +0200] "GET /legal HTTP/1.1" 500 265099 "-" "Mozilla/5.0 (Windows NT 10.0; Win64; x64) AppleWebKit/537.36 (KHTML, like Gecko) Chrome/131.0.0.0 Safari/537.36"
176.98.217.231 - - [02/Aug/2026:11:20:57 +0200] "GET /politica-de-privacidad HTTP/1.1" 301 6977 "-" "Mozilla/5.0 (Windows NT 10.0; Win64; x64) AppleWebKit/537.36 (KHTML, like Gecko) Chrome/131.0.0.0 Safari/537.36"
52.167.144.232 - - [02/Aug/2026:11:21:04 +0200] "GET /wp-content/uploads/2024/09/1.jpg HTTP/1.1" 200 6947 "-" "Mozilla/5.0 AppleWebKit/537.36 (KHTML, like Gecko; compatible; bingbot/2.0; +http://www.bing.com/bingbot.htm) Chrome/116.0.1938.76 Safari/537.36"
176.98.217.231 - - [02/Aug/2026:11:20:59 +0200] "GET /politica-de-privacidad/ HTTP/1.1" 500 301260 "-" "Mozilla/5.0 (Windows NT 10.0; Win64; x64) AppleWebKit/537.36 (KHTML, like Gecko) Chrome/131.0.0.0 Safari/537.36"
176.98.217.231 - - [02/Aug/2026:11:21:04 +0200] "GET /privacidad HTTP/1.1" 500 265099 "-" "Mozilla/5.0 (Windows NT 10.0; Win64; x64) AppleWebKit/537.36 (KHTML, like Gecko) Chrome/131.0.0.0 Safari/537.36"
176.98.217.231 - - [02/Aug/2026:11:21:09 +0200] "GET /sitemap.xml HTTP/1.1" 301 6971 "-" "Mozilla/5.0 (Windows NT 10.0; Win64; x64) AppleWebKit/537.36 (KHTML, like Gecko) Chrome/131.0.0.0 Safari/537.36"
176.98.217.231 - - [02/Aug/2026:11:21:13 +0200] "GET /sitemap_index.xml HTTP/1.1" 200 7335 "-" "Mozilla/5.0 (Windows NT 10.0; Win64; x64) AppleWebKit/537.36 (KHTML, like Gecko) Chrome/131.0.0.0 Safari/537.36"
84.236.228.59 - - [02/Aug/2026:11:21:36 +0200] "POST /wp-cron.php?doing_wp_cron=1785662496.2526669502258300781250 HTTP/1.1" 200 6900 "-" "WordPress/7.0.2; https://www.ensaco.es"
34.196.51.17 - - [02/Aug/2026:11:21:33 +0200] "HEAD / HTTP/1.1" 200 7073 "https://www.ensaco.es/" "WPMUDEV Uptime Monitor 5.0 (https://wpmudev.com)"
84.236.228.59 - - [02/Aug/2026:11:23:25 +0200] "POST /wp-cron.php?doing_wp_cron=1785662605.5299220085144042968750 HTTP/1.1" 200 6900 "-" "WordPress/7.0.2; https://www.ensaco.es"
66.249.64.45 - - [02/Aug/2026:11:23:22 +0200] "GET /stavki-na-sport-pin-up-analitika-dlia-uspeshnykh-prognozov-7/ HTTP/1.1" 500 270603 "-" "Mozilla/5.0 (Linux; Android 6.0.1; Nexus 5X Build/MMB29P) AppleWebKit/537.36 (KHTML, like Gecko) Chrome/150.0.7871.186 Mobile Safari/537.36 (compatible; GoogleOther)"
84.236.228.59 - - [02/Aug/2026:11:23:35 +0200] "POST /wp-cron.php?doing_wp_cron=1785662615.2362959384918212890625 HTTP/1.1" 200 6900 "-" "WordPress/7.0.2; https://www.ensaco.es"
34.196.51.17 - - [02/Aug/2026:11:23:32 +0200] "HEAD / HTTP/1.1" 200 7073 "https://www.ensaco.es/" "WPMUDEV Uptime Monitor 5.0 (https://wpmudev.com)"
66.249.64.43 - - [02/Aug/2026:11:23:52 +0200] "GET /producto/altavoz-satellite/ HTTP/1.1" 500 591306 "-" "Mozilla/5.0 (Linux; Android 6.0.1; Nexus 5X Build/MMB29P) AppleWebKit/537.36 (KHTML, like Gecko) Chrome/150.0.7871.186 Mobile Safari/537.36 (compatible; Googlebot/2.1; +http://www.google.com/bot.html)"
45.58.247.12 - - [02/Aug/2026:11:24:03 +0200] "GET /wp-content/uploads/2024/02/iluminacion-inteligente-2.jpg HTTP/1.1" 200 6971 "https://www.ensaco.es/iluminacion-inteligente-oficinas/" "Mozilla/5.0 (Macintosh; Intel Mac OS X 10_15_7) AppleWebKit/537.36 (KHTML, like Gecko) Chrome/131.0.0.0 Safari/537.36"
84.236.228.59 - - [02/Aug/2026:11:25:34 +0200] "POST /wp-cron.php?doing_wp_cron=1785662734.1764349937438964843750 HTTP/1.1" 200 6900 "-" "WordPress/7.0.2; https://www.ensaco.es"
34.196.51.17 - - [02/Aug/2026:11:25:30 +0200] "HEAD / HTTP/1.1" 200 7073 "https://www.ensaco.es/" "WPMUDEV Uptime Monitor 5.0 (https://wpmudev.com)"
52.167.144.139 - - [02/Aug/2026:11:25:54 +0200] "GET /wp-content/uploads/2022/04/calefaccion-aerotermia-300x168.jpg HTTP/1.1" 200 6976 "-" "Mozilla/5.0 AppleWebKit/537.36 (KHTML, like Gecko; compatible; bingbot/2.0; +http://www.bing.com/bingbot.htm) Chrome/116.0.1938.76 Safari/537.36"
84.236.228.59 - - [02/Aug/2026:11:27:37 +0200] "POST /wp-cron.php?doing_wp_cron=1785662857.5715250968933105468750 HTTP/1.1" 200 6900 "-" "WordPress/7.0.2; https://www.ensaco.es"
34.196.51.17 - - [02/Aug/2026:11:27:34 +0200] "HEAD / HTTP/1.1" 200 7073 "https://www.ensaco.es/" "WPMUDEV Uptime Monitor 5.0 (https://wpmudev.com)"
84.236.228.59 - - [02/Aug/2026:11:29:34 +0200] "POST /wp-cron.php?doing_wp_cron=1785662974.8340899944305419921875 HTTP/1.1" 200 6900 "-" "WordPress/7.0.2; https://www.ensaco.es"
34.196.51.17 - - [02/Aug/2026:11:29:32 +0200] "HEAD / HTTP/1.1" 200 7073 "https://www.ensaco.es/" "WPMUDEV Uptime Monitor 5.0 (https://wpmudev.com)"
84.236.228.59 - - [02/Aug/2026:11:30:51 +0200] "POST /wp-cron.php?doing_wp_cron=1785663051.1177420616149902343750 HTTP/1.1" 200 6900 "-" "WordPress/7.0.2; https://www.ensaco.es"
216.244.66.250 - - [02/Aug/2026:11:30:47 +0200] "GET /solucion/packs/page/2/ HTTP/1.1" 500 268251 "-" "Mozilla/5.0 (compatible; DotBot/1.2; +https://opensiteexplorer.org/dotbot; help@moz.com)"
84.236.228.59 - - [02/Aug/2026:11:31:36 +0200] "POST /wp-cron.php?doing_wp_cron=1785663096.5986959934234619140625 HTTP/1.1" 200 6900 "-" "WordPress/7.0.2; https://www.ensaco.es"
34.196.51.17 - - [02/Aug/2026:11:31:33 +0200] "HEAD / HTTP/1.1" 200 7073 "https://www.ensaco.es/" "WPMUDEV Uptime Monitor 5.0 (https://wpmudev.com)"
84.236.228.59 - - [02/Aug/2026:11:33:34 +0200] "POST /wp-cron.php?doing_wp_cron=1785663214.1079790592193603515625 HTTP/1.1" 200 6900 "-" "WordPress/7.0.2; https://www.ensaco.es"
34.196.51.17 - - [02/Aug/2026:11:33:31 +0200] "HEAD / HTTP/1.1" 200 7073 "https://www.ensaco.es/" "WPMUDEV Uptime Monitor 5.0 (https://wpmudev.com)"
5.40.4.88 - - [02/Aug/2026:11:34:15 +0200] "GET /iluminacion-inteligente-como-ahorrar-en-electricidad/ HTTP/1.1" 500 310433 "-" "Mozilla/5.0 (Windows NT 10.0; Win64; x64) AppleWebKit/537.36 (KHTML, like Gecko) Chrome/150.0.0.0 Safari/537.36"
46.25.56.212 - - [02/Aug/2026:11:34:25 +0200] "GET /iluminacion-inteligente-como-ahorrar-en-electricidad/ HTTP/1.1" 500 310433 "-" "Mozilla/5.0 (Windows NT 10.0; Win64; x64) AppleWebKit/537.36 (KHTML, like Gecko) Chrome/149.0.0.0 Safari/537.36"
46.25.56.212 - - [02/Aug/2026:11:34:28 +0200] "GET /wp-content/uploads/2020/03/pexels-max-vakhtbovych-6480210.jpg HTTP/1.1" 200 6976 "https://www.ensaco.es/iluminacion-inteligente-como-ahorrar-en-electricidad/" "Mozilla/5.0 (Windows NT 10.0; Win64; x64) AppleWebKit/537.36 (KHTML, like Gecko) Chrome/149.0.0.0 Safari/537.36"
84.236.228.59 - - [02/Aug/2026:11:35:33 +0200] "POST /wp-cron.php?doing_wp_cron=1785663333.0801379680633544921875 HTTP/1.1" 200 6900 "-" "WordPress/7.0.2; https://www.ensaco.es"
34.196.51.17 - - [02/Aug/2026:11:35:29 +0200] "HEAD / HTTP/1.1" 200 7073 "https://www.ensaco.es/" "WPMUDEV Uptime Monitor 5.0 (https://wpmudev.com)"
104.164.118.7 - - [02/Aug/2026:11:35:35 +0200] "GET /accesibilidad/ HTTP/1.1" 500 307815 "-" "Mozilla/5.0 (Macintosh; Intel Mac OS X 10_15_7) AppleWebKit/537.36 (KHTML, like Gecko) Chrome/148.0.0.0 Safari/537.36"
84.236.228.59 - - [02/Aug/2026:11:37:15 +0200] "POST /wp-cron.php?doing_wp_cron=1785663435.0526840686798095703125 HTTP/1.1" 200 6900 "-" "WordPress/7.0.2; https://www.ensaco.es"
52.167.144.147 - - [02/Aug/2026:11:37:11 +0200] "GET /parque-venecia/ HTTP/1.1" 500 300103 "-" "Mozilla/5.0 AppleWebKit/537.36 (KHTML, like Gecko; compatible; bingbot/2.0; +http://www.bing.com/bingbot.htm) Chrome/116.0.1938.76 Safari/537.36"
84.236.228.59 - - [02/Aug/2026:11:37:34 +0200] "POST /wp-cron.php?doing_wp_cron=1785663454.1111888885498046875000 HTTP/1.1" 200 6900 "-" "WordPress/7.0.2; https://www.ensaco.es"
34.196.51.17 - - [02/Aug/2026:11:37:31 +0200] "HEAD / HTTP/1.1" 200 7073 "https://www.ensaco.es/" "WPMUDEV Uptime Monitor 5.0 (https://wpmudev.com)"
84.236.228.59 - - [02/Aug/2026:11:37:39 +0200] "POST /wp-cron.php?doing_wp_cron=1785663458.9488699436187744140625 HTTP/1.1" 200 6900 "-" "WordPress/7.0.2; https://www.ensaco.es"
57.141.0.16 - - [02/Aug/2026:11:37:33 +0200] "GET /actur/ HTTP/1.1" 500 299640 "-" "Mozilla/5.0 (Windows NT 10.0; Win64; x64) AppleWebKit/537.36 (KHTML, like Gecko) Chrome/145.0.0.0 Safari/537.36 (compatible; meta-webindexer/1.1 (+https://developers.facebook.com/docs/sharing/webmasters/crawler))"
152.163.165.48 - - [02/Aug/2026:11:38:20 +0200] "GET / HTTP/1.1" 301 6954 "-" "Mozilla/5.0 (Macintosh; Intel Mac OS X 10_15_7) AppleWebKit/537.36 (KHTML, like Gecko) Chrome/148.0.0.0 Safari/537.36"
84.236.228.59 - - [02/Aug/2026:11:39:33 +0200] "POST /wp-cron.php?doing_wp_cron=1785663573.5121920108795166015625 HTTP/1.1" 200 6900 "-" "WordPress/7.0.2; https://www.ensaco.es"
34.196.51.17 - - [02/Aug/2026:11:39:30 +0200] "HEAD / HTTP/1.1" 200 7073 "https://www.ensaco.es/" "WPMUDEV Uptime Monitor 5.0 (https://wpmudev.com)"
84.236.228.59 - - [02/Aug/2026:11:41:35 +0200] "POST /wp-cron.php?doing_wp_cron=1785663694.9348719120025634765625 HTTP/1.1" 200 6900 "-" "WordPress/7.0.2; https://www.ensaco.es"
34.196.51.17 - - [02/Aug/2026:11:41:32 +0200] "HEAD / HTTP/1.1" 200 7073 "https://www.ensaco.es/" "WPMUDEV Uptime Monitor 5.0 (https://wpmudev.com)"
84.236.228.59 - - [02/Aug/2026:11:43:35 +0200] "POST /wp-cron.php?doing_wp_cron=1785663815.7194950580596923828125 HTTP/1.1" 200 6900 "-" "WordPress/7.0.2; https://www.ensaco.es"
34.196.51.17 - - [02/Aug/2026:11:43:33 +0200] "HEAD / HTTP/1.1" 200 7073 "https://www.ensaco.es/" "WPMUDEV Uptime Monitor 5.0 (https://wpmudev.com)"
104.253.160.225 - - [02/Aug/2026:11:43:50 +0200] "GET / HTTP/1.1" 500 268248 "-" "Mozilla/5.0 (Macintosh; Intel Mac OS X 10_15_7) AppleWebKit/537.36 (KHTML, like Gecko) Chrome/148.0.0.0 Safari/537.36"
189.104.106.6 - - [02/Aug/2026:11:44:13 +0200] "GET /wp-content/smush-webp/2022/06/domotica-y-fotovoltaica-600x398.jpg.webp HTTP/1.1" 200 6984 "-" "Mozilla/5.0 (compatible; crawler)"
84.236.228.59 - - [02/Aug/2026:11:45:35 +0200] "POST /wp-cron.php?doing_wp_cron=1785663935.3952260017395019531250 HTTP/1.1" 200 6900 "-" "WordPress/7.0.2; https://www.ensaco.es"
34.196.51.17 - - [02/Aug/2026:11:45:31 +0200] "HEAD / HTTP/1.1" 200 7073 "https://www.ensaco.es/" "WPMUDEV Uptime Monitor 5.0 (https://wpmudev.com)"
84.236.228.59 - - [02/Aug/2026:11:47:33 +0200] "POST /wp-cron.php?doing_wp_cron=1785664053.8105590343475341796875 HTTP/1.1" 200 6900 "-" "WordPress/7.0.2; https://www.ensaco.es"
34.196.51.17 - - [02/Aug/2026:11:47:30 +0200] "HEAD / HTTP/1.1" 200 7073 "https://www.ensaco.es/" "WPMUDEV Uptime Monitor 5.0 (https://wpmudev.com)"
84.236.228.59 - - [02/Aug/2026:11:49:26 +0200] "POST /wp-cron.php?doing_wp_cron=1785664166.2427940368652343750000 HTTP/1.1" 200 6900 "-" "WordPress/7.0.2; https://www.ensaco.es"
37.167.12.3 - - [02/Aug/2026:11:49:23 +0200] "HEAD /bolsa-de-trabajo HTTP/1.1" 301 6991 "-" "Mozilla/5.0 (compatible; CareerPageBot/1.0)"
37.167.12.3 - - [02/Aug/2026:11:49:28 +0200] "HEAD /bolsa-de-trabajo HTTP/1.1" 404 6973 "-" "Mozilla/5.0 (compatible; CareerPageBot/1.0)"
34.196.51.17 - - [02/Aug/2026:11:49:30 +0200] "HEAD / HTTP/1.1" 200 7073 "https://www.ensaco.es/" "WPMUDEV Uptime Monitor 5.0 (https://wpmudev.com)"
84.236.228.59 - - [02/Aug/2026:11:51:35 +0200] "POST /wp-cron.php?doing_wp_cron=1785664295.5010290145874023437500 HTTP/1.1" 200 6900 "-" "WordPress/7.0.2; https://www.ensaco.es"
34.196.51.17 - - [02/Aug/2026:11:51:32 +0200] "HEAD / HTTP/1.1" 200 7073 "https://www.ensaco.es/" "WPMUDEV Uptime Monitor 5.0 (https://wpmudev.com)"
84.236.228.59 - - [02/Aug/2026:11:53:34 +0200] "POST /wp-cron.php?doing_wp_cron=1785664414.5264420509338378906250 HTTP/1.1" 200 6900 "-" "WordPress/7.0.2; https://www.ensaco.es"
34.196.51.17 - - [02/Aug/2026:11:53:31 +0200] "HEAD / HTTP/1.1" 200 7073 "https://www.ensaco.es/" "WPMUDEV Uptime Monitor 5.0 (https://wpmudev.com)"
84.236.228.59 - - [02/Aug/2026:11:55:32 +0200] "POST /wp-cron.php?doing_wp_cron=1785664532.6192619800567626953125 HTTP/1.1" 200 6900 "-" "WordPress/7.0.2; https://www.ensaco.es"
34.196.51.17 - - [02/Aug/2026:11:55:28 +0200] "HEAD / HTTP/1.1" 200 7073 "https://www.ensaco.es/" "WPMUDEV Uptime Monitor 5.0 (https://wpmudev.com)"
151.240.241.7 - - [02/Aug/2026:11:55:29 +0200] "GET /wp-content/smush-webp/2024/03/NANO2-300x300.png HTTP/1.1" 500 265394 "https://www.ensaco.es/producto/loxone-smartsocket/" "Mozilla/5.0 (Macintosh; Intel Mac OS X 10_15_7) AppleWebKit/537.36 (KHTML, like Gecko) Chrome/130.0.0.0 Safari/537.36"
84.236.228.59 - - [02/Aug/2026:11:57:36 +0200] "POST /wp-cron.php?doing_wp_cron=1785664656.8257379531860351562500 HTTP/1.1" 200 6900 "-" "WordPress/7.0.2; https://www.ensaco.es"
34.196.51.17 - - [02/Aug/2026:11:57:33 +0200] "HEAD / HTTP/1.1" 200 7073 "https://www.ensaco.es/" "WPMUDEV Uptime Monitor 5.0 (https://wpmudev.com)"
70.156.152.94 - - [02/Aug/2026:11:58:12 +0200] "GET /aerotermia-en-la-vivienda-unifamiliar/ HTTP/1.1" 500 279695 "-" "Mozilla/5.0 AppleWebKit/537.36 (KHTML, like Gecko); compatible; ChatGPT-User/1.0; +https://openai.com/bot"
70.156.152.90 - - [02/Aug/2026:11:58:16 +0200] "GET /aerotermia-en-la-vivienda-unifamiliar/ HTTP/1.1" 500 309731 "-" "Mozilla/5.0 AppleWebKit/537.36 (KHTML, like Gecko); compatible; ChatGPT-User/1.0; +https://openai.com/bot"
70.156.152.93 - - [02/Aug/2026:11:58:19 +0200] "GET /aerotermia-en-la-vivienda-unifamiliar/ HTTP/1.1" 500 309716 "-" "Mozilla/5.0 AppleWebKit/537.36 (KHTML, like Gecko); compatible; ChatGPT-User/1.0; +https://openai.com/bot"
70.156.152.87 - - [02/Aug/2026:11:58:22 +0200] "GET /aerotermia-en-la-vivienda-unifamiliar/ HTTP/1.1" 500 14842 "-" "Mozilla/5.0 AppleWebKit/537.36 (KHTML, like Gecko); compatible; ChatGPT-User/1.0; +https://openai.com/bot"
84.236.228.59 - - [02/Aug/2026:11:59:36 +0200] "POST /wp-cron.php?doing_wp_cron=1785664776.3640980720520019531250 HTTP/1.1" 200 6900 "-" "WordPress/7.0.2; https://www.ensaco.es"
34.196.51.17 - - [02/Aug/2026:11:59:33 +0200] "HEAD / HTTP/1.1" 200 7073 "https://www.ensaco.es/" "WPMUDEV Uptime Monitor 5.0 (https://wpmudev.com)"
45.38.206.24 - - [02/Aug/2026:11:59:56 +0200] "GET /wp-content/uploads/2019/02/socket-1794616_640.jpg HTTP/1.1" 200 6964 "https://www.ensaco.es/10-soluciones-domoticas-para-una-casa-con-ninos/" "Mozilla/5.0 (Macintosh; Intel Mac OS X 10_15_7) AppleWebKit/537.36 (KHTML, like Gecko) Chrome/131.0.0.0 Safari/537.36"
84.236.228.59 - - [02/Aug/2026:12:00:52 +0200] "POST /wp-cron.php?doing_wp_cron=1785664852.5438170433044433593750 HTTP/1.1" 200 6900 "-" "WordPress/7.0.2; https://www.ensaco.es"
216.73.217.138 - - [02/Aug/2026:12:00:49 +0200] "GET /robots.txt HTTP/1.1" 200 7240 "-" "Mozilla/5.0 AppleWebKit/537.36 (KHTML, like Gecko; compatible; ClaudeBot/1.0; +claudebot@anthropic.com)"
216.73.217.138 - - [02/Aug/2026:12:00:52 +0200] "GET /sitemap_index.xml HTTP/1.1" 200 7335 "-" "Mozilla/5.0 AppleWebKit/537.36 (KHTML, like Gecko; compatible; ClaudeBot/1.0; +claudebot@anthropic.com)"
84.236.228.59 - - [02/Aug/2026:12:01:37 +0200] "POST /wp-cron.php?doing_wp_cron=1785664896.9194190502166748046875 HTTP/1.1" 200 6900 "-" "WordPress/7.0.2; https://www.ensaco.es"
34.196.51.17 - - [02/Aug/2026:12:01:33 +0200] "HEAD / HTTP/1.1" 200 7073 "https://www.ensaco.es/" "WPMUDEV Uptime Monitor 5.0 (https://wpmudev.com)"
84.236.228.59 - - [02/Aug/2026:12:03:23 +0200] "POST /wp-cron.php?doing_wp_cron=1785665003.2048768997192382812500 HTTP/1.1" 200 6900 "-" "WordPress/7.0.2; https://www.ensaco.es"
52.139.3.76 - - [02/Aug/2026:12:03:19 +0200] "GET / HTTP/1.1" 301 6954 "-" "Mozilla/5.0 (X11; Linux x86_64) AppleWebKit/537.36 (KHTML, like Gecko) Chrome/122.0.0.0 Safari/537.36"
52.139.3.76 - - [02/Aug/2026:12:03:24 +0200] "GET / HTTP/1.1" 500 268242 "-" "Mozilla/5.0 (X11; Linux x86_64) AppleWebKit/537.36 (KHTML, like Gecko) Chrome/122.0.0.0 Safari/537.36"
84.236.228.59 - - [02/Aug/2026:12:03:34 +0200] "POST /wp-cron.php?doing_wp_cron=1785665014.7531900405883789062500 HTTP/1.1" 200 6900 "-" "WordPress/7.0.2; https://www.ensaco.es"
34.196.51.17 - - [02/Aug/2026:12:03:32 +0200] "HEAD / HTTP/1.1" 200 7073 "https://www.ensaco.es/" "WPMUDEV Uptime Monitor 5.0 (https://wpmudev.com)"
84.236.228.59 - - [02/Aug/2026:12:05:37 +0200] "POST /wp-cron.php?doing_wp_cron=1785665137.0457708835601806640625 HTTP/1.1" 200 6900 "-" "WordPress/7.0.2; https://www.ensaco.es"
34.196.51.17 - - [02/Aug/2026:12:05:32 +0200] "HEAD / HTTP/1.1" 200 7073 "https://www.ensaco.es/" "WPMUDEV Uptime Monitor 5.0 (https://wpmudev.com)"
216.106.187.18 - - [02/Aug/2026:12:07:06 +0200] "GET /wp-content/plugins/bb-plugin/fonts/fontawesome/5.15.4/webfonts/fa-regular-400.woff2 HTTP/1.1" 200 6997 "https://www.ensaco.es/" "Mozilla/5.0 (iPhone; CPU iPhone OS 18_7 like Mac OS X) AppleWebKit/605.1.15 (KHTML, like Gecko) Version/26.5.2 Mobile/15E148 Safari/604.1"
216.106.187.18 - - [02/Aug/2026:12:07:06 +0200] "GET /wp-content/plugins/woo-product-bundle/assets/css/blocks.css HTTP/1.1" 200 6971 "https://www.ensaco.es/" "Mozilla/5.0 (iPhone; CPU iPhone OS 18_7 like Mac OS X) AppleWebKit/605.1.15 (KHTML, like Gecko) Version/26.5.2 Mobile/15E148 Safari/604.1"
216.106.187.18 - - [02/Aug/2026:12:07:06 +0200] "GET /wp-content/plugins/bb-plugin/fonts/fontawesome/5.15.4/webfonts/fa-solid-900.woff2 HTTP/1.1" 200 6995 "https://www.ensaco.es/" "Mozilla/5.0 (iPhone; CPU iPhone OS 18_7 like Mac OS X) AppleWebKit/605.1.15 (KHTML, like Gecko) Version/26.5.2 Mobile/15E148 Safari/604.1"
84.236.228.59 - - [02/Aug/2026:12:07:06 +0200] "POST /wp-cron.php?doing_wp_cron=1785665226.4406259059906005859375 HTTP/1.1" 200 6900 "-" "WordPress/7.0.2; https://www.ensaco.es"
216.106.187.18 - - [02/Aug/2026:12:07:06 +0200] "GET /wp-content/plugins/bb-plugin/fonts/fontawesome/5.15.4/css/all.min.css HTTP/1.1" 200 6981 "https://www.ensaco.es/" "Mozilla/5.0 (iPhone; CPU iPhone OS 18_7 like Mac OS X) AppleWebKit/605.1.15 (KHTML, like Gecko) Version/26.5.2 Mobile/15E148 Safari/604.1"
216.106.187.18 - - [02/Aug/2026:12:07:02 +0200] "GET / HTTP/1.1" 500 268248 "-" "Mozilla/5.0 (iPhone; CPU iPhone OS 18_7 like Mac OS X) AppleWebKit/605.1.15 (KHTML, like Gecko) Version/26.5.2 Mobile/15E148 Safari/604.1"
216.106.187.18 - - [02/Aug/2026:12:07:06 +0200] "GET /wp-content/plugins/woocommerce/assets/css/woocommerce-layout.css HTTP/1.1" 200 6976 "https://www.ensaco.es/" "Mozilla/5.0 (iPhone; CPU iPhone OS 18_7 like Mac OS X) AppleWebKit/605.1.15 (KHTML, like Gecko) Version/26.5.2 Mobile/15E148 Safari/604.1"
216.106.187.18 - - [02/Aug/2026:12:07:06 +0200] "GET /wp-content/plugins/cookie-law-info/legacy/public/css/cookie-law-info-gdpr.css HTTP/1.1" 200 6989 "https://www.ensaco.es/" "Mozilla/5.0 (iPhone; CPU iPhone OS 18_7 like Mac OS X) AppleWebKit/605.1.15 (KHTML, like Gecko) Version/26.5.2 Mobile/15E148 Safari/604.1"
216.106.187.18 - - [02/Aug/2026:12:07:06 +0200] "GET /wp-content/plugins/cookie-law-info/legacy/public/css/cookie-law-info-public.css HTTP/1.1" 200 6991 "https://www.ensaco.es/" "Mozilla/5.0 (iPhone; CPU iPhone OS 18_7 like Mac OS X) AppleWebKit/605.1.15 (KHTML, like Gecko) Version/26.5.2 Mobile/15E148 Safari/604.1"
216.106.187.18 - - [02/Aug/2026:12:07:06 +0200] "GET /wp-content/plugins/woocommerce/assets/css/woocommerce-smallscreen.css HTTP/1.1" 200 6981 "https://www.ensaco.es/" "Mozilla/5.0 (iPhone; CPU iPhone OS 18_7 like Mac OS X) AppleWebKit/605.1.15 (KHTML, like Gecko) Version/26.5.2 Mobile/15E148 Safari/604.1"
216.106.187.18 - - [02/Aug/2026:12:07:06 +0200] "GET /wp-content/themes/bb-theme/css/bootstrap.min.css HTTP/1.1" 200 6960 "https://www.ensaco.es/" "Mozilla/5.0 (iPhone; CPU iPhone OS 18_7 like Mac OS X) AppleWebKit/605.1.15 (KHTML, like Gecko) Version/26.5.2 Mobile/15E148 Safari/604.1"
216.106.187.18 - - [02/Aug/2026:12:07:06 +0200] "GET /wp-content/plugins/woocommerce/assets/css/woocommerce.css HTTP/1.1" 200 6969 "https://www.ensaco.es/" "Mozilla/5.0 (iPhone; CPU iPhone OS 18_7 like Mac OS X) AppleWebKit/605.1.15 (KHTML, like Gecko) Version/26.5.2 Mobile/15E148 Safari/604.1"
216.106.187.18 - - [02/Aug/2026:12:07:06 +0200] "GET /wp-content/plugins/pago-redsys-tpv-grafreak/public/css/pago-redsys-grafreak-public.css HTTP/1.1" 200 6998 "https://www.ensaco.es/" "Mozilla/5.0 (iPhone; CPU iPhone OS 18_7 like Mac OS X) AppleWebKit/605.1.15 (KHTML, like Gecko) Version/26.5.2 Mobile/15E148 Safari/604.1"
216.106.187.18 - - [02/Aug/2026:12:07:06 +0200] "GET /wp-content/plugins/woo-product-bundle/assets/css/frontend.css HTTP/1.1" 200 6973 "https://www.ensaco.es/" "Mozilla/5.0 (iPhone; CPU iPhone OS 18_7 like Mac OS X) AppleWebKit/605.1.15 (KHTML, like Gecko) Version/26.5.2 Mobile/15E148 Safari/604.1"
216.106.187.18 - - [02/Aug/2026:12:07:06 +0200] "GET /wp-content/plugins/bb-plugin/css/jquery.magnificpopup.min.css HTTP/1.1" 200 6973 "https://www.ensaco.es/" "Mozilla/5.0 (iPhone; CPU iPhone OS 18_7 like Mac OS X) AppleWebKit/605.1.15 (KHTML, like Gecko) Version/26.5.2 Mobile/15E148 Safari/604.1"
216.106.187.18 - - [02/Aug/2026:12:07:07 +0200] "GET /wp-content/uploads/2019/12/hoja-azul.png HTTP/1.1" 200 6954 "https://www.ensaco.es/" "Mozilla/5.0 (iPhone; CPU iPhone OS 18_7 like Mac OS X) AppleWebKit/605.1.15 (KHTML, like Gecko) Version/26.5.2 Mobile/15E148 Safari/604.1"
216.106.187.18 - - [02/Aug/2026:12:07:07 +0200] "GET /wp-content/smush-webp/2019/12/hoja-azul-100x100.png.webp HTTP/1.1" 200 6970 "https://www.ensaco.es/" "Mozilla/5.0 (iPhone; CPU iPhone OS 18_7 like Mac OS X) AppleWebKit/605.1.15 (KHTML, like Gecko) Version/26.5.2 Mobile/15E148 Safari/604.1"
216.106.187.18 - - [02/Aug/2026:12:07:08 +0200] "GET / HTTP/1.1" 500 268248 "-" "Mozilla/5.0 (iPhone; CPU iPhone OS 18_7 like Mac OS X) AppleWebKit/605.1.15 (KHTML, like Gecko) Version/26.5.2 Mobile/15E148 Safari/604.1"
34.196.51.17 - - [02/Aug/2026:12:07:31 +0200] "HEAD / HTTP/1.1" 200 7073 "https://www.ensaco.es/" "WPMUDEV Uptime Monitor 5.0 (https://wpmudev.com)"
209.242.197.34 - - [02/Aug/2026:12:08:34 +0200] "GET /wp-content/uploads/2023/06/eficiencia-casa-verano.jpg HTTP/1.1" 200 6968 "https://www.ensaco.es/casa-eficiente-verano/" "Mozilla/5.0 (Macintosh; Intel Mac OS X 10_15_7) AppleWebKit/537.36 (KHTML, like Gecko) Chrome/130.0.0.0 Safari/537.36"
84.236.228.59 - - [02/Aug/2026:12:09:28 +0200] "POST /wp-cron.php?doing_wp_cron=1785665368.1111559867858886718750 HTTP/1.1" 200 6900 "-" "WordPress/7.0.2; https://www.ensaco.es"
14.237.144.146 - - [02/Aug/2026:12:09:24 +0200] "GET / HTTP/1.1" 301 6954 "https://ensaco.es/" "Mozilla/5.0 (Windows NT 10.0; Win64; x64) AppleWebKit/537.36 (KHTML, like Gecko) Chrome/125.0.6400.44 Safari/537.36"
52.167.144.172 - - [02/Aug/2026:12:09:33 +0200] "GET /wp-content/uploads/2024/06/domotica-vida-asistida-6.jpg HTTP/1.1" 200 6970 "-" "Mozilla/5.0 AppleWebKit/537.36 (KHTML, like Gecko; compatible; bingbot/2.0; +http://www.bing.com/bingbot.htm) Chrome/116.0.1938.76 Safari/537.36"
14.191.37.125 - - [02/Aug/2026:12:09:30 +0200] "GET / HTTP/1.1" 500 268242 "https://ensaco.es/" "Mozilla/5.0 (Windows NT 10.0; Win64; x64) AppleWebKit/537.36 (KHTML, like Gecko) Chrome/125.0.6400.44 Safari/537.36"
84.236.228.59 - - [02/Aug/2026:12:09:36 +0200] "POST /wp-cron.php?doing_wp_cron=1785665376.0000989437103271484375 HTTP/1.1" 200 6900 "-" "WordPress/7.0.2; https://www.ensaco.es"
34.196.51.17 - - [02/Aug/2026:12:09:30 +0200] "HEAD / HTTP/1.1" 200 7073 "https://www.ensaco.es/" "WPMUDEV Uptime Monitor 5.0 (https://wpmudev.com)"
57.141.0.17 - - [02/Aug/2026:12:09:42 +0200] "GET /?p=4253 HTTP/1.1" 301 7002 "-" "Mozilla/5.0 (Windows NT 10.0; Win64; x64) AppleWebKit/537.36 (KHTML, like Gecko) Chrome/145.0.0.0 Safari/537.36 (compatible; meta-webindexer/1.1 (+https://developers.facebook.com/docs/sharing/webmasters/crawler))"
57.141.0.8 - - [02/Aug/2026:12:09:47 +0200] "GET /carrito/ HTTP/1.1" 500 331749 "-" "Mozilla/5.0 (Windows NT 10.0; Win64; x64) AppleWebKit/537.36 (KHTML, like Gecko) Chrome/145.0.0.0 Safari/537.36 (compatible; meta-webindexer/1.1 (+https://developers.facebook.com/docs/sharing/webmasters/crawler))"
84.236.228.59 - - [02/Aug/2026:12:11:31 +0200] "POST /wp-cron.php?doing_wp_cron=1785665491.5663979053497314453125 HTTP/1.1" 200 6900 "-" "WordPress/7.0.2; https://www.ensaco.es"
57.141.0.36 - - [02/Aug/2026:12:11:26 +0200] "GET /parque-venecia-ii/ HTTP/1.1" 500 300164 "-" "Mozilla/5.0 (Windows NT 10.0; Win64; x64) AppleWebKit/537.36 (KHTML, like Gecko) Chrome/145.0.0.0 Safari/537.36 (compatible; meta-webindexer/1.1 (+https://developers.facebook.com/docs/sharing/webmasters/crawler))"
34.196.51.17 - - [02/Aug/2026:12:11:31 +0200] "HEAD / HTTP/1.1" 200 7073 "https://www.ensaco.es/" "WPMUDEV Uptime Monitor 5.0 (https://wpmudev.com)"
84.236.228.59 - - [02/Aug/2026:12:11:41 +0200] "POST /wp-cron.php HTTP/1.1" 200 6900 "-" "WordPress/7.0.2; https://www.ensaco.es"
84.236.228.59 - - [02/Aug/2026:12:11:41 +0200] "GET / HTTP/1.1" 500 268242 "-" "WordPress/7.0.2; https://www.ensaco.es"
84.236.228.59 - - [02/Aug/2026:12:11:44 +0200] "GET / HTTP/1.1" 500 268248 "-" "WordPress/7.0.2; https://www.ensaco.es"
84.236.228.59 - - [02/Aug/2026:12:11:47 +0200] "GET /?timestamp=1785665507 HTTP/1.1" 500 268248 "-" "WordPress/7.0.2; https://www.ensaco.es"
176.205.43.147 - - [02/Aug/2026:12:11:55 +0200] "GET /wp-content/smush-webp/2020/07/43E3640B-2FD7-4ED4-8B05-AE51049F01C9-768x432.jpeg.webp HTTP/1.1" 200 6998 "-" "Opera/9.16.(X11; Linux x86_64; iw-IL) Presto/2.9.172 Version/12.00"
84.236.228.59 - - [02/Aug/2026:12:12:36 +0200] "POST /wp-cron.php?doing_wp_cron=1785665556.1941649913787841796875 HTTP/1.1" 200 6900 "-" "WordPress/7.0.2; https://www.ensaco.es"
66.249.64.44 - - [02/Aug/2026:12:12:32 +0200] "GET /producto/pack-seguridad-2-3-contacto-de-puerta-detector-de-presencia/ HTTP/1.1" 500 591841 "-" "Mozilla/5.0 (Linux; Android 6.0.1; Nexus 5X Build/MMB29P) AppleWebKit/537.36 (KHTML, like Gecko) Chrome/150.0.7871.186 Mobile Safari/537.36 (compatible; Googlebot/2.1; +http://www.google.com/bot.html)"
84.236.228.59 - - [02/Aug/2026:12:13:38 +0200] "POST /wp-cron.php?doing_wp_cron=1785665618.3982069492340087890625 HTTP/1.1" 200 6900 "-" "WordPress/7.0.2; https://www.ensaco.es"
34.196.51.17 - - [02/Aug/2026:12:13:35 +0200] "HEAD / HTTP/1.1" 200 7073 "https://www.ensaco.es/" "WPMUDEV Uptime Monitor 5.0 (https://wpmudev.com)"
84.236.228.59 - - [02/Aug/2026:12:15:38 +0200] "POST /wp-cron.php?doing_wp_cron=1785665738.1176240444183349609375 HTTP/1.1" 200 6900 "-" "WordPress/7.0.2; https://www.ensaco.es"
34.196.51.17 - - [02/Aug/2026:12:15:33 +0200] "HEAD / HTTP/1.1" 200 7073 "https://www.ensaco.es/" "WPMUDEV Uptime Monitor 5.0 (https://wpmudev.com)"
58.186.69.12 - - [02/Aug/2026:12:15:34 +0200] "GET / HTTP/1.1" 301 6954 "https://ensaco.es/" "Mozilla/5.0 (Macintosh; Intel Mac OS X 10.15; rv:125.0) Gecko/20100101 Firefox/125.0"
66.181.160.10 - - [02/Aug/2026:12:15:42 +0200] "GET / HTTP/1.1" 500 268242 "https://ensaco.es/" "Mozilla/5.0 (Macintosh; Intel Mac OS X 10.15; rv:125.0) Gecko/20100101 Firefox/125.0"
84.236.228.59 - - [02/Aug/2026:12:17:33 +0200] "POST /wp-cron.php?doing_wp_cron=1785665853.3851261138916015625000 HTTP/1.1" 200 6900 "-" "WordPress/7.0.2; https://www.ensaco.es"
34.196.51.17 - - [02/Aug/2026:12:17:30 +0200] "HEAD / HTTP/1.1" 200 7073 "https://www.ensaco.es/" "WPMUDEV Uptime Monitor 5.0 (https://wpmudev.com)"
84.236.228.59 - - [02/Aug/2026:12:19:28 +0200] "POST /wp-cron.php?doing_wp_cron=1785665968.1812870502471923828125 HTTP/1.1" 200 6900 "-" "WordPress/7.0.2; https://www.ensaco.es"
57.141.0.11 - - [02/Aug/2026:12:19:25 +0200] "GET /author-sitemap.xml HTTP/1.1" 200 7351 "-" "Mozilla/5.0 (X11; Linux x86_64) AppleWebKit/537.36 (KHTML, like Gecko) Chrome/145.0.0.0 Safari/537.36 (compatible; meta-externalagent/1.1 (+https://developers.facebook.com/docs/sharing/webmasters/crawler))"
34.196.51.17 - - [02/Aug/2026:12:19:29 +0200] "HEAD / HTTP/1.1" 200 7073 "https://www.ensaco.es/" "WPMUDEV Uptime Monitor 5.0 (https://wpmudev.com)"
84.236.228.59 - - [02/Aug/2026:12:21:29 +0200] "POST /wp-cron.php?doing_wp_cron=1785666089.6177721023559570312500 HTTP/1.1" 200 6900 "-" "WordPress/7.0.2; https://www.ensaco.es"
34.196.51.17 - - [02/Aug/2026:12:21:26 +0200] "HEAD / HTTP/1.1" 200 7073 "https://www.ensaco.es/" "WPMUDEV Uptime Monitor 5.0 (https://wpmudev.com)"
84.236.228.59 - - [02/Aug/2026:12:22:22 +0200] "POST /wp-cron.php?doing_wp_cron=1785666142.7800219058990478515625 HTTP/1.1" 200 6900 "-" "WordPress/7.0.2; https://www.ensaco.es"
17.246.23.164 - - [02/Aug/2026:12:22:20 +0200] "GET /automatizacion-control-inteligente/loxone-2/ HTTP/1.1" 301 6991 "-" "Mozilla/5.0 (Macintosh; Intel Mac OS X 10_15_7) AppleWebKit/605.1.15 (KHTML, like Gecko) Version/17.4 Safari/605.1.15 (Applebot/0.1; +http://www.apple.com/go/applebot)"
17.246.23.164 - - [02/Aug/2026:12:22:23 +0200] "GET /wp-content/uploads/2017/10/Loxone.jpg HTTP/1.1" 200 6952 "-" "Mozilla/5.0 (Macintosh; Intel Mac OS X 10_15_7) AppleWebKit/605.1.15 (KHTML, like Gecko) Version/17.4 Safari/605.1.15 (Applebot/0.1; +http://www.apple.com/go/applebot)"
84.236.228.59 - - [02/Aug/2026:12:23:03 +0200] "POST /wp-cron.php?doing_wp_cron=1785666183.2620780467987060546875 HTTP/1.1" 200 6900 "-" "WordPress/7.0.2; https://www.ensaco.es"
85.208.98.224 - - [02/Aug/2026:12:23:00 +0200] "GET /robots.txt HTTP/1.1" 200 7240 "-" "Mozilla/5.0 (iPhone; CPU iPhone OS 6_0 like Mac OS X) AppleWebKit/536.26 (KHTML, like Gecko) Version/6.0 Mobile/10A5376e Safari/8536.25 (compatible; Googlebot/2.1; +http://www.google.com/bot.html)"
85.208.98.224 - - [02/Aug/2026:12:23:03 +0200] "GET /automatizacion/ HTTP/1.1" 500 14842 "-" "Mozilla/5.0 (iPhone; CPU iPhone OS 6_0 like Mac OS X) AppleWebKit/536.26 (KHTML, like Gecko) Version/6.0 Mobile/10A5376e Safari/8536.25 (compatible; Googlebot/2.1; +http://www.google.com/bot.html)"
85.208.98.228 - - [02/Aug/2026:12:23:08 +0200] "GET /automatizacion/ HTTP/1.1" 500 364175 "-" "Mozilla/5.0 (iPhone; CPU iPhone OS 6_0 like Mac OS X) AppleWebKit/536.26 (KHTML, like Gecko) Version/6.0 Mobile/10A5376e Safari/8536.25 (compatible; Googlebot/2.1; +http://www.google.com/bot.html)"
17.22.253.59 - - [02/Aug/2026:12:23:14 +0200] "GET /?attachment_id=5051 HTTP/1.1" 301 6990 "-" "Mozilla/5.0 (Macintosh; Intel Mac OS X 10_15_7) AppleWebKit/605.1.15 (KHTML, like Gecko) Version/17.4 Safari/605.1.15 (Applebot/0.1; +http://www.apple.com/go/applebot)"
17.22.253.59 - - [02/Aug/2026:12:23:16 +0200] "GET /wp-content/uploads/2024/03/NANO2.png HTTP/1.1" 200 6950 "-" "Mozilla/5.0 (Macintosh; Intel Mac OS X 10_15_7) AppleWebKit/605.1.15 (KHTML, like Gecko) Version/17.4 Safari/605.1.15 (Applebot/0.1; +http://www.apple.com/go/applebot)"
34.196.51.17 - - [02/Aug/2026:12:23:25 +0200] "HEAD / HTTP/1.1" 200 7073 "https://www.ensaco.es/" "WPMUDEV Uptime Monitor 5.0 (https://wpmudev.com)"
84.236.228.59 - - [02/Aug/2026:12:25:27 +0200] "POST /wp-cron.php?doing_wp_cron=1785666327.4027009010314941406250 HTTP/1.1" 200 6900 "-" "WordPress/7.0.2; https://www.ensaco.es"
34.196.51.17 - - [02/Aug/2026:12:25:24 +0200] "HEAD / HTTP/1.1" 200 7073 "https://www.ensaco.es/" "WPMUDEV Uptime Monitor 5.0 (https://wpmudev.com)"
37.188.221.44 - - [02/Aug/2026:12:26:42 +0200] "GET /wp-content/uploads/2021/05/btv-logo.png HTTP/1.1" 200 6953 "https://www.aaa-trezory.cz/" "Mozilla/5.0 (Macintosh; Intel Mac OS X 10_15_7) AppleWebKit/537.36 (KHTML, like Gecko) Chrome/150.0.0.0 Safari/537.36"
84.236.228.59 - - [02/Aug/2026:12:27:30 +0200] "POST /wp-cron.php?doing_wp_cron=1785666450.4920680522918701171875 HTTP/1.1" 200 6900 "-" "WordPress/7.0.2; https://www.ensaco.es"
34.196.51.17 - - [02/Aug/2026:12:27:23 +0200] "HEAD / HTTP/1.1" 200 7073 "https://www.ensaco.es/" "WPMUDEV Uptime Monitor 5.0 (https://wpmudev.com)"
84.236.228.59 - - [02/Aug/2026:12:28:03 +0200] "POST /wp-cron.php?doing_wp_cron=1785666482.9483311176300048828125 HTTP/1.1" 200 6900 "-" "WordPress/7.0.2; https://www.ensaco.es"
17.22.253.157 - - [02/Aug/2026:12:27:59 +0200] "GET /?attachment_id=5378 HTTP/1.1" 301 7031 "-" "Mozilla/5.0 (Macintosh; Intel Mac OS X 10_15_7) AppleWebKit/605.1.15 (KHTML, like Gecko) Version/17.4 Safari/605.1.15 (Applebot/0.1; +http://www.apple.com/go/applebot)"
17.22.253.157 - - [02/Aug/2026:12:28:03 +0200] "GET /wp-content/uploads/2024/11/loxone-stellantrieb-air-heizkoerper-bad-shop_1.jpg HTTP/1.1" 200 6992 "-" "Mozilla/5.0 (Macintosh; Intel Mac OS X 10_15_7) AppleWebKit/605.1.15 (KHTML, like Gecko) Version/17.4 Safari/605.1.15 (Applebot/0.1; +http://www.apple.com/go/applebot)"
95.108.213.227 - - [02/Aug/2026:12:28:20 +0200] "GET /robots.txt HTTP/1.1" 200 7462 "-" "Mozilla/5.0 (compatible; YandexBot/3.0; +http://yandex.com/bots)"
213.180.203.229 - - [02/Aug/2026:12:28:23 +0200] "GET /domotica-lavanderias-autoservicio/lavanderia-domotica/ HTTP/1.1" 301 7004 "-" "Mozilla/5.0 (compatible; YandexBot/3.0; +http://yandex.com/bots)"
95.108.213.232 - - [02/Aug/2026:12:28:26 +0200] "GET /wp-content/uploads/2023/06/LAVANDERIA-DOMOTICA.jpg HTTP/1.1" 200 6965 "-" "Mozilla/5.0 (compatible; YandexBot/3.0; +http://yandex.com/bots)"
84.236.228.59 - - [02/Aug/2026:12:29:29 +0200] "POST /wp-cron.php?doing_wp_cron=1785666569.3690290451049804687500 HTTP/1.1" 200 6900 "-" "WordPress/7.0.2; https://www.ensaco.es"
34.196.51.17 - - [02/Aug/2026:12:29:26 +0200] "HEAD / HTTP/1.1" 200 7073 "https://www.ensaco.es/" "WPMUDEV Uptime Monitor 5.0 (https://wpmudev.com)"
84.236.228.59 - - [02/Aug/2026:12:31:29 +0200] "POST /wp-cron.php?doing_wp_cron=1785666689.4109981060028076171875 HTTP/1.1" 200 6900 "-" "WordPress/7.0.2; https://www.ensaco.es"
34.196.51.17 - - [02/Aug/2026:12:31:25 +0200] "HEAD / HTTP/1.1" 200 7073 "https://www.ensaco.es/" "WPMUDEV Uptime Monitor 5.0 (https://wpmudev.com)"
84.236.228.59 - - [02/Aug/2026:12:31:47 +0200] "POST /wp-cron.php?doing_wp_cron=1785666706.9741590023040771484375 HTTP/1.1" 200 6900 "-" "WordPress/7.0.2; https://www.ensaco.es"
103.130.169.7 - - [02/Aug/2026:12:31:43 +0200] "GET / HTTP/1.1" 301 6954 "https://ensaco.es/" "Mozilla/5.0 (Macintosh; Intel Mac OS X 14_0) AppleWebKit/605.1.15 (KHTML, like Gecko) Version/17.0 Safari/605.1.15"
186.22.120.226 - - [02/Aug/2026:12:31:51 +0200] "GET / HTTP/1.1" 500 268242 "https://ensaco.es/" "Mozilla/5.0 (Macintosh; Intel Mac OS X 14_0) AppleWebKit/605.1.15 (KHTML, like Gecko) Version/17.0 Safari/605.1.15"
84.236.228.59 - - [02/Aug/2026:12:33:27 +0200] "POST /wp-cron.php?doing_wp_cron=1785666807.0718410015106201171875 HTTP/1.1" 200 6900 "-" "WordPress/7.0.2; https://www.ensaco.es"
34.196.51.17 - - [02/Aug/2026:12:33:23 +0200] "HEAD / HTTP/1.1" 200 7073 "https://www.ensaco.es/" "WPMUDEV Uptime Monitor 5.0 (https://wpmudev.com)"
84.236.228.59 - - [02/Aug/2026:12:34:01 +0200] "POST /wp-cron.php?doing_wp_cron=1785666841.6322469711303710937500 HTTP/1.1" 200 6900 "-" "WordPress/7.0.2; https://www.ensaco.es"
50.24.109.44 - - [02/Aug/2026:12:33:55 +0200] "GET /carga-ve/ HTTP/1.1" 500 312554 "-" "Mozilla/5.0 (X11; Linux x86_64) AppleWebKit/532.0 (KHTML, like Gecko) Chrome/41.0.854.0 Safari/532.0"
5.36.76.32 - - [02/Aug/2026:12:33:56 +0200] "GET /filosofia/ HTTP/1.1" 500 331493 "-" "Mozilla/5.0 (iPod; U; CPU iPhone OS 4_3 like Mac OS X; tcy-IN) AppleWebKit/532.26.5 (KHTML, like Gecko) Version/3.0.5 Mobile/8B119 Safari/6532.26.5"
78.168.136.224 - - [02/Aug/2026:12:34:01 +0200] "GET /feed/ HTTP/1.1" 200 24182 "-" "Mozilla/5.0 (Windows NT 6.2) AppleWebKit/534.0 (KHTML, like Gecko) Chrome/60.0.873.0 Safari/534.0"
84.236.228.59 - - [02/Aug/2026:12:34:11 +0200] "POST /wp-cron.php?doing_wp_cron=1785666851.0706069469451904296875 HTTP/1.1" 200 6900 "-" "WordPress/7.0.2; https://www.ensaco.es"
49.42.173.229 - - [02/Aug/2026:12:34:01 +0200] "GET /soluciones-integrales/ HTTP/1.1" 500 364141 "-" "Mozilla/5.0 (Windows; U; Windows NT 5.01) AppleWebKit/531.10.1 (KHTML, like Gecko) Version/4.0 Safari/531.10.1"
91.78.8.84 - - [02/Aug/2026:12:34:12 +0200] "GET /filosofia/ HTTP/1.1" 500 14842 "-" "Mozilla/5.0 (Windows NT 5.01; as-IN; rv:1.9.0.20) Gecko/6986-02-23 10:52:05.262390 Firefox/3.6.15"
1.10.208.112 - - [02/Aug/2026:12:34:14 +0200] "GET /carga-ve/ HTTP/1.1" 500 14842 "-" "Mozilla/5.0 (compatible; MSIE 5.0; Windows NT 4.0; Trident/4.0)"
37.66.226.46 - - [02/Aug/2026:12:34:13 +0200] "GET /soluciones-integrales/ HTTP/1.1" 500 14842 "-" "Mozilla/5.0 (X11; Linux i686; rv:1.9.6.20) Gecko/6611-02-23 06:13:23.444672 Firefox/3.6.10"
223.228.60.95 - - [02/Aug/2026:12:34:13 +0200] "GET /sectores/ HTTP/1.1" 500 14842 "-" "Mozilla/5.0 (X11; Linux i686; rv:1.9.6.20) Gecko/8349-02-04 22:14:26.793335 Firefox/3.6.5"
94.41.131.78 - - [02/Aug/2026:12:34:26 +0200] "GET /sectores/ HTTP/1.1" 500 308792 "-" "Mozilla/5.0 (iPhone; CPU iPhone OS 12_4_8 like Mac OS X) AppleWebKit/532.2 (KHTML, like Gecko) CriOS/26.0.890.0 Mobile/94T811 Safari/532.2"
5.193.162.46 - - [02/Aug/2026:12:34:26 +0200] "GET /filosofia/ HTTP/1.1" 500 331652 "-" "Mozilla/5.0 (Windows 98; Win 9x 4.90) AppleWebKit/536.2 (KHTML, like Gecko) Chrome/54.0.847.0 Safari/536.2"
41.90.136.92 - - [02/Aug/2026:12:34:28 +0200] "GET /soluciones-integrales/ HTTP/1.1" 500 364141 "-" "Mozilla/5.0 (iPod; U; CPU iPhone OS 4_2 like Mac OS X; bg-BG) AppleWebKit/532.11.3 (KHTML, like Gecko) Version/4.0.5 Mobile/8B118 Safari/6532.11.3"
152.57.128.23 - - [02/Aug/2026:12:34:29 +0200] "GET /carga-ve/ HTTP/1.1" 500 312401 "-" "Mozilla/5.0 (iPod; U; CPU iPhone OS 3_1 like Mac OS X; nhn-MX) AppleWebKit/532.38.1 (KHTML, like Gecko) Version/4.0.5 Mobile/8B114 Safari/6532.38.1"
172.204.96.53 - - [02/Aug/2026:12:34:48 +0200] "GET / HTTP/1.1" 301 6954 "-" "Mozilla/5.0 AppleWebKit/537.36 (KHTML, like Gecko); compatible; ChatGPT-User/1.0; +https://openai.com/bot"
84.236.228.59 - - [02/Aug/2026:12:35:26 +0200] "POST /wp-cron.php?doing_wp_cron=1785666926.3474190235137939453125 HTTP/1.1" 200 6900 "-" "WordPress/7.0.2; https://www.ensaco.es"
34.196.51.17 - - [02/Aug/2026:12:35:23 +0200] "HEAD / HTTP/1.1" 200 7073 "https://www.ensaco.es/" "WPMUDEV Uptime Monitor 5.0 (https://wpmudev.com)"
57.128.249.30 - - [02/Aug/2026:12:35:56 +0200] "GET /wp-content/plugins/woo-product-bundle/assets/css/blocks.css HTTP/1.1" 200 6971 "https://www.ensaco.es/" "Mozilla/5.0 (Windows NT 10.0; Win64; x64) AppleWebKit/537.36 (KHTML, like Gecko) Chrome/91.0.4472.124 Safari/537.36"
57.128.249.30 - - [02/Aug/2026:12:35:56 +0200] "GET /wp-content/plugins/bb-plugin/fonts/fontawesome/5.15.4/webfonts/fa-regular-400.woff2 HTTP/1.1" 200 6997 "https://www.ensaco.es/" "Mozilla/5.0 (Windows NT 10.0; Win64; x64) AppleWebKit/537.36 (KHTML, like Gecko) Chrome/91.0.4472.124 Safari/537.36"
57.128.249.30 - - [02/Aug/2026:12:35:56 +0200] "GET /wp-content/plugins/bb-plugin/fonts/fontawesome/5.15.4/webfonts/fa-solid-900.woff2 HTTP/1.1" 200 6995 "https://www.ensaco.es/" "Mozilla/5.0 (Windows NT 10.0; Win64; x64) AppleWebKit/537.36 (KHTML, like Gecko) Chrome/91.0.4472.124 Safari/537.36"
84.236.228.59 - - [02/Aug/2026:12:35:56 +0200] "POST /wp-cron.php?doing_wp_cron=1785666956.3579359054565429687500 HTTP/1.1" 200 6900 "-" "WordPress/7.0.2; https://www.ensaco.es"
57.128.249.30 - - [02/Aug/2026:12:35:52 +0200] "GET / HTTP/1.1" 500 268248 "-" "Mozilla/5.0 (Windows NT 10.0; Win64; x64) AppleWebKit/537.36 (KHTML, like Gecko) Chrome/91.0.4472.124 Safari/537.36"
57.128.249.30 - - [02/Aug/2026:12:35:56 +0200] "GET /wp-content/plugins/cookie-law-info/legacy/public/css/cookie-law-info-public.css HTTP/1.1" 200 6991 "https://www.ensaco.es/" "Mozilla/5.0 (Windows NT 10.0; Win64; x64) AppleWebKit/537.36 (KHTML, like Gecko) Chrome/91.0.4472.124 Safari/537.36"
57.128.249.30 - - [02/Aug/2026:12:35:56 +0200] "GET /wp-content/plugins/cookie-law-info/legacy/public/css/cookie-law-info-gdpr.css HTTP/1.1" 200 6989 "https://www.ensaco.es/" "Mozilla/5.0 (Windows NT 10.0; Win64; x64) AppleWebKit/537.36 (KHTML, like Gecko) Chrome/91.0.4472.124 Safari/537.36"
57.128.249.30 - - [02/Aug/2026:12:35:56 +0200] "GET /wp-content/plugins/woo-product-bundle/assets/css/frontend.css HTTP/1.1" 200 6973 "https://www.ensaco.es/" "Mozilla/5.0 (Windows NT 10.0; Win64; x64) AppleWebKit/537.36 (KHTML, like Gecko) Chrome/91.0.4472.124 Safari/537.36"
57.128.249.30 - - [02/Aug/2026:12:35:56 +0200] "GET /wp-content/plugins/bb-plugin/fonts/fontawesome/5.15.4/css/all.min.css HTTP/1.1" 200 6981 "https://www.ensaco.es/" "Mozilla/5.0 (Windows NT 10.0; Win64; x64) AppleWebKit/537.36 (KHTML, like Gecko) Chrome/91.0.4472.124 Safari/537.36"
57.128.249.30 - - [02/Aug/2026:12:35:56 +0200] "GET /wp-content/plugins/bb-plugin/css/jquery.magnificpopup.min.css HTTP/1.1" 200 6973 "https://www.ensaco.es/" "Mozilla/5.0 (Windows NT 10.0; Win64; x64) AppleWebKit/537.36 (KHTML, like Gecko) Chrome/91.0.4472.124 Safari/537.36"
57.128.249.30 - - [02/Aug/2026:12:35:56 +0200] "GET /wp-content/plugins/pago-redsys-tpv-grafreak/public/css/pago-redsys-grafreak-public.css HTTP/1.1" 200 6998 "https://www.ensaco.es/" "Mozilla/5.0 (Windows NT 10.0; Win64; x64) AppleWebKit/537.36 (KHTML, like Gecko) Chrome/91.0.4472.124 Safari/537.36"
57.128.249.30 - - [02/Aug/2026:12:35:56 +0200] "GET /wp-content/themes/bb-theme/css/bootstrap.min.css HTTP/1.1" 200 6960 "https://www.ensaco.es/" "Mozilla/5.0 (Windows NT 10.0; Win64; x64) AppleWebKit/537.36 (KHTML, like Gecko) Chrome/91.0.4472.124 Safari/537.36"
57.128.249.30 - - [02/Aug/2026:12:35:56 +0200] "GET /wp-content/plugins/woocommerce/assets/css/woocommerce-layout.css HTTP/1.1" 200 6976 "https://www.ensaco.es/" "Mozilla/5.0 (Windows NT 10.0; Win64; x64) AppleWebKit/537.36 (KHTML, like Gecko) Chrome/91.0.4472.124 Safari/537.36"
57.128.249.30 - - [02/Aug/2026:12:35:56 +0200] "GET /wp-content/plugins/woocommerce/assets/css/woocommerce.css HTTP/1.1" 200 6969 "https://www.ensaco.es/" "Mozilla/5.0 (Windows NT 10.0; Win64; x64) AppleWebKit/537.36 (KHTML, like Gecko) Chrome/91.0.4472.124 Safari/537.36"
57.128.249.30 - - [02/Aug/2026:12:35:56 +0200] "GET /wp-content/plugins/woocommerce/assets/css/woocommerce-smallscreen.css HTTP/1.1" 200 6981 "https://www.ensaco.es/" "Mozilla/5.0 (Windows NT 10.0; Win64; x64) AppleWebKit/537.36 (KHTML, like Gecko) Chrome/91.0.4472.124 Safari/537.36"
84.236.228.59 - - [02/Aug/2026:12:37:28 +0200] "POST /wp-cron.php?doing_wp_cron=1785667048.3120579719543457031250 HTTP/1.1" 200 6900 "-" "WordPress/7.0.2; https://www.ensaco.es"
34.196.51.17 - - [02/Aug/2026:12:37:24 +0200] "HEAD / HTTP/1.1" 200 7073 "https://www.ensaco.es/" "WPMUDEV Uptime Monitor 5.0 (https://wpmudev.com)"
84.236.228.59 - - [02/Aug/2026:12:39:13 +0200] "POST /wp-cron.php?doing_wp_cron=1785667153.4813060760498046875000 HTTP/1.1" 200 6900 "-" "WordPress/7.0.2; https://www.ensaco.es"
51.38.59.63 - - [02/Aug/2026:12:39:04 +0200] "GET / HTTP/1.1" 500 268248 "-" "Mozilla/5.0 (Windows NT 10.0; Win64; x64) AppleWebKit/537.36 (KHTML, like Gecko) Chrome/148.0.0.0 Safari/537.36"
34.196.51.17 - - [02/Aug/2026:12:39:26 +0200] "HEAD / HTTP/1.1" 200 7073 "https://www.ensaco.es/" "WPMUDEV Uptime Monitor 5.0 (https://wpmudev.com)"
84.236.228.59 - - [02/Aug/2026:12:41:24 +0200] "POST /wp-cron.php?doing_wp_cron=1785667284.2644441127777099609375 HTTP/1.1" 200 6900 "-" "WordPress/7.0.2; https://www.ensaco.es"
51.38.59.63 - - [02/Aug/2026:12:41:19 +0200] "GET / HTTP/1.1" 500 268248 "-" "Mozilla/5.0 (Windows NT 10.0; Win64; x64) AppleWebKit/537.36 (KHTML, like Gecko) Chrome/148.0.0.0 Safari/537.36"
106.49.48.211 - - [02/Aug/2026:12:41:20 +0200] "GET /ventajas-passivhaus/ HTTP/1.1" 500 309702 "-" "Mozilla/5.0 (Linux; Android 6.0; Nexus 5 Build/MRA58N) AppleWebKit/537.36 (KHTML, like Gecko) Chrome/59.0.1763.1134 Mobile Safari/537.36"
34.196.51.17 - - [02/Aug/2026:12:41:24 +0200] "HEAD / HTTP/1.1" 200 7073 "https://www.ensaco.es/" "WPMUDEV Uptime Monitor 5.0 (https://wpmudev.com)"
84.236.228.59 - - [02/Aug/2026:12:43:33 +0200] "POST /wp-cron.php?doing_wp_cron=1785667413.2552280426025390625000 HTTP/1.1" 200 6900 "-" "WordPress/7.0.2; https://www.ensaco.es"
34.196.51.17 - - [02/Aug/2026:12:43:25 +0200] "HEAD / HTTP/1.1" 200 7073 "https://www.ensaco.es/" "WPMUDEV Uptime Monitor 5.0 (https://wpmudev.com)"
84.236.228.59 - - [02/Aug/2026:12:45:17 +0200] "POST /wp-cron.php?doing_wp_cron=1785667516.8902130126953125000000 HTTP/1.1" 200 6900 "-" "WordPress/7.0.2; https://www.ensaco.es"
74.7.241.185 - - [02/Aug/2026:12:45:13 +0200] "GET /robots.txt HTTP/1.1" 200 7240 "-" "Mozilla/5.0 (Macintosh; Intel Mac OS X 10_15_7) AppleWebKit/537.36 (KHTML, like Gecko) Chrome/131.0.0.0 Safari/537.36; compatible; OAI-SearchBot/1.4; robots.txt; +https://openai.com/searchbot"
34.196.51.17 - - [02/Aug/2026:12:45:27 +0200] "HEAD / HTTP/1.1" 200 7073 "https://www.ensaco.es/" "WPMUDEV Uptime Monitor 5.0 (https://wpmudev.com)"
84.236.228.59 - - [02/Aug/2026:12:46:35 +0200] "POST /wp-cron.php?doing_wp_cron=1785667595.0798020362854003906250 HTTP/1.1" 200 6900 "-" "WordPress/7.0.2; https://www.ensaco.es"
27.71.85.175 - - [02/Aug/2026:12:46:32 +0200] "GET / HTTP/1.1" 301 6954 "https://ensaco.es/" "Mozilla/5.0 (iPhone; CPU iPhone OS 17_0 like Mac OS X) AppleWebKit/605.1.15 (KHTML, like Gecko) Version/17.0 Mobile/15E148 Safari/604.1"
123.20.77.202 - - [02/Aug/2026:12:46:37 +0200] "GET / HTTP/1.1" 500 268242 "https://ensaco.es/" "Mozilla/5.0 (iPhone; CPU iPhone OS 17_0 like Mac OS X) AppleWebKit/605.1.15 (KHTML, like Gecko) Version/17.0 Mobile/15E148 Safari/604.1"
34.196.51.17 - - [02/Aug/2026:12:47:24 +0200] "HEAD / HTTP/1.1" 200 7073 "https://www.ensaco.es/" "WPMUDEV Uptime Monitor 5.0 (https://wpmudev.com)"
84.236.228.59 - - [02/Aug/2026:12:47:53 +0200] "POST /wp-cron.php?doing_wp_cron=1785667673.3524219989776611328125 HTTP/1.1" 200 6900 "-" "WordPress/7.0.2; https://www.ensaco.es"
216.244.66.250 - - [02/Aug/2026:12:47:50 +0200] "GET /robots.txt HTTP/1.1" 200 7462 "-" "Mozilla/5.0 (compatible; DotBot/1.2; +https://opensiteexplorer.org/dotbot; help@moz.com)"
74.7.229.110 - - [02/Aug/2026:12:48:00 +0200] "GET /control-automatizado-piscina-cubierta/ HTTP/1.1" 500 309965 "-" "Mozilla/5.0 (Macintosh; Intel Mac OS X 10_15_7) AppleWebKit/537.36 (KHTML, like Gecko) Chrome/131.0.0.0 Safari/537.36; compatible; OAI-SearchBot/1.4; +https://openai.com/searchbot"
