104.165.187.27 - - [02/Aug/2026:07:38:09 +0200] "GET /politica-de-cookies/ HTTP/1.1" 500 303827 "-" "Mozilla/5.0 (Macintosh; Intel Mac OS X 10_15_7) AppleWebKit/537.36 (KHTML, like Gecko) Chrome/148.0.0.0 Safari/537.36"
84.236.228.59 - - [02/Aug/2026:07:38:14 +0200] "HEAD /automatizacion/ HTTP/1.1" 200 7080 "https://www.ensaco.es" "WPMU DEV Broken Link Checker Local Engine"
84.236.228.59 - - [02/Aug/2026:07:38:22 +0200] "HEAD /energias-renovables/ HTTP/1.1" 200 7080 "https://www.ensaco.es" "WPMU DEV Broken Link Checker Local Engine"
84.236.228.59 - - [02/Aug/2026:07:38:27 +0200] "HEAD /wp-content/uploads/2021/04/pexels-asad-photo-maldives-1268855.jpg HTTP/1.1" 200 6963 "https://www.ensaco.es" "WPMU DEV Broken Link Checker Local Engine"
84.236.228.59 - - [02/Aug/2026:07:38:30 +0200] "HEAD /wp-content/uploads/2021/04/pexels-cottonbro-6466488.jpg HTTP/1.1" 200 6963 "https://www.ensaco.es" "WPMU DEV Broken Link Checker Local Engine"
84.236.228.59 - - [02/Aug/2026:07:38:34 +0200] "HEAD /wp-content/uploads/2018/06/Caldera-de-biomasa-seg%C3%BAn-necesidades-2.jpg HTTP/1.1" 200 6964 "https://www.ensaco.es" "WPMU DEV Broken Link Checker Local Engine"
84.236.228.59 - - [02/Aug/2026:07:38:40 +0200] "HEAD /wp-content/uploads/2019/10/Dom%C3%B3tica-en-promociones-residenciales.jpg HTTP/1.1" 200 6965 "https://www.ensaco.es" "WPMU DEV Broken Link Checker Local Engine"
84.236.228.59 - - [02/Aug/2026:07:38:45 +0200] "HEAD /wp-content/uploads/2020/12/pexels-brett-sayles-5480780.jpg HTTP/1.1" 200 6964 "https://www.ensaco.es" "WPMU DEV Broken Link Checker Local Engine"
84.236.228.59 - - [02/Aug/2026:07:38:52 +0200] "POST /wp-cron.php?doing_wp_cron=1785649132.7021920680999755859375 HTTP/1.1" 200 6900 "-" "WordPress/7.0.2; https://www.ensaco.es"
84.236.228.59 - - [02/Aug/2026:07:38:49 +0200] "HEAD /comercio/ HTTP/1.1" 301 6991 "https://www.ensaco.es" "WPMU DEV Broken Link Checker Local Engine"
84.236.228.59 - - [02/Aug/2026:07:38:57 +0200] "HEAD /wp-content/uploads/2020/09/ventana-passivhaus-s82rp-inferior.jpg HTTP/1.1" 200 6964 "https://www.ensaco.es" "WPMU DEV Broken Link Checker Local Engine"
84.236.228.59 - - [02/Aug/2026:07:38:59 +0200] "HEAD /productos-old/?add-to-cart=4356 HTTP/1.1" 200 7120 "https://www.ensaco.es" "WPMU DEV Broken Link Checker Local Engine"
84.236.228.59 - - [02/Aug/2026:07:39:07 +0200] "HEAD /wp-content/uploads/2017/09/lamp-432249_640.jpg HTTP/1.1" 200 6963 "https://www.ensaco.es" "WPMU DEV Broken Link Checker Local Engine"
84.236.228.59 - - [02/Aug/2026:07:39:10 +0200] "HEAD /wp-content/uploads/2021/04/pexels-max-vakhtbovych-6434634.jpg HTTP/1.1" 200 6963 "https://www.ensaco.es" "WPMU DEV Broken Link Checker Local Engine"
84.236.228.59 - - [02/Aug/2026:07:39:14 +0200] "HEAD /wp-content/uploads/2024/01/jardin.jpg HTTP/1.1" 200 6965 "https://www.ensaco.es" "WPMU DEV Broken Link Checker Local Engine"
84.236.228.59 - - [02/Aug/2026:07:39:19 +0200] "HEAD /granjas/ HTTP/1.1" 200 7080 "https://www.ensaco.es" "WPMU DEV Broken Link Checker Local Engine"
84.236.228.59 - - [02/Aug/2026:07:39:27 +0200] "HEAD /wp-content/uploads/2021/04/Pre-instalacion_de_aerotermia_en_vivienda_en_obra.-scaled.jpg HTTP/1.1" 200 6965 "https://www.ensaco.es" "WPMU DEV Broken Link Checker Local Engine"
34.196.51.17 - - [02/Aug/2026:07:39:29 +0200] "HEAD / HTTP/1.1" 200 7073 "https://www.ensaco.es/" "WPMUDEV Uptime Monitor 5.0 (https://wpmudev.com)"
84.236.228.59 - - [02/Aug/2026:07:39:34 +0200] "POST /wp-cron.php?doing_wp_cron=1785649174.3197069168090820312500 HTTP/1.1" 200 6900 "-" "WordPress/7.0.2; https://www.ensaco.es"
84.236.228.59 - - [02/Aug/2026:07:39:29 +0200] "HEAD /automatizacion-control-inteligente/ HTTP/1.1" 200 7080 "https://www.ensaco.es" "WPMU DEV Broken Link Checker Local Engine"
84.236.228.59 - - [02/Aug/2026:07:39:39 +0200] "HEAD /solucion/sombreado/ HTTP/1.1" 200 7036 "https://www.ensaco.es" "WPMU DEV Broken Link Checker Local Engine"
84.236.228.59 - - [02/Aug/2026:07:39:42 +0200] "HEAD /wp-content/uploads/2021/12/ENSACO-EFICIENCIA-ENERGETICA-Dollhouse-LQ.jpg HTTP/1.1" 200 6965 "https://www.ensaco.es" "WPMU DEV Broken Link Checker Local Engine"
84.236.228.59 - - [02/Aug/2026:07:39:45 +0200] "HEAD /wp-content/uploads/2017/09/feed-2615928_640.jpg HTTP/1.1" 200 6965 "https://www.ensaco.es" "WPMU DEV Broken Link Checker Local Engine"
84.236.228.59 - - [02/Aug/2026:07:39:49 +0200] "HEAD /wp-content/uploads/2024/01/multimedia.jpg HTTP/1.1" 200 6963 "https://www.ensaco.es" "WPMU DEV Broken Link Checker Local Engine"
17.241.227.19 - - [02/Aug/2026:07:39:52 +0200] "GET /solucion/eficiencia-energetica/ HTTP/1.1" 500 269797 "-" "Mozilla/5.0 (Macintosh; Intel Mac OS X 10_15_7) AppleWebKit/605.1.15 (KHTML, like Gecko) Version/17.4 Safari/605.1.15 (Applebot/0.1; +http://www.apple.com/go/applebot)"
84.236.228.59 - - [02/Aug/2026:07:39:54 +0200] "HEAD /wp-content/uploads/2020/09/A5A2C9C8-E00C-4C82-BDCC-2BE295AE80E4.jpeg HTTP/1.1" 200 6965 "https://www.ensaco.es" "WPMU DEV Broken Link Checker Local Engine"
84.236.228.59 - - [02/Aug/2026:07:40:00 +0200] "HEAD /solucion/accesos/ HTTP/1.1" 200 7036 "https://www.ensaco.es" "WPMU DEV Broken Link Checker Local Engine"
84.236.228.59 - - [02/Aug/2026:07:40:07 +0200] "HEAD /wp-content/uploads/2018/09/Rendimiento-de-una-estufa-de-pellet-1.jpg HTTP/1.1" 200 6963 "https://www.ensaco.es" "WPMU DEV Broken Link Checker Local Engine"
84.236.228.59 - - [02/Aug/2026:07:40:09 +0200] "HEAD /wp-content/uploads/2021/02/pexels-binyamin-mellish-106399.jpg HTTP/1.1" 200 6963 "https://www.ensaco.es" "WPMU DEV Broken Link Checker Local Engine"
84.236.228.59 - - [02/Aug/2026:07:40:14 +0200] "HEAD /wp-content/uploads/2020/11/control-1.png HTTP/1.1" 200 6960 "https://www.ensaco.es" "WPMU DEV Broken Link Checker Local Engine"
84.236.228.59 - - [02/Aug/2026:07:40:19 +0200] "HEAD /wp-content/uploads/2021/04/pexels-tatiana-614522.jpg HTTP/1.1" 200 6964 "https://www.ensaco.es" "WPMU DEV Broken Link Checker Local Engine"
85.208.96.196 - - [02/Aug/2026:07:40:17 +0200] "GET /soluciones-de-loxone-para-una-smart-home/ HTTP/1.1" 500 309765 "-" "Mozilla/5.0 (compatible; SemrushBot/7~bl; +http://www.semrush.com/bot.html)"
84.236.228.59 - - [02/Aug/2026:07:40:25 +0200] "HEAD /wp-content/uploads/2019/02/14-Rosales.jpg HTTP/1.1" 200 6964 "https://www.ensaco.es" "WPMU DEV Broken Link Checker Local Engine"
84.236.228.59 - - [02/Aug/2026:07:41:34 +0200] "POST /wp-cron.php?doing_wp_cron=1785649294.2315950393676757812500 HTTP/1.1" 200 6900 "-" "WordPress/7.0.2; https://www.ensaco.es"
34.196.51.17 - - [02/Aug/2026:07:41:30 +0200] "HEAD / HTTP/1.1" 200 7073 "https://www.ensaco.es/" "WPMUDEV Uptime Monitor 5.0 (https://wpmudev.com)"
91.103.250.153 - - [02/Aug/2026:07:41:39 +0200] "GET / HTTP/1.1" 301 6954 "https://ensaco.es/" "Mozilla/5.0 (Windows NT 10.0; Win64; x64) AppleWebKit/537.36 (KHTML, like Gecko) Chrome/121.0.0.0 Safari/537.36 Edg/121.0.0.0"
104.253.135.243 - - [02/Aug/2026:07:41:41 +0200] "GET /equipo/ HTTP/1.1" 500 309886 "-" "Mozilla/5.0 (Macintosh; Intel Mac OS X 10_15_7) AppleWebKit/537.36 (KHTML, like Gecko) Chrome/148.0.0.0 Safari/537.36"
79.177.131.187 - - [02/Aug/2026:07:41:44 +0200] "GET / HTTP/1.1" 500 269645 "https://ensaco.es/" "Mozilla/5.0 (Windows NT 10.0; Win64; x64) AppleWebKit/537.36 (KHTML, like Gecko) Chrome/121.0.0.0 Safari/537.36 Edg/121.0.0.0"
213.195.80.116 - - [02/Aug/2026:07:42:04 +0200] "GET /lena/ HTTP/1.1" 500 310708 "https://www.ensaco.es/" "Mozilla/5.0 (Macintosh; Intel Mac OS X 10_15_7) AppleWebKit/605.1.15 (KHTML, like Gecko) Version/26.0 Safari/605.1.15"
185.246.219.214 - - [02/Aug/2026:07:42:11 +0200] "GET /lena/ HTTP/1.1" 500 310693 "-" "Mozilla/5.0 (Windows NT 10.0; Win64; x64) AppleWebKit/537.36 (KHTML, like Gecko) Chrome/150.0.0.0 Safari/537.36"
196.188.126.69 - - [02/Aug/2026:07:42:15 +0200] "GET / HTTP/1.1" 301 6954 "https://ensaco.es/" "Mozilla/5.0 (Macintosh; Intel Mac OS X 10_15_7) AppleWebKit/537.36 (KHTML, like Gecko) Chrome/121.0.0.0 Safari/537.36 Edg/121.0.0.0"
59.153.224.137 - - [02/Aug/2026:07:42:20 +0200] "GET / HTTP/1.1" 500 269651 "https://ensaco.es/" "Mozilla/5.0 (Macintosh; Intel Mac OS X 10_15_7) AppleWebKit/537.36 (KHTML, like Gecko) Chrome/121.0.0.0 Safari/537.36 Edg/121.0.0.0"
81.36.167.69 - - [02/Aug/2026:07:43:21 +0200] "GET /enerkeeper/ HTTP/1.1" 301 7183 "-" "Mozilla/5.0 (Macintosh; Intel Mac OS X 10_11_1) AppleWebKit/601.2.4 (KHTML, like Gecko) Version/9.0.1 Safari/601.2.4 facebookexternalhit/1.1 Facebot Twitterbot/1.0"
81.36.167.69 - - [02/Aug/2026:07:43:21 +0200] "GET /favicon.ico HTTP/1.1" 302 8480 "-" "com.apple.WebKit.Networking/21624.2.5.11.8 Network/5812.121.1 macOS/26.5.2"
81.36.167.69 - - [02/Aug/2026:07:43:33 +0200] "GET /wp-content/uploads/2019/12/hoja-azul-100x100.png HTTP/1.1" 200 6962 "-" "com.apple.WebKit.Networking/21624.2.5.11.8 Network/5812.121.1 macOS/26.5.2"
84.236.228.59 - - [02/Aug/2026:07:43:32 +0200] "POST /wp-cron.php?doing_wp_cron=1785649412.3383989334106445312500 HTTP/1.1" 200 6900 "-" "WordPress/7.0.2; https://www.ensaco.es"
81.36.167.69 - - [02/Aug/2026:07:43:21 +0200] "GET /apple-touch-icon.png HTTP/1.1" 500 266942 "-" "com.apple.WebKit.Networking/21624.2.5.11.8 Network/5812.121.1 macOS/26.5.2"
81.36.167.69 - - [02/Aug/2026:07:43:21 +0200] "GET /apple-touch-icon-precomposed.png HTTP/1.1" 500 266948 "-" "com.apple.WebKit.Networking/21624.2.5.11.8 Network/5812.121.1 macOS/26.5.2"
81.36.167.69 - - [02/Aug/2026:07:43:21 +0200] "GET /eficiencia-energetica/ HTTP/1.1" 500 335487 "-" "Mozilla/5.0 (Macintosh; Intel Mac OS X 10_11_1) AppleWebKit/601.2.4 (KHTML, like Gecko) Version/9.0.1 Safari/601.2.4 facebookexternalhit/1.1 Facebot Twitterbot/1.0"
34.196.51.17 - - [02/Aug/2026:07:43:30 +0200] "HEAD / HTTP/1.1" 200 7073 "https://www.ensaco.es/" "WPMUDEV Uptime Monitor 5.0 (https://wpmudev.com)"
81.36.167.69 - - [02/Aug/2026:07:43:33 +0200] "GET /wp-content/uploads/2019/12/hoja-azul-100x100.png HTTP/2.0" 200 2168 "-" "com.apple.WebKit.Networking/21624.2.5.11.8 Network/5812.121.1 macOS/26.5.2"
138.201.137.152 - - [02/Aug/2026:07:43:49 +0200] "GET /control-acceso-biometrico-edificios-residenciales/ HTTP/1.1" 500 311662 "-" "SEBot-WA"
162.55.94.176 - - [02/Aug/2026:07:43:56 +0200] "GET /control-acceso-biometrico-edificios-residenciales/ HTTP/1.1" 500 311662 "-" "SEBot-WA"
66.249.64.44 - - [02/Aug/2026:07:44:10 +0200] "GET /casa-autosuficiente/ HTTP/1.1" 500 310864 "-" "Mozilla/5.0 (Linux; Android 6.0.1; Nexus 5X Build/MMB29P) AppleWebKit/537.36 (KHTML, like Gecko) Chrome/150.0.7871.186 Mobile Safari/537.36 (compatible; Googlebot/2.1; +http://www.google.com/bot.html)"
84.236.228.59 - - [02/Aug/2026:07:45:36 +0200] "POST /wp-cron.php?doing_wp_cron=1785649536.6926989555358886718750 HTTP/1.1" 200 6900 "-" "WordPress/7.0.2; https://www.ensaco.es"
34.196.51.17 - - [02/Aug/2026:07:45:32 +0200] "HEAD / HTTP/1.1" 200 7073 "https://www.ensaco.es/" "WPMUDEV Uptime Monitor 5.0 (https://wpmudev.com)"
84.236.228.59 - - [02/Aug/2026:07:47:34 +0200] "POST /wp-cron.php?doing_wp_cron=1785649654.6112759113311767578125 HTTP/1.1" 200 6900 "-" "WordPress/7.0.2; https://www.ensaco.es"
34.196.51.17 - - [02/Aug/2026:07:47:31 +0200] "HEAD / HTTP/1.1" 200 7073 "https://www.ensaco.es/" "WPMUDEV Uptime Monitor 5.0 (https://wpmudev.com)"
84.236.228.59 - - [02/Aug/2026:07:49:36 +0200] "POST /wp-cron.php?doing_wp_cron=1785649776.4642329216003417968750 HTTP/1.1" 200 6900 "-" "WordPress/7.0.2; https://www.ensaco.es"
34.196.51.17 - - [02/Aug/2026:07:49:31 +0200] "HEAD / HTTP/1.1" 200 7073 "https://www.ensaco.es/" "WPMUDEV Uptime Monitor 5.0 (https://wpmudev.com)"
177.72.85.147 - - [02/Aug/2026:07:49:32 +0200] "GET / HTTP/1.1" 301 6954 "https://ensaco.es/" "Mozilla/5.0 (Macintosh; Intel Mac OS X 10_15_7) AppleWebKit/537.36 (KHTML, like Gecko) Chrome/121.0.6167.57 Safari/537.36"
113.172.251.89 - - [02/Aug/2026:07:49:40 +0200] "GET / HTTP/1.1" 500 269645 "https://ensaco.es/" "Mozilla/5.0 (Macintosh; Intel Mac OS X 10_15_7) AppleWebKit/537.36 (KHTML, like Gecko) Chrome/121.0.6167.57 Safari/537.36"
84.236.228.59 - - [02/Aug/2026:07:51:20 +0200] "POST /wp-cron.php?doing_wp_cron=1785649880.6605811119079589843750 HTTP/1.1" 200 6900 "-" "WordPress/7.0.2; https://www.ensaco.es"
189.104.241.176 - - [02/Aug/2026:07:51:15 +0200] "GET /contacto/ HTTP/1.1" 500 313563 "-" "Mozilla/5.0 (Macintosh; Intel Mac OS X 10_15_7) AppleWebKit/537.36 (KHTML, like Gecko) Chrome/148.0.0.0 Safari/537.36"
40.77.167.1 - - [02/Aug/2026:07:51:21 +0200] "GET /producto/contador-de-energia-en-app/ HTTP/1.1" 500 592800 "-" "Mozilla/5.0 AppleWebKit/537.36 (KHTML, like Gecko; compatible; bingbot/2.0; +http://www.bing.com/bingbot.htm) Chrome/116.0.1938.76 Safari/537.36"
34.196.51.17 - - [02/Aug/2026:07:51:30 +0200] "HEAD / HTTP/1.1" 200 7073 "https://www.ensaco.es/" "WPMUDEV Uptime Monitor 5.0 (https://wpmudev.com)"
84.236.228.59 - - [02/Aug/2026:07:52:20 +0200] "POST /wp-cron.php?doing_wp_cron=1785649939.8588230609893798828125 HTTP/1.1" 200 6900 "-" "WordPress/7.0.2; https://www.ensaco.es"
202.163.68.225 - - [02/Aug/2026:07:52:16 +0200] "GET / HTTP/1.1" 301 6954 "https://ensaco.es/" "Mozilla/5.0 (Windows NT 10.0; Win64; x64; rv:126.0) Gecko/20100101 Firefox/126.0"
113.175.221.249 - - [02/Aug/2026:07:52:22 +0200] "GET / HTTP/1.1" 500 269651 "https://ensaco.es/" "Mozilla/5.0 (Windows NT 10.0; Win64; x64; rv:126.0) Gecko/20100101 Firefox/126.0"
84.236.228.59 - - [02/Aug/2026:07:53:33 +0200] "POST /wp-cron.php?doing_wp_cron=1785650013.4659841060638427734375 HTTP/1.1" 200 6900 "-" "WordPress/7.0.2; https://www.ensaco.es"
34.196.51.17 - - [02/Aug/2026:07:53:30 +0200] "HEAD / HTTP/1.1" 200 7073 "https://www.ensaco.es/" "WPMUDEV Uptime Monitor 5.0 (https://wpmudev.com)"
84.236.228.59 - - [02/Aug/2026:07:55:05 +0200] "POST /wp-cron.php?doing_wp_cron=1785650105.0476570129394531250000 HTTP/1.1" 200 6900 "-" "WordPress/7.0.2; https://www.ensaco.es"
58.187.96.190 - - [02/Aug/2026:07:54:59 +0200] "GET / HTTP/1.1" 301 6954 "https://ensaco.es/" "Mozilla/5.0 (X11; Linux x86_64; rv:121.0) Gecko/20100101 Firefox/121.0"
123.26.145.225 - - [02/Aug/2026:07:55:07 +0200] "GET / HTTP/1.1" 500 269645 "https://ensaco.es/" "Mozilla/5.0 (X11; Linux x86_64; rv:121.0) Gecko/20100101 Firefox/121.0"
34.196.51.17 - - [02/Aug/2026:07:55:30 +0200] "HEAD / HTTP/1.1" 200 7073 "https://www.ensaco.es/" "WPMUDEV Uptime Monitor 5.0 (https://wpmudev.com)"
84.236.228.59 - - [02/Aug/2026:07:56:03 +0200] "POST /wp-cron.php?doing_wp_cron=1785650162.6940751075744628906250 HTTP/1.1" 200 6900 "-" "WordPress/7.0.2; https://www.ensaco.es"
171.224.177.228 - - [02/Aug/2026:07:55:59 +0200] "GET / HTTP/1.1" 301 6954 "https://ensaco.es/" "Mozilla/5.0 (Macintosh; Intel Mac OS X 10_15_7) AppleWebKit/537.36 (KHTML, like Gecko) Chrome/121.0.0.0 Safari/537.36 Edg/121.0.0.0"
160.30.143.207 - - [02/Aug/2026:07:56:05 +0200] "GET / HTTP/1.1" 500 269645 "https://ensaco.es/" "Mozilla/5.0 (Macintosh; Intel Mac OS X 10_15_7) AppleWebKit/537.36 (KHTML, like Gecko) Chrome/121.0.0.0 Safari/537.36 Edg/121.0.0.0"
84.236.228.59 - - [02/Aug/2026:07:57:32 +0200] "POST /wp-cron.php?doing_wp_cron=1785650252.6244220733642578125000 HTTP/1.1" 200 6900 "-" "WordPress/7.0.2; https://www.ensaco.es"
27.79.250.254 - - [02/Aug/2026:07:57:27 +0200] "GET / HTTP/1.1" 301 6954 "https://ensaco.es/" "Mozilla/5.0 (Macintosh; Intel Mac OS X 10.15; rv:125.0) Gecko/20100101 Firefox/125.0"
34.196.51.17 - - [02/Aug/2026:07:57:29 +0200] "HEAD / HTTP/1.1" 200 7073 "https://www.ensaco.es/" "WPMUDEV Uptime Monitor 5.0 (https://wpmudev.com)"
102.254.21.4 - - [02/Aug/2026:07:57:36 +0200] "GET / HTTP/1.1" 500 269651 "https://ensaco.es/" "Mozilla/5.0 (Macintosh; Intel Mac OS X 10.15; rv:125.0) Gecko/20100101 Firefox/125.0"
3.225.222.203 - - [02/Aug/2026:07:57:48 +0200] "GET /robots.txt HTTP/1.1" 200 7962 "-" "Mozilla/5.0 (Macintosh; Intel Mac OS X 10_10_1) AppleWebKit/600.2.5 (KHTML, like Gecko) Version/8.0.2 Safari/600.2.5 (Gort)"
84.236.228.59 - - [02/Aug/2026:07:59:34 +0200] "POST /wp-cron.php?doing_wp_cron=1785650374.2196090221405029296875 HTTP/1.1" 200 6900 "-" "WordPress/7.0.2; https://www.ensaco.es"
34.196.51.17 - - [02/Aug/2026:07:59:30 +0200] "HEAD / HTTP/1.1" 200 7073 "https://www.ensaco.es/" "WPMUDEV Uptime Monitor 5.0 (https://wpmudev.com)"
84.236.228.59 - - [02/Aug/2026:08:01:33 +0200] "POST /wp-cron.php?doing_wp_cron=1785650493.4651000499725341796875 HTTP/1.1" 200 6900 "-" "WordPress/7.0.2; https://www.ensaco.es"
85.130.158.52 - - [02/Aug/2026:08:01:25 +0200] "GET / HTTP/1.1" 301 6954 "https://ensaco.es/" "Mozilla/5.0 (Macintosh; Intel Mac OS X 10_15_7) AppleWebKit/537.36 (KHTML, like Gecko) Chrome/129.0.6668.59 Safari/537.36"
34.196.51.17 - - [02/Aug/2026:08:01:31 +0200] "HEAD / HTTP/1.1" 200 7073 "https://www.ensaco.es/" "WPMUDEV Uptime Monitor 5.0 (https://wpmudev.com)"
102.64.167.48 - - [02/Aug/2026:08:01:39 +0200] "GET / HTTP/1.1" 500 269645 "https://ensaco.es/" "Mozilla/5.0 (Macintosh; Intel Mac OS X 10_15_7) AppleWebKit/537.36 (KHTML, like Gecko) Chrome/129.0.6668.59 Safari/537.36"
17.22.245.206 - - [02/Aug/2026:08:02:25 +0200] "GET /domotica/13-11-2017-14-26-06-4/ HTTP/1.1" 301 7253 "-" "Mozilla/5.0 (Macintosh; Intel Mac OS X 10_15_7) AppleWebKit/605.1.15 (KHTML, like Gecko) Version/17.4 Safari/605.1.15 (Applebot/0.1; +http://www.apple.com/go/applebot)"
17.22.245.206 - - [02/Aug/2026:08:02:26 +0200] "GET /automatizacion-control-inteligente/13-11-2017-14-26-06-4/ HTTP/1.1" 301 7006 "-" "Mozilla/5.0 (Macintosh; Intel Mac OS X 10_15_7) AppleWebKit/605.1.15 (KHTML, like Gecko) Version/17.4 Safari/605.1.15 (Applebot/0.1; +http://www.apple.com/go/applebot)"
17.22.245.206 - - [02/Aug/2026:08:02:30 +0200] "GET /wp-content/uploads/2017/10/13-11-2017-14-26-06-3.png HTTP/1.1" 200 6966 "-" "Mozilla/5.0 (Macintosh; Intel Mac OS X 10_15_7) AppleWebKit/605.1.15 (KHTML, like Gecko) Version/17.4 Safari/605.1.15 (Applebot/0.1; +http://www.apple.com/go/applebot)"
17.22.245.206 - - [02/Aug/2026:08:02:30 +0200] "GET /wp-content/uploads/2017/10/13-11-2017-14-26-06-3.png HTTP/2.0" 200 180578 "-" "Mozilla/5.0 (Macintosh; Intel Mac OS X 10_15_7) AppleWebKit/605.1.15 (KHTML, like Gecko) Version/17.4 Safari/605.1.15 (Applebot/0.1; +http://www.apple.com/go/applebot)"
84.236.228.59 - - [02/Aug/2026:08:03:37 +0200] "POST /wp-cron.php?doing_wp_cron=1785650617.5258181095123291015625 HTTP/1.1" 200 6900 "-" "WordPress/7.0.2; https://www.ensaco.es"
34.196.51.17 - - [02/Aug/2026:08:03:32 +0200] "HEAD / HTTP/1.1" 200 7073 "https://www.ensaco.es/" "WPMUDEV Uptime Monitor 5.0 (https://wpmudev.com)"
84.236.228.59 - - [02/Aug/2026:08:03:37 +0200] "POST /wp-cron.php?doing_wp_cron=1785650617.5993640422821044921875 HTTP/1.1" 200 6900 "-" "WordPress/7.0.2; https://www.ensaco.es"
40.77.167.143 - - [02/Aug/2026:08:03:31 +0200] "GET /producto/pack-jardin-basico/ HTTP/1.1" 500 593086 "-" "Mozilla/5.0 AppleWebKit/537.36 (KHTML, like Gecko; compatible; bingbot/2.0; +http://www.bing.com/bingbot.htm) Chrome/116.0.1938.76 Safari/537.36"
52.139.3.76 - - [02/Aug/2026:08:03:57 +0200] "GET / HTTP/1.1" 301 6954 "-" "Mozilla/5.0 (X11; Linux x86_64) AppleWebKit/537.36 (KHTML, like Gecko) Chrome/122.0.0.0 Safari/537.36"
52.139.3.76 - - [02/Aug/2026:08:04:01 +0200] "GET / HTTP/1.1" 500 269645 "-" "Mozilla/5.0 (X11; Linux x86_64) AppleWebKit/537.36 (KHTML, like Gecko) Chrome/122.0.0.0 Safari/537.36"
84.236.228.59 - - [02/Aug/2026:08:05:40 +0200] "POST /wp-cron.php?doing_wp_cron=1785650740.1095829010009765625000 HTTP/1.1" 200 6900 "-" "WordPress/7.0.2; https://www.ensaco.es"
34.196.51.17 - - [02/Aug/2026:08:05:33 +0200] "HEAD / HTTP/1.1" 200 7073 "https://www.ensaco.es/" "WPMUDEV Uptime Monitor 5.0 (https://wpmudev.com)"
102.205.237.209 - - [02/Aug/2026:08:05:40 +0200] "GET / HTTP/1.1" 301 6954 "https://ensaco.es/" "Mozilla/5.0 (Windows NT 10.0; Win64; x64) AppleWebKit/537.36 (KHTML, like Gecko) Chrome/121.0.0.0 Safari/537.36 Edg/121.0.0.0"
113.173.159.17 - - [02/Aug/2026:08:05:47 +0200] "GET / HTTP/1.1" 500 269645 "https://ensaco.es/" "Mozilla/5.0 (Windows NT 10.0; Win64; x64) AppleWebKit/537.36 (KHTML, like Gecko) Chrome/121.0.0.0 Safari/537.36 Edg/121.0.0.0"
154.197.18.205 - - [02/Aug/2026:08:07:33 +0200] "GET /wp-content/smush-webp/2022/09/ventilacion-domotica-600x405.jpg.webp HTTP/1.1" 200 6981 "-" "Mozilla/5.0 (compatible; crawler)"
154.197.18.205 - - [02/Aug/2026:08:07:33 +0200] "GET /wp-content/smush-webp/2022/09/ventilacion-domotica-600x405.jpg.webp HTTP/1.1" 200 6424 "-" "Mozilla/5.0 (compatible; crawler)"
84.236.228.59 - - [02/Aug/2026:08:07:42 +0200] "POST /wp-cron.php?doing_wp_cron=1785650862.1498351097106933593750 HTTP/1.1" 200 6900 "-" "WordPress/7.0.2; https://www.ensaco.es"
34.196.51.17 - - [02/Aug/2026:08:07:34 +0200] "HEAD / HTTP/1.1" 200 7073 "https://www.ensaco.es/" "WPMUDEV Uptime Monitor 5.0 (https://wpmudev.com)"
216.244.66.250 - - [02/Aug/2026:08:07:41 +0200] "GET /robots.txt HTTP/1.1" 200 8865 "-" "Mozilla/5.0 (compatible; DotBot/1.2; +https://opensiteexplorer.org/dotbot; help@moz.com)"
84.236.228.59 - - [02/Aug/2026:08:07:47 +0200] "HEAD /producto/cerradura-nuki-3-0-pro-con-bridge-sin-cilindro/ HTTP/1.1" 200 7082 "https://www.ensaco.es" "WPMU DEV Broken Link Checker Local Engine"
84.236.228.59 - - [02/Aug/2026:08:07:49 +0200] "HEAD /wp-content/uploads/2020/08/LOXONE-Logo-1.png HTTP/1.1" 200 6962 "https://www.ensaco.es" "WPMU DEV Broken Link Checker Local Engine"
84.236.228.59 - - [02/Aug/2026:08:07:51 +0200] "HEAD /san-mateo/ HTTP/1.1" 200 7080 "https://www.ensaco.es" "WPMU DEV Broken Link Checker Local Engine"
84.236.228.59 - - [02/Aug/2026:08:07:56 +0200] "HEAD /wp-content/uploads/2017/09/grafica6.jpg HTTP/1.1" 200 6963 "https://www.ensaco.es" "WPMU DEV Broken Link Checker Local Engine"
84.236.228.59 - - [02/Aug/2026:08:07:58 +0200] "HEAD /wp-content/uploads/2018/06/Automatizaci%C3%B3n-de-viviendas2.jpg HTTP/1.1" 200 6964 "https://www.ensaco.es" "WPMU DEV Broken Link Checker Local Engine"
84.236.228.59 - - [02/Aug/2026:08:08:02 +0200] "HEAD /producto/cerradura-nuki-3-0-con-bridge-sin-cilindro/ HTTP/1.1" 200 7082 "https://www.ensaco.es" "WPMU DEV Broken Link Checker Local Engine"
84.236.228.59 - - [02/Aug/2026:08:08:09 +0200] "HEAD /wp-content/uploads/2020/08/ea8687c5-3bb9-4215-8536-276a4d4e4cf2.jpg HTTP/1.1" 200 6965 "https://www.ensaco.es" "WPMU DEV Broken Link Checker Local Engine"
84.236.228.59 - - [02/Aug/2026:08:08:12 +0200] "HEAD /subvenciones-energia/ HTTP/1.1" 200 7080 "https://www.ensaco.es" "WPMU DEV Broken Link Checker Local Engine"
104.252.209.107 - - [02/Aug/2026:08:08:11 +0200] "GET /inicio/ HTTP/1.1" 301 6954 "-" "Mozilla/5.0 (Macintosh; Intel Mac OS X 10_15_7) AppleWebKit/537.36 (KHTML, like Gecko) Chrome/148.0.0.0 Safari/537.36"
84.236.228.59 - - [02/Aug/2026:08:08:21 +0200] "HEAD /educacion/ HTTP/1.1" 200 7080 "https://www.ensaco.es" "WPMU DEV Broken Link Checker Local Engine"
84.236.228.59 - - [02/Aug/2026:08:08:25 +0200] "HEAD /wp-content/uploads/2020/09/3-1.jpg HTTP/1.1" 200 6965 "https://www.ensaco.es" "WPMU DEV Broken Link Checker Local Engine"
84.236.228.59 - - [02/Aug/2026:08:08:27 +0200] "HEAD /wp-content/uploads/2024/01/seguridad.jpg HTTP/1.1" 200 6963 "https://www.ensaco.es" "WPMU DEV Broken Link Checker Local Engine"
84.236.228.59 - - [02/Aug/2026:08:08:32 +0200] "HEAD /wp-content/uploads/2018/12/Dom%C3%B3tica-por-control-de-voz-de-Loxone2.jpg HTTP/1.1" 200 6963 "https://www.ensaco.es" "WPMU DEV Broken Link Checker Local Engine"
84.236.228.59 - - [02/Aug/2026:08:08:37 +0200] "HEAD /wp-content/uploads/2024/04/jardin-1-1.png HTTP/1.1" 200 6962 "https://www.ensaco.es" "WPMU DEV Broken Link Checker Local Engine"
84.236.228.59 - - [02/Aug/2026:08:08:42 +0200] "HEAD /wp-content/uploads/2018/06/Caldera-de-biomasa-seg%C3%BAn-necesidades-1.jpg HTTP/1.1" 200 6965 "https://www.ensaco.es" "WPMU DEV Broken Link Checker Local Engine"
84.236.228.59 - - [02/Aug/2026:08:08:47 +0200] "HEAD /wp-content/uploads/2021/04/pexels-cottonbro-6466482.jpg HTTP/1.1" 200 6963 "https://www.ensaco.es" "WPMU DEV Broken Link Checker Local Engine"
84.236.228.59 - - [02/Aug/2026:08:08:55 +0200] "POST /wp-cron.php?doing_wp_cron=1785650935.0031769275665283203125 HTTP/1.1" 200 6900 "-" "WordPress/7.0.2; https://www.ensaco.es"
84.236.228.59 - - [02/Aug/2026:08:08:52 +0200] "HEAD /casos-de-exito/ HTTP/1.1" 200 7080 "https://www.ensaco.es" "WPMU DEV Broken Link Checker Local Engine"
84.236.228.59 - - [02/Aug/2026:08:09:00 +0200] "HEAD /solucion/seguridad/ HTTP/1.1" 200 7036 "https://www.ensaco.es" "WPMU DEV Broken Link Checker Local Engine"
84.236.228.59 - - [02/Aug/2026:08:09:04 +0200] "HEAD /wp-content/uploads/2020/08/cLoxone-Miniserver-V2.png HTTP/1.1" 200 6964 "https://www.ensaco.es" "WPMU DEV Broken Link Checker Local Engine"
84.236.228.59 - - [02/Aug/2026:08:09:07 +0200] "HEAD /educacion/ HTTP/1.1" 200 7080 "https://www.ensaco.es" "WPMU DEV Broken Link Checker Local Engine"
84.236.228.59 - - [02/Aug/2026:08:09:19 +0200] "HEAD /wp-content/uploads/2017/09/grafica3.jpg HTTP/1.1" 200 6965 "https://www.ensaco.es" "WPMU DEV Broken Link Checker Local Engine"
84.236.228.59 - - [02/Aug/2026:08:09:21 +0200] "HEAD /wp-content/uploads/2021/04/pexels-pixabay-534219.jpg HTTP/1.1" 200 6964 "https://www.ensaco.es" "WPMU DEV Broken Link Checker Local Engine"
84.236.228.59 - - [02/Aug/2026:08:09:23 +0200] "HEAD /wp-content/uploads/2021/04/pexels-konstantinos-eleftheriadis-2034335.jpg HTTP/1.1" 200 6964 "https://www.ensaco.es" "WPMU DEV Broken Link Checker Local Engine"
84.236.228.59 - - [02/Aug/2026:08:09:27 +0200] "HEAD /wp-content/uploads/2024/04/SEGURIDAD-1.png HTTP/1.1" 200 6962 "https://www.ensaco.es" "WPMU DEV Broken Link Checker Local Engine"
84.236.228.59 - - [02/Aug/2026:08:09:32 +0200] "HEAD /wp-content/uploads/2018/04/image0110.jpg HTTP/1.1" 200 6963 "https://www.ensaco.es" "WPMU DEV Broken Link Checker Local Engine"
84.236.228.59 - - [02/Aug/2026:08:09:35 +0200] "POST /wp-cron.php?doing_wp_cron=1785650975.2194681167602539062500 HTTP/1.1" 200 6900 "-" "WordPress/7.0.2; https://www.ensaco.es"
34.196.51.17 - - [02/Aug/2026:08:09:31 +0200] "HEAD / HTTP/1.1" 200 7073 "https://www.ensaco.es/" "WPMUDEV Uptime Monitor 5.0 (https://wpmudev.com)"
84.236.228.59 - - [02/Aug/2026:08:09:37 +0200] "HEAD /wp-content/uploads/2024/01/sombreado-1.jpg HTTP/1.1" 200 6963 "https://www.ensaco.es" "WPMU DEV Broken Link Checker Local Engine"
45.235.38.194 - - [02/Aug/2026:08:09:43 +0200] "GET / HTTP/1.1" 301 6954 "https://ensaco.es/" "Mozilla/5.0 (Windows NT 10.0; Win64; x64; rv:126.0) Gecko/20100101 Firefox/126.0"
168.90.191.136 - - [02/Aug/2026:08:09:49 +0200] "GET / HTTP/1.1" 500 269651 "https://ensaco.es/" "Mozilla/5.0 (Windows NT 10.0; Win64; x64; rv:126.0) Gecko/20100101 Firefox/126.0"
84.236.228.59 - - [02/Aug/2026:08:10:49 +0200] "POST /wp-cron.php?doing_wp_cron=1785651049.0484020709991455078125 HTTP/1.1" 200 6900 "-" "WordPress/7.0.2; https://www.ensaco.es"
57.141.0.56 - - [02/Aug/2026:08:10:45 +0200] "GET /hispanidad/ HTTP/1.1" 500 301193 "-" "Mozilla/5.0 (Windows NT 10.0; Win64; x64) AppleWebKit/537.36 (KHTML, like Gecko) Chrome/145.0.0.0 Safari/537.36 (compatible; meta-webindexer/1.1 (+https://developers.facebook.com/docs/sharing/webmasters/crawler))"
84.236.228.59 - - [02/Aug/2026:08:11:34 +0200] "POST /wp-cron.php?doing_wp_cron=1785651094.5568680763244628906250 HTTP/1.1" 200 6900 "-" "WordPress/7.0.2; https://www.ensaco.es"
34.196.51.17 - - [02/Aug/2026:08:11:31 +0200] "HEAD / HTTP/1.1" 200 7073 "https://www.ensaco.es/" "WPMUDEV Uptime Monitor 5.0 (https://wpmudev.com)"
187.45.61.192 - - [02/Aug/2026:08:12:01 +0200] "GET /lena/ HTTP/1.1" 500 310693 "https://www.ensaco.es" "Mozilla/5.0 (Windows NT 10.0; Win64; x64) AppleWebKit/537.36 (KHTML, like Gecko) Chrome/145.0.0.0 Safari/537.36 Edg/145.0.0.0"
187.229.85.109 - - [02/Aug/2026:08:12:12 +0200] "GET /lena/ HTTP/1.1" 500 310708 "https://www.ensaco.es" "Mozilla/5.0 (Windows NT 10.0; Win64; x64) AppleWebKit/537.36 (KHTML, like Gecko) Chrome/145.0.0.0 Safari/537.36 Edg/145.0.0.0"
85.208.96.195 - - [02/Aug/2026:08:12:29 +0200] "GET /aerotermia-en-la-vivienda-unifamiliar/ HTTP/1.1" 500 309260 "-" "Mozilla/5.0 (compatible; SemrushBot/7~bl; +http://www.semrush.com/bot.html)"
84.236.228.59 - - [02/Aug/2026:08:13:38 +0200] "POST /wp-cron.php?doing_wp_cron=1785651217.8657701015472412109375 HTTP/1.1" 200 6900 "-" "WordPress/7.0.2; https://www.ensaco.es"
34.196.51.17 - - [02/Aug/2026:08:13:31 +0200] "HEAD / HTTP/1.1" 200 7073 "https://www.ensaco.es/" "WPMUDEV Uptime Monitor 5.0 (https://wpmudev.com)"
84.236.228.59 - - [02/Aug/2026:08:15:37 +0200] "POST /wp-cron.php?doing_wp_cron=1785651337.6369509696960449218750 HTTP/1.1" 200 6900 "-" "WordPress/7.0.2; https://www.ensaco.es"
34.196.51.17 - - [02/Aug/2026:08:15:32 +0200] "HEAD / HTTP/1.1" 200 7073 "https://www.ensaco.es/" "WPMUDEV Uptime Monitor 5.0 (https://wpmudev.com)"
84.236.228.59 - - [02/Aug/2026:08:17:25 +0200] "POST /wp-cron.php?doing_wp_cron=1785651445.1128230094909667968750 HTTP/1.1" 200 6900 "-" "WordPress/7.0.2; https://www.ensaco.es"
216.244.66.250 - - [02/Aug/2026:08:17:16 +0200] "GET /solucion/sombreado/feed/ HTTP/1.1" 200 16473 "-" "Mozilla/5.0 (compatible; DotBot/1.2; +https://opensiteexplorer.org/dotbot; help@moz.com)"
84.236.228.59 - - [02/Aug/2026:08:17:35 +0200] "POST /wp-cron.php?doing_wp_cron=1785651455.6978049278259277343750 HTTP/1.1" 200 6900 "-" "WordPress/7.0.2; https://www.ensaco.es"
34.196.51.17 - - [02/Aug/2026:08:17:33 +0200] "HEAD / HTTP/1.1" 200 7073 "https://www.ensaco.es/" "WPMUDEV Uptime Monitor 5.0 (https://wpmudev.com)"
17.22.237.221 - - [02/Aug/2026:08:19:08 +0200] "GET /productos/jardin/ HTTP/1.1" 301 6991 "-" "Mozilla/5.0 (Macintosh; Intel Mac OS X 10_15_7) AppleWebKit/605.1.15 (KHTML, like Gecko) Version/17.4 Safari/605.1.15 (Applebot/0.1; +http://www.apple.com/go/applebot)"
17.22.237.221 - - [02/Aug/2026:08:19:13 +0200] "GET /wp-content/uploads/2024/01/jardin.jpg HTTP/1.1" 200 6952 "-" "Mozilla/5.0 (Macintosh; Intel Mac OS X 10_15_7) AppleWebKit/605.1.15 (KHTML, like Gecko) Version/17.4 Safari/605.1.15 (Applebot/0.1; +http://www.apple.com/go/applebot)"
17.22.237.221 - - [02/Aug/2026:08:19:13 +0200] "GET /wp-content/uploads/2024/01/jardin.jpg HTTP/2.0" 200 113665 "-" "Mozilla/5.0 (Macintosh; Intel Mac OS X 10_15_7) AppleWebKit/605.1.15 (KHTML, like Gecko) Version/17.4 Safari/605.1.15 (Applebot/0.1; +http://www.apple.com/go/applebot)"
84.236.228.59 - - [02/Aug/2026:08:19:15 +0200] "POST /wp-cron.php?doing_wp_cron=1785651555.2050170898437500000000 HTTP/1.1" 200 6900 "-" "WordPress/7.0.2; https://www.ensaco.es"
84.236.228.59 - - [02/Aug/2026:08:19:34 +0200] "POST /wp-cron.php?doing_wp_cron=1785651574.2467939853668212890625 HTTP/1.1" 200 6900 "-" "WordPress/7.0.2; https://www.ensaco.es"
34.196.51.17 - - [02/Aug/2026:08:19:31 +0200] "HEAD / HTTP/1.1" 200 7073 "https://www.ensaco.es/" "WPMUDEV Uptime Monitor 5.0 (https://wpmudev.com)"
84.236.228.59 - - [02/Aug/2026:08:21:40 +0200] "POST /wp-cron.php?doing_wp_cron=1785651699.9919209480285644531250 HTTP/1.1" 200 6900 "-" "WordPress/7.0.2; https://www.ensaco.es"
34.196.51.17 - - [02/Aug/2026:08:21:29 +0200] "HEAD / HTTP/1.1" 200 7073 "https://www.ensaco.es/" "WPMUDEV Uptime Monitor 5.0 (https://wpmudev.com)"
14.226.69.203 - - [02/Aug/2026:08:21:59 +0200] "GET / HTTP/1.1" 301 6954 "https://ensaco.es/" "Mozilla/5.0 (Windows NT 10.0; Win64; x64; rv:123.0) Gecko/20100101 Firefox/123.0"
202.79.191.76 - - [02/Aug/2026:08:22:06 +0200] "GET / HTTP/1.1" 500 269651 "https://ensaco.es/" "Mozilla/5.0 (Windows NT 10.0; Win64; x64; rv:123.0) Gecko/20100101 Firefox/123.0"
84.236.228.59 - - [02/Aug/2026:08:22:52 +0200] "POST /wp-cron.php?doing_wp_cron=1785651772.4921369552612304687500 HTTP/1.1" 200 6900 "-" "WordPress/7.0.2; https://www.ensaco.es"
57.141.0.42 - - [02/Aug/2026:08:22:49 +0200] "GET /post_tag-sitemap.xml HTTP/1.1" 200 7432 "-" "Mozilla/5.0 (Macintosh; Intel Mac OS X 10_15_7) AppleWebKit/537.36 (KHTML, like Gecko) Chrome/145.0.0.0 Safari/537.36 (compatible; meta-externalagent/1.1 (+https://developers.facebook.com/docs/sharing/webmasters/crawler))"
34.196.51.17 - - [02/Aug/2026:08:23:31 +0200] "HEAD / HTTP/1.1" 200 7073 "https://www.ensaco.es/" "WPMUDEV Uptime Monitor 5.0 (https://wpmudev.com)"
216.244.66.250 - - [02/Aug/2026:08:24:27 +0200] "GET /wp-content/uploads/2024/03/FLEXB.png HTTP/1.1" 200 6950 "-" "Mozilla/5.0 (compatible; DotBot/1.2; +https://opensiteexplorer.org/dotbot; help@moz.com)"
216.244.66.250 - - [02/Aug/2026:08:24:27 +0200] "GET /wp-content/uploads/2024/03/FLEXB.png HTTP/1.1" 200 35232 "-" "Mozilla/5.0 (compatible; DotBot/1.2; +https://opensiteexplorer.org/dotbot; help@moz.com)"
84.236.228.59 - - [02/Aug/2026:08:25:40 +0200] "POST /wp-cron.php?doing_wp_cron=1785651940.6356580257415771484375 HTTP/1.1" 200 6900 "-" "WordPress/7.0.2; https://www.ensaco.es"
34.196.51.17 - - [02/Aug/2026:08:25:32 +0200] "HEAD / HTTP/1.1" 200 7073 "https://www.ensaco.es/" "WPMUDEV Uptime Monitor 5.0 (https://wpmudev.com)"
84.236.228.59 - - [02/Aug/2026:08:26:16 +0200] "POST /wp-cron.php?doing_wp_cron=1785651976.7041630744934082031250 HTTP/1.1" 200 6900 "-" "WordPress/7.0.2; https://www.ensaco.es"
140.174.126.122 - - [02/Aug/2026:08:26:12 +0200] "GET /solucion/eficiencia-energetica/page/5/ HTTP/1.1" 500 269891 "-" "Mozilla/5.0 (iPhone; CPU iPhone OS 11_0 like Mac OS X) AppleWebKit/537.36 (KHTML, like Gecko) Chrome/56.0.2904.1839 Mobile Safari/537.36"
84.236.228.59 - - [02/Aug/2026:08:27:33 +0200] "POST /wp-cron.php?doing_wp_cron=1785652053.7929520606994628906250 HTTP/1.1" 200 6900 "-" "WordPress/7.0.2; https://www.ensaco.es"
34.196.51.17 - - [02/Aug/2026:08:27:30 +0200] "HEAD / HTTP/1.1" 200 7073 "https://www.ensaco.es/" "WPMUDEV Uptime Monitor 5.0 (https://wpmudev.com)"
109.164.48.232 - - [02/Aug/2026:08:27:56 +0200] "GET /wp-content/uploads/2021/05/btv-logo.png HTTP/1.1" 200 6953 "https://www.aaa-trezory.cz/" "Mozilla/5.0 (Linux; Android 10; K) AppleWebKit/537.36 (KHTML, like Gecko) Chrome/150.0.0.0 Mobile Safari/537.36"
109.164.48.232 - - [02/Aug/2026:08:27:56 +0200] "GET /wp-content/uploads/2021/05/btv-logo.png HTTP/2.0" 200 45392 "https://www.aaa-trezory.cz/" "Mozilla/5.0 (Linux; Android 10; K) AppleWebKit/537.36 (KHTML, like Gecko) Chrome/150.0.0.0 Mobile Safari/537.36"
84.236.228.59 - - [02/Aug/2026:08:29:34 +0200] "POST /wp-cron.php?doing_wp_cron=1785652174.6697819232940673828125 HTTP/1.1" 200 6900 "-" "WordPress/7.0.2; https://www.ensaco.es"
34.196.51.17 - - [02/Aug/2026:08:29:31 +0200] "HEAD / HTTP/1.1" 200 7073 "https://www.ensaco.es/" "WPMUDEV Uptime Monitor 5.0 (https://wpmudev.com)"
194.212.252.13 - - [02/Aug/2026:08:30:43 +0200] "GET /wp-content/uploads/2021/05/btv-logo.png HTTP/1.1" 200 6953 "https://www.chytitakoupit.cz/" "Mozilla/5.0 (Linux; Android 10; K) AppleWebKit/537.36 (KHTML, like Gecko) Chrome/150.0.0.0 Mobile Safari/537.36"
194.212.252.13 - - [02/Aug/2026:08:30:43 +0200] "GET /wp-content/uploads/2021/05/btv-logo.png HTTP/2.0" 200 45392 "https://www.chytitakoupit.cz/" "Mozilla/5.0 (Linux; Android 10; K) AppleWebKit/537.36 (KHTML, like Gecko) Chrome/150.0.0.0 Mobile Safari/537.36"
84.236.228.59 - - [02/Aug/2026:08:31:41 +0200] "POST /wp-cron.php?doing_wp_cron=1785652301.7412679195404052734375 HTTP/1.1" 200 6900 "-" "WordPress/7.0.2; https://www.ensaco.es"
34.196.51.17 - - [02/Aug/2026:08:31:29 +0200] "HEAD / HTTP/1.1" 200 7073 "https://www.ensaco.es/" "WPMUDEV Uptime Monitor 5.0 (https://wpmudev.com)"
3.226.202.248 - - [02/Aug/2026:08:31:40 +0200] "GET /robots.txt HTTP/1.1" 200 7962 "-" "Mozilla/5.0 (Macintosh; Intel Mac OS X 10_10_1) AppleWebKit/600.2.5 (KHTML, like Gecko) Version/8.0.2 Safari/600.2.5 (Gort)"
84.236.228.59 - - [02/Aug/2026:08:32:41 +0200] "POST /wp-cron.php?doing_wp_cron=1785652361.1815690994262695312500 HTTP/1.1" 200 6900 "-" "WordPress/7.0.2; https://www.ensaco.es"
192.161.54.159 - - [02/Aug/2026:08:32:36 +0200] "GET /iluminacion-inteligente-como-ahorrar-en-electricidad/ HTTP/1.1" 500 311672 "-" "Mozilla/5.0 (iPhone; CPU iPhone OS 11_0 like Mac OS X) AppleWebKit/537.36 (KHTML, like Gecko) Chrome/48.0.5192.1700 Mobile Safari/537.36"
84.236.228.59 - - [02/Aug/2026:08:33:40 +0200] "POST /wp-cron.php?doing_wp_cron=1785652420.0634109973907470703125 HTTP/1.1" 200 6900 "-" "WordPress/7.0.2; https://www.ensaco.es"
34.196.51.17 - - [02/Aug/2026:08:33:33 +0200] "HEAD / HTTP/1.1" 200 7073 "https://www.ensaco.es/" "WPMUDEV Uptime Monitor 5.0 (https://wpmudev.com)"
189.104.34.240 - - [02/Aug/2026:08:34:24 +0200] "GET / HTTP/1.1" 500 269645 "-" "Mozilla/5.0 (Macintosh; Intel Mac OS X 10_15_7) AppleWebKit/537.36 (KHTML, like Gecko) Chrome/148.0.0.0 Safari/537.36"
84.236.228.59 - - [02/Aug/2026:08:35:41 +0200] "POST /wp-cron.php?doing_wp_cron=1785652541.5862679481506347656250 HTTP/1.1" 200 6900 "-" "WordPress/7.0.2; https://www.ensaco.es"
34.196.51.17 - - [02/Aug/2026:08:35:33 +0200] "HEAD / HTTP/1.1" 200 7073 "https://www.ensaco.es/" "WPMUDEV Uptime Monitor 5.0 (https://wpmudev.com)"
84.236.228.59 - - [02/Aug/2026:08:36:58 +0200] "POST /wp-cron.php?doing_wp_cron=1785652617.8752551078796386718750 HTTP/1.1" 200 6900 "-" "WordPress/7.0.2; https://www.ensaco.es"
17.241.219.212 - - [02/Aug/2026:08:36:49 +0200] "GET / HTTP/1.1" 500 269651 "-" "Mozilla/5.0 (Macintosh; Intel Mac OS X 10_15_7) AppleWebKit/605.1.15 (KHTML, like Gecko) Version/17.4 Safari/605.1.15 (Applebot/0.1; +http://www.apple.com/go/applebot)"
84.236.228.59 - - [02/Aug/2026:08:37:00 +0200] "HEAD /wp-content/uploads/2021/04/pexels-brett-sayles-5033766-1.jpg HTTP/1.1" 200 6963 "https://www.ensaco.es" "WPMU DEV Broken Link Checker Local Engine"
84.236.228.59 - - [02/Aug/2026:08:37:02 +0200] "HEAD /wp-content/uploads/2019/04/dom%C3%B3tica-para-la-cocina5.jpg HTTP/1.1" 200 6963 "https://www.ensaco.es" "WPMU DEV Broken Link Checker Local Engine"
84.236.228.59 - - [02/Aug/2026:08:37:04 +0200] "HEAD /productos-old/?add-to-cart=4317 HTTP/1.1" 200 7120 "https://www.ensaco.es" "WPMU DEV Broken Link Checker Local Engine"
84.236.228.59 - - [02/Aug/2026:08:37:15 +0200] "HEAD /wp-content/uploads/2024/04/PROYECTO-PERSONALIZADO.png HTTP/1.1" 200 6962 "https://www.ensaco.es" "WPMU DEV Broken Link Checker Local Engine"
84.236.228.59 - - [02/Aug/2026:08:37:17 +0200] "HEAD /wp-content/uploads/2021/04/logo_pardo.png HTTP/1.1" 200 6960 "https://www.ensaco.es" "WPMU DEV Broken Link Checker Local Engine"
17.241.219.89 - - [02/Aug/2026:08:37:18 +0200] "GET /wp-content/plugins/pago-redsys-tpv-grafreak/public/css/pago-redsys-grafreak-public.css HTTP/1.1" 200 6998 "https://www.ensaco.es/" "Mozilla/5.0 (Macintosh; Intel Mac OS X 10_15_7) AppleWebKit/605.1.15 (KHTML, like Gecko) Version/17.4 Safari/605.1.15 (Applebot/0.1; +http://www.apple.com/go/applebot)"
17.241.219.89 - - [02/Aug/2026:08:37:18 +0200] "GET /wp-content/plugins/pago-redsys-tpv-grafreak/public/css/pago-redsys-grafreak-public.css HTTP/2.0" 200 723 "https://www.ensaco.es/" "Mozilla/5.0 (Macintosh; Intel Mac OS X 10_15_7) AppleWebKit/605.1.15 (KHTML, like Gecko) Version/17.4 Safari/605.1.15 (Applebot/0.1; +http://www.apple.com/go/applebot)"
17.241.219.89 - - [02/Aug/2026:08:37:19 +0200] "GET /wp-content/plugins/cookie-law-info/legacy/public/css/cookie-law-info-public.css HTTP/2.0" 200 824 "https://www.ensaco.es/" "Mozilla/5.0 (Macintosh; Intel Mac OS X 10_15_7) AppleWebKit/605.1.15 (KHTML, like Gecko) Version/17.4 Safari/605.1.15 (Applebot/0.1; +http://www.apple.com/go/applebot)"
17.241.219.89 - - [02/Aug/2026:08:37:19 +0200] "GET /wp-content/plugins/cookie-law-info/legacy/public/css/cookie-law-info-public.css HTTP/1.1" 200 6991 "https://www.ensaco.es/" "Mozilla/5.0 (Macintosh; Intel Mac OS X 10_15_7) AppleWebKit/605.1.15 (KHTML, like Gecko) Version/17.4 Safari/605.1.15 (Applebot/0.1; +http://www.apple.com/go/applebot)"
17.241.219.89 - - [02/Aug/2026:08:37:21 +0200] "GET /wp-content/plugins/woocommerce/assets/css/woocommerce.css HTTP/1.1" 200 6969 "https://www.ensaco.es/" "Mozilla/5.0 (Macintosh; Intel Mac OS X 10_15_7) AppleWebKit/605.1.15 (KHTML, like Gecko) Version/17.4 Safari/605.1.15 (Applebot/0.1; +http://www.apple.com/go/applebot)"
17.241.219.89 - - [02/Aug/2026:08:37:21 +0200] "GET /wp-content/plugins/woocommerce/assets/css/woocommerce.css HTTP/2.0" 200 10342 "https://www.ensaco.es/" "Mozilla/5.0 (Macintosh; Intel Mac OS X 10_15_7) AppleWebKit/605.1.15 (KHTML, like Gecko) Version/17.4 Safari/605.1.15 (Applebot/0.1; +http://www.apple.com/go/applebot)"
17.241.219.89 - - [02/Aug/2026:08:37:23 +0200] "GET /wp-content/plugins/woo-product-bundle/assets/css/blocks.css HTTP/2.0" 200 289 "https://www.ensaco.es/" "Mozilla/5.0 (Macintosh; Intel Mac OS X 10_15_7) AppleWebKit/605.1.15 (KHTML, like Gecko) Version/17.4 Safari/605.1.15 (Applebot/0.1; +http://www.apple.com/go/applebot)"
17.241.219.89 - - [02/Aug/2026:08:37:23 +0200] "GET /wp-content/plugins/woo-product-bundle/assets/css/blocks.css HTTP/1.1" 200 6971 "https://www.ensaco.es/" "Mozilla/5.0 (Macintosh; Intel Mac OS X 10_15_7) AppleWebKit/605.1.15 (KHTML, like Gecko) Version/17.4 Safari/605.1.15 (Applebot/0.1; +http://www.apple.com/go/applebot)"
17.241.219.89 - - [02/Aug/2026:08:37:25 +0200] "GET /wp-content/plugins/cookie-law-info/legacy/public/css/cookie-law-info-gdpr.css HTTP/1.1" 200 6989 "https://www.ensaco.es/" "Mozilla/5.0 (Macintosh; Intel Mac OS X 10_15_7) AppleWebKit/605.1.15 (KHTML, like Gecko) Version/17.4 Safari/605.1.15 (Applebot/0.1; +http://www.apple.com/go/applebot)"
17.241.219.89 - - [02/Aug/2026:08:37:25 +0200] "GET /wp-content/plugins/cookie-law-info/legacy/public/css/cookie-law-info-gdpr.css HTTP/2.0" 200 4086 "https://www.ensaco.es/" "Mozilla/5.0 (Macintosh; Intel Mac OS X 10_15_7) AppleWebKit/605.1.15 (KHTML, like Gecko) Version/17.4 Safari/605.1.15 (Applebot/0.1; +http://www.apple.com/go/applebot)"
17.241.219.89 - - [02/Aug/2026:08:37:27 +0200] "GET /wp-content/plugins/woocommerce/assets/css/woocommerce-layout.css HTTP/2.0" 200 3173 "https://www.ensaco.es/" "Mozilla/5.0 (Macintosh; Intel Mac OS X 10_15_7) AppleWebKit/605.1.15 (KHTML, like Gecko) Version/17.4 Safari/605.1.15 (Applebot/0.1; +http://www.apple.com/go/applebot)"
17.241.219.89 - - [02/Aug/2026:08:37:27 +0200] "GET /wp-content/plugins/woocommerce/assets/css/woocommerce-layout.css HTTP/1.1" 200 6976 "https://www.ensaco.es/" "Mozilla/5.0 (Macintosh; Intel Mac OS X 10_15_7) AppleWebKit/605.1.15 (KHTML, like Gecko) Version/17.4 Safari/605.1.15 (Applebot/0.1; +http://www.apple.com/go/applebot)"
17.241.219.89 - - [02/Aug/2026:08:37:29 +0200] "GET /wp-content/plugins/bb-plugin/fonts/fontawesome/5.15.4/css/all.min.css HTTP/1.1" 200 6981 "https://www.ensaco.es/" "Mozilla/5.0 (Macintosh; Intel Mac OS X 10_15_7) AppleWebKit/605.1.15 (KHTML, like Gecko) Version/17.4 Safari/605.1.15 (Applebot/0.1; +http://www.apple.com/go/applebot)"
17.241.219.89 - - [02/Aug/2026:08:37:29 +0200] "GET /wp-content/plugins/bb-plugin/fonts/fontawesome/5.15.4/css/all.min.css HTTP/2.0" 200 12337 "https://www.ensaco.es/" "Mozilla/5.0 (Macintosh; Intel Mac OS X 10_15_7) AppleWebKit/605.1.15 (KHTML, like Gecko) Version/17.4 Safari/605.1.15 (Applebot/0.1; +http://www.apple.com/go/applebot)"
17.241.219.89 - - [02/Aug/2026:08:37:31 +0200] "GET /wp-content/plugins/woocommerce/assets/css/woocommerce-smallscreen.css HTTP/2.0" 200 1298 "https://www.ensaco.es/" "Mozilla/5.0 (Macintosh; Intel Mac OS X 10_15_7) AppleWebKit/605.1.15 (KHTML, like Gecko) Version/17.4 Safari/605.1.15 (Applebot/0.1; +http://www.apple.com/go/applebot)"
17.241.219.89 - - [02/Aug/2026:08:37:31 +0200] "GET /wp-content/plugins/woocommerce/assets/css/woocommerce-smallscreen.css HTTP/1.1" 200 6981 "https://www.ensaco.es/" "Mozilla/5.0 (Macintosh; Intel Mac OS X 10_15_7) AppleWebKit/605.1.15 (KHTML, like Gecko) Version/17.4 Safari/605.1.15 (Applebot/0.1; +http://www.apple.com/go/applebot)"
84.236.228.59 - - [02/Aug/2026:08:37:19 +0200] "HEAD /producto/intercom/ HTTP/1.1" 301 7003 "https://www.ensaco.es" "WPMU DEV Broken Link Checker Local Engine"
34.196.51.17 - - [02/Aug/2026:08:37:30 +0200] "HEAD / HTTP/1.1" 200 7073 "https://www.ensaco.es/" "WPMUDEV Uptime Monitor 5.0 (https://wpmudev.com)"
84.236.228.59 - - [02/Aug/2026:08:37:35 +0200] "HEAD /wp-content/uploads/2017/09/alarmas2.jpg HTTP/1.1" 200 6965 "https://www.ensaco.es" "WPMU DEV Broken Link Checker Local Engine"
84.236.228.59 - - [02/Aug/2026:08:37:37 +0200] "HEAD /productos-old/?add-to-cart=4319 HTTP/1.1" 200 7120 "https://www.ensaco.es" "WPMU DEV Broken Link Checker Local Engine"
84.236.228.59 - - [02/Aug/2026:08:37:41 +0200] "HEAD /solucion/multimedia/ HTTP/1.1" 200 7036 "https://www.ensaco.es" "WPMU DEV Broken Link Checker Local Engine"
84.236.228.59 - - [02/Aug/2026:08:37:44 +0200] "HEAD /productos-old/?add-to-cart=4313 HTTP/1.1" 200 7120 "https://www.ensaco.es" "WPMU DEV Broken Link Checker Local Engine"
84.236.228.59 - - [02/Aug/2026:08:37:47 +0200] "HEAD /wp-content/uploads/2020/12/pexels-cottonbro-4911723.jpg HTTP/1.1" 200 6963 "https://www.ensaco.es" "WPMU DEV Broken Link Checker Local Engine"
84.236.228.59 - - [02/Aug/2026:08:37:50 +0200] "HEAD /producto/camara-ip-wifi-integrada-en-el-sistema/ HTTP/1.1" 200 7082 "https://www.ensaco.es" "WPMU DEV Broken Link Checker Local Engine"
84.236.228.59 - - [02/Aug/2026:08:37:58 +0200] "HEAD /wp-content/uploads/2024/04/seguridad.png HTTP/1.1" 200 6964 "https://www.ensaco.es" "WPMU DEV Broken Link Checker Local Engine"
84.236.228.59 - - [02/Aug/2026:08:38:00 +0200] "HEAD /wp-content/uploads/2021/04/pexels-lukas-hartmann-1276235.jpg HTTP/1.1" 200 6964 "https://www.ensaco.es" "WPMU DEV Broken Link Checker Local Engine"
84.236.228.59 - - [02/Aug/2026:08:38:05 +0200] "HEAD /wp-content/uploads/2018/05/biomasa_subvenciones3.jpg HTTP/1.1" 200 6964 "https://www.ensaco.es" "WPMU DEV Broken Link Checker Local Engine"
84.236.228.59 - - [02/Aug/2026:08:38:13 +0200] "POST /wp-cron.php?doing_wp_cron=1785652693.7244439125061035156250 HTTP/1.1" 200 6900 "-" "WordPress/7.0.2; https://www.ensaco.es"
84.236.228.59 - - [02/Aug/2026:08:38:10 +0200] "HEAD /accesibilidad/ HTTP/1.1" 200 7080 "https://www.ensaco.es" "WPMU DEV Broken Link Checker Local Engine"
84.236.228.59 - - [02/Aug/2026:08:38:19 +0200] "HEAD /wp-content/uploads/2018/07/Seguridad-en-vacaciones.jpg HTTP/1.1" 200 6963 "https://www.ensaco.es" "WPMU DEV Broken Link Checker Local Engine"
84.236.228.59 - - [02/Aug/2026:08:38:21 +0200] "HEAD /wp-content/uploads/2020/08/ventana-passivhaus-s82rp.jpg HTTP/1.1" 200 6965 "https://www.ensaco.es" "WPMU DEV Broken Link Checker Local Engine"
84.236.228.59 - - [02/Aug/2026:08:38:25 +0200] "HEAD /wp-content/uploads/2021/05/Aldes-4.jpg HTTP/1.1" 200 6965 "https://www.ensaco.es" "WPMU DEV Broken Link Checker Local Engine"
84.236.228.59 - - [02/Aug/2026:08:38:30 +0200] "HEAD /productos-old/?add-to-cart=4321 HTTP/1.1" 200 7120 "https://www.ensaco.es" "WPMU DEV Broken Link Checker Local Engine"
84.236.228.59 - - [02/Aug/2026:08:38:40 +0200] "POST /wp-cron.php?doing_wp_cron=1785652720.5058650970458984375000 HTTP/1.1" 200 6900 "-" "WordPress/7.0.2; https://www.ensaco.es"
84.236.228.59 - - [02/Aug/2026:08:38:38 +0200] "HEAD /productos-old/?add-to-cart=4353 HTTP/1.1" 200 7120 "https://www.ensaco.es" "WPMU DEV Broken Link Checker Local Engine"
84.236.228.59 - - [02/Aug/2026:08:38:43 +0200] "HEAD /wp-content/uploads/2020/08/thumbnail_logo-PLACO_RVB.jpg HTTP/1.1" 200 6964 "https://www.ensaco.es" "WPMU DEV Broken Link Checker Local Engine"
84.236.228.59 - - [02/Aug/2026:08:38:45 +0200] "HEAD /wp-content/uploads/2018/07/Turismo-sostenible-con-calderas-de-biomasa-3.jpg HTTP/1.1" 200 6965 "https://www.ensaco.es" "WPMU DEV Broken Link Checker Local Engine"
84.236.228.59 - - [02/Aug/2026:08:38:50 +0200] "HEAD /wp-content/uploads/2024/04/acceso.png HTTP/1.1" 200 6963 "https://www.ensaco.es" "WPMU DEV Broken Link Checker Local Engine"
84.236.228.59 - - [02/Aug/2026:08:38:55 +0200] "HEAD /wp-content/uploads/2017/09/grafica5.jpg HTTP/1.1" 200 6964 "https://www.ensaco.es" "WPMU DEV Broken Link Checker Local Engine"
84.236.228.59 - - [02/Aug/2026:08:39:00 +0200] "HEAD /producto/camara-ip-5mp-cableada/ HTTP/1.1" 200 7082 "https://www.ensaco.es" "WPMU DEV Broken Link Checker Local Engine"
104.164.251.196 - - [02/Aug/2026:08:39:03 +0200] "GET / HTTP/1.1" 301 6954 "-" "Mozilla/5.0 (Macintosh; Intel Mac OS X 10_15_7) AppleWebKit/537.36 (KHTML, like Gecko) Chrome/148.0.0.0 Safari/537.36"
84.236.228.59 - - [02/Aug/2026:08:39:08 +0200] "HEAD /granjas/ HTTP/1.1" 200 7080 "https://www.ensaco.es" "WPMU DEV Broken Link Checker Local Engine"
84.236.228.59 - - [02/Aug/2026:08:39:12 +0200] "HEAD /wp-content/uploads/2017/10/hinged-doors-2759495_640.jpg HTTP/1.1" 200 6963 "https://www.ensaco.es" "WPMU DEV Broken Link Checker Local Engine"
84.236.228.59 - - [02/Aug/2026:08:39:15 +0200] "HEAD /wp-content/uploads/2021/04/pexels-sevenstorm-juhaszimrus-443383.jpg HTTP/1.1" 200 6965 "https://www.ensaco.es" "WPMU DEV Broken Link Checker Local Engine"
84.236.228.59 - - [02/Aug/2026:08:39:20 +0200] "HEAD /producto/nfc-key-fob/ HTTP/1.1" 200 7082 "https://www.ensaco.es" "WPMU DEV Broken Link Checker Local Engine"
57.141.0.66 - - [02/Aug/2026:08:39:18 +0200] "GET /altamira/ HTTP/1.1" 500 301170 "-" "Mozilla/5.0 (Windows NT 10.0; Win64; x64) AppleWebKit/537.36 (KHTML, like Gecko) Chrome/145.0.0.0 Safari/537.36 (compatible; meta-webindexer/1.1 (+https://developers.facebook.com/docs/sharing/webmasters/crawler))"
66.249.64.44 - - [02/Aug/2026:08:39:25 +0200] "GET /producto/pack-seguridad-1-contacto-de-puerta/ HTTP/1.1" 500 592959 "-" "Mozilla/5.0 (Linux; Android 6.0.1; Nexus 5X Build/MMB29P) AppleWebKit/537.36 (KHTML, like Gecko) Chrome/150.0.7871.186 Mobile Safari/537.36 (compatible; Googlebot/2.1; +http://www.google.com/bot.html)"
84.236.228.59 - - [02/Aug/2026:08:39:29 +0200] "HEAD /wp-content/uploads/2019/09/apartment-architecture-cabinets-2724749.jpg HTTP/1.1" 200 6963 "https://www.ensaco.es" "WPMU DEV Broken Link Checker Local Engine"
84.236.228.59 - - [02/Aug/2026:08:39:31 +0200] "HEAD /wp-content/uploads/2018/03/Instalaciones-para-granjas-2.jpg HTTP/1.1" 200 6963 "https://www.ensaco.es" "WPMU DEV Broken Link Checker Local Engine"
84.236.228.59 - - [02/Aug/2026:08:39:37 +0200] "POST /wp-cron.php?doing_wp_cron=1785652777.5103700160980224609375 HTTP/1.1" 200 6900 "-" "WordPress/7.0.2; https://www.ensaco.es"
