34.170.6.187 - - [02/Aug/2026:09:55:45 +0200] "GET / HTTP/1.1" 301 6954 "-" "Mozilla/5.0 (compatible; LyonlBot/1.0; +https://lyonl.com/bot.html)"
34.170.6.187 - - [02/Aug/2026:09:55:47 +0200] "GET / HTTP/1.1" 500 269651 "-" "Mozilla/5.0 (compatible; LyonlBot/1.0; +https://lyonl.com/bot.html)"
34.170.6.187 - - [02/Aug/2026:09:56:04 +0200] "GET /robots.txt HTTP/1.1" 301 6964 "-" "Mozilla/5.0 (compatible; LyonlBot/1.0; +https://lyonl.com/bot.html)"
34.170.6.187 - - [02/Aug/2026:09:56:08 +0200] "GET /robots.txt HTTP/1.1" 200 7962 "-" "Mozilla/5.0 (compatible; LyonlBot/1.0; +https://lyonl.com/bot.html)"
84.236.228.59 - - [02/Aug/2026:09:56:22 +0200] "POST /wp-cron.php?doing_wp_cron=1785657382.4329741001129150390625 HTTP/1.1" 200 6900 "-" "WordPress/7.0.2; https://www.ensaco.es"
34.170.6.187 - - [02/Aug/2026:09:56:20 +0200] "GET / HTTP/1.1" 301 6954 "-" "Mozilla/5.0 (compatible; LyonlBot/1.0; +https://lyonl.com/bot.html)"
14.227.188.23 - - [02/Aug/2026:09:56:24 +0200] "GET / HTTP/1.1" 301 6954 "https://ensaco.es/" "Mozilla/5.0 (X11; Linux x86_64; rv:127.0) Gecko/20100101 Firefox/127.0"
34.170.6.187 - - [02/Aug/2026:09:56:22 +0200] "GET / HTTP/1.1" 500 269651 "-" "Mozilla/5.0 (compatible; LyonlBot/1.0; +https://lyonl.com/bot.html)"
84.236.228.59 - - [02/Aug/2026:09:56:29 +0200] "HEAD /sensores-domotica-ventajas/ HTTP/1.1" 200 7080 "https://www.ensaco.es" "WPMU DEV Broken Link Checker Local Engine"
84.236.228.59 - - [02/Aug/2026:09:56:31 +0200] "HEAD /wp-content/uploads/2021/10/domotica-casa-biopasiva.jpg HTTP/1.1" 200 6963 "https://www.ensaco.es" "WPMU DEV Broken Link Checker Local Engine"
84.236.228.59 - - [02/Aug/2026:09:56:33 +0200] "HEAD /wp-content/uploads/2020/07/43E3640B-2FD7-4ED4-8B05-AE51049F01C9.jpeg HTTP/1.1" 200 6967 "https://www.ensaco.es" "WPMU DEV Broken Link Checker Local Engine"
102.249.76.1 - - [02/Aug/2026:09:56:32 +0200] "GET / HTTP/1.1" 500 269651 "https://ensaco.es/" "Mozilla/5.0 (X11; Linux x86_64; rv:127.0) Gecko/20100101 Firefox/127.0"
84.236.228.59 - - [02/Aug/2026:09:56:35 +0200] "HEAD /wp-content/uploads/2021/02/pexels-cottonbro-4255412.jpg HTTP/1.1" 200 6964 "https://www.ensaco.es" "WPMU DEV Broken Link Checker Local Engine"
84.236.228.59 - - [02/Aug/2026:09:56:39 +0200] "HEAD /wp-content/uploads/2021/03/pexels-tima-miroshnichenko-5428155.jpg HTTP/1.1" 200 6964 "https://www.ensaco.es" "WPMU DEV Broken Link Checker Local Engine"
84.236.228.59 - - [02/Aug/2026:09:56:44 +0200] "HEAD /wp-content/uploads/2022/02/suelo-radiante-placas-solares.png HTTP/1.1" 200 6964 "https://www.ensaco.es" "WPMU DEV Broken Link Checker Local Engine"
84.236.228.59 - - [02/Aug/2026:09:56:49 +0200] "HEAD /wp-content/uploads/2019/04/Rehabilitar-una-casa-y-poner-dom%C3%B3tica4.jpg HTTP/1.1" 200 6963 "https://www.ensaco.es" "WPMU DEV Broken Link Checker Local Engine"
84.236.228.59 - - [02/Aug/2026:09:56:54 +0200] "HEAD /wp-content/uploads/2022/01/punto-recarga-coche-electrico.jpg HTTP/1.1" 200 6963 "https://www.ensaco.es" "WPMU DEV Broken Link Checker Local Engine"
84.236.228.59 - - [02/Aug/2026:09:56:59 +0200] "HEAD /wp-content/uploads/2021/10/sensores-accidentes.jpg HTTP/1.1" 200 6963 "https://www.ensaco.es" "WPMU DEV Broken Link Checker Local Engine"
84.236.228.59 - - [02/Aug/2026:09:57:04 +0200] "HEAD /wp-content/uploads/2022/01/plan-moves-coche.jpg HTTP/1.1" 200 6963 "https://www.ensaco.es" "WPMU DEV Broken Link Checker Local Engine"
84.236.228.59 - - [02/Aug/2026:09:57:09 +0200] "HEAD /wp-content/uploads/2022/05/piscina-comunitaria-domotica.jpg HTTP/1.1" 200 6963 "https://www.ensaco.es" "WPMU DEV Broken Link Checker Local Engine"
84.236.228.59 - - [02/Aug/2026:09:57:14 +0200] "HEAD /wp-content/uploads/2021/08/domotica-pistas-deportivas.jpg HTTP/1.1" 200 6963 "https://www.ensaco.es" "WPMU DEV Broken Link Checker Local Engine"
17.22.245.105 - - [02/Aug/2026:09:57:15 +0200] "GET /robots.txt HTTP/1.1" 200 7962 "-" "Mozilla/5.0 (Macintosh; Intel Mac OS X 10_15_7) AppleWebKit/605.1.15 (KHTML, like Gecko) Version/17.4 Safari/605.1.15 (Applebot/0.1; +http://www.apple.com/go/applebot)"
84.236.228.59 - - [02/Aug/2026:09:57:19 +0200] "HEAD /wp-content/uploads/2019/03/pexels-photo-1537165.jpeg HTTP/1.1" 200 6963 "https://www.ensaco.es" "WPMU DEV Broken Link Checker Local Engine"
100.8.165.16 - - [02/Aug/2026:09:57:16 +0200] "GET /robots.txt HTTP/1.1" 200 7962 "-" "Findisebot/1.0 (+https://findise.net)"
17.22.245.105 - - [02/Aug/2026:09:57:17 +0200] "GET /?attachment_id=4979 HTTP/1.1" 301 6992 "-" "Mozilla/5.0 (Macintosh; Intel Mac OS X 10_15_7) AppleWebKit/605.1.15 (KHTML, like Gecko) Version/17.4 Safari/605.1.15 (Applebot/0.1; +http://www.apple.com/go/applebot)"
17.22.245.105 - - [02/Aug/2026:09:57:21 +0200] "GET /wp-content/uploads/2024/03/QUBEN-1.png HTTP/1.1" 200 6952 "-" "Mozilla/5.0 (Macintosh; Intel Mac OS X 10_15_7) AppleWebKit/605.1.15 (KHTML, like Gecko) Version/17.4 Safari/605.1.15 (Applebot/0.1; +http://www.apple.com/go/applebot)"
84.236.228.59 - - [02/Aug/2026:09:57:22 +0200] "POST /wp-cron.php?doing_wp_cron=1785657442.8271999359130859375000 HTTP/1.1" 200 6900 "-" "WordPress/7.0.2; https://www.ensaco.es"
100.8.165.16 - - [02/Aug/2026:09:57:20 +0200] "GET / HTTP/1.1" 500 269651 "https://businessinspection.com.bd/orbe3d-transforming-product-visualization-from-bd-to-the-world/" "Findisebot/1.0 (+https://findise.net)"
84.236.228.59 - - [02/Aug/2026:09:57:24 +0200] "HEAD /wp-content/uploads/2021/04/pexels-pixabay-247786-1024x566.jpg HTTP/1.1" 200 6964 "https://www.ensaco.es" "WPMU DEV Broken Link Checker Local Engine"
84.236.228.59 - - [02/Aug/2026:09:57:29 +0200] "HEAD /wp-content/uploads/2021/08/pexels-jonathan-borba-3316924-copia.jpg HTTP/1.1" 200 6963 "https://www.ensaco.es" "WPMU DEV Broken Link Checker Local Engine"
34.196.51.17 - - [02/Aug/2026:09:57:31 +0200] "HEAD / HTTP/1.1" 200 7073 "https://www.ensaco.es/" "WPMUDEV Uptime Monitor 5.0 (https://wpmudev.com)"
84.236.228.59 - - [02/Aug/2026:09:57:36 +0200] "POST /wp-cron.php?doing_wp_cron=1785657455.9825758934020996093750 HTTP/1.1" 200 6900 "-" "WordPress/7.0.2; https://www.ensaco.es"
84.236.228.59 - - [02/Aug/2026:09:57:34 +0200] "HEAD /energias-renovables/ HTTP/1.1" 200 7080 "https://www.ensaco.es" "WPMU DEV Broken Link Checker Local Engine"
84.236.228.59 - - [02/Aug/2026:09:57:41 +0200] "HEAD /wp-content/uploads/2020/08/importancia-de-la-calidad-del-aire.jpg HTTP/1.1" 200 6964 "https://www.ensaco.es" "WPMU DEV Broken Link Checker Local Engine"
84.236.228.59 - - [02/Aug/2026:09:57:44 +0200] "HEAD /wp-content/uploads/2021/10/automatizacion-construcciones-biopasiva.jpg HTTP/1.1" 200 6963 "https://www.ensaco.es" "WPMU DEV Broken Link Checker Local Engine"
84.236.228.59 - - [02/Aug/2026:09:57:49 +0200] "HEAD /wp-content/uploads/2021/11/automatizacion-salas-reuniones.jpg HTTP/1.1" 200 6963 "https://www.ensaco.es" "WPMU DEV Broken Link Checker Local Engine"
84.236.228.59 - - [02/Aug/2026:09:57:54 +0200] "HEAD /automatizacion-control-inteligente/ HTTP/1.1" 200 7080 "https://www.ensaco.es" "WPMU DEV Broken Link Checker Local Engine"
84.236.228.59 - - [02/Aug/2026:09:58:01 +0200] "HEAD /wp-content/uploads/2021/03/Fotos-de-stock-5.png HTTP/1.1" 200 6964 "https://www.ensaco.es" "WPMU DEV Broken Link Checker Local Engine"
84.236.228.59 - - [02/Aug/2026:09:58:04 +0200] "HEAD /wp-content/uploads/2019/05/burning-burning-down-chain-reaction-358511.jpg HTTP/1.1" 200 6963 "https://www.ensaco.es" "WPMU DEV Broken Link Checker Local Engine"
84.236.228.59 - - [02/Aug/2026:09:58:09 +0200] "HEAD /wp-content/uploads/2021/03/pexels-vivint-solar-2850472.jpg HTTP/1.1" 200 6964 "https://www.ensaco.es" "WPMU DEV Broken Link Checker Local Engine"
17.246.15.24 - - [02/Aug/2026:09:58:10 +0200] "GET /?attachment_id=5378 HTTP/1.1" 301 7031 "-" "Mozilla/5.0 (Macintosh; Intel Mac OS X 10_15_7) AppleWebKit/605.1.15 (KHTML, like Gecko) Version/17.4 Safari/605.1.15 (Applebot/0.1; +http://www.apple.com/go/applebot)"
17.246.15.24 - - [02/Aug/2026:09:58:13 +0200] "GET /wp-content/uploads/2024/11/loxone-stellantrieb-air-heizkoerper-bad-shop_1.jpg HTTP/1.1" 200 6992 "-" "Mozilla/5.0 (Macintosh; Intel Mac OS X 10_15_7) AppleWebKit/605.1.15 (KHTML, like Gecko) Version/17.4 Safari/605.1.15 (Applebot/0.1; +http://www.apple.com/go/applebot)"
84.236.228.59 - - [02/Aug/2026:09:58:14 +0200] "HEAD /wp-content/uploads/2022/12/sensor-inundacion.jpg HTTP/1.1" 200 6963 "https://www.ensaco.es" "WPMU DEV Broken Link Checker Local Engine"
84.236.228.59 - - [02/Aug/2026:09:58:19 +0200] "HEAD /wp-content/uploads/2022/06/domotica-y-fotovoltaica.jpg HTTP/1.1" 200 6964 "https://www.ensaco.es" "WPMU DEV Broken Link Checker Local Engine"
84.236.228.59 - - [02/Aug/2026:09:58:24 +0200] "HEAD /wp-content/uploads/2023/01/persianas-inteligentes-casa.jpg HTTP/1.1" 200 6963 "https://www.ensaco.es" "WPMU DEV Broken Link Checker Local Engine"
84.236.228.59 - - [02/Aug/2026:09:58:29 +0200] "HEAD /wp-content/uploads/2021/02/pexels-quark-studio-3201920.jpg HTTP/1.1" 200 6964 "https://www.ensaco.es" "WPMU DEV Broken Link Checker Local Engine"
84.236.228.59 - - [02/Aug/2026:09:58:34 +0200] "HEAD /wp-content/uploads/2021/06/pexels-tara-winstead-7111164.jpg HTTP/1.1" 200 6963 "https://www.ensaco.es" "WPMU DEV Broken Link Checker Local Engine"
84.236.228.59 - - [02/Aug/2026:09:58:35 +0200] "POST /wp-cron.php?doing_wp_cron=1785657515.4411690235137939453125 HTTP/1.1" 200 6900 "-" "WordPress/7.0.2; https://www.ensaco.es"
52.167.144.187 - - [02/Aug/2026:09:58:30 +0200] "GET /producto/sensor-inundacion/ HTTP/1.1" 500 592985 "-" "Mozilla/5.0 AppleWebKit/537.36 (KHTML, like Gecko; compatible; bingbot/2.0; +http://www.bing.com/bingbot.htm) Chrome/116.0.1938.76 Safari/537.36"
84.236.228.59 - - [02/Aug/2026:09:58:39 +0200] "HEAD /wp-content/uploads/2022/02/suelo-radiante-domotica.png HTTP/1.1" 200 6964 "https://www.ensaco.es" "WPMU DEV Broken Link Checker Local Engine"
84.236.228.59 - - [02/Aug/2026:09:58:44 +0200] "HEAD /domotica-por-voz-como-funciona/ HTTP/1.1" 200 7080 "https://www.ensaco.es" "WPMU DEV Broken Link Checker Local Engine"
34.170.6.187 - - [02/Aug/2026:09:58:47 +0200] "GET / HTTP/1.1" 301 6954 "-" "Mozilla/5.0 (compatible; LyonlBot/1.0; +https://lyonl.com/bot.html)"
84.236.228.59 - - [02/Aug/2026:09:58:51 +0200] "HEAD /wp-content/uploads/2021/08/automatizacion-pistas-deportivas.jpg HTTP/1.1" 200 6963 "https://www.ensaco.es" "WPMU DEV Broken Link Checker Local Engine"
34.170.6.187 - - [02/Aug/2026:09:58:50 +0200] "GET / HTTP/1.1" 500 269651 "-" "Mozilla/5.0 (compatible; LyonlBot/1.0; +https://lyonl.com/bot.html)"
84.236.228.59 - - [02/Aug/2026:09:58:54 +0200] "HEAD /wp-content/uploads/2021/04/LAS-209949-MEJO-2.png HTTP/1.1" 200 6964 "https://www.ensaco.es" "WPMU DEV Broken Link Checker Local Engine"
84.236.228.59 - - [02/Aug/2026:09:58:59 +0200] "HEAD /wp-content/uploads/2021/06/pexels-max-vakhtbovych-6794967.jpg HTTP/1.1" 200 6964 "https://www.ensaco.es" "WPMU DEV Broken Link Checker Local Engine"
84.236.228.59 - - [02/Aug/2026:09:59:04 +0200] "HEAD /wp-content/uploads/2021/10/iluminacion-inteligente.jpg HTTP/1.1" 200 6963 "https://www.ensaco.es" "WPMU DEV Broken Link Checker Local Engine"
84.236.228.59 - - [02/Aug/2026:09:59:09 +0200] "HEAD /wp-content/uploads/2022/08/pic_autoconsumo.jpg HTTP/1.1" 200 6964 "https://www.ensaco.es" "WPMU DEV Broken Link Checker Local Engine"
84.236.228.59 - - [02/Aug/2026:09:59:14 +0200] "HEAD /wp-content/uploads/2024/03/sala-reuniones-2.jpg HTTP/1.1" 200 6963 "https://www.ensaco.es" "WPMU DEV Broken Link Checker Local Engine"
84.236.228.59 - - [02/Aug/2026:09:59:19 +0200] "HEAD /wp-content/uploads/2023/01/control-temperatura.jpg HTTP/1.1" 200 6963 "https://www.ensaco.es" "WPMU DEV Broken Link Checker Local Engine"
84.236.228.59 - - [02/Aug/2026:09:59:24 +0200] "HEAD /wp-content/uploads/2022/08/pic_puertasautomat_01.jpg HTTP/1.1" 200 6964 "https://www.ensaco.es" "WPMU DEV Broken Link Checker Local Engine"
84.236.228.59 - - [02/Aug/2026:09:59:29 +0200] "HEAD /wp-content/uploads/2021/03/pexels-pixabay-356036.jpg HTTP/1.1" 200 6964 "https://www.ensaco.es" "WPMU DEV Broken Link Checker Local Engine"
34.196.51.17 - - [02/Aug/2026:09:59:29 +0200] "HEAD / HTTP/1.1" 200 7073 "https://www.ensaco.es/" "WPMUDEV Uptime Monitor 5.0 (https://wpmudev.com)"
84.236.228.59 - - [02/Aug/2026:09:59:34 +0200] "HEAD /wp-content/uploads/2021/05/LAS-1270-MEJORE.png HTTP/1.1" 200 6964 "https://www.ensaco.es" "WPMU DEV Broken Link Checker Local Engine"
84.236.228.59 - - [02/Aug/2026:09:59:39 +0200] "HEAD /wp-content/uploads/2021/03/Fotos-de-stock-1.png HTTP/1.1" 200 6964 "https://www.ensaco.es" "WPMU DEV Broken Link Checker Local Engine"
84.236.228.59 - - [02/Aug/2026:09:59:44 +0200] "HEAD /wp-content/uploads/2020/11/energy-efficient-5019261_640.jpg HTTP/1.1" 200 6964 "https://www.ensaco.es" "WPMU DEV Broken Link Checker Local Engine"
84.236.228.59 - - [02/Aug/2026:09:59:49 +0200] "HEAD /wp-content/uploads/2021/11/salas-domotizadas.jpg HTTP/1.1" 200 6963 "https://www.ensaco.es" "WPMU DEV Broken Link Checker Local Engine"
84.236.228.59 - - [02/Aug/2026:09:59:50 +0200] "POST /wp-cron.php?doing_wp_cron=1785657590.2679550647735595703125 HTTP/1.1" 200 6900 "-" "WordPress/7.0.2; https://www.ensaco.es"
66.249.64.43 - - [02/Aug/2026:09:59:47 +0200] "GET /proyectos-realizados/ HTTP/1.1" 500 313402 "-" "Mozilla/5.0 (Linux; Android 6.0.1; Nexus 5X Build/MMB29P) AppleWebKit/537.36 (KHTML, like Gecko) Chrome/150.0.7871.186 Mobile Safari/537.36 (compatible; Googlebot/2.1; +http://www.google.com/bot.html)"
84.236.228.59 - - [02/Aug/2026:09:59:54 +0200] "HEAD /wp-content/uploads/2019/10/Soluciones-para-empresas-inteligentes.jpg HTTP/1.1" 200 6964 "https://www.ensaco.es" "WPMU DEV Broken Link Checker Local Engine"
84.236.228.59 - - [02/Aug/2026:09:59:59 +0200] "HEAD /wp-content/uploads/2021/04/LAS-209949-MEJO-1.png HTTP/1.1" 200 6964 "https://www.ensaco.es" "WPMU DEV Broken Link Checker Local Engine"
84.236.228.59 - - [02/Aug/2026:10:00:04 +0200] "HEAD /wp-content/uploads/2020/03/automatizaci%C3%B3n-domotica-1.jpg HTTP/1.1" 200 6963 "https://www.ensaco.es" "WPMU DEV Broken Link Checker Local Engine"
84.236.228.59 - - [02/Aug/2026:10:00:09 +0200] "HEAD /wp-content/uploads/2021/04/pexels-gustavo-fring-3985168.jpg HTTP/1.1" 200 6963 "https://www.ensaco.es" "WPMU DEV Broken Link Checker Local Engine"
84.236.228.59 - - [02/Aug/2026:10:00:14 +0200] "HEAD /wp-content/uploads/2021/03/LAS-209670-MEJO-2.png HTTP/1.1" 200 6964 "https://www.ensaco.es" "WPMU DEV Broken Link Checker Local Engine"
84.236.228.59 - - [02/Aug/2026:10:00:19 +0200] "HEAD /wp-content/uploads/2021/04/Tesla-Model-3-Cargando-parte-trasera-min-1024x768.jpg HTTP/1.1" 200 6965 "https://www.ensaco.es" "WPMU DEV Broken Link Checker Local Engine"
84.236.228.59 - - [02/Aug/2026:10:00:24 +0200] "HEAD /wp-content/uploads/2021/11/suelo-radiante-domotica.jpg HTTP/1.1" 200 6963 "https://www.ensaco.es" "WPMU DEV Broken Link Checker Local Engine"
84.236.228.59 - - [02/Aug/2026:10:00:29 +0200] "HEAD /wp-content/uploads/2021/04/LAS-209949-MEJO-4.png HTTP/1.1" 200 6964 "https://www.ensaco.es" "WPMU DEV Broken Link Checker Local Engine"
84.236.228.59 - - [02/Aug/2026:10:00:34 +0200] "HEAD /wp-content/uploads/2021/11/suelo-radiante-smart-home.jpg HTTP/1.1" 200 6964 "https://www.ensaco.es" "WPMU DEV Broken Link Checker Local Engine"
84.236.228.59 - - [02/Aug/2026:10:00:39 +0200] "HEAD /wp-content/uploads/2024/03/toldos-domotizados-3.jpg HTTP/1.1" 200 6963 "https://www.ensaco.es" "WPMU DEV Broken Link Checker Local Engine"
84.236.228.59 - - [02/Aug/2026:10:00:44 +0200] "HEAD /wp-content/uploads/2023/09/pulsador-inteligente.jpg HTTP/1.1" 200 6962 "https://www.ensaco.es" "WPMU DEV Broken Link Checker Local Engine"
84.236.228.59 - - [02/Aug/2026:10:00:49 +0200] "HEAD /wp-content/uploads/2022/06/huerto-inteligente.jpg HTTP/1.1" 200 6964 "https://www.ensaco.es" "WPMU DEV Broken Link Checker Local Engine"
84.236.228.59 - - [02/Aug/2026:10:00:54 +0200] "HEAD /wp-content/uploads/2022/06/panel-solar-domotica.jpg HTTP/1.1" 200 6965 "https://www.ensaco.es" "WPMU DEV Broken Link Checker Local Engine"
84.236.228.59 - - [02/Aug/2026:10:00:59 +0200] "HEAD /wp-content/uploads/2019/08/adult-aging-close-up-1305302.jpg HTTP/1.1" 200 6963 "https://www.ensaco.es" "WPMU DEV Broken Link Checker Local Engine"
84.236.228.59 - - [02/Aug/2026:10:01:04 +0200] "HEAD /wp-content/uploads/2022/04/domotica-zona-residencial.jpg HTTP/1.1" 200 6963 "https://www.ensaco.es" "WPMU DEV Broken Link Checker Local Engine"
84.236.228.59 - - [02/Aug/2026:10:01:09 +0200] "HEAD /wp-content/uploads/2022/01/casa-autosuficiente-energia.jpg HTTP/1.1" 200 6963 "https://www.ensaco.es" "WPMU DEV Broken Link Checker Local Engine"
84.236.228.59 - - [02/Aug/2026:10:01:14 +0200] "HEAD /wp-content/uploads/2021/05/pexels-pixabay-261045.jpg HTTP/1.1" 200 6963 "https://www.ensaco.es" "WPMU DEV Broken Link Checker Local Engine"
84.236.228.59 - - [02/Aug/2026:10:01:19 +0200] "HEAD /wp-content/uploads/2021/02/pexels-edward-eyer-2923034.jpg HTTP/1.1" 200 6963 "https://www.ensaco.es" "WPMU DEV Broken Link Checker Local Engine"
84.236.228.59 - - [02/Aug/2026:10:01:34 +0200] "POST /wp-cron.php?doing_wp_cron=1785657694.5870099067687988281250 HTTP/1.1" 200 6900 "-" "WordPress/7.0.2; https://www.ensaco.es"
34.170.6.187 - - [02/Aug/2026:10:01:08 +0200] "GET /robots.txt HTTP/1.1" 301 6964 "-" "Mozilla/5.0 (compatible; LyonlBot/1.0; +https://lyonl.com/bot.html)"
84.236.228.59 - - [02/Aug/2026:10:01:24 +0200] "HEAD /wp-content/uploads/bb-plugin/cache/AdobeStock_45341137_Preview-circle.jpeg HTTP/1.1" 404 6973 "https://www.ensaco.es" "WPMU DEV Broken Link Checker Local Engine"
34.196.51.17 - - [02/Aug/2026:10:01:29 +0200] "HEAD / HTTP/1.1" 200 7073 "https://www.ensaco.es/" "WPMUDEV Uptime Monitor 5.0 (https://wpmudev.com)"
34.170.6.187 - - [02/Aug/2026:10:01:35 +0200] "GET /robots.txt HTTP/1.1" 200 7962 "-" "Mozilla/5.0 (compatible; LyonlBot/1.0; +https://lyonl.com/bot.html)"
35.157.144.199 - - [02/Aug/2026:10:01:51 +0200] "HEAD / HTTP/1.1" 200 7073 "https://www.ensaco.es/" "WPMUDEV Uptime Monitor 5.0 (https://wpmudev.com)"
84.236.228.59 - - [02/Aug/2026:10:01:52 +0200] "GET /wp-content/uploads/bb-plugin/cache/AdobeStock_45341137_Preview-circle.jpeg HTTP/1.1" 500 266797 "https://www.ensaco.es" "WPMU DEV Broken Link Checker Local Engine"
34.170.6.187 - - [02/Aug/2026:10:02:05 +0200] "GET / HTTP/1.1" 301 6954 "-" "Mozilla/5.0 (compatible; LyonlBot/1.0; +https://lyonl.com/bot.html)"
84.236.228.59 - - [02/Aug/2026:10:02:38 +0200] "POST /wp-cron.php?doing_wp_cron=1785657758.6513030529022216796875 HTTP/1.1" 200 6900 "-" "WordPress/7.0.2; https://www.ensaco.es"
34.170.6.187 - - [02/Aug/2026:10:02:25 +0200] "GET / HTTP/1.1" 500 269651 "-" "Mozilla/5.0 (compatible; LyonlBot/1.0; +https://lyonl.com/bot.html)"
84.236.228.59 - - [02/Aug/2026:10:03:38 +0200] "POST /wp-cron.php?doing_wp_cron=1785657817.9082911014556884765625 HTTP/1.1" 200 6900 "-" "WordPress/7.0.2; https://www.ensaco.es"
84.236.228.59 - - [02/Aug/2026:10:03:38 +0200] "POST /wp-cron.php?doing_wp_cron=1785657817.9613189697265625000000 HTTP/1.1" 200 6900 "-" "WordPress/7.0.2; https://www.ensaco.es"
52.139.3.76 - - [02/Aug/2026:10:03:26 +0200] "GET / HTTP/1.1" 301 6954 "-" "Mozilla/5.0 (X11; Linux x86_64) AppleWebKit/537.36 (KHTML, like Gecko) Chrome/122.0.0.0 Safari/537.36"
216.73.217.138 - - [02/Aug/2026:10:03:34 +0200] "GET /robots.txt HTTP/1.1" 200 7962 "-" "Mozilla/5.0 AppleWebKit/537.36 (KHTML, like Gecko; compatible; ClaudeBot/1.0; +claudebot@anthropic.com)"
84.236.228.59 - - [02/Aug/2026:10:03:38 +0200] "POST /wp-cron.php?doing_wp_cron=1785657817.9749760627746582031250 HTTP/1.1" 200 6900 "-" "WordPress/7.0.2; https://www.ensaco.es"
34.196.51.17 - - [02/Aug/2026:10:03:28 +0200] "HEAD / HTTP/1.1" 200 7073 "https://www.ensaco.es/" "WPMUDEV Uptime Monitor 5.0 (https://wpmudev.com)"
216.73.217.138 - - [02/Aug/2026:10:03:38 +0200] "GET /sitemap_index.xml HTTP/1.1" 200 7335 "-" "Mozilla/5.0 AppleWebKit/537.36 (KHTML, like Gecko; compatible; ClaudeBot/1.0; +claudebot@anthropic.com)"
84.236.228.59 - - [02/Aug/2026:10:04:40 +0200] "POST /wp-cron.php?doing_wp_cron=1785657880.0610249042510986328125 HTTP/1.1" 200 6900 "-" "WordPress/7.0.2; https://www.ensaco.es"
188.166.161.206 - - [02/Aug/2026:10:04:35 +0200] "GET / HTTP/1.1" 301 6954 "-" "Mozilla/5.0 (Windows NT 10.0; Win64; x64) AppleWebKit/537.36 (KHTML, like Gecko) Chrome/145.0.0.0 Safari/537.36"
40.77.167.30 - - [02/Aug/2026:10:04:31 +0200] "GET /domotica-hospitales/ HTTP/1.1" 500 311114 "-" "Mozilla/5.0 AppleWebKit/537.36 (KHTML, like Gecko; compatible; bingbot/2.0; +http://www.bing.com/bingbot.htm) Chrome/116.0.1938.76 Safari/537.36"
188.166.161.206 - - [02/Aug/2026:10:04:43 +0200] "GET / HTTP/1.1" 500 269645 "-" "Mozilla/5.0 (Windows NT 10.0; Win64; x64) AppleWebKit/537.36 (KHTML, like Gecko) Chrome/145.0.0.0 Safari/537.36"
188.166.161.206 - - [02/Aug/2026:10:04:49 +0200] "GET / HTTP/1.1" 301 6954 "-" "Mozilla/5.0 (Windows NT 10.0; Win64; x64) AppleWebKit/537.36 (KHTML, like Gecko) Chrome/145.0.0.0 Safari/537.36"
188.166.161.206 - - [02/Aug/2026:10:04:54 +0200] "GET / HTTP/1.1" 500 269651 "-" "Mozilla/5.0 (Windows NT 10.0; Win64; x64) AppleWebKit/537.36 (KHTML, like Gecko) Chrome/145.0.0.0 Safari/537.36"
188.166.161.206 - - [02/Aug/2026:10:04:57 +0200] "GET / HTTP/1.1" 500 269651 "-" "Mozilla/5.0 (Windows NT 10.0; Win64; x64) AppleWebKit/537.36 (KHTML, like Gecko) Chrome/145.0.0.0 Safari/537.36"
84.236.228.59 - - [02/Aug/2026:10:05:05 +0200] "POST /wp-cron.php?doing_wp_cron=1785657905.7460110187530517578125 HTTP/1.1" 200 6900 "-" "WordPress/7.0.2; https://www.ensaco.es"
188.166.161.206 - - [02/Aug/2026:10:05:03 +0200] "GET / HTTP/1.1" 500 269651 "-" "Mozilla/5.0 (Windows NT 10.0; Win64; x64) AppleWebKit/537.36 (KHTML, like Gecko) Chrome/145.0.0.0 Safari/537.36"
188.166.161.206 - - [02/Aug/2026:10:05:08 +0200] "GET / HTTP/1.1" 301 6954 "-" "Mozilla/5.0 (Windows NT 10.0; Win64; x64) AppleWebKit/537.36 (KHTML, like Gecko) Chrome/145.0.0.0 Safari/537.36"
188.166.161.206 - - [02/Aug/2026:10:05:12 +0200] "GET / HTTP/1.1" 500 269651 "-" "Mozilla/5.0 (Windows NT 10.0; Win64; x64) AppleWebKit/537.36 (KHTML, like Gecko) Chrome/145.0.0.0 Safari/537.36"
95.108.213.182 - - [02/Aug/2026:10:05:15 +0200] "GET /robots.txt HTTP/1.1" 200 8865 "-" "Mozilla/5.0 (compatible; YandexBot/3.0; +http://yandex.com/bots)"
213.180.203.107 - - [02/Aug/2026:10:05:20 +0200] "GET /wp-content/uploads/2024/03/PRESENEXT.png HTTP/1.1" 200 6954 "-" "Mozilla/5.0 (compatible; YandexImages/3.0; +http://yandex.com/bots)"
95.108.213.103 - - [02/Aug/2026:10:05:18 +0200] "GET /?attachment_id=4404 HTTP/1.1" 301 6994 "-" "Mozilla/5.0 (compatible; YandexImages/3.0; +http://yandex.com/bots)"
87.250.224.215 - - [02/Aug/2026:10:05:21 +0200] "GET /wp-content/uploads/2024/03/PRESENEXT.png HTTP/1.1" 200 6954 "-" "Mozilla/5.0 (compatible; YandexImages/3.0; +http://yandex.com/bots)"
188.166.161.206 - - [02/Aug/2026:10:05:18 +0200] "GET / HTTP/1.1" 301 6954 "-" "Mozilla/5.0 (Windows NT 10.0; Win64; x64) AppleWebKit/537.36 (KHTML, like Gecko) Chrome/145.0.0.0 Safari/537.36"
188.166.161.206 - - [02/Aug/2026:10:05:23 +0200] "GET / HTTP/1.1" 500 269651 "-" "Mozilla/5.0 (Windows NT 10.0; Win64; x64) AppleWebKit/537.36 (KHTML, like Gecko) Chrome/145.0.0.0 Safari/537.36"
188.166.161.206 - - [02/Aug/2026:10:05:29 +0200] "GET / HTTP/1.1" 500 269651 "-" "Mozilla/5.0 (Windows NT 10.0; Win64; x64) AppleWebKit/537.36 (KHTML, like Gecko) Chrome/145.0.0.0 Safari/537.36"
84.236.228.59 - - [02/Aug/2026:10:05:34 +0200] "POST /wp-cron.php?doing_wp_cron=1785657934.3120689392089843750000 HTTP/1.1" 200 6900 "-" "WordPress/7.0.2; https://www.ensaco.es"
34.196.51.17 - - [02/Aug/2026:10:05:31 +0200] "HEAD / HTTP/1.1" 200 7073 "https://www.ensaco.es/" "WPMUDEV Uptime Monitor 5.0 (https://wpmudev.com)"
34.170.6.187 - - [02/Aug/2026:10:05:32 +0200] "GET /robots.txt HTTP/1.1" 301 6964 "-" "Mozilla/5.0 (compatible; LyonlBot/1.0; +https://lyonl.com/bot.html)"
34.170.6.187 - - [02/Aug/2026:10:05:35 +0200] "GET /robots.txt HTTP/1.1" 200 7981 "-" "Mozilla/5.0 (compatible; LyonlBot/1.0; +https://lyonl.com/bot.html)"
188.166.161.206 - - [02/Aug/2026:10:05:43 +0200] "GET / HTTP/1.1" 500 269651 "-" "Mozilla/5.0 (Windows NT 10.0; Win64; x64) AppleWebKit/537.36 (KHTML, like Gecko) Chrome/145.0.0.0 Safari/537.36"
34.170.6.187 - - [02/Aug/2026:10:05:53 +0200] "GET / HTTP/1.1" 301 6954 "-" "Mozilla/5.0 (compatible; LyonlBot/1.0; +https://lyonl.com/bot.html)"
34.170.6.187 - - [02/Aug/2026:10:05:55 +0200] "GET / HTTP/1.1" 500 269651 "-" "Mozilla/5.0 (compatible; LyonlBot/1.0; +https://lyonl.com/bot.html)"
84.236.228.59 - - [02/Aug/2026:10:07:35 +0200] "POST /wp-cron.php?doing_wp_cron=1785658054.9964549541473388671875 HTTP/1.1" 200 6900 "-" "WordPress/7.0.2; https://www.ensaco.es"
34.196.51.17 - - [02/Aug/2026:10:07:32 +0200] "HEAD / HTTP/1.1" 200 7073 "https://www.ensaco.es/" "WPMUDEV Uptime Monitor 5.0 (https://wpmudev.com)"
84.236.228.59 - - [02/Aug/2026:10:07:37 +0200] "HEAD /wp-content/uploads/2022/02/suelo-radiante-eficiente.png HTTP/1.1" 200 6964 "https://www.ensaco.es" "WPMU DEV Broken Link Checker Local Engine"
84.236.228.59 - - [02/Aug/2026:10:07:39 +0200] "HEAD /wp-content/uploads/2024/03/vivienda-turistica-3.jpg HTTP/1.1" 200 6963 "https://www.ensaco.es" "WPMU DEV Broken Link Checker Local Engine"
84.236.228.59 - - [02/Aug/2026:10:07:41 +0200] "HEAD /wp-content/uploads/2023/01/domotica-persianas.jpg HTTP/1.1" 200 6963 "https://www.ensaco.es" "WPMU DEV Broken Link Checker Local Engine"
84.236.228.59 - - [02/Aug/2026:10:07:43 +0200] "HEAD /wp-content/uploads/2022/01/ayudas-coche-electrico.jpg HTTP/1.1" 200 6963 "https://www.ensaco.es" "WPMU DEV Broken Link Checker Local Engine"
84.236.228.59 - - [02/Aug/2026:10:07:47 +0200] "HEAD /wp-content/uploads/2023/06/climatizacion-automatizada.jpg HTTP/1.1" 200 6963 "https://www.ensaco.es" "WPMU DEV Broken Link Checker Local Engine"
84.236.228.59 - - [02/Aug/2026:10:07:52 +0200] "HEAD /wp-content/uploads/2024/05/sensores-domoticos-4.jpg HTTP/1.1" 200 6963 "https://www.ensaco.es" "WPMU DEV Broken Link Checker Local Engine"
138.99.91.77 - - [02/Aug/2026:10:07:55 +0200] "GET /wp-content/uploads/2019/02/Diptico-NANO-PK-6-32_04.2018_web.pdf HTTP/1.1" 200 6982 "https://www.ensaco.es" "Mozilla/5.0 (Windows NT 10.0; Win64; x64) AppleWebKit/537.36 (KHTML, like Gecko) Chrome/144.0.0.0 Safari/537.36"
84.236.228.59 - - [02/Aug/2026:10:07:57 +0200] "HEAD /wp-content/uploads/2021/03/pexels-polina-zimmerman-3747505.jpg HTTP/1.1" 200 6965 "https://www.ensaco.es" "WPMU DEV Broken Link Checker Local Engine"
84.236.228.59 - - [02/Aug/2026:10:08:02 +0200] "HEAD /wp-content/uploads/2022/05/piscina-comunitaria-control-domotica.jpg HTTP/1.1" 200 6963 "https://www.ensaco.es" "WPMU DEV Broken Link Checker Local Engine"
157.100.136.207 - - [02/Aug/2026:10:08:02 +0200] "GET /wp-content/uploads/2019/02/Diptico-NANO-PK-6-32_04.2018_web.pdf HTTP/1.1" 200 6982 "https://www.ensaco.es" "Mozilla/5.0 (Windows NT 10.0; Win64; x64) AppleWebKit/537.36 (KHTML, like Gecko) Chrome/144.0.0.0 Safari/537.36"
84.236.228.59 - - [02/Aug/2026:10:08:07 +0200] "HEAD /wp-content/uploads/2023/06/LAVANDERIA-DOMOTICA.jpg HTTP/1.1" 200 6963 "https://www.ensaco.es" "WPMU DEV Broken Link Checker Local Engine"
84.236.228.59 - - [02/Aug/2026:10:08:12 +0200] "HEAD /wp-content/uploads/2024/10/2-1.jpg HTTP/1.1" 200 6963 "https://www.ensaco.es" "WPMU DEV Broken Link Checker Local Engine"
84.236.228.59 - - [02/Aug/2026:10:08:17 +0200] "HEAD /wp-content/uploads/2021/11/domotica-suelo-radiante.jpg HTTP/1.1" 200 6963 "https://www.ensaco.es" "WPMU DEV Broken Link Checker Local Engine"
84.236.228.59 - - [02/Aug/2026:10:08:22 +0200] "HEAD /wp-content/uploads/2023/01/persianas-domotica.jpg HTTP/1.1" 200 6964 "https://www.ensaco.es" "WPMU DEV Broken Link Checker Local Engine"
84.236.228.59 - - [02/Aug/2026:10:08:27 +0200] "HEAD /wp-content/uploads/2022/11/ventilacion-automatica.jpg HTTP/1.1" 200 6963 "https://www.ensaco.es" "WPMU DEV Broken Link Checker Local Engine"
84.236.228.59 - - [02/Aug/2026:10:08:32 +0200] "HEAD /wp-content/uploads/2022/04/aerotermia-comunidades.jpg HTTP/1.1" 200 6963 "https://www.ensaco.es" "WPMU DEV Broken Link Checker Local Engine"
84.236.228.59 - - [02/Aug/2026:10:08:37 +0200] "HEAD /wp-content/uploads/2023/09/multimedia-domotica.jpg HTTP/1.1" 200 6963 "https://www.ensaco.es" "WPMU DEV Broken Link Checker Local Engine"
84.236.228.59 - - [02/Aug/2026:10:08:38 +0200] "POST /wp-cron.php?doing_wp_cron=1785658118.7644360065460205078125 HTTP/1.1" 200 6900 "-" "WordPress/7.0.2; https://www.ensaco.es"
34.170.6.187 - - [02/Aug/2026:10:08:36 +0200] "GET / HTTP/1.1" 301 6954 "-" "Mozilla/5.0 (compatible; LyonlBot/1.0; +https://lyonl.com/bot.html)"
84.236.228.59 - - [02/Aug/2026:10:08:42 +0200] "HEAD /wp-content/uploads/2023/01/vida-diaria-asistica-aal.jpg HTTP/1.1" 200 6963 "https://www.ensaco.es" "WPMU DEV Broken Link Checker Local Engine"
34.170.6.187 - - [02/Aug/2026:10:08:39 +0200] "GET / HTTP/1.1" 500 269651 "-" "Mozilla/5.0 (compatible; LyonlBot/1.0; +https://lyonl.com/bot.html)"
84.236.228.59 - - [02/Aug/2026:10:08:47 +0200] "HEAD /wp-content/uploads/2022/03/vivienda-suelo-radiante-aerotermia.jpg HTTP/1.1" 200 6963 "https://www.ensaco.es" "WPMU DEV Broken Link Checker Local Engine"
34.170.6.187 - - [02/Aug/2026:10:08:47 +0200] "GET /robots.txt HTTP/1.1" 301 6964 "-" "Mozilla/5.0 (compatible; LyonlBot/1.0; +https://lyonl.com/bot.html)"
34.170.6.187 - - [02/Aug/2026:10:08:49 +0200] "GET /robots.txt HTTP/1.1" 200 7962 "-" "Mozilla/5.0 (compatible; LyonlBot/1.0; +https://lyonl.com/bot.html)"
84.236.228.59 - - [02/Aug/2026:10:08:52 +0200] "HEAD /wp-content/uploads/2024/02/automatizacion-hogar-2.jpg HTTP/1.1" 200 6963 "https://www.ensaco.es" "WPMU DEV Broken Link Checker Local Engine"
84.236.228.59 - - [02/Aug/2026:10:08:57 +0200] "HEAD /wp-content/uploads/2022/04/instalaciones-comunidad-vecinos.jpg HTTP/1.1" 200 6963 "https://www.ensaco.es" "WPMU DEV Broken Link Checker Local Engine"
84.236.228.59 - - [02/Aug/2026:10:09:02 +0200] "HEAD /wp-content/uploads/2022/10/domotica-garaje.jpg HTTP/1.1" 200 6963 "https://www.ensaco.es" "WPMU DEV Broken Link Checker Local Engine"
84.236.228.59 - - [02/Aug/2026:10:09:07 +0200] "HEAD /wp-content/uploads/2021/09/passivhaus-control-aire.jpg HTTP/1.1" 200 6963 "https://www.ensaco.es" "WPMU DEV Broken Link Checker Local Engine"
34.170.6.187 - - [02/Aug/2026:10:09:06 +0200] "GET / HTTP/1.1" 301 6954 "-" "Mozilla/5.0 (compatible; LyonlBot/1.0; +https://lyonl.com/bot.html)"
34.170.6.187 - - [02/Aug/2026:10:09:10 +0200] "GET / HTTP/1.1" 500 269651 "-" "Mozilla/5.0 (compatible; LyonlBot/1.0; +https://lyonl.com/bot.html)"
84.236.228.59 - - [02/Aug/2026:10:09:12 +0200] "HEAD /wp-content/uploads/2023/06/LAVANDERIA.jpg HTTP/1.1" 200 6963 "https://www.ensaco.es" "WPMU DEV Broken Link Checker Local Engine"
84.236.228.59 - - [02/Aug/2026:10:09:17 +0200] "HEAD /wp-content/uploads/2023/09/control-inteligente-piscina.jpg HTTP/1.1" 200 6963 "https://www.ensaco.es" "WPMU DEV Broken Link Checker Local Engine"
84.236.228.59 - - [02/Aug/2026:10:09:22 +0200] "HEAD /wp-content/uploads/2021/08/automatizacion-pistaspadel-y-tenis.jpg HTTP/1.1" 200 6963 "https://www.ensaco.es" "WPMU DEV Broken Link Checker Local Engine"
84.236.228.59 - - [02/Aug/2026:10:09:27 +0200] "HEAD /wp-content/uploads/2017/09/Slider-3-3-1024x529.jpg HTTP/1.1" 200 6964 "https://www.ensaco.es" "WPMU DEV Broken Link Checker Local Engine"
84.236.228.59 - - [02/Aug/2026:10:09:32 +0200] "HEAD /wp-content/uploads/2022/04/calefaccion-aerotermia.jpg HTTP/1.1" 200 6963 "https://www.ensaco.es" "WPMU DEV Broken Link Checker Local Engine"
34.196.51.17 - - [02/Aug/2026:10:09:30 +0200] "HEAD / HTTP/1.1" 200 7073 "https://www.ensaco.es/" "WPMUDEV Uptime Monitor 5.0 (https://wpmudev.com)"
84.236.228.59 - - [02/Aug/2026:10:09:37 +0200] "HEAD /wp-content/uploads/2020/10/control-inteligente-en-gimnasios.jpg HTTP/1.1" 200 6963 "https://www.ensaco.es" "WPMU DEV Broken Link Checker Local Engine"
84.236.228.59 - - [02/Aug/2026:10:09:42 +0200] "HEAD /wp-content/uploads/2024/03/vivienda-turistica-1.jpg HTTP/1.1" 200 6963 "https://www.ensaco.es" "WPMU DEV Broken Link Checker Local Engine"
84.236.228.59 - - [02/Aug/2026:10:09:47 +0200] "HEAD /wp-content/uploads/2022/04/estacion-recarga.jpg HTTP/1.1" 200 6963 "https://www.ensaco.es" "WPMU DEV Broken Link Checker Local Engine"
84.236.228.59 - - [02/Aug/2026:10:09:54 +0200] "POST /wp-cron.php?doing_wp_cron=1785658194.5425329208374023437500 HTTP/1.1" 200 6900 "-" "WordPress/7.0.2; https://www.ensaco.es"
84.236.228.59 - - [02/Aug/2026:10:09:52 +0200] "HEAD /aerotermia/ HTTP/1.1" 200 7080 "https://www.ensaco.es" "WPMU DEV Broken Link Checker Local Engine"
84.236.228.59 - - [02/Aug/2026:10:09:59 +0200] "HEAD /wp-content/uploads/2024/09/ensaco-posts-1.jpg HTTP/1.1" 200 6964 "https://www.ensaco.es" "WPMU DEV Broken Link Checker Local Engine"
84.236.228.59 - - [02/Aug/2026:10:10:02 +0200] "HEAD /wp-content/uploads/2022/01/viviendas-autosuficientes.jpg HTTP/1.1" 200 6964 "https://www.ensaco.es" "WPMU DEV Broken Link Checker Local Engine"
84.236.228.59 - - [02/Aug/2026:10:10:07 +0200] "HEAD /wp-content/uploads/2023/06/casa-eficiente-verano.jpg HTTP/1.1" 200 6964 "https://www.ensaco.es" "WPMU DEV Broken Link Checker Local Engine"
84.236.228.59 - - [02/Aug/2026:10:10:12 +0200] "HEAD /wp-content/uploads/2023/09/pulsador-domotico.jpg HTTP/1.1" 200 6963 "https://www.ensaco.es" "WPMU DEV Broken Link Checker Local Engine"
84.236.228.59 - - [02/Aug/2026:10:10:17 +0200] "HEAD /wp-content/uploads/2021/05/LAS-1270-MEJORE-2.png HTTP/1.1" 200 6964 "https://www.ensaco.es" "WPMU DEV Broken Link Checker Local Engine"
84.236.228.59 - - [02/Aug/2026:10:10:22 +0200] "HEAD /wp-content/uploads/2023/06/DOMOTICA-LAVANDERIA.jpg HTTP/1.1" 200 6963 "https://www.ensaco.es" "WPMU DEV Broken Link Checker Local Engine"
84.236.228.59 - - [02/Aug/2026:10:10:27 +0200] "HEAD /productos/ HTTP/1.1" 200 7080 "https://www.ensaco.es" "WPMU DEV Broken Link Checker Local Engine"
84.236.228.59 - - [02/Aug/2026:10:10:34 +0200] "HEAD /wp-content/uploads/2022/05/eficiencia-automatizacion.jpg HTTP/1.1" 200 6963 "https://www.ensaco.es" "WPMU DEV Broken Link Checker Local Engine"
84.236.228.59 - - [02/Aug/2026:10:10:37 +0200] "HEAD /wp-content/uploads/2023/09/interruptor-domotico.jpg HTTP/1.1" 200 6963 "https://www.ensaco.es" "WPMU DEV Broken Link Checker Local Engine"
84.236.228.59 - - [02/Aug/2026:10:10:42 +0200] "HEAD /wp-content/uploads/2023/06/climatizacion-domotica.jpg HTTP/1.1" 200 6963 "https://www.ensaco.es" "WPMU DEV Broken Link Checker Local Engine"
84.236.228.59 - - [02/Aug/2026:10:10:49 +0200] "POST /wp-cron.php?doing_wp_cron=1785658249.3903579711914062500000 HTTP/1.1" 200 6900 "-" "WordPress/7.0.2; https://www.ensaco.es"
84.236.228.59 - - [02/Aug/2026:10:10:47 +0200] "HEAD /wp-content/uploads/2020/08/aldes-300x300.jpg HTTP/1.1" 404 6973 "https://www.ensaco.es" "WPMU DEV Broken Link Checker Local Engine"
84.236.228.59 - - [02/Aug/2026:10:10:49 +0200] "GET /wp-content/uploads/2020/08/aldes-300x300.jpg HTTP/1.1" 500 266797 "https://www.ensaco.es" "WPMU DEV Broken Link Checker Local Engine"
84.236.228.59 - - [02/Aug/2026:10:10:59 +0200] "HEAD /wp-content/uploads/2024/03/persianas-moto-2.jpg HTTP/1.1" 200 6963 "https://www.ensaco.es" "WPMU DEV Broken Link Checker Local Engine"
84.236.228.59 - - [02/Aug/2026:10:11:01 +0200] "HEAD /proyectos-realizados/ HTTP/1.1" 200 7080 "https://www.ensaco.es" "WPMU DEV Broken Link Checker Local Engine"
84.236.228.59 - - [02/Aug/2026:10:11:04 +0200] "HEAD /wp-content/uploads/2024/12/2.jpg HTTP/1.1" 200 6963 "https://www.ensaco.es" "WPMU DEV Broken Link Checker Local Engine"
84.236.228.59 - - [02/Aug/2026:10:11:07 +0200] "HEAD /wp-content/uploads/2024/08/3-1.jpg HTTP/1.1" 200 6963 "https://www.ensaco.es" "WPMU DEV Broken Link Checker Local Engine"
84.236.228.59 - - [02/Aug/2026:10:11:12 +0200] "HEAD /wp-content/uploads/2024/12/5.jpg HTTP/1.1" 200 6963 "https://www.ensaco.es" "WPMU DEV Broken Link Checker Local Engine"
84.236.228.59 - - [02/Aug/2026:10:11:17 +0200] "HEAD /wp-content/uploads/2024/03/portada-ensaco-2.jpg HTTP/1.1" 200 6965 "https://www.ensaco.es" "WPMU DEV Broken Link Checker Local Engine"
84.236.228.59 - - [02/Aug/2026:10:11:22 +0200] "HEAD /wp-content/uploads/2023/06/casa-domotica-eficiente.jpg HTTP/1.1" 200 6963 "https://www.ensaco.es" "WPMU DEV Broken Link Checker Local Engine"
84.236.228.59 - - [02/Aug/2026:10:11:27 +0200] "HEAD /wp-content/uploads/2022/04/domotica-comunidad-vecinos.jpg HTTP/1.1" 200 6963 "https://www.ensaco.es" "WPMU DEV Broken Link Checker Local Engine"
84.236.228.59 - - [02/Aug/2026:10:11:35 +0200] "POST /wp-cron.php?doing_wp_cron=1785658295.0883769989013671875000 HTTP/1.1" 200 6900 "-" "WordPress/7.0.2; https://www.ensaco.es"
34.196.51.17 - - [02/Aug/2026:10:11:31 +0200] "HEAD / HTTP/1.1" 200 7073 "https://www.ensaco.es/" "WPMUDEV Uptime Monitor 5.0 (https://wpmudev.com)"
84.236.228.59 - - [02/Aug/2026:10:11:32 +0200] "HEAD /wp-content/uploads/bb-plugin/cache/AdobeStock_58989690_Preview-circle.jpeg HTTP/1.1" 404 6973 "https://www.ensaco.es" "WPMU DEV Broken Link Checker Local Engine"
84.236.228.59 - - [02/Aug/2026:10:11:36 +0200] "GET /wp-content/uploads/bb-plugin/cache/AdobeStock_58989690_Preview-circle.jpeg HTTP/1.1" 500 266863 "https://www.ensaco.es" "WPMU DEV Broken Link Checker Local Engine"
84.236.228.59 - - [02/Aug/2026:10:11:44 +0200] "HEAD /wp-content/uploads/2022/08/pic_ventajas.jpg HTTP/1.1" 200 6963 "https://www.ensaco.es" "WPMU DEV Broken Link Checker Local Engine"
84.236.228.59 - - [02/Aug/2026:10:11:46 +0200] "HEAD /wp-content/uploads/2021/12/fotovoltaica-autosuficiencia.jpg HTTP/1.1" 200 6963 "https://www.ensaco.es" "WPMU DEV Broken Link Checker Local Engine"
84.236.228.59 - - [02/Aug/2026:10:11:48 +0200] "HEAD /wp-content/uploads/2022/04/domotica-empresas.jpg HTTP/1.1" 200 6964 "https://www.ensaco.es" "WPMU DEV Broken Link Checker Local Engine"
84.236.228.59 - - [02/Aug/2026:10:11:52 +0200] "HEAD /wp-content/uploads/2024/05/sensores-domoticos-2.jpg HTTP/1.1" 200 6963 "https://www.ensaco.es" "WPMU DEV Broken Link Checker Local Engine"
84.236.228.59 - - [02/Aug/2026:10:11:57 +0200] "HEAD /wp-content/uploads/2022/11/ventilacion-doble-flujo.jpg HTTP/1.1" 200 6963 "https://www.ensaco.es" "WPMU DEV Broken Link Checker Local Engine"
84.236.228.59 - - [02/Aug/2026:10:12:02 +0200] "HEAD /wp-content/uploads/2024/12/6.jpg HTTP/1.1" 200 6963 "https://www.ensaco.es" "WPMU DEV Broken Link Checker Local Engine"
84.236.228.59 - - [02/Aug/2026:10:12:07 +0200] "HEAD /wp-content/uploads/2022/12/sistemas-domoticos-alquiler.jpg HTTP/1.1" 200 6963 "https://www.ensaco.es" "WPMU DEV Broken Link Checker Local Engine"
84.236.228.59 - - [02/Aug/2026:10:12:12 +0200] "HEAD /ventilacion-doble-flujo-automatizada/ HTTP/1.1" 200 7080 "https://www.ensaco.es" "WPMU DEV Broken Link Checker Local Engine"
84.236.228.59 - - [02/Aug/2026:10:12:19 +0200] "HEAD /wp-content/uploads/2022/12/domotica-seguridad.jpg HTTP/1.1" 200 6963 "https://www.ensaco.es" "WPMU DEV Broken Link Checker Local Engine"
84.236.228.59 - - [02/Aug/2026:10:12:22 +0200] "HEAD /wp-content/uploads/2021/12/autoconsumo-viviendas.jpg HTTP/1.1" 200 6964 "https://www.ensaco.es" "WPMU DEV Broken Link Checker Local Engine"
84.236.228.59 - - [02/Aug/2026:10:12:27 +0200] "HEAD /wp-content/uploads/2024/05/domotica-hospitales-4.jpg HTTP/1.1" 200 6963 "https://www.ensaco.es" "WPMU DEV Broken Link Checker Local Engine"
84.236.228.59 - - [02/Aug/2026:10:12:32 +0200] "HEAD /wp-content/uploads/2022/01/casas-autosuficientes.jpg HTTP/1.1" 200 6963 "https://www.ensaco.es" "WPMU DEV Broken Link Checker Local Engine"
34.170.6.187 - - [02/Aug/2026:10:12:30 +0200] "GET / HTTP/1.1" 301 6954 "-" "Mozilla/5.0 (compatible; LyonlBot/1.0; +https://lyonl.com/bot.html)"
84.236.228.59 - - [02/Aug/2026:10:12:35 +0200] "POST /wp-cron.php?doing_wp_cron=1785658355.3358650207519531250000 HTTP/1.1" 200 6900 "-" "WordPress/7.0.2; https://www.ensaco.es"
34.170.6.187 - - [02/Aug/2026:10:12:33 +0200] "GET / HTTP/1.1" 500 269651 "-" "Mozilla/5.0 (compatible; LyonlBot/1.0; +https://lyonl.com/bot.html)"
84.236.228.59 - - [02/Aug/2026:10:12:37 +0200] "HEAD /wp-content/uploads/2023/09/sistema-multimedia-domotica.jpg HTTP/1.1" 200 6963 "https://www.ensaco.es" "WPMU DEV Broken Link Checker Local Engine"
84.236.228.59 - - [02/Aug/2026:10:12:42 +0200] "HEAD /automatizacion-en-industria/ HTTP/1.1" 404 6973 "https://www.ensaco.es" "WPMU DEV Broken Link Checker Local Engine"
84.236.228.59 - - [02/Aug/2026:10:12:44 +0200] "GET /automatizacion-en-industria/ HTTP/1.1" 500 266964 "https://www.ensaco.es" "WPMU DEV Broken Link Checker Local Engine"
34.170.6.187 - - [02/Aug/2026:10:12:48 +0200] "GET /robots.txt HTTP/1.1" 301 6964 "-" "Mozilla/5.0 (compatible; LyonlBot/1.0; +https://lyonl.com/bot.html)"
34.170.6.187 - - [02/Aug/2026:10:12:49 +0200] "GET /robots.txt HTTP/1.1" 200 7962 "-" "Mozilla/5.0 (compatible; LyonlBot/1.0; +https://lyonl.com/bot.html)"
84.236.228.59 - - [02/Aug/2026:10:12:51 +0200] "HEAD /wp-content/uploads/2024/03/toldos-domotizados-4.jpg HTTP/1.1" 200 6963 "https://www.ensaco.es" "WPMU DEV Broken Link Checker Local Engine"
84.236.228.59 - - [02/Aug/2026:10:12:53 +0200] "HEAD /wp-content/uploads/2023/09/piscina-automatizada.jpg HTTP/1.1" 200 6965 "https://www.ensaco.es" "WPMU DEV Broken Link Checker Local Engine"
84.236.228.59 - - [02/Aug/2026:10:12:57 +0200] "HEAD /wp-content/uploads/2024/09/ensaco-posts.jpg HTTP/1.1" 200 6963 "https://www.ensaco.es" "WPMU DEV Broken Link Checker Local Engine"
84.236.228.59 - - [02/Aug/2026:10:13:02 +0200] "HEAD /wp-content/uploads/2022/06/jardin-inteligente.jpg HTTP/1.1" 200 6963 "https://www.ensaco.es" "WPMU DEV Broken Link Checker Local Engine"
84.236.228.59 - - [02/Aug/2026:10:13:07 +0200] "HEAD /wp-content/uploads/2024/08/2-2.jpg HTTP/1.1" 200 6963 "https://www.ensaco.es" "WPMU DEV Broken Link Checker Local Engine"
84.236.228.59 - - [02/Aug/2026:10:13:12 +0200] "HEAD /wp-content/uploads/2022/11/ventilacion-automatica-doble-flujo.jpg HTTP/1.1" 200 6963 "https://www.ensaco.es" "WPMU DEV Broken Link Checker Local Engine"
84.236.228.59 - - [02/Aug/2026:10:13:17 +0200] "HEAD /wp-content/uploads/2022/03/aerotermia-casa-suelo-radiante.jpg HTTP/1.1" 200 6963 "https://www.ensaco.es" "WPMU DEV Broken Link Checker Local Engine"
84.236.228.59 - - [02/Aug/2026:10:13:22 +0200] "HEAD /wp-content/uploads/2023/01/vida-diaria-asistida.jpg HTTP/1.1" 200 6964 "https://www.ensaco.es" "WPMU DEV Broken Link Checker Local Engine"
34.170.6.187 - - [02/Aug/2026:10:13:20 +0200] "GET / HTTP/1.1" 301 6954 "-" "Mozilla/5.0 (compatible; LyonlBot/1.0; +https://lyonl.com/bot.html)"
34.170.6.187 - - [02/Aug/2026:10:13:22 +0200] "GET / HTTP/1.1" 500 269651 "-" "Mozilla/5.0 (compatible; LyonlBot/1.0; +https://lyonl.com/bot.html)"
84.236.228.59 - - [02/Aug/2026:10:13:27 +0200] "HEAD /wp-content/uploads/2022/09/passivhaus-con-domotica.jpg HTTP/1.1" 200 6963 "https://www.ensaco.es" "WPMU DEV Broken Link Checker Local Engine"
52.167.144.172 - - [02/Aug/2026:10:13:28 +0200] "GET /producto/videograbador-8-canales-con-2tb/ HTTP/1.1" 500 592907 "-" "Mozilla/5.0 AppleWebKit/537.36 (KHTML, like Gecko; compatible; bingbot/2.0; +http://www.bing.com/bingbot.htm) Chrome/116.0.1938.76 Safari/537.36"
84.236.228.59 - - [02/Aug/2026:10:13:32 +0200] "HEAD /wp-content/uploads/2020/09/domotica-en-residencias-ancianos.jpg HTTP/1.1" 200 6963 "https://www.ensaco.es" "WPMU DEV Broken Link Checker Local Engine"
34.196.51.17 - - [02/Aug/2026:10:13:32 +0200] "HEAD / HTTP/1.1" 200 7073 "https://www.ensaco.es/" "WPMUDEV Uptime Monitor 5.0 (https://wpmudev.com)"
84.236.228.59 - - [02/Aug/2026:10:13:37 +0200] "HEAD /wp-content/uploads/2024/12/1.jpg HTTP/1.1" 200 6963 "https://www.ensaco.es" "WPMU DEV Broken Link Checker Local Engine"
84.236.228.59 - - [02/Aug/2026:10:13:42 +0200] "HEAD /wp-content/uploads/2024/10/1-1.jpg HTTP/1.1" 200 6963 "https://www.ensaco.es" "WPMU DEV Broken Link Checker Local Engine"
84.236.228.59 - - [02/Aug/2026:10:13:47 +0200] "HEAD /wp-content/uploads/2024/03/sala-reuniones.jpg HTTP/1.1" 200 6963 "https://www.ensaco.es" "WPMU DEV Broken Link Checker Local Engine"
84.236.228.59 - - [02/Aug/2026:10:15:32 +0200] "POST /wp-cron.php?doing_wp_cron=1785658532.0970940589904785156250 HTTP/1.1" 200 6900 "-" "WordPress/7.0.2; https://www.ensaco.es"
34.196.51.17 - - [02/Aug/2026:10:15:29 +0200] "HEAD / HTTP/1.1" 200 7073 "https://www.ensaco.es/" "WPMUDEV Uptime Monitor 5.0 (https://wpmudev.com)"
40.77.167.44 - - [02/Aug/2026:10:16:04 +0200] "GET /producto/nfc-key-fob/ HTTP/1.1" 500 592843 "-" "Mozilla/5.0 AppleWebKit/537.36 (KHTML, like Gecko; compatible; bingbot/2.0; +http://www.bing.com/bingbot.htm) Chrome/116.0.1938.76 Safari/537.36"
84.236.228.59 - - [02/Aug/2026:10:16:16 +0200] "POST /wp-cron.php?doing_wp_cron=1785658576.1870760917663574218750 HTTP/1.1" 200 6900 "-" "WordPress/7.0.2; https://www.ensaco.es"
34.170.6.187 - - [02/Aug/2026:10:16:14 +0200] "GET /robots.txt HTTP/1.1" 301 6964 "-" "Mozilla/5.0 (compatible; LyonlBot/1.0; +https://lyonl.com/bot.html)"
34.170.6.187 - - [02/Aug/2026:10:16:16 +0200] "GET /robots.txt HTTP/1.1" 200 7962 "-" "Mozilla/5.0 (compatible; LyonlBot/1.0; +https://lyonl.com/bot.html)"
84.236.228.59 - - [02/Aug/2026:10:16:38 +0200] "POST /wp-cron.php?doing_wp_cron=1785658598.4800410270690917968750 HTTP/1.1" 200 6900 "-" "WordPress/7.0.2; https://www.ensaco.es"
34.170.6.187 - - [02/Aug/2026:10:16:36 +0200] "GET / HTTP/1.1" 301 6954 "-" "Mozilla/5.0 (compatible; LyonlBot/1.0; +https://lyonl.com/bot.html)"
34.170.6.187 - - [02/Aug/2026:10:16:38 +0200] "GET / HTTP/1.1" 500 269645 "-" "Mozilla/5.0 (compatible; LyonlBot/1.0; +https://lyonl.com/bot.html)"
84.236.228.59 - - [02/Aug/2026:10:17:35 +0200] "POST /wp-cron.php?doing_wp_cron=1785658654.9282178878784179687500 HTTP/1.1" 200 6900 "-" "WordPress/7.0.2; https://www.ensaco.es"
34.196.51.17 - - [02/Aug/2026:10:17:32 +0200] "HEAD / HTTP/1.1" 200 7073 "https://www.ensaco.es/" "WPMUDEV Uptime Monitor 5.0 (https://wpmudev.com)"
43.130.101.151 - - [02/Aug/2026:10:18:25 +0200] "GET /domotica-para-personas-mayores/ HTTP/1.1" 500 359293 "-" "Mozilla/5.0 (iPhone; CPU iPhone OS 13_2_3 like Mac OS X) AppleWebKit/605.1.15 (KHTML, like Gecko) Version/13.0.3 Mobile/15E148 Safari/604.1"
84.236.228.59 - - [02/Aug/2026:10:19:17 +0200] "POST /wp-cron.php?doing_wp_cron=1785658757.3136699199676513671875 HTTP/1.1" 200 6900 "-" "WordPress/7.0.2; https://www.ensaco.es"
34.170.6.187 - - [02/Aug/2026:10:19:15 +0200] "GET / HTTP/1.1" 301 6954 "-" "Mozilla/5.0 (compatible; LyonlBot/1.0; +https://lyonl.com/bot.html)"
34.170.6.187 - - [02/Aug/2026:10:19:17 +0200] "GET / HTTP/1.1" 500 269651 "-" "Mozilla/5.0 (compatible; LyonlBot/1.0; +https://lyonl.com/bot.html)"
84.236.228.59 - - [02/Aug/2026:10:19:37 +0200] "POST /wp-cron.php?doing_wp_cron=1785658777.0896480083465576171875 HTTP/1.1" 200 6900 "-" "WordPress/7.0.2; https://www.ensaco.es"
34.196.51.17 - - [02/Aug/2026:10:19:35 +0200] "HEAD / HTTP/1.1" 200 7073 "https://www.ensaco.es/" "WPMUDEV Uptime Monitor 5.0 (https://wpmudev.com)"
84.236.228.59 - - [02/Aug/2026:10:21:11 +0200] "POST /wp-cron.php?doing_wp_cron=1785658871.6692988872528076171875 HTTP/1.1" 200 6900 "-" "WordPress/7.0.2; https://www.ensaco.es"
195.35.49.152 - - [02/Aug/2026:10:21:09 +0200] "HEAD /iluminacion-inteligente-funciones/ HTTP/1.1" 200 7080 "https://conectatuhogar.com" "WPMU DEV Broken Link Checker Local Engine"
84.236.228.59 - - [02/Aug/2026:10:21:35 +0200] "POST /wp-cron.php?doing_wp_cron=1785658895.1061489582061767578125 HTTP/1.1" 200 6900 "-" "WordPress/7.0.2; https://www.ensaco.es"
34.196.51.17 - - [02/Aug/2026:10:21:32 +0200] "HEAD / HTTP/1.1" 200 7073 "https://www.ensaco.es/" "WPMUDEV Uptime Monitor 5.0 (https://wpmudev.com)"
34.170.6.187 - - [02/Aug/2026:10:22:19 +0200] "GET /robots.txt HTTP/1.1" 301 6964 "-" "Mozilla/5.0 (compatible; LyonlBot/1.0; +https://lyonl.com/bot.html)"
34.170.6.187 - - [02/Aug/2026:10:22:21 +0200] "GET /robots.txt HTTP/1.1" 200 7962 "-" "Mozilla/5.0 (compatible; LyonlBot/1.0; +https://lyonl.com/bot.html)"
84.236.228.59 - - [02/Aug/2026:10:22:40 +0200] "POST /wp-cron.php?doing_wp_cron=1785658959.9087769985198974609375 HTTP/1.1" 200 6900 "-" "WordPress/7.0.2; https://www.ensaco.es"
34.170.6.187 - - [02/Aug/2026:10:22:37 +0200] "GET / HTTP/1.1" 301 6954 "-" "Mozilla/5.0 (compatible; LyonlBot/1.0; +https://lyonl.com/bot.html)"
34.170.6.187 - - [02/Aug/2026:10:22:40 +0200] "GET / HTTP/1.1" 500 269645 "-" "Mozilla/5.0 (compatible; LyonlBot/1.0; +https://lyonl.com/bot.html)"
34.170.6.187 - - [02/Aug/2026:10:22:47 +0200] "GET /robots.txt HTTP/1.1" 301 6964 "-" "Mozilla/5.0 (compatible; LyonlBot/1.0; +https://lyonl.com/bot.html)"
34.170.6.187 - - [02/Aug/2026:10:22:49 +0200] "GET /robots.txt HTTP/1.1" 200 7962 "-" "Mozilla/5.0 (compatible; LyonlBot/1.0; +https://lyonl.com/bot.html)"
216.244.66.250 - - [02/Aug/2026:10:22:59 +0200] "GET /robots.txt HTTP/1.1" 200 8865 "-" "Mozilla/5.0 (compatible; DotBot/1.2; +https://opensiteexplorer.org/dotbot; help@moz.com)"
34.170.6.187 - - [02/Aug/2026:10:23:09 +0200] "GET / HTTP/1.1" 301 6954 "-" "Mozilla/5.0 (compatible; LyonlBot/1.0; +https://lyonl.com/bot.html)"
34.170.6.187 - - [02/Aug/2026:10:23:11 +0200] "GET / HTTP/1.1" 500 269651 "-" "Mozilla/5.0 (compatible; LyonlBot/1.0; +https://lyonl.com/bot.html)"
84.236.228.59 - - [02/Aug/2026:10:23:36 +0200] "POST /wp-cron.php?doing_wp_cron=1785659016.8034369945526123046875 HTTP/1.1" 200 6900 "-" "WordPress/7.0.2; https://www.ensaco.es"
34.196.51.17 - - [02/Aug/2026:10:23:34 +0200] "HEAD / HTTP/1.1" 200 7073 "https://www.ensaco.es/" "WPMUDEV Uptime Monitor 5.0 (https://wpmudev.com)"
84.236.228.59 - - [02/Aug/2026:10:25:35 +0200] "POST /wp-cron.php?doing_wp_cron=1785659135.6937630176544189453125 HTTP/1.1" 200 6900 "-" "WordPress/7.0.2; https://www.ensaco.es"
34.196.51.17 - - [02/Aug/2026:10:25:32 +0200] "HEAD / HTTP/1.1" 200 7073 "https://www.ensaco.es/" "WPMUDEV Uptime Monitor 5.0 (https://wpmudev.com)"
