66.249.64.45 - - [02/Aug/2026:08:47:08 +0200] "GET /ads.txt HTTP/1.1" 500 266948 "-" "Mozilla/5.0 (compatible; Googlebot/2.1; +http://www.google.com/bot.html)"
84.236.228.59 - - [02/Aug/2026:08:47:11 +0200] "HEAD /wp-content/uploads/2020/11/siripng.png HTTP/1.1" 200 6962 "https://www.ensaco.es" "WPMU DEV Broken Link Checker Local Engine"
84.236.228.59 - - [02/Aug/2026:08:47:16 +0200] "HEAD /wp-content/uploads/2018/03/smart-home-2769238_640.jpg HTTP/1.1" 200 6963 "https://www.ensaco.es" "WPMU DEV Broken Link Checker Local Engine"
84.236.228.59 - - [02/Aug/2026:08:47:21 +0200] "HEAD /5-soluciones-domoticas-para-la-cocina-de-tus-suenos/ HTTP/1.1" 200 7080 "https://www.ensaco.es" "WPMU DEV Broken Link Checker Local Engine"
84.236.228.59 - - [02/Aug/2026:08:47:29 +0200] "HEAD /wp-content/uploads/2019/02/DBDA0384-3F26-4BCF-88F9-C455F648F62E.jpeg HTTP/1.1" 200 6965 "https://www.ensaco.es" "WPMU DEV Broken Link Checker Local Engine"
34.196.51.17 - - [02/Aug/2026:08:47:27 +0200] "HEAD / HTTP/1.1" 200 7073 "https://www.ensaco.es/" "WPMUDEV Uptime Monitor 5.0 (https://wpmudev.com)"
84.236.228.59 - - [02/Aug/2026:08:47:31 +0200] "HEAD /wp-content/uploads/2024/10/soporte-tecnico_BASICO.png HTTP/1.1" 200 6962 "https://www.ensaco.es" "WPMU DEV Broken Link Checker Local Engine"
84.236.228.59 - - [02/Aug/2026:08:47:36 +0200] "HEAD /wp-content/uploads/2019/05/beach-freedom-friendship-1387037.jpg HTTP/1.1" 200 6963 "https://www.ensaco.es" "WPMU DEV Broken Link Checker Local Engine"
84.236.228.59 - - [02/Aug/2026:08:47:41 +0200] "HEAD /wp-content/uploads/2018/08/Como-funciona-una-estufa-pellet.png HTTP/1.1" 200 6964 "https://www.ensaco.es" "WPMU DEV Broken Link Checker Local Engine"
84.236.228.59 - - [02/Aug/2026:08:47:46 +0200] "HEAD /wp-content/uploads/woocommerce-placeholder-300x300.png HTTP/1.1" 200 6960 "https://www.ensaco.es" "WPMU DEV Broken Link Checker Local Engine"
84.236.228.59 - - [02/Aug/2026:08:47:51 +0200] "HEAD /wp-content/uploads/2024/01/iluminacion-1.jpg HTTP/1.1" 200 6963 "https://www.ensaco.es" "WPMU DEV Broken Link Checker Local Engine"
84.236.228.59 - - [02/Aug/2026:08:47:56 +0200] "HEAD /wp-content/uploads/2021/04/pexels-energepiccom-110469-scaled.jpg HTTP/1.1" 200 6965 "https://www.ensaco.es" "WPMU DEV Broken Link Checker Local Engine"
84.236.228.59 - - [02/Aug/2026:08:48:01 +0200] "HEAD /wp-content/uploads/2019/02/15-Centro.jpg HTTP/1.1" 200 6964 "https://www.ensaco.es" "WPMU DEV Broken Link Checker Local Engine"
84.236.228.59 - - [02/Aug/2026:08:48:06 +0200] "HEAD /wp-content/uploads/2019/05/adult-beach-beautiful-787472.jpg HTTP/1.1" 200 6963 "https://www.ensaco.es" "WPMU DEV Broken Link Checker Local Engine"
84.236.228.59 - - [02/Aug/2026:08:48:11 +0200] "HEAD /wp-content/uploads/2024/04/sombreado.png HTTP/1.1" 200 6964 "https://www.ensaco.es" "WPMU DEV Broken Link Checker Local Engine"
84.236.228.59 - - [02/Aug/2026:08:48:16 +0200] "HEAD /wp-content/uploads/2024/04/ACCESO-1.png HTTP/1.1" 200 6962 "https://www.ensaco.es" "WPMU DEV Broken Link Checker Local Engine"
84.236.228.59 - - [02/Aug/2026:08:48:29 +0200] "POST /wp-cron.php?doing_wp_cron=1785653309.7771730422973632812500 HTTP/1.1" 200 6900 "-" "WordPress/7.0.2; https://www.ensaco.es"
84.236.228.59 - - [02/Aug/2026:08:48:21 +0200] "HEAD /automatizacion HTTP/1.1" 301 6950 "https://www.ensaco.es" "WPMU DEV Broken Link Checker Local Engine"
84.236.228.59 - - [02/Aug/2026:08:48:35 +0200] "HEAD /wp-content/uploads/2018/05/Seguridad-y-dom%C3%B3tica-Loxone2..jpg HTTP/1.1" 200 6963 "https://www.ensaco.es" "WPMU DEV Broken Link Checker Local Engine"
84.236.228.59 - - [02/Aug/2026:08:48:36 +0200] "HEAD /wp-content/uploads/2021/06/pexels-mike-110844.jpg HTTP/1.1" 200 6965 "https://www.ensaco.es" "WPMU DEV Broken Link Checker Local Engine"
84.236.228.59 - - [02/Aug/2026:08:48:39 +0200] "HEAD /wp-content/uploads/2018/05/biomasa_subvenciones.jpg HTTP/1.1" 200 6963 "https://www.ensaco.es" "WPMU DEV Broken Link Checker Local Engine"
84.236.228.59 - - [02/Aug/2026:08:48:41 +0200] "HEAD /wp-content/uploads/2021/03/pexels-dids-5499557.jpg HTTP/1.1" 200 6963 "https://www.ensaco.es" "WPMU DEV Broken Link Checker Local Engine"
84.236.228.59 - - [02/Aug/2026:08:48:46 +0200] "HEAD /wp-content/uploads/2024/01/climatizacion.jpg HTTP/1.1" 200 6963 "https://www.ensaco.es" "WPMU DEV Broken Link Checker Local Engine"
84.236.228.59 - - [02/Aug/2026:08:48:51 +0200] "HEAD /wp-content/uploads/2017/09/grafica4.jpg HTTP/1.1" 200 6964 "https://www.ensaco.es" "WPMU DEV Broken Link Checker Local Engine"
84.236.228.59 - - [02/Aug/2026:08:48:56 +0200] "HEAD /wp-content/uploads/2018/07/Seguridad-en-vacaciones2.jpg HTTP/1.1" 200 6963 "https://www.ensaco.es" "WPMU DEV Broken Link Checker Local Engine"
84.236.228.59 - - [02/Aug/2026:08:49:01 +0200] "HEAD /wp-content/uploads/2024/01/touch-air-antracita-300x300.png HTTP/1.1" 200 6962 "https://www.ensaco.es" "WPMU DEV Broken Link Checker Local Engine"
84.236.228.59 - - [02/Aug/2026:08:49:06 +0200] "HEAD /wp-content/uploads/2020/07/automatizacion-hoteles4.jpg HTTP/1.1" 200 6963 "https://www.ensaco.es" "WPMU DEV Broken Link Checker Local Engine"
84.236.228.59 - - [02/Aug/2026:08:49:11 +0200] "HEAD /wp-content/uploads/2019/08/bedroom-door-entrance-271639.jpg HTTP/1.1" 200 6963 "https://www.ensaco.es" "WPMU DEV Broken Link Checker Local Engine"
84.236.228.59 - - [02/Aug/2026:08:49:16 +0200] "HEAD /wp-content/uploads/2019/04/dom%C3%B3tica-para-la-cocina2.jpg HTTP/1.1" 200 6963 "https://www.ensaco.es" "WPMU DEV Broken Link Checker Local Engine"
84.236.228.59 - - [02/Aug/2026:08:49:21 +0200] "HEAD /producto/camara-ip-8mp-cableada/ HTTP/1.1" 200 7082 "https://www.ensaco.es" "WPMU DEV Broken Link Checker Local Engine"
84.236.228.59 - - [02/Aug/2026:08:49:26 +0200] "POST /wp-cron.php?doing_wp_cron=1785653366.5325379371643066406250 HTTP/1.1" 200 6900 "-" "WordPress/7.0.2; https://www.ensaco.es"
15.237.195.209 - - [02/Aug/2026:08:49:21 +0200] "GET /robots.txt HTTP/1.1" 200 7962 "-" "Mozilla/5.0 (Macintosh; Intel Mac OS X 10_15_7) AppleWebKit/605.1.15 (KHTML, like Gecko) Version/17.4 Safari/605.1.15"
84.236.228.59 - - [02/Aug/2026:08:49:31 +0200] "HEAD /wp-content/uploads/2020/10/sistemas-inteligentes-en-gimnasios.jpg HTTP/1.1" 200 6964 "https://www.ensaco.es" "WPMU DEV Broken Link Checker Local Engine"
84.236.228.59 - - [02/Aug/2026:08:49:33 +0200] "HEAD /wp-content/uploads/2019/09/iluminaci%C3%B3n-inteligente.jpg HTTP/1.1" 200 6963 "https://www.ensaco.es" "WPMU DEV Broken Link Checker Local Engine"
95.108.213.162 - - [02/Aug/2026:08:49:25 +0200] "GET /robots.txt HTTP/1.1" 200 8865 "-" "Mozilla/5.0 (compatible; YandexBot/3.0; +http://yandex.com/bots)"
15.237.195.209 - - [02/Aug/2026:08:49:27 +0200] "GET / HTTP/1.1" 500 269645 "-" "Mozilla/5.0 (Macintosh; Intel Mac OS X 10_15_7) AppleWebKit/605.1.15 (KHTML, like Gecko) Version/17.4 Safari/605.1.15"
84.236.228.59 - - [02/Aug/2026:08:49:36 +0200] "HEAD /wp-content/uploads/2019/02/pexels-photo-54547.jpeg HTTP/1.1" 200 6963 "https://www.ensaco.es" "WPMU DEV Broken Link Checker Local Engine"
34.196.51.17 - - [02/Aug/2026:08:49:31 +0200] "HEAD / HTTP/1.1" 200 7073 "https://www.ensaco.es/" "WPMUDEV Uptime Monitor 5.0 (https://wpmudev.com)"
84.236.228.59 - - [02/Aug/2026:08:49:41 +0200] "HEAD /producto/plan-soporte-premium/ HTTP/1.1" 200 7082 "https://www.ensaco.es" "WPMU DEV Broken Link Checker Local Engine"
84.236.228.59 - - [02/Aug/2026:08:49:50 +0200] "HEAD /wp-content/uploads/2019/02/Soluciones-dom%C3%B3ticas-para-casas-con-ni%C3%B1os.png HTTP/1.1" 200 6964 "https://www.ensaco.es" "WPMU DEV Broken Link Checker Local Engine"
84.236.228.59 - - [02/Aug/2026:08:49:52 +0200] "HEAD /wp-content/uploads/2019/10/Soluciones-para-empresas-inteligentes3.jpg HTTP/1.1" 200 6963 "https://www.ensaco.es" "WPMU DEV Broken Link Checker Local Engine"
84.236.228.59 - - [02/Aug/2026:08:49:56 +0200] "HEAD /wp-content/uploads/2019/03/pexels-photo-1776134.jpeg HTTP/1.1" 200 6963 "https://www.ensaco.es" "WPMU DEV Broken Link Checker Local Engine"
84.236.228.59 - - [02/Aug/2026:08:50:01 +0200] "HEAD /wp-content/uploads/2019/06/architecture-building-chairs-2034335.jpg HTTP/1.1" 200 6964 "https://www.ensaco.es" "WPMU DEV Broken Link Checker Local Engine"
84.236.228.59 - - [02/Aug/2026:08:50:06 +0200] "HEAD /solucion/control/ HTTP/1.1" 200 7036 "https://www.ensaco.es" "WPMU DEV Broken Link Checker Local Engine"
84.236.228.59 - - [02/Aug/2026:08:50:14 +0200] "HEAD /wp-content/uploads/2024/04/control.png HTTP/1.1" 200 6964 "https://www.ensaco.es" "WPMU DEV Broken Link Checker Local Engine"
84.236.228.59 - - [02/Aug/2026:08:50:16 +0200] "HEAD /producto/programacion/ HTTP/1.1" 200 7082 "https://www.ensaco.es" "WPMU DEV Broken Link Checker Local Engine"
84.236.228.59 - - [02/Aug/2026:08:50:24 +0200] "HEAD /wp-content/uploads/2024/01/NUKI-PRO-300x300.jpg HTTP/1.1" 200 6961 "https://www.ensaco.es" "WPMU DEV Broken Link Checker Local Engine"
84.236.228.59 - - [02/Aug/2026:08:50:26 +0200] "HEAD /wp-content/uploads/2021/04/pexels-quark-studio-2506990.jpg HTTP/1.1" 200 6965 "https://www.ensaco.es" "WPMU DEV Broken Link Checker Local Engine"
84.236.228.59 - - [02/Aug/2026:08:50:31 +0200] "HEAD /wp-content/uploads/2018/07/Turismo-sostenible-con-calderas-de-biomasa-2.jpg HTTP/1.1" 200 6965 "https://www.ensaco.es" "WPMU DEV Broken Link Checker Local Engine"
84.236.228.59 - - [02/Aug/2026:08:50:36 +0200] "HEAD /wp-content/uploads/2018/08/Dom%C3%B3tica-para-ni%C3%B1os-1.jpg HTTP/1.1" 200 6963 "https://www.ensaco.es" "WPMU DEV Broken Link Checker Local Engine"
84.236.228.59 - - [02/Aug/2026:08:50:45 +0200] "POST /wp-cron.php?doing_wp_cron=1785653445.0353810787200927734375 HTTP/1.1" 200 6900 "-" "WordPress/7.0.2; https://www.ensaco.es"
84.236.228.59 - - [02/Aug/2026:08:50:41 +0200] "HEAD /producto/plan-soporte-basico/ HTTP/1.1" 200 7082 "https://www.ensaco.es" "WPMU DEV Broken Link Checker Local Engine"
84.236.228.59 - - [02/Aug/2026:08:50:50 +0200] "HEAD /wp-content/uploads/2017/09/alarmas.jpg HTTP/1.1" 200 6963 "https://www.ensaco.es" "WPMU DEV Broken Link Checker Local Engine"
84.236.228.59 - - [02/Aug/2026:08:50:51 +0200] "POST /wp-cron.php?doing_wp_cron=1785653451.0949249267578125000000 HTTP/1.1" 200 6900 "-" "WordPress/7.0.2; https://www.ensaco.es"
17.22.237.20 - - [02/Aug/2026:08:50:43 +0200] "GET /tips/page/10/ HTTP/1.1" 500 266958 "-" "Mozilla/5.0 (Macintosh; Intel Mac OS X 10_15_7) AppleWebKit/605.1.15 (KHTML, like Gecko) Version/17.4 Safari/605.1.15 (Applebot/0.1; +http://www.apple.com/go/applebot)"
84.236.228.59 - - [02/Aug/2026:08:50:52 +0200] "HEAD /wp-content/uploads/2021/05/pexels-snapwire-9422.jpg HTTP/1.1" 200 6963 "https://www.ensaco.es" "WPMU DEV Broken Link Checker Local Engine"
176.220.150.12 - - [02/Aug/2026:08:50:51 +0200] "GET /favicon.ico HTTP/1.1" 302 8480 "https://www.ensaco.es/" "Mozilla/5.0 (Linux; Android 10; K) AppleWebKit/537.36 (KHTML, like Gecko) Chrome/150.0.0.0 Mobile Safari/537.36"
176.220.150.12 - - [02/Aug/2026:08:50:56 +0200] "GET /wp-content/uploads/2019/12/hoja-azul-100x100.png HTTP/1.1" 200 6962 "https://www.ensaco.es/" "Mozilla/5.0 (Linux; Android 10; K) AppleWebKit/537.36 (KHTML, like Gecko) Chrome/150.0.0.0 Mobile Safari/537.36"
84.236.228.59 - - [02/Aug/2026:08:50:56 +0200] "HEAD /contacto HTTP/1.1" 301 6944 "https://www.ensaco.es" "WPMU DEV Broken Link Checker Local Engine"
84.236.228.59 - - [02/Aug/2026:08:51:04 +0200] "HEAD /solucion/piscina-y-jardin/ HTTP/1.1" 200 7036 "https://www.ensaco.es" "WPMU DEV Broken Link Checker Local Engine"
84.236.228.59 - - [02/Aug/2026:08:51:15 +0200] "HEAD /wp-content/uploads/2021/02/pexels-helena-lopes-4773611.jpg HTTP/1.1" 200 6965 "https://www.ensaco.es" "WPMU DEV Broken Link Checker Local Engine"
34.196.51.17 - - [02/Aug/2026:08:51:30 +0200] "HEAD / HTTP/1.1" 200 7073 "https://www.ensaco.es/" "WPMUDEV Uptime Monitor 5.0 (https://wpmudev.com)"
84.236.228.59 - - [02/Aug/2026:08:52:43 +0200] "POST /wp-cron.php?doing_wp_cron=1785653563.1949980258941650390625 HTTP/1.1" 200 6900 "-" "WordPress/7.0.2; https://www.ensaco.es"
216.244.66.250 - - [02/Aug/2026:08:52:39 +0200] "GET /robots.txt HTTP/1.1" 200 8865 "-" "Mozilla/5.0 (compatible; DotBot/1.2; +https://opensiteexplorer.org/dotbot; help@moz.com)"
84.236.228.59 - - [02/Aug/2026:08:53:38 +0200] "POST /wp-cron.php?doing_wp_cron=1785653617.8461918830871582031250 HTTP/1.1" 200 6900 "-" "WordPress/7.0.2; https://www.ensaco.es"
34.196.51.17 - - [02/Aug/2026:08:53:30 +0200] "HEAD / HTTP/1.1" 200 7073 "https://www.ensaco.es/" "WPMUDEV Uptime Monitor 5.0 (https://wpmudev.com)"
17.22.245.56 - - [02/Aug/2026:08:53:45 +0200] "GET /wp-content/plugins/woocommerce/assets/css/woocommerce.css HTTP/1.1" 200 6969 "https://www.ensaco.es/tips/page/10/" "Mozilla/5.0 (Macintosh; Intel Mac OS X 10_15_7) AppleWebKit/605.1.15 (KHTML, like Gecko) Version/17.4 Safari/605.1.15 (Applebot/0.1; +http://www.apple.com/go/applebot)"
17.22.245.56 - - [02/Aug/2026:08:53:46 +0200] "GET /wp-content/plugins/cookie-law-info/legacy/public/css/cookie-law-info-public.css HTTP/1.1" 200 6991 "https://www.ensaco.es/tips/page/10/" "Mozilla/5.0 (Macintosh; Intel Mac OS X 10_15_7) AppleWebKit/605.1.15 (KHTML, like Gecko) Version/17.4 Safari/605.1.15 (Applebot/0.1; +http://www.apple.com/go/applebot)"
17.22.245.56 - - [02/Aug/2026:08:53:47 +0200] "GET /wp-content/plugins/woocommerce/assets/css/woocommerce-layout.css HTTP/1.1" 200 6976 "https://www.ensaco.es/tips/page/10/" "Mozilla/5.0 (Macintosh; Intel Mac OS X 10_15_7) AppleWebKit/605.1.15 (KHTML, like Gecko) Version/17.4 Safari/605.1.15 (Applebot/0.1; +http://www.apple.com/go/applebot)"
17.22.245.56 - - [02/Aug/2026:08:53:49 +0200] "GET /wp-content/plugins/cookie-law-info/legacy/public/css/cookie-law-info-gdpr.css HTTP/1.1" 200 6989 "https://www.ensaco.es/tips/page/10/" "Mozilla/5.0 (Macintosh; Intel Mac OS X 10_15_7) AppleWebKit/605.1.15 (KHTML, like Gecko) Version/17.4 Safari/605.1.15 (Applebot/0.1; +http://www.apple.com/go/applebot)"
17.22.245.56 - - [02/Aug/2026:08:53:50 +0200] "GET /wp-content/plugins/woo-product-bundle/assets/css/blocks.css HTTP/1.1" 200 6971 "https://www.ensaco.es/tips/page/10/" "Mozilla/5.0 (Macintosh; Intel Mac OS X 10_15_7) AppleWebKit/605.1.15 (KHTML, like Gecko) Version/17.4 Safari/605.1.15 (Applebot/0.1; +http://www.apple.com/go/applebot)"
17.22.245.56 - - [02/Aug/2026:08:53:52 +0200] "GET /wp-content/plugins/pago-redsys-tpv-grafreak/public/css/pago-redsys-grafreak-public.css HTTP/1.1" 200 6998 "https://www.ensaco.es/tips/page/10/" "Mozilla/5.0 (Macintosh; Intel Mac OS X 10_15_7) AppleWebKit/605.1.15 (KHTML, like Gecko) Version/17.4 Safari/605.1.15 (Applebot/0.1; +http://www.apple.com/go/applebot)"
17.22.245.56 - - [02/Aug/2026:08:53:53 +0200] "GET /wp-content/plugins/bb-plugin/fonts/fontawesome/5.15.4/css/all.min.css HTTP/1.1" 200 6981 "https://www.ensaco.es/tips/page/10/" "Mozilla/5.0 (Macintosh; Intel Mac OS X 10_15_7) AppleWebKit/605.1.15 (KHTML, like Gecko) Version/17.4 Safari/605.1.15 (Applebot/0.1; +http://www.apple.com/go/applebot)"
17.22.245.56 - - [02/Aug/2026:08:53:55 +0200] "GET /wp-content/plugins/woo-product-bundle/assets/css/frontend.css HTTP/1.1" 200 6973 "https://www.ensaco.es/tips/page/10/" "Mozilla/5.0 (Macintosh; Intel Mac OS X 10_15_7) AppleWebKit/605.1.15 (KHTML, like Gecko) Version/17.4 Safari/605.1.15 (Applebot/0.1; +http://www.apple.com/go/applebot)"
17.22.245.56 - - [02/Aug/2026:08:53:56 +0200] "GET /wp-content/themes/bb-theme/css/bootstrap.min.css HTTP/1.1" 200 6960 "https://www.ensaco.es/tips/page/10/" "Mozilla/5.0 (Macintosh; Intel Mac OS X 10_15_7) AppleWebKit/605.1.15 (KHTML, like Gecko) Version/17.4 Safari/605.1.15 (Applebot/0.1; +http://www.apple.com/go/applebot)"
17.22.245.56 - - [02/Aug/2026:08:53:57 +0200] "GET /wp-content/plugins/woocommerce/assets/css/woocommerce-smallscreen.css HTTP/1.1" 200 6981 "https://www.ensaco.es/tips/page/10/" "Mozilla/5.0 (Macintosh; Intel Mac OS X 10_15_7) AppleWebKit/605.1.15 (KHTML, like Gecko) Version/17.4 Safari/605.1.15 (Applebot/0.1; +http://www.apple.com/go/applebot)"
17.22.237.41 - - [02/Aug/2026:08:54:46 +0200] "GET /ekplus/5-4/ HTTP/1.1" 301 7191 "-" "Mozilla/5.0 (Macintosh; Intel Mac OS X 10_15_7) AppleWebKit/605.1.15 (KHTML, like Gecko) Version/17.4 Safari/605.1.15 (Applebot/0.1; +http://www.apple.com/go/applebot)"
84.236.228.59 - - [02/Aug/2026:08:54:54 +0200] "POST /wp-cron.php?doing_wp_cron=1785653694.2115108966827392578125 HTTP/1.1" 200 6900 "-" "WordPress/7.0.2; https://www.ensaco.es"
17.22.237.41 - - [02/Aug/2026:08:54:47 +0200] "GET /eficiencia-energetica/5-4/ HTTP/1.1" 301 6988 "-" "Mozilla/5.0 (Macintosh; Intel Mac OS X 10_15_7) AppleWebKit/605.1.15 (KHTML, like Gecko) Version/17.4 Safari/605.1.15 (Applebot/0.1; +http://www.apple.com/go/applebot)"
17.22.237.41 - - [02/Aug/2026:08:54:54 +0200] "GET /wp-content/uploads/2017/10/5-2.png HTTP/1.1" 200 6948 "-" "Mozilla/5.0 (Macintosh; Intel Mac OS X 10_15_7) AppleWebKit/605.1.15 (KHTML, like Gecko) Version/17.4 Safari/605.1.15 (Applebot/0.1; +http://www.apple.com/go/applebot)"
52.47.209.116 - - [02/Aug/2026:08:55:11 +0200] "GET /wp-content/plugins/cookie-law-info/legacy/public/css/cookie-law-info-gdpr.css HTTP/1.1" 200 6989 "https://www.ensaco.es/" "Mozilla/5.0 (Macintosh; Intel Mac OS X 10_15_7) AppleWebKit/605.1.15 (KHTML, like Gecko) Version/17.4 Safari/605.1.15"
52.47.209.116 - - [02/Aug/2026:08:55:12 +0200] "GET /wp-content/plugins/woocommerce/assets/css/woocommerce.css HTTP/1.1" 200 6969 "https://www.ensaco.es/" "Mozilla/5.0 (Macintosh; Intel Mac OS X 10_15_7) AppleWebKit/605.1.15 (KHTML, like Gecko) Version/17.4 Safari/605.1.15"
52.47.209.116 - - [02/Aug/2026:08:55:13 +0200] "GET /wp-content/plugins/woocommerce/assets/css/woocommerce-layout.css HTTP/1.1" 200 6976 "https://www.ensaco.es/" "Mozilla/5.0 (Macintosh; Intel Mac OS X 10_15_7) AppleWebKit/605.1.15 (KHTML, like Gecko) Version/17.4 Safari/605.1.15"
52.47.209.116 - - [02/Aug/2026:08:55:15 +0200] "GET /wp-content/plugins/pago-redsys-tpv-grafreak/public/css/pago-redsys-grafreak-public.css HTTP/1.1" 200 6998 "https://www.ensaco.es/" "Mozilla/5.0 (Macintosh; Intel Mac OS X 10_15_7) AppleWebKit/605.1.15 (KHTML, like Gecko) Version/17.4 Safari/605.1.15"
52.47.209.116 - - [02/Aug/2026:08:55:16 +0200] "GET /wp-content/plugins/woo-product-bundle/assets/css/blocks.css HTTP/1.1" 200 6971 "https://www.ensaco.es/" "Mozilla/5.0 (Macintosh; Intel Mac OS X 10_15_7) AppleWebKit/605.1.15 (KHTML, like Gecko) Version/17.4 Safari/605.1.15"
52.47.209.116 - - [02/Aug/2026:08:55:17 +0200] "GET /wp-content/plugins/cookie-law-info/legacy/public/css/cookie-law-info-public.css HTTP/1.1" 200 6991 "https://www.ensaco.es/" "Mozilla/5.0 (Macintosh; Intel Mac OS X 10_15_7) AppleWebKit/605.1.15 (KHTML, like Gecko) Version/17.4 Safari/605.1.15"
52.47.209.116 - - [02/Aug/2026:08:55:19 +0200] "GET /wp-content/plugins/bb-plugin/fonts/fontawesome/5.15.4/css/all.min.css HTTP/1.1" 200 6981 "https://www.ensaco.es/" "Mozilla/5.0 (Macintosh; Intel Mac OS X 10_15_7) AppleWebKit/605.1.15 (KHTML, like Gecko) Version/17.4 Safari/605.1.15"
52.47.209.116 - - [02/Aug/2026:08:55:20 +0200] "GET /wp-content/plugins/woo-product-bundle/assets/css/frontend.css HTTP/1.1" 200 6973 "https://www.ensaco.es/" "Mozilla/5.0 (Macintosh; Intel Mac OS X 10_15_7) AppleWebKit/605.1.15 (KHTML, like Gecko) Version/17.4 Safari/605.1.15"
52.47.209.116 - - [02/Aug/2026:08:55:22 +0200] "GET /wp-content/plugins/bb-plugin/css/jquery.magnificpopup.min.css HTTP/1.1" 200 6973 "https://www.ensaco.es/" "Mozilla/5.0 (Macintosh; Intel Mac OS X 10_15_7) AppleWebKit/605.1.15 (KHTML, like Gecko) Version/17.4 Safari/605.1.15"
52.47.209.116 - - [02/Aug/2026:08:55:23 +0200] "GET /wp-content/themes/bb-theme/css/bootstrap.min.css HTTP/1.1" 200 6960 "https://www.ensaco.es/" "Mozilla/5.0 (Macintosh; Intel Mac OS X 10_15_7) AppleWebKit/605.1.15 (KHTML, like Gecko) Version/17.4 Safari/605.1.15"
52.47.209.116 - - [02/Aug/2026:08:55:24 +0200] "GET /wp-content/plugins/woocommerce/assets/css/woocommerce-smallscreen.css HTTP/1.1" 200 6981 "https://www.ensaco.es/" "Mozilla/5.0 (Macintosh; Intel Mac OS X 10_15_7) AppleWebKit/605.1.15 (KHTML, like Gecko) Version/17.4 Safari/605.1.15"
84.236.228.59 - - [02/Aug/2026:08:55:34 +0200] "POST /wp-cron.php?doing_wp_cron=1785653734.4410369396209716796875 HTTP/1.1" 200 6900 "-" "WordPress/7.0.2; https://www.ensaco.es"
34.196.51.17 - - [02/Aug/2026:08:55:31 +0200] "HEAD / HTTP/1.1" 200 7073 "https://www.ensaco.es/" "WPMUDEV Uptime Monitor 5.0 (https://wpmudev.com)"
84.236.228.59 - - [02/Aug/2026:08:57:15 +0200] "POST /wp-cron.php?doing_wp_cron=1785653834.9644210338592529296875 HTTP/1.1" 200 6900 "-" "WordPress/7.0.2; https://www.ensaco.es"
85.208.96.205 - - [02/Aug/2026:08:57:03 +0200] "GET /robots.txt HTTP/1.1" 200 7962 "-" "Mozilla/5.0 (compatible; SemrushBot/7~bl; +http://www.semrush.com/bot.html)"
185.191.171.3 - - [02/Aug/2026:08:57:15 +0200] "GET /automatizar-huerto-jardin/ HTTP/1.1" 500 309274 "-" "Mozilla/5.0 (compatible; SemrushBot/7~bl; +http://www.semrush.com/bot.html)"
216.244.66.250 - - [02/Aug/2026:08:57:20 +0200] "GET /ideas-para-hacer-tu-casa-mas-inteligente/ HTTP/1.1" 500 311300 "-" "Mozilla/5.0 (compatible; DotBot/1.2; +https://opensiteexplorer.org/dotbot; help@moz.com)"
84.236.228.59 - - [02/Aug/2026:08:57:34 +0200] "POST /wp-cron.php?doing_wp_cron=1785653854.8479099273681640625000 HTTP/1.1" 200 6900 "-" "WordPress/7.0.2; https://www.ensaco.es"
34.196.51.17 - - [02/Aug/2026:08:57:32 +0200] "HEAD / HTTP/1.1" 200 7073 "https://www.ensaco.es/" "WPMUDEV Uptime Monitor 5.0 (https://wpmudev.com)"
142.250.32.33 - - [02/Aug/2026:08:57:37 +0200] "GET /.well-known/traffic-advice HTTP/1.1" 500 266964 "-" "Chrome Privacy Preserving Prefetch Proxy"
72.14.201.107 - - [02/Aug/2026:08:57:37 +0200] "GET /producto/contacto-puerta-ventana-air-blanco/ HTTP/1.1" 500 14842 "https://www.google.com/" "Mozilla/5.0 (Windows NT 10.0; Win64; x64) AppleWebKit/537.36 (KHTML, like Gecko) Chrome/150.0.0.0 Safari/537.36"
162.120.188.169 - - [02/Aug/2026:08:57:48 +0200] "GET /producto/contacto-puerta-ventana-air-blanco/ HTTP/1.1" 500 593200 "https://www.google.com/" "Mozilla/5.0 (Windows NT 10.0; Win64; x64) AppleWebKit/537.36 (KHTML, like Gecko) Chrome/150.0.0.0 Safari/537.36"
216.244.66.250 - - [02/Aug/2026:08:59:23 +0200] "GET /wp-content/uploads/2018/03/Instalaciones-para-granjas-2.jpg HTTP/1.1" 200 6974 "-" "Mozilla/5.0 (compatible; DotBot/1.2; +https://opensiteexplorer.org/dotbot; help@moz.com)"
216.244.66.250 - - [02/Aug/2026:08:59:34 +0200] "GET /wp-content/uploads/2019/06/architecture-building-chairs-2034335.jpg HTTP/1.1" 200 6982 "-" "Mozilla/5.0 (compatible; DotBot/1.2; +https://opensiteexplorer.org/dotbot; help@moz.com)"
84.236.228.59 - - [02/Aug/2026:08:59:43 +0200] "POST /wp-cron.php?doing_wp_cron=1785653983.5199370384216308593750 HTTP/1.1" 200 6900 "-" "WordPress/7.0.2; https://www.ensaco.es"
34.196.51.17 - - [02/Aug/2026:08:59:32 +0200] "HEAD / HTTP/1.1" 200 7073 "https://www.ensaco.es/" "WPMUDEV Uptime Monitor 5.0 (https://wpmudev.com)"
57.141.0.39 - - [02/Aug/2026:08:59:29 +0200] "GET /actur/ HTTP/1.1" 500 301059 "-" "Mozilla/5.0 (Windows NT 10.0; Win64; x64) AppleWebKit/537.36 (KHTML, like Gecko) Chrome/145.0.0.0 Safari/537.36 (compatible; meta-webindexer/1.1 (+https://developers.facebook.com/docs/sharing/webmasters/crawler))"
2.139.237.115 - - [02/Aug/2026:08:59:45 +0200] "GET /producto/contacto-puerta-ventana-air-blanco/ HTTP/1.1" 500 593185 "https://www.google.com/" "Mozilla/5.0 (Windows NT 10.0; Win64; x64) AppleWebKit/537.36 (KHTML, like Gecko) Chrome/150.0.0.0 Safari/537.36"
2.139.237.115 - - [02/Aug/2026:08:59:49 +0200] "GET /wp-content/uploads/2024/03/CONTACTB.png HTTP/1.1" 200 6953 "https://www.ensaco.es/producto/contacto-puerta-ventana-air-blanco/" "Mozilla/5.0 (Windows NT 10.0; Win64; x64) AppleWebKit/537.36 (KHTML, like Gecko) Chrome/150.0.0.0 Safari/537.36"
2.139.237.115 - - [02/Aug/2026:08:59:49 +0200] "GET /wp-content/plugins/woocommerce/assets/fonts/WooCommerce.woff2 HTTP/1.1" 200 6975 "https://www.ensaco.es/producto/contacto-puerta-ventana-air-blanco/" "Mozilla/5.0 (Windows NT 10.0; Win64; x64) AppleWebKit/537.36 (KHTML, like Gecko) Chrome/150.0.0.0 Safari/537.36"
2.139.237.115 - - [02/Aug/2026:08:59:49 +0200] "GET /wp-content/plugins/bb-plugin/fonts/fontawesome/5.15.4/webfonts/fa-regular-400.woff2 HTTP/1.1" 200 6997 "https://www.ensaco.es/producto/contacto-puerta-ventana-air-blanco/" "Mozilla/5.0 (Windows NT 10.0; Win64; x64) AppleWebKit/537.36 (KHTML, like Gecko) Chrome/150.0.0.0 Safari/537.36"
2.139.237.115 - - [02/Aug/2026:08:59:49 +0200] "GET /wp-content/plugins/bb-plugin/fonts/fontawesome/5.15.4/webfonts/fa-solid-900.woff2 HTTP/1.1" 200 6995 "https://www.ensaco.es/producto/contacto-puerta-ventana-air-blanco/" "Mozilla/5.0 (Windows NT 10.0; Win64; x64) AppleWebKit/537.36 (KHTML, like Gecko) Chrome/150.0.0.0 Safari/537.36"
2.139.237.115 - - [02/Aug/2026:08:59:49 +0200] "GET /wp-content/plugins/bb-plugin/fonts/fontawesome/5.15.4/webfonts/fa-brands-400.woff2 HTTP/1.1" 200 6996 "https://www.ensaco.es/producto/contacto-puerta-ventana-air-blanco/" "Mozilla/5.0 (Windows NT 10.0; Win64; x64) AppleWebKit/537.36 (KHTML, like Gecko) Chrome/150.0.0.0 Safari/537.36"
2.139.237.115 - - [02/Aug/2026:08:59:50 +0200] "GET /wp-content/smush-webp/2019/12/hoja-azul-100x100.png.webp HTTP/1.1" 200 6970 "https://www.ensaco.es/producto/contacto-puerta-ventana-air-blanco/" "Mozilla/5.0 (Windows NT 10.0; Win64; x64) AppleWebKit/537.36 (KHTML, like Gecko) Chrome/150.0.0.0 Safari/537.36"
2.139.237.115 - - [02/Aug/2026:08:59:50 +0200] "GET /wp-content/plugins/cookie-law-info/legacy/public/css/cookie-law-info-public.css HTTP/1.1" 200 6991 "https://www.ensaco.es/producto/contacto-puerta-ventana-air-blanco/" "Mozilla/5.0 (Windows NT 10.0; Win64; x64) AppleWebKit/537.36 (KHTML, like Gecko) Chrome/150.0.0.0 Safari/537.36"
2.139.237.115 - - [02/Aug/2026:08:59:50 +0200] "GET /wp-content/plugins/woocommerce/assets/css/woocommerce-smallscreen.css HTTP/1.1" 200 6981 "https://www.ensaco.es/producto/contacto-puerta-ventana-air-blanco/" "Mozilla/5.0 (Windows NT 10.0; Win64; x64) AppleWebKit/537.36 (KHTML, like Gecko) Chrome/150.0.0.0 Safari/537.36"
2.139.237.115 - - [02/Aug/2026:08:59:50 +0200] "GET /wp-content/plugins/woocommerce/assets/css/woocommerce-layout.css HTTP/1.1" 200 6976 "https://www.ensaco.es/producto/contacto-puerta-ventana-air-blanco/" "Mozilla/5.0 (Windows NT 10.0; Win64; x64) AppleWebKit/537.36 (KHTML, like Gecko) Chrome/150.0.0.0 Safari/537.36"
2.139.237.115 - - [02/Aug/2026:08:59:50 +0200] "GET /wp-content/plugins/cookie-law-info/legacy/public/css/cookie-law-info-gdpr.css HTTP/1.1" 200 6989 "https://www.ensaco.es/producto/contacto-puerta-ventana-air-blanco/" "Mozilla/5.0 (Windows NT 10.0; Win64; x64) AppleWebKit/537.36 (KHTML, like Gecko) Chrome/150.0.0.0 Safari/537.36"
2.139.237.115 - - [02/Aug/2026:08:59:50 +0200] "GET /wp-content/plugins/pago-redsys-tpv-grafreak/public/css/pago-redsys-grafreak-public.css HTTP/1.1" 200 6998 "https://www.ensaco.es/producto/contacto-puerta-ventana-air-blanco/" "Mozilla/5.0 (Windows NT 10.0; Win64; x64) AppleWebKit/537.36 (KHTML, like Gecko) Chrome/150.0.0.0 Safari/537.36"
2.139.237.115 - - [02/Aug/2026:08:59:50 +0200] "GET /wp-content/plugins/woo-product-bundle/assets/css/frontend.css HTTP/1.1" 200 6973 "https://www.ensaco.es/producto/contacto-puerta-ventana-air-blanco/" "Mozilla/5.0 (Windows NT 10.0; Win64; x64) AppleWebKit/537.36 (KHTML, like Gecko) Chrome/150.0.0.0 Safari/537.36"
2.139.237.115 - - [02/Aug/2026:08:59:50 +0200] "GET /wp-content/plugins/woocommerce/assets/css/photoswipe/default-skin/default-skin.min.css HTTP/1.1" 200 6998 "https://www.ensaco.es/producto/contacto-puerta-ventana-air-blanco/" "Mozilla/5.0 (Windows NT 10.0; Win64; x64) AppleWebKit/537.36 (KHTML, like Gecko) Chrome/150.0.0.0 Safari/537.36"
2.139.237.115 - - [02/Aug/2026:08:59:50 +0200] "GET /wp-content/plugins/woocommerce/assets/css/photoswipe/photoswipe.min.css HTTP/1.1" 200 6983 "https://www.ensaco.es/producto/contacto-puerta-ventana-air-blanco/" "Mozilla/5.0 (Windows NT 10.0; Win64; x64) AppleWebKit/537.36 (KHTML, like Gecko) Chrome/150.0.0.0 Safari/537.36"
2.139.237.115 - - [02/Aug/2026:08:59:50 +0200] "GET /wp-content/plugins/bb-plugin/fonts/fontawesome/5.15.4/css/all.min.css HTTP/1.1" 200 6981 "https://www.ensaco.es/producto/contacto-puerta-ventana-air-blanco/" "Mozilla/5.0 (Windows NT 10.0; Win64; x64) AppleWebKit/537.36 (KHTML, like Gecko) Chrome/150.0.0.0 Safari/537.36"
2.139.237.115 - - [02/Aug/2026:08:59:50 +0200] "GET /wp-content/plugins/woo-product-bundle/assets/css/blocks.css HTTP/1.1" 200 6971 "https://www.ensaco.es/producto/contacto-puerta-ventana-air-blanco/" "Mozilla/5.0 (Windows NT 10.0; Win64; x64) AppleWebKit/537.36 (KHTML, like Gecko) Chrome/150.0.0.0 Safari/537.36"
2.139.237.115 - - [02/Aug/2026:08:59:50 +0200] "GET /wp-content/plugins/bb-plugin/css/jquery.magnificpopup.min.css HTTP/1.1" 200 6973 "https://www.ensaco.es/producto/contacto-puerta-ventana-air-blanco/" "Mozilla/5.0 (Windows NT 10.0; Win64; x64) AppleWebKit/537.36 (KHTML, like Gecko) Chrome/150.0.0.0 Safari/537.36"
2.139.237.115 - - [02/Aug/2026:08:59:50 +0200] "GET /wp-content/themes/bb-theme/css/bootstrap.min.css HTTP/1.1" 200 6960 "https://www.ensaco.es/producto/contacto-puerta-ventana-air-blanco/" "Mozilla/5.0 (Windows NT 10.0; Win64; x64) AppleWebKit/537.36 (KHTML, like Gecko) Chrome/150.0.0.0 Safari/537.36"
2.139.237.115 - - [02/Aug/2026:08:59:50 +0200] "GET /wp-content/plugins/woocommerce/assets/css/woocommerce.css HTTP/1.1" 200 6969 "https://www.ensaco.es/producto/contacto-puerta-ventana-air-blanco/" "Mozilla/5.0 (Windows NT 10.0; Win64; x64) AppleWebKit/537.36 (KHTML, like Gecko) Chrome/150.0.0.0 Safari/537.36"
84.236.228.59 - - [02/Aug/2026:09:01:00 +0200] "POST /wp-cron.php?doing_wp_cron=1785654059.9782080650329589843750 HTTP/1.1" 200 6900 "-" "WordPress/7.0.2; https://www.ensaco.es"
154.121.30.224 - - [02/Aug/2026:09:00:54 +0200] "GET / HTTP/1.1" 301 6954 "https://ensaco.es/" "Mozilla/5.0 (Macintosh; Intel Mac OS X 14_0) AppleWebKit/605.1.15 (KHTML, like Gecko) Version/17.0 Safari/605.1.15"
61.5.149.48 - - [02/Aug/2026:09:01:02 +0200] "GET / HTTP/1.1" 500 269645 "https://ensaco.es/" "Mozilla/5.0 (Macintosh; Intel Mac OS X 14_0) AppleWebKit/605.1.15 (KHTML, like Gecko) Version/17.0 Safari/605.1.15"
84.236.228.59 - - [02/Aug/2026:09:01:39 +0200] "POST /wp-cron.php?doing_wp_cron=1785654099.1558270454406738281250 HTTP/1.1" 200 6900 "-" "WordPress/7.0.2; https://www.ensaco.es"
34.196.51.17 - - [02/Aug/2026:09:01:31 +0200] "HEAD / HTTP/1.1" 200 7073 "https://www.ensaco.es/" "WPMUDEV Uptime Monitor 5.0 (https://wpmudev.com)"
216.73.217.138 - - [02/Aug/2026:09:01:44 +0200] "GET /robots.txt HTTP/1.1" 200 7962 "-" "Mozilla/5.0 AppleWebKit/537.36 (KHTML, like Gecko; compatible; ClaudeBot/1.0; +claudebot@anthropic.com)"
216.73.217.138 - - [02/Aug/2026:09:01:48 +0200] "GET /sitemap_index.xml HTTP/1.1" 200 7335 "-" "Mozilla/5.0 AppleWebKit/537.36 (KHTML, like Gecko; compatible; ClaudeBot/1.0; +claudebot@anthropic.com)"
216.244.66.250 - - [02/Aug/2026:09:02:10 +0200] "GET /tienda/page/5/ HTTP/1.1" 500 14842 "-" "Mozilla/5.0 (compatible; DotBot/1.2; +https://opensiteexplorer.org/dotbot; help@moz.com)"
84.236.228.59 - - [02/Aug/2026:09:02:37 +0200] "POST /wp-cron.php?doing_wp_cron=1785654157.3985641002655029296875 HTTP/1.1" 200 6900 "-" "WordPress/7.0.2; https://www.ensaco.es"
52.139.3.76 - - [02/Aug/2026:09:02:33 +0200] "GET / HTTP/1.1" 301 6954 "-" "Mozilla/5.0 (X11; Linux x86_64) AppleWebKit/537.36 (KHTML, like Gecko) Chrome/122.0.0.0 Safari/537.36"
52.139.3.76 - - [02/Aug/2026:09:02:38 +0200] "GET / HTTP/1.1" 500 269645 "-" "Mozilla/5.0 (X11; Linux x86_64) AppleWebKit/537.36 (KHTML, like Gecko) Chrome/122.0.0.0 Safari/537.36"
103.114.99.30 - - [02/Aug/2026:09:02:44 +0200] "GET /wp-content/smush-webp/2020/03/automatizaci%C3%B3n-domotica-1-600x399.jpg.webp HTTP/1.1" 200 6987 "-" "Mozilla/5.0 (Windows; U; Windows 98) AppleWebKit/532.34.7 (KHTML, like Gecko) Version/5.1 Safari/532.34.7"
189.81.71.175 - - [02/Aug/2026:09:02:55 +0200] "GET / HTTP/1.1" 500 269651 "-" "Mozilla/5.0 (Macintosh; Intel Mac OS X 10_15_7) AppleWebKit/537.36 (KHTML, like Gecko) Chrome/148.0.0.0 Safari/537.36"
84.236.228.59 - - [02/Aug/2026:09:03:36 +0200] "POST /wp-cron.php?doing_wp_cron=1785654215.9776461124420166015625 HTTP/1.1" 200 6900 "-" "WordPress/7.0.2; https://www.ensaco.es"
34.196.51.17 - - [02/Aug/2026:09:03:33 +0200] "HEAD / HTTP/1.1" 200 7073 "https://www.ensaco.es/" "WPMUDEV Uptime Monitor 5.0 (https://wpmudev.com)"
223.123.43.19 - - [02/Aug/2026:09:04:29 +0200] "GET /caldera-de-pellet-o-caldera-de-astilla-cual-es-mejor/ HTTP/1.1" 500 311861 "https://www.ensaco.es" "Mozilla/5.0 (Windows NT 10.0; Win64; x64) AppleWebKit/537.36 (KHTML, like Gecko) Chrome/145.0.0.0 Safari/537.36 Edg/145.0.0.0"
84.236.228.59 - - [02/Aug/2026:09:04:41 +0200] "POST /wp-cron.php?doing_wp_cron=1785654281.4090399742126464843750 HTTP/1.1" 200 6900 "-" "WordPress/7.0.2; https://www.ensaco.es"
136.158.71.195 - - [02/Aug/2026:09:04:37 +0200] "GET /caldera-de-pellet-o-caldera-de-astilla-cual-es-mejor/ HTTP/1.1" 500 311846 "https://www.ensaco.es" "Mozilla/5.0 (Windows NT 10.0; Win64; x64) AppleWebKit/537.36 (KHTML, like Gecko) Chrome/145.0.0.0 Safari/537.36 Edg/145.0.0.0"
144.124.199.201 - - [02/Aug/2026:09:04:51 +0200] "GET /caldera-de-pellet-o-caldera-de-astilla-cual-es-mejor/ HTTP/1.1" 500 311861 "https://www.ensaco.es" "Mozilla/5.0 (Windows NT 10.0; Win64; x64) AppleWebKit/537.36 (KHTML, like Gecko) Chrome/145.0.0.0 Safari/537.36 Edg/145.0.0.0"
17.22.245.81 - - [02/Aug/2026:09:04:57 +0200] "GET /robots.txt HTTP/1.1" 301 6964 "-" "Mozilla/5.0 (Macintosh; Intel Mac OS X 10_15_7) AppleWebKit/605.1.15 (KHTML, like Gecko) Version/17.4 Safari/605.1.15 (Applebot/0.1; +http://www.apple.com/go/applebot)"
17.22.245.81 - - [02/Aug/2026:09:05:00 +0200] "GET /mi-cuenta HTTP/1.1" 301 6994 "-" "Mozilla/5.0 (Macintosh; Intel Mac OS X 10_15_7) AppleWebKit/605.1.15 (KHTML, like Gecko) Version/17.4 Safari/605.1.15 (Applebot/0.1; +http://www.apple.com/go/applebot)"
84.236.228.59 - - [02/Aug/2026:09:05:07 +0200] "POST /wp-cron.php?doing_wp_cron=1785654306.8758020401000976562500 HTTP/1.1" 200 6900 "-" "WordPress/7.0.2; https://www.ensaco.es"
17.22.245.35 - - [02/Aug/2026:09:05:03 +0200] "GET /mi-cuenta/ HTTP/1.1" 500 269248 "-" "Mozilla/5.0 (Macintosh; Intel Mac OS X 10_15_7) AppleWebKit/605.1.15 (KHTML, like Gecko) Version/17.4 Safari/605.1.15 (Applebot/0.1; +http://www.apple.com/go/applebot)"
34.196.51.17 - - [02/Aug/2026:09:05:30 +0200] "HEAD / HTTP/1.1" 200 7073 "https://www.ensaco.es/" "WPMUDEV Uptime Monitor 5.0 (https://wpmudev.com)"
216.244.66.250 - - [02/Aug/2026:09:07:36 +0200] "GET /wp-content/uploads/2020/01/control-acceso-domotica-5.jpg HTTP/1.1" 200 6971 "-" "Mozilla/5.0 (compatible; DotBot/1.2; +https://opensiteexplorer.org/dotbot; help@moz.com)"
84.236.228.59 - - [02/Aug/2026:09:07:38 +0200] "POST /wp-cron.php?doing_wp_cron=1785654458.2169759273529052734375 HTTP/1.1" 200 6900 "-" "WordPress/7.0.2; https://www.ensaco.es"
34.196.51.17 - - [02/Aug/2026:09:07:30 +0200] "HEAD / HTTP/1.1" 200 7073 "https://www.ensaco.es/" "WPMUDEV Uptime Monitor 5.0 (https://wpmudev.com)"
84.236.228.59 - - [02/Aug/2026:09:07:42 +0200] "HEAD /wp-content/uploads/2020/10/ahorrar-en-calefacci%C3%B3n-con-dom%C3%B3tica.jpg HTTP/1.1" 200 6964 "https://www.ensaco.es" "WPMU DEV Broken Link Checker Local Engine"
84.236.228.59 - - [02/Aug/2026:09:07:44 +0200] "HEAD /wp-content/uploads/2018/05/Seguridad-y-dom%C3%B3tica-Loxone.jpg HTTP/1.1" 200 6963 "https://www.ensaco.es" "WPMU DEV Broken Link Checker Local Engine"
162.120.188.171 - - [02/Aug/2026:09:07:40 +0200] "GET /producto/contacto-puerta-ventana-air-blanco/ HTTP/1.1" 500 14842 "https://www.google.com/" "Mozilla/5.0 (Windows NT 10.0; Win64; x64) AppleWebKit/537.36 (KHTML, like Gecko) Chrome/150.0.0.0 Safari/537.36"
84.236.228.59 - - [02/Aug/2026:09:07:46 +0200] "HEAD /wp-content/uploads/2018/08/Como-funciona-una-estufa-pellet2.jpg HTTP/1.1" 200 6963 "https://www.ensaco.es" "WPMU DEV Broken Link Checker Local Engine"
84.236.228.59 - - [02/Aug/2026:09:07:48 +0200] "HEAD /productos-old/?add-to-cart=4309 HTTP/1.1" 200 7120 "https://www.ensaco.es" "WPMU DEV Broken Link Checker Local Engine"
152.163.164.201 - - [02/Aug/2026:09:07:51 +0200] "GET /aviso-legal/ HTTP/1.1" 500 303036 "-" "Mozilla/5.0 (Macintosh; Intel Mac OS X 10_15_7) AppleWebKit/537.36 (KHTML, like Gecko) Chrome/148.0.0.0 Safari/537.36"
84.236.228.59 - - [02/Aug/2026:09:07:54 +0200] "HEAD /wp-content/uploads/2018/01/Calderas-de-biomasa3.jpg HTTP/1.1" 200 6965 "https://www.ensaco.es" "WPMU DEV Broken Link Checker Local Engine"
2.139.237.115 - - [02/Aug/2026:09:07:54 +0200] "GET /producto/contacto-puerta-ventana-air-blanco/ HTTP/1.1" 500 593200 "https://www.google.com/" "Mozilla/5.0 (Windows NT 10.0; Win64; x64) AppleWebKit/537.36 (KHTML, like Gecko) Chrome/150.0.0.0 Safari/537.36"
84.236.228.59 - - [02/Aug/2026:09:07:57 +0200] "HEAD /wp-content/uploads/2020/08/matcoam.gif HTTP/1.1" 200 6961 "https://www.ensaco.es" "WPMU DEV Broken Link Checker Local Engine"
84.236.228.59 - - [02/Aug/2026:09:08:02 +0200] "HEAD /wp-content/uploads/2019/06/account-a-bank-account-34204.jpg HTTP/1.1" 200 6963 "https://www.ensaco.es" "WPMU DEV Broken Link Checker Local Engine"
84.236.228.59 - - [02/Aug/2026:09:08:07 +0200] "HEAD /wp-content/uploads/2019/04/Rehabilitar-una-casa-y-poner-dom%C3%B3tica5.jpg HTTP/1.1" 200 6965 "https://www.ensaco.es" "WPMU DEV Broken Link Checker Local Engine"
17.22.253.78 - - [02/Aug/2026:09:08:12 +0200] "GET /?attachment_id=5408 HTTP/1.1" 301 7002 "-" "Mozilla/5.0 (Macintosh; Intel Mac OS X 10_15_7) AppleWebKit/605.1.15 (KHTML, like Gecko) Version/17.4 Safari/605.1.15 (Applebot/0.1; +http://www.apple.com/go/applebot)"
84.236.228.59 - - [02/Aug/2026:09:08:12 +0200] "HEAD /como-controlar-el-acceso-de-edificios-o-viviendas-con-domotica/ HTTP/1.1" 200 7080 "https://www.ensaco.es" "WPMU DEV Broken Link Checker Local Engine"
17.22.253.78 - - [02/Aug/2026:09:08:20 +0200] "GET /wp-content/uploads/2024/12/recuerador-minimo.png HTTP/1.1" 200 6962 "-" "Mozilla/5.0 (Macintosh; Intel Mac OS X 10_15_7) AppleWebKit/605.1.15 (KHTML, like Gecko) Version/17.4 Safari/605.1.15 (Applebot/0.1; +http://www.apple.com/go/applebot)"
84.236.228.59 - - [02/Aug/2026:09:08:25 +0200] "HEAD /wp-content/uploads/2021/04/pexels-fauxels-3184287-BI-scaled.jpg HTTP/1.1" 200 6965 "https://www.ensaco.es" "WPMU DEV Broken Link Checker Local Engine"
84.236.228.59 - - [02/Aug/2026:09:08:27 +0200] "HEAD /wp-content/uploads/2021/02/pexels-pixabay-85683.jpg HTTP/1.1" 200 6964 "https://www.ensaco.es" "WPMU DEV Broken Link Checker Local Engine"
84.236.228.59 - - [02/Aug/2026:09:08:29 +0200] "HEAD /wp-content/uploads/2019/06/boy-children-couple-2253879.jpg HTTP/1.1" 200 6963 "https://www.ensaco.es" "WPMU DEV Broken Link Checker Local Engine"
84.236.228.59 - - [02/Aug/2026:09:08:32 +0200] "HEAD /wp-content/uploads/2020/09/Ventanal_Lomas-Mediano-1024x640.jpg HTTP/1.1" 200 6964 "https://www.ensaco.es" "WPMU DEV Broken Link Checker Local Engine"
84.236.228.59 - - [02/Aug/2026:09:08:37 +0200] "HEAD /wp-content/uploads/2018/02/SmartHome2.jpg HTTP/1.1" 200 6965 "https://www.ensaco.es" "WPMU DEV Broken Link Checker Local Engine"
84.236.228.59 - - [02/Aug/2026:09:08:42 +0200] "HEAD /wp-content/uploads/2021/04/pexels-eva-elijas-6074128-1.jpg HTTP/1.1" 200 6965 "https://www.ensaco.es" "WPMU DEV Broken Link Checker Local Engine"
17.22.245.57 - - [02/Aug/2026:09:08:42 +0200] "GET /wp-content/plugins/woocommerce/assets/css/select2.css HTTP/1.1" 200 6965 "https://www.ensaco.es/mi-cuenta/" "Mozilla/5.0 (Macintosh; Intel Mac OS X 10_15_7) AppleWebKit/605.1.15 (KHTML, like Gecko) Version/17.4 Safari/605.1.15 (Applebot/0.1; +http://www.apple.com/go/applebot)"
84.236.228.59 - - [02/Aug/2026:09:08:47 +0200] "HEAD /wp-content/uploads/2018/08/Como-funciona-una-estufa-pellet.jpg HTTP/1.1" 200 6965 "https://www.ensaco.es" "WPMU DEV Broken Link Checker Local Engine"
84.236.228.59 - - [02/Aug/2026:09:08:52 +0200] "HEAD /wp-content/uploads/2024/01/accesos3.jpg HTTP/1.1" 200 6963 "https://www.ensaco.es" "WPMU DEV Broken Link Checker Local Engine"
84.236.228.59 - - [02/Aug/2026:09:08:57 +0200] "HEAD /wp-content/uploads/2018/06/Automatizaci%C3%B3n-de-viviendas.jpg HTTP/1.1" 200 6963 "https://www.ensaco.es" "WPMU DEV Broken Link Checker Local Engine"
84.236.228.59 - - [02/Aug/2026:09:09:02 +0200] "HEAD /wp-content/uploads/2019/05/Loxone-Tree2.jpg HTTP/1.1" 200 6963 "https://www.ensaco.es" "WPMU DEV Broken Link Checker Local Engine"
84.236.228.59 - - [02/Aug/2026:09:09:07 +0200] "HEAD /wp-content/uploads/2024/10/soporte-tecnico_PREMIUM.png HTTP/1.1" 200 6962 "https://www.ensaco.es" "WPMU DEV Broken Link Checker Local Engine"
84.236.228.59 - - [02/Aug/2026:09:09:12 +0200] "HEAD /wp-content/uploads/2017/07/wood-825792_640.jpg HTTP/1.1" 200 6965 "https://www.ensaco.es" "WPMU DEV Broken Link Checker Local Engine"
84.236.228.59 - - [02/Aug/2026:09:09:17 +0200] "HEAD /wp-content/uploads/2017/09/alarmas4.jpg HTTP/1.1" 200 6965 "https://www.ensaco.es" "WPMU DEV Broken Link Checker Local Engine"
84.236.228.59 - - [02/Aug/2026:09:09:22 +0200] "HEAD /wp-content/uploads/2024/04/RIEGO.png HTTP/1.1" 200 6962 "https://www.ensaco.es" "WPMU DEV Broken Link Checker Local Engine"
84.236.228.59 - - [02/Aug/2026:09:09:27 +0200] "HEAD /wp-content/uploads/2019/03/pexels-photo-225232.jpeg HTTP/1.1" 200 6963 "https://www.ensaco.es" "WPMU DEV Broken Link Checker Local Engine"
84.236.228.59 - - [02/Aug/2026:09:09:32 +0200] "HEAD /wp-content/uploads/2017/09/grafica2.jpg HTTP/1.1" 200 6963 "https://www.ensaco.es" "WPMU DEV Broken Link Checker Local Engine"
84.236.228.59 - - [02/Aug/2026:09:09:36 +0200] "POST /wp-cron.php?doing_wp_cron=1785654576.5691490173339843750000 HTTP/1.1" 200 6900 "-" "WordPress/7.0.2; https://www.ensaco.es"
34.196.51.17 - - [02/Aug/2026:09:09:30 +0200] "HEAD / HTTP/1.1" 200 7073 "https://www.ensaco.es/" "WPMUDEV Uptime Monitor 5.0 (https://wpmudev.com)"
84.236.228.59 - - [02/Aug/2026:09:09:37 +0200] "HEAD /wp-content/uploads/2018/05/biomasa_subvenciones2.jpg HTTP/1.1" 200 6963 "https://www.ensaco.es" "WPMU DEV Broken Link Checker Local Engine"
84.236.228.59 - - [02/Aug/2026:09:09:42 +0200] "HEAD /wp-content/uploads/2019/02/socket-1794616_640.jpg HTTP/1.1" 200 6963 "https://www.ensaco.es" "WPMU DEV Broken Link Checker Local Engine"
84.236.228.59 - - [02/Aug/2026:09:09:47 +0200] "HEAD /wp-content/uploads/2020/08/calidad-del-aire-en-interiores.jpg HTTP/1.1" 200 6964 "https://www.ensaco.es" "WPMU DEV Broken Link Checker Local Engine"
84.236.228.59 - - [02/Aug/2026:09:09:52 +0200] "HEAD /wp-content/uploads/2018/04/ES-Vivienda-eclectica.jpg HTTP/1.1" 200 6964 "https://www.ensaco.es" "WPMU DEV Broken Link Checker Local Engine"
84.236.228.59 - - [02/Aug/2026:09:09:57 +0200] "HEAD /wp-content/uploads/2020/08/calidad-del-aire-en-un-espacio.jpg HTTP/1.1" 200 6963 "https://www.ensaco.es" "WPMU DEV Broken Link Checker Local Engine"
84.236.228.59 - - [02/Aug/2026:09:10:02 +0200] "HEAD /wp-content/uploads/2019/03/pulsadores-loxone3.jpg HTTP/1.1" 200 6963 "https://www.ensaco.es" "WPMU DEV Broken Link Checker Local Engine"
84.236.228.59 - - [02/Aug/2026:09:10:07 +0200] "HEAD /wp-content/uploads/2019/08/apartment-bed-bedroom-271624.jpg HTTP/1.1" 200 6963 "https://www.ensaco.es" "WPMU DEV Broken Link Checker Local Engine"
84.236.228.59 - - [02/Aug/2026:09:10:12 +0200] "HEAD /soluciones-de-loxone-para-una-smart-home/ HTTP/1.1" 200 7080 "https://www.ensaco.es" "WPMU DEV Broken Link Checker Local Engine"
84.236.228.59 - - [02/Aug/2026:09:10:28 +0200] "HEAD /wp-content/uploads/2019/06/blue-cool-cottage-207919.jpg HTTP/1.1" 200 6964 "https://www.ensaco.es" "WPMU DEV Broken Link Checker Local Engine"
84.236.228.59 - - [02/Aug/2026:09:10:30 +0200] "HEAD /wp-content/uploads/2019/03/pulsadores-loxone2.jpg HTTP/1.1" 200 6963 "https://www.ensaco.es" "WPMU DEV Broken Link Checker Local Engine"
84.236.228.59 - - [02/Aug/2026:09:10:32 +0200] "HEAD /wp-content/uploads/2019/07/architecture-blur-bright-1329061.jpg HTTP/1.1" 200 6963 "https://www.ensaco.es" "WPMU DEV Broken Link Checker Local Engine"
84.236.228.59 - - [02/Aug/2026:09:10:38 +0200] "POST /wp-cron.php?doing_wp_cron=1785654638.4098010063171386718750 HTTP/1.1" 200 6900 "-" "WordPress/7.0.2; https://www.ensaco.es"
84.236.228.59 - - [02/Aug/2026:09:10:34 +0200] "HEAD /eficiencia-energetica/ HTTP/1.1" 200 7080 "https://www.ensaco.es" "WPMU DEV Broken Link Checker Local Engine"
84.236.228.59 - - [02/Aug/2026:09:10:42 +0200] "HEAD /wp-content/uploads/2019/09/Seguridad-en-casas-y-empresas5.jpg HTTP/1.1" 200 6963 "https://www.ensaco.es" "WPMU DEV Broken Link Checker Local Engine"
84.236.228.59 - - [02/Aug/2026:09:10:44 +0200] "HEAD /wp-content/uploads/2019/09/Seguridad-en-casas-y-empresas.jpg HTTP/1.1" 200 6963 "https://www.ensaco.es" "WPMU DEV Broken Link Checker Local Engine"
84.236.228.59 - - [02/Aug/2026:09:10:48 +0200] "HEAD /wp-content/uploads/2018/05/Seguridad-y-dom%C3%B3tica-Loxone3..jpg HTTP/1.1" 200 6962 "https://www.ensaco.es" "WPMU DEV Broken Link Checker Local Engine"
84.236.228.59 - - [02/Aug/2026:09:10:53 +0200] "HEAD /wp-content/uploads/2021/04/pexels-rodnae-productions-6129242.jpg HTTP/1.1" 200 6963 "https://www.ensaco.es" "WPMU DEV Broken Link Checker Local Engine"
84.236.228.59 - - [02/Aug/2026:09:10:58 +0200] "HEAD /wp-content/uploads/2018/05/Instalaci%C3%B3n-dom%C3%B3tica-Loxone.jpg HTTP/1.1" 200 6965 "https://www.ensaco.es" "WPMU DEV Broken Link Checker Local Engine"
84.236.228.59 - - [02/Aug/2026:09:11:03 +0200] "HEAD /wp-content/uploads/2020/08/strugal.png HTTP/1.1" 200 6961 "https://www.ensaco.es" "WPMU DEV Broken Link Checker Local Engine"
84.236.228.59 - - [02/Aug/2026:09:11:08 +0200] "HEAD /funciones-de-confort-en-smart-home/ HTTP/1.1" 200 7080 "https://www.ensaco.es" "WPMU DEV Broken Link Checker Local Engine"
84.236.228.59 - - [02/Aug/2026:09:11:16 +0200] "HEAD /wp-content/uploads/2021/01/pexels-cleyder-duque-3821385.jpg HTTP/1.1" 200 6964 "https://www.ensaco.es" "WPMU DEV Broken Link Checker Local Engine"
84.236.228.59 - - [02/Aug/2026:09:11:18 +0200] "HEAD /wp-content/uploads/2019/06/Dom%C3%B3tica-para-el-jard%C3%ADn.jpg HTTP/1.1" 200 6963 "https://www.ensaco.es" "WPMU DEV Broken Link Checker Local Engine"
84.236.228.59 - - [02/Aug/2026:09:11:23 +0200] "HEAD /wp-content/uploads/2019/08/bed-bedroom-blue-172872.jpg HTTP/1.1" 200 6963 "https://www.ensaco.es" "WPMU DEV Broken Link Checker Local Engine"
84.236.228.59 - - [02/Aug/2026:09:11:28 +0200] "HEAD /wp-content/uploads/2019/06/domotica-para-el-jardin2.png HTTP/1.1" 200 6964 "https://www.ensaco.es" "WPMU DEV Broken Link Checker Local Engine"
84.236.228.59 - - [02/Aug/2026:09:11:34 +0200] "POST /wp-cron.php?doing_wp_cron=1785654694.2213649749755859375000 HTTP/1.1" 200 6900 "-" "WordPress/7.0.2; https://www.ensaco.es"
34.196.51.17 - - [02/Aug/2026:09:11:29 +0200] "HEAD / HTTP/1.1" 200 7073 "https://www.ensaco.es/" "WPMUDEV Uptime Monitor 5.0 (https://wpmudev.com)"
84.236.228.59 - - [02/Aug/2026:09:11:33 +0200] "HEAD /sombreado-automatico-con-smart-home/ HTTP/1.1" 200 7080 "https://www.ensaco.es" "WPMU DEV Broken Link Checker Local Engine"
84.236.228.59 - - [02/Aug/2026:09:11:43 +0200] "HEAD /wp-content/uploads/2019/06/blue-water-boy-child-1227571.jpg HTTP/1.1" 200 6964 "https://www.ensaco.es" "WPMU DEV Broken Link Checker Local Engine"
84.236.228.59 - - [02/Aug/2026:09:11:45 +0200] "HEAD /wp-content/uploads/2021/03/LAS-209670-MEJO-3.png HTTP/1.1" 200 6964 "https://www.ensaco.es" "WPMU DEV Broken Link Checker Local Engine"
84.236.228.59 - - [02/Aug/2026:09:11:48 +0200] "HEAD /wp-content/uploads/2020/10/automatizaci%C3%B3n-en-gimnasios.jpg HTTP/1.1" 200 6964 "https://www.ensaco.es" "WPMU DEV Broken Link Checker Local Engine"
84.236.228.59 - - [02/Aug/2026:09:11:53 +0200] "HEAD /wp-content/uploads/2019/10/Soluciones-para-empresas-inteligentes2.jpg HTTP/1.1" 200 6965 "https://www.ensaco.es" "WPMU DEV Broken Link Checker Local Engine"
84.236.228.59 - - [02/Aug/2026:09:11:58 +0200] "HEAD /wp-content/uploads/2021/03/LAS-209670-MEJO-1.png HTTP/1.1" 200 6964 "https://www.ensaco.es" "WPMU DEV Broken Link Checker Local Engine"
172.252.129.178 - - [02/Aug/2026:09:11:57 +0200] "GET / HTTP/1.1" 500 269645 "-" "Mozilla/5.0 (Macintosh; Intel Mac OS X 10_15_7) AppleWebKit/537.36 (KHTML, like Gecko) Chrome/148.0.0.0 Safari/537.36"
84.236.228.59 - - [02/Aug/2026:09:12:03 +0200] "HEAD /wp-content/uploads/2018/08/Como-funciona-una-estufa-pellet3.jpg HTTP/1.1" 200 6963 "https://www.ensaco.es" "WPMU DEV Broken Link Checker Local Engine"
84.236.228.59 - - [02/Aug/2026:09:12:08 +0200] "HEAD /wp-content/uploads/2020/11/pexels-ivan-samkov-4240611.jpg HTTP/1.1" 200 6963 "https://www.ensaco.es" "WPMU DEV Broken Link Checker Local Engine"
84.236.228.59 - - [02/Aug/2026:09:12:13 +0200] "HEAD /wp-content/uploads/2019/05/Loxone-Tree4.jpg HTTP/1.1" 200 6963 "https://www.ensaco.es" "WPMU DEV Broken Link Checker Local Engine"
84.236.228.59 - - [02/Aug/2026:09:12:18 +0200] "HEAD /wp-content/uploads/2021/03/pexels-pixabay-371900.jpg HTTP/1.1" 200 6963 "https://www.ensaco.es" "WPMU DEV Broken Link Checker Local Engine"
84.236.228.59 - - [02/Aug/2026:09:12:23 +0200] "HEAD /wp-content/uploads/2021/06/pexels-breakingpic-3305.jpg HTTP/1.1" 200 6963 "https://www.ensaco.es" "WPMU DEV Broken Link Checker Local Engine"
84.236.228.59 - - [02/Aug/2026:09:12:28 +0200] "HEAD /wp-content/uploads/2020/08/passivhaus-inteligente.jpeg HTTP/1.1" 200 6965 "https://www.ensaco.es" "WPMU DEV Broken Link Checker Local Engine"
84.236.228.59 - - [02/Aug/2026:09:12:33 +0200] "HEAD /wp-content/uploads/2020/08/por-qu%C3%A9-es-importante-el-aire.jpg HTTP/1.1" 200 6963 "https://www.ensaco.es" "WPMU DEV Broken Link Checker Local Engine"
84.236.228.59 - - [02/Aug/2026:09:12:38 +0200] "HEAD /wp-content/uploads/2024/04/ILUMINACION-1.png HTTP/1.1" 200 6962 "https://www.ensaco.es" "WPMU DEV Broken Link Checker Local Engine"
