84.236.228.59 - - [02/Aug/2026:12:49:32 +0200] "POST /wp-cron.php?doing_wp_cron=1785667771.9860029220581054687500 HTTP/1.1" 200 6900 "-" "WordPress/7.0.2; https://www.ensaco.es"
34.196.51.17 - - [02/Aug/2026:12:49:26 +0200] "HEAD / HTTP/1.1" 200 7073 "https://www.ensaco.es/" "WPMUDEV Uptime Monitor 5.0 (https://wpmudev.com)"
84.236.228.59 - - [02/Aug/2026:12:51:31 +0200] "POST /wp-cron.php?doing_wp_cron=1785667891.0175759792327880859375 HTTP/1.1" 200 6900 "-" "WordPress/7.0.2; https://www.ensaco.es"
34.196.51.17 - - [02/Aug/2026:12:51:27 +0200] "HEAD / HTTP/1.1" 200 7073 "https://www.ensaco.es/" "WPMUDEV Uptime Monitor 5.0 (https://wpmudev.com)"
84.236.228.59 - - [02/Aug/2026:12:51:52 +0200] "POST /wp-cron.php?doing_wp_cron=1785667912.4579939842224121093750 HTTP/1.1" 200 6900 "-" "WordPress/7.0.2; https://www.ensaco.es"
185.213.83.51 - - [02/Aug/2026:12:51:49 +0200] "GET /favicon.ico HTTP/1.1" 302 7056 "http://www.ensaco.es/" "Mozilla/5.0 (Windows NT 10.0; Win64; x64) AppleWebKit/537.36 (KHTML, like Gecko) Chrome/150.0.0.0 Safari/537.36"
185.213.83.51 - - [02/Aug/2026:12:51:52 +0200] "GET /wp-content/uploads/2019/12/hoja-azul-100x100.png HTTP/1.1" 200 6962 "http://www.ensaco.es/" "Mozilla/5.0 (Windows NT 10.0; Win64; x64) AppleWebKit/537.36 (KHTML, like Gecko) Chrome/150.0.0.0 Safari/537.36"
84.236.228.59 - - [02/Aug/2026:12:53:28 +0200] "POST /wp-cron.php?doing_wp_cron=1785668008.1972088813781738281250 HTTP/1.1" 200 6900 "-" "WordPress/7.0.2; https://www.ensaco.es"
34.196.51.17 - - [02/Aug/2026:12:53:24 +0200] "HEAD / HTTP/1.1" 200 7073 "https://www.ensaco.es/" "WPMUDEV Uptime Monitor 5.0 (https://wpmudev.com)"
84.236.228.59 - - [02/Aug/2026:12:55:28 +0200] "POST /wp-cron.php?doing_wp_cron=1785668127.9662020206451416015625 HTTP/1.1" 200 6900 "-" "WordPress/7.0.2; https://www.ensaco.es"
34.196.51.17 - - [02/Aug/2026:12:55:24 +0200] "HEAD / HTTP/1.1" 200 7073 "https://www.ensaco.es/" "WPMUDEV Uptime Monitor 5.0 (https://wpmudev.com)"
84.236.228.59 - - [02/Aug/2026:12:56:09 +0200] "POST /wp-cron.php?doing_wp_cron=1785668169.6720099449157714843750 HTTP/1.1" 200 6900 "-" "WordPress/7.0.2; https://www.ensaco.es"
23.251.146.115 - - [02/Aug/2026:12:56:04 +0200] "HEAD /la-domotica-solucion-futuro HTTP/1.1" 301 6963 "-" "Mozilla/5.0 AppleWebKit/537.36 (KHTML, like Gecko); compatible; ShapBot/0.1.0"
23.251.146.115 - - [02/Aug/2026:12:56:10 +0200] "HEAD /la-domotica-solucion-futuro HTTP/1.1" 301 6963 "-" "Mozilla/5.0 AppleWebKit/537.36 (KHTML, like Gecko); compatible; ShapBot/0.1.0"
84.236.228.59 - - [02/Aug/2026:12:56:17 +0200] "POST /wp-cron.php?doing_wp_cron=1785668177.4180269241333007812500 HTTP/1.1" 200 6900 "-" "WordPress/7.0.2; https://www.ensaco.es"
23.251.146.115 - - [02/Aug/2026:12:56:15 +0200] "HEAD /la-domotica-solucion-futuro/ HTTP/1.1" 200 7080 "-" "Mozilla/5.0 AppleWebKit/537.36 (KHTML, like Gecko); compatible; ShapBot/0.1.0"
23.251.146.115 - - [02/Aug/2026:12:56:17 +0200] "GET /la-domotica-solucion-futuro HTTP/1.1" 301 6982 "-" "Mozilla/5.0 AppleWebKit/537.36 (KHTML, like Gecko); compatible; ShapBot/0.1.0"
142.250.32.34 - - [02/Aug/2026:12:56:18 +0200] "GET /.well-known/traffic-advice HTTP/1.1" 500 14842 "-" "Chrome Privacy Preserving Prefetch Proxy"
162.120.188.217 - - [02/Aug/2026:12:56:19 +0200] "GET /interruptores-domotica/ HTTP/1.1" 500 14842 "https://www.google.com/" "Mozilla/5.0 (Linux; Android 10; K) AppleWebKit/537.36 (KHTML, like Gecko) Chrome/151.0.0.0 Mobile Safari/537.36"
23.251.146.115 - - [02/Aug/2026:12:56:25 +0200] "GET /la-domotica-solucion-futuro/ HTTP/1.1" 500 270557 "-" "Mozilla/5.0 AppleWebKit/537.36 (KHTML, like Gecko); compatible; ShapBot/0.1.0"
84.236.228.59 - - [02/Aug/2026:12:57:27 +0200] "POST /wp-cron.php?doing_wp_cron=1785668247.1028079986572265625000 HTTP/1.1" 200 6900 "-" "WordPress/7.0.2; https://www.ensaco.es"
34.196.51.17 - - [02/Aug/2026:12:57:24 +0200] "HEAD / HTTP/1.1" 200 7073 "https://www.ensaco.es/" "WPMUDEV Uptime Monitor 5.0 (https://wpmudev.com)"
84.236.228.59 - - [02/Aug/2026:12:59:31 +0200] "POST /wp-cron.php?doing_wp_cron=1785668370.8962829113006591796875 HTTP/1.1" 200 6900 "-" "WordPress/7.0.2; https://www.ensaco.es"
34.196.51.17 - - [02/Aug/2026:12:59:25 +0200] "HEAD / HTTP/1.1" 200 7073 "https://www.ensaco.es/" "WPMUDEV Uptime Monitor 5.0 (https://wpmudev.com)"
84.236.228.59 - - [02/Aug/2026:13:01:02 +0200] "POST /wp-cron.php?doing_wp_cron=1785668462.5476601123809814453125 HTTP/1.1" 200 6900 "-" "WordPress/7.0.2; https://www.ensaco.es"
216.244.66.250 - - [02/Aug/2026:13:00:58 +0200] "GET /tag/domotica/page/2/ HTTP/1.1" 500 267648 "-" "Mozilla/5.0 (compatible; DotBot/1.2; +https://opensiteexplorer.org/dotbot; help@moz.com)"
34.196.51.17 - - [02/Aug/2026:13:01:25 +0200] "HEAD / HTTP/1.1" 200 7073 "https://www.ensaco.es/" "WPMUDEV Uptime Monitor 5.0 (https://wpmudev.com)"
84.236.228.59 - - [02/Aug/2026:13:02:55 +0200] "POST /wp-cron.php?doing_wp_cron=1785668575.2226700782775878906250 HTTP/1.1" 200 6900 "-" "WordPress/7.0.2; https://www.ensaco.es"
216.244.66.250 - - [02/Aug/2026:13:02:51 +0200] "GET /tienda/page/7/ HTTP/1.1" 500 268335 "-" "Mozilla/5.0 (compatible; DotBot/1.2; +https://opensiteexplorer.org/dotbot; help@moz.com)"
35.200.70.101 - - [02/Aug/2026:13:03:04 +0200] "GET /wp-content/smush-webp/2024/01/tedee-300x300.jpg.webp HTTP/1.1" 200 6966 "-" "Python-urllib/3.12"
52.139.3.76 - - [02/Aug/2026:13:03:21 +0200] "GET / HTTP/1.1" 301 6954 "-" "Mozilla/5.0 (X11; Linux x86_64) AppleWebKit/537.36 (KHTML, like Gecko) Chrome/122.0.0.0 Safari/537.36"
52.139.3.76 - - [02/Aug/2026:13:03:24 +0200] "GET / HTTP/1.1" 500 268248 "-" "Mozilla/5.0 (X11; Linux x86_64) AppleWebKit/537.36 (KHTML, like Gecko) Chrome/122.0.0.0 Safari/537.36"
34.196.51.17 - - [02/Aug/2026:13:03:26 +0200] "HEAD / HTTP/1.1" 200 7073 "https://www.ensaco.es/" "WPMUDEV Uptime Monitor 5.0 (https://wpmudev.com)"
216.244.66.250 - - [02/Aug/2026:13:03:30 +0200] "GET /tag/loxone/feed/ HTTP/1.1" 200 48461 "-" "Mozilla/5.0 (compatible; DotBot/1.2; +https://opensiteexplorer.org/dotbot; help@moz.com)"
84.236.228.59 - - [02/Aug/2026:13:04:15 +0200] "POST /wp-cron.php?doing_wp_cron=1785668655.4913001060485839843750 HTTP/1.1" 200 6900 "-" "WordPress/7.0.2; https://www.ensaco.es"
40.77.167.51 - - [02/Aug/2026:13:04:11 +0200] "GET /domotica-para-personas-mayores-como-hacer-que-su-hogar-sea-mas-seguro-y-comodo/2-14/ HTTP/1.1" 500 265494 "-" "Mozilla/5.0 AppleWebKit/537.36 (KHTML, like Gecko; compatible; bingbot/2.0; +http://www.bing.com/bingbot.htm) Chrome/116.0.1938.76 Safari/537.36"
84.236.228.59 - - [02/Aug/2026:13:04:49 +0200] "POST /wp-cron.php?doing_wp_cron=1785668689.7294149398803710937500 HTTP/1.1" 200 6900 "-" "WordPress/7.0.2; https://www.ensaco.es"
66.249.64.44 - - [02/Aug/2026:13:04:46 +0200] "GET /teclado-numerico-para-una-vivienda-domotica/ HTTP/1.1" 500 310129 "-" "Mozilla/5.0 (Linux; Android 6.0.1; Nexus 5X Build/MMB29P) AppleWebKit/537.36 (KHTML, like Gecko) Chrome/150.0.7871.186 Mobile Safari/537.36 (compatible; Googlebot/2.1; +http://www.google.com/bot.html)"
84.236.228.59 - - [02/Aug/2026:13:05:37 +0200] "POST /wp-cron.php?doing_wp_cron=1785668737.3938789367675781250000 HTTP/1.1" 200 6900 "-" "WordPress/7.0.2; https://www.ensaco.es"
34.196.51.17 - - [02/Aug/2026:13:05:25 +0200] "HEAD / HTTP/1.1" 200 7073 "https://www.ensaco.es/" "WPMUDEV Uptime Monitor 5.0 (https://wpmudev.com)"
84.236.228.59 - - [02/Aug/2026:13:07:08 +0200] "POST /wp-cron.php?doing_wp_cron=1785668828.4253270626068115234375 HTTP/1.1" 200 6900 "-" "WordPress/7.0.2; https://www.ensaco.es"
216.73.217.138 - - [02/Aug/2026:13:06:58 +0200] "GET /robots.txt HTTP/1.1" 200 7240 "-" "Mozilla/5.0 AppleWebKit/537.36 (KHTML, like Gecko; compatible; ClaudeBot/1.0; +claudebot@anthropic.com)"
45.33.76.66 - - [02/Aug/2026:13:07:06 +0200] "GET / HTTP/1.1" 500 268248 "-" "Mozilla/5.0 (iPhone; CPU iPhone OS 26_0 like Mac OS X) AppleWebKit/605.1.15 (KHTML, like Gecko) Version/26.0 Mobile/15E148 Safari/604.1"
216.73.217.138 - - [02/Aug/2026:13:07:09 +0200] "GET /sitemap_index.xml HTTP/1.1" 200 7335 "-" "Mozilla/5.0 AppleWebKit/537.36 (KHTML, like Gecko; compatible; ClaudeBot/1.0; +claudebot@anthropic.com)"
45.33.76.66 - - [02/Aug/2026:13:07:17 +0200] "GET / HTTP/1.1" 500 268248 "-" "Mozilla/5.0 (iPhone; CPU iPhone OS 26_0 like Mac OS X) AppleWebKit/605.1.15 (KHTML, like Gecko) Version/26.0 Mobile/15E148 Safari/604.1"
45.33.76.66 - - [02/Aug/2026:13:07:21 +0200] "GET / HTTP/1.1" 500 268242 "-" "Mozilla/5.0 (iPhone; CPU iPhone OS 26_0 like Mac OS X) AppleWebKit/605.1.15 (KHTML, like Gecko) Version/26.0 Mobile/15E148 Safari/604.1"
45.33.76.66 - - [02/Aug/2026:13:07:26 +0200] "GET / HTTP/1.1" 500 268242 "-" "Mozilla/5.0 (iPhone; CPU iPhone OS 26_0 like Mac OS X) AppleWebKit/605.1.15 (KHTML, like Gecko) Version/26.0 Mobile/15E148 Safari/604.1"
34.196.51.17 - - [02/Aug/2026:13:07:26 +0200] "HEAD / HTTP/1.1" 200 7073 "https://www.ensaco.es/" "WPMUDEV Uptime Monitor 5.0 (https://wpmudev.com)"
84.236.228.59 - - [02/Aug/2026:13:07:39 +0200] "POST /wp-cron.php?doing_wp_cron=1785668859.1131579875946044921875 HTTP/1.1" 200 6900 "-" "WordPress/7.0.2; https://www.ensaco.es"
57.141.0.27 - - [02/Aug/2026:13:07:36 +0200] "GET /?p=4253 HTTP/1.1" 301 7002 "-" "Mozilla/5.0 (Macintosh; Intel Mac OS X 10_15_7) AppleWebKit/537.36 (KHTML, like Gecko) Chrome/145.0.0.0 Safari/537.36 (compatible; meta-webindexer/1.1 (+https://developers.facebook.com/docs/sharing/webmasters/crawler))"
57.141.0.56 - - [02/Aug/2026:13:07:41 +0200] "GET /carrito/ HTTP/1.1" 500 331764 "-" "Mozilla/5.0 (Macintosh; Intel Mac OS X 10_15_7) AppleWebKit/537.36 (KHTML, like Gecko) Chrome/145.0.0.0 Safari/537.36 (compatible; meta-webindexer/1.1 (+https://developers.facebook.com/docs/sharing/webmasters/crawler))"
84.236.228.59 - - [02/Aug/2026:13:09:34 +0200] "POST /wp-cron.php?doing_wp_cron=1785668974.7514610290527343750000 HTTP/1.1" 200 6900 "-" "WordPress/7.0.2; https://www.ensaco.es"
34.196.51.17 - - [02/Aug/2026:13:09:31 +0200] "HEAD / HTTP/1.1" 200 7073 "https://www.ensaco.es/" "WPMUDEV Uptime Monitor 5.0 (https://wpmudev.com)"
84.236.228.59 - - [02/Aug/2026:13:11:26 +0200] "POST /wp-cron.php?doing_wp_cron=1785669086.5154750347137451171875 HTTP/1.1" 200 6900 "-" "WordPress/7.0.2; https://www.ensaco.es"
34.196.51.17 - - [02/Aug/2026:13:11:23 +0200] "HEAD / HTTP/1.1" 200 7073 "https://www.ensaco.es/" "WPMUDEV Uptime Monitor 5.0 (https://wpmudev.com)"
182.8.97.226 - - [02/Aug/2026:13:11:41 +0200] "GET /wp-content/uploads/2023/09/interruptor-domotico.jpg HTTP/1.1" 200 6966 "-" "Mozilla/5.0 (iPhone; CPU iPhone OS 17_2_1 like Mac OS X) AppleWebKit/532.1 (KHTML, like Gecko) CriOS/31.0.885.0 Mobile/61G832 Safari/532.1"
84.236.228.59 - - [02/Aug/2026:13:11:44 +0200] "POST /wp-cron.php?doing_wp_cron=1785669104.0877161026000976562500 HTTP/1.1" 200 6900 "-" "WordPress/7.0.2; https://www.ensaco.es"
57.141.0.39 - - [02/Aug/2026:13:11:41 +0200] "GET /product_cat-sitemap.xml HTTP/1.1" 200 9118 "-" "Mozilla/5.0 (Windows NT 10.0; Win64; x64) AppleWebKit/537.36 (KHTML, like Gecko) Chrome/145.0.0.0 Safari/537.36 (compatible; meta-webindexer/1.1 (+https://developers.facebook.com/docs/sharing/webmasters/crawler))"
40.77.167.14 - - [02/Aug/2026:13:13:16 +0200] "GET /wp-content/uploads/2021/08/hibridacion-de-energias-renovables.jpg HTTP/1.1" 200 6980 "-" "Mozilla/5.0 AppleWebKit/537.36 (KHTML, like Gecko; compatible; bingbot/2.0; +http://www.bing.com/bingbot.htm) Chrome/116.0.1938.76 Safari/537.36"
84.236.228.59 - - [02/Aug/2026:13:13:27 +0200] "POST /wp-cron.php?doing_wp_cron=1785669207.0406138896942138671875 HTTP/1.1" 200 6900 "-" "WordPress/7.0.2; https://www.ensaco.es"
34.196.51.17 - - [02/Aug/2026:13:13:24 +0200] "HEAD / HTTP/1.1" 200 7073 "https://www.ensaco.es/" "WPMUDEV Uptime Monitor 5.0 (https://wpmudev.com)"
84.236.228.59 - - [02/Aug/2026:13:15:28 +0200] "POST /wp-cron.php?doing_wp_cron=1785669328.2693140506744384765625 HTTP/1.1" 200 6900 "-" "WordPress/7.0.2; https://www.ensaco.es"
34.196.51.17 - - [02/Aug/2026:13:15:24 +0200] "HEAD / HTTP/1.1" 200 7073 "https://www.ensaco.es/" "WPMUDEV Uptime Monitor 5.0 (https://wpmudev.com)"
84.236.228.59 - - [02/Aug/2026:13:15:51 +0200] "POST /wp-cron.php?doing_wp_cron=1785669351.6784610748291015625000 HTTP/1.1" 200 6900 "-" "WordPress/7.0.2; https://www.ensaco.es"
85.208.98.226 - - [02/Aug/2026:13:15:48 +0200] "GET /robots.txt HTTP/1.1" 200 7240 "-" "Mozilla/5.0 (iPhone; CPU iPhone OS 6_0 like Mac OS X) AppleWebKit/536.26 (KHTML, like Gecko) Version/6.0 Mobile/10A5376e Safari/8536.25 (compatible; Googlebot/2.1; +http://www.google.com/bot.html)"
85.208.98.226 - - [02/Aug/2026:13:15:52 +0200] "GET /automatizacion/ HTTP/1.1" 500 14842 "-" "Mozilla/5.0 (iPhone; CPU iPhone OS 6_0 like Mac OS X) AppleWebKit/536.26 (KHTML, like Gecko) Version/6.0 Mobile/10A5376e Safari/8536.25 (compatible; Googlebot/2.1; +http://www.google.com/bot.html)"
85.208.98.227 - - [02/Aug/2026:13:15:57 +0200] "GET /automatizacion/ HTTP/1.1" 500 364175 "-" "Mozilla/5.0 (iPhone; CPU iPhone OS 6_0 like Mac OS X) AppleWebKit/536.26 (KHTML, like Gecko) Version/6.0 Mobile/10A5376e Safari/8536.25 (compatible; Googlebot/2.1; +http://www.google.com/bot.html)"
84.236.228.59 - - [02/Aug/2026:13:17:28 +0200] "POST /wp-cron.php?doing_wp_cron=1785669448.0134780406951904296875 HTTP/1.1" 200 6900 "-" "WordPress/7.0.2; https://www.ensaco.es"
34.196.51.17 - - [02/Aug/2026:13:17:25 +0200] "HEAD / HTTP/1.1" 200 7073 "https://www.ensaco.es/" "WPMUDEV Uptime Monitor 5.0 (https://wpmudev.com)"
84.236.228.59 - - [02/Aug/2026:13:18:16 +0200] "POST /wp-cron.php?doing_wp_cron=1785669496.1362760066986083984375 HTTP/1.1" 200 6900 "-" "WordPress/7.0.2; https://www.ensaco.es"
79.156.6.192 - - [02/Aug/2026:13:18:09 +0200] "GET /casas-biopasivas/ HTTP/1.1" 500 309895 "https://www.google.com/" "Mozilla/5.0 (Linux; Android 10; K) AppleWebKit/537.36 (KHTML, like Gecko) Chrome/150.0.0.0 Mobile Safari/537.36"
79.156.6.192 - - [02/Aug/2026:13:18:16 +0200] "GET /wp-content/plugins/cookie-law-info/legacy/public/css/cookie-law-info-gdpr.css HTTP/1.1" 200 6989 "https://www.ensaco.es/casas-biopasivas/" "Mozilla/5.0 (Linux; Android 10; K) AppleWebKit/537.36 (KHTML, like Gecko) Chrome/150.0.0.0 Mobile Safari/537.36"
79.156.6.192 - - [02/Aug/2026:13:18:16 +0200] "GET /wp-content/plugins/cookie-law-info/legacy/public/css/cookie-law-info-public.css HTTP/1.1" 200 6991 "https://www.ensaco.es/casas-biopasivas/" "Mozilla/5.0 (Linux; Android 10; K) AppleWebKit/537.36 (KHTML, like Gecko) Chrome/150.0.0.0 Mobile Safari/537.36"
79.156.6.192 - - [02/Aug/2026:13:18:16 +0200] "GET /wp-content/plugins/woo-product-bundle/assets/css/blocks.css HTTP/1.1" 200 6971 "https://www.ensaco.es/casas-biopasivas/" "Mozilla/5.0 (Linux; Android 10; K) AppleWebKit/537.36 (KHTML, like Gecko) Chrome/150.0.0.0 Mobile Safari/537.36"
79.156.6.192 - - [02/Aug/2026:13:18:16 +0200] "GET /wp-content/plugins/bb-plugin/css/jquery.magnificpopup.min.css HTTP/1.1" 200 6973 "https://www.ensaco.es/casas-biopasivas/" "Mozilla/5.0 (Linux; Android 10; K) AppleWebKit/537.36 (KHTML, like Gecko) Chrome/150.0.0.0 Mobile Safari/537.36"
79.156.6.192 - - [02/Aug/2026:13:18:16 +0200] "GET /wp-content/themes/bb-theme/css/bootstrap.min.css HTTP/1.1" 200 6960 "https://www.ensaco.es/casas-biopasivas/" "Mozilla/5.0 (Linux; Android 10; K) AppleWebKit/537.36 (KHTML, like Gecko) Chrome/150.0.0.0 Mobile Safari/537.36"
79.156.6.192 - - [02/Aug/2026:13:18:16 +0200] "GET /wp-content/uploads/2020/12/pexels-devon-rockola-816198.jpg HTTP/1.1" 200 6973 "https://www.ensaco.es/casas-biopasivas/" "Mozilla/5.0 (Linux; Android 10; K) AppleWebKit/537.36 (KHTML, like Gecko) Chrome/150.0.0.0 Mobile Safari/537.36"
79.156.6.192 - - [02/Aug/2026:13:18:16 +0200] "GET /wp-content/plugins/woocommerce/assets/css/woocommerce.css HTTP/1.1" 200 6969 "https://www.ensaco.es/casas-biopasivas/" "Mozilla/5.0 (Linux; Android 10; K) AppleWebKit/537.36 (KHTML, like Gecko) Chrome/150.0.0.0 Mobile Safari/537.36"
79.156.6.192 - - [02/Aug/2026:13:18:16 +0200] "GET /wp-content/plugins/woo-product-bundle/assets/css/frontend.css HTTP/1.1" 200 6973 "https://www.ensaco.es/casas-biopasivas/" "Mozilla/5.0 (Linux; Android 10; K) AppleWebKit/537.36 (KHTML, like Gecko) Chrome/150.0.0.0 Mobile Safari/537.36"
79.156.6.192 - - [02/Aug/2026:13:18:16 +0200] "GET /wp-content/plugins/woocommerce/assets/css/woocommerce-layout.css HTTP/1.1" 200 6976 "https://www.ensaco.es/casas-biopasivas/" "Mozilla/5.0 (Linux; Android 10; K) AppleWebKit/537.36 (KHTML, like Gecko) Chrome/150.0.0.0 Mobile Safari/537.36"
79.156.6.192 - - [02/Aug/2026:13:18:16 +0200] "GET /wp-content/plugins/pago-redsys-tpv-grafreak/public/css/pago-redsys-grafreak-public.css HTTP/1.1" 200 6998 "https://www.ensaco.es/casas-biopasivas/" "Mozilla/5.0 (Linux; Android 10; K) AppleWebKit/537.36 (KHTML, like Gecko) Chrome/150.0.0.0 Mobile Safari/537.36"
79.156.6.192 - - [02/Aug/2026:13:18:16 +0200] "GET /wp-content/plugins/bb-plugin/fonts/fontawesome/5.15.4/webfonts/fa-regular-400.woff2 HTTP/1.1" 200 6997 "https://www.ensaco.es/casas-biopasivas/" "Mozilla/5.0 (Linux; Android 10; K) AppleWebKit/537.36 (KHTML, like Gecko) Chrome/150.0.0.0 Mobile Safari/537.36"
79.156.6.192 - - [02/Aug/2026:13:18:16 +0200] "GET /wp-content/plugins/woocommerce/assets/css/woocommerce-smallscreen.css HTTP/1.1" 200 6981 "https://www.ensaco.es/casas-biopasivas/" "Mozilla/5.0 (Linux; Android 10; K) AppleWebKit/537.36 (KHTML, like Gecko) Chrome/150.0.0.0 Mobile Safari/537.36"
79.156.6.192 - - [02/Aug/2026:13:18:16 +0200] "GET /wp-content/plugins/bb-plugin/fonts/fontawesome/5.15.4/webfonts/fa-solid-900.woff2 HTTP/1.1" 200 6995 "https://www.ensaco.es/casas-biopasivas/" "Mozilla/5.0 (Linux; Android 10; K) AppleWebKit/537.36 (KHTML, like Gecko) Chrome/150.0.0.0 Mobile Safari/537.36"
79.156.6.192 - - [02/Aug/2026:13:18:16 +0200] "GET /wp-content/plugins/bb-plugin/fonts/fontawesome/5.15.4/css/all.min.css HTTP/1.1" 200 6981 "https://www.ensaco.es/casas-biopasivas/" "Mozilla/5.0 (Linux; Android 10; K) AppleWebKit/537.36 (KHTML, like Gecko) Chrome/150.0.0.0 Mobile Safari/537.36"
79.156.6.192 - - [02/Aug/2026:13:18:16 +0200] "GET /wp-content/uploads/2019/12/hoja-azul.png HTTP/1.1" 200 6954 "https://www.ensaco.es/casas-biopasivas/" "Mozilla/5.0 (Linux; Android 10; K) AppleWebKit/537.36 (KHTML, like Gecko) Chrome/150.0.0.0 Mobile Safari/537.36"
142.250.32.33 - - [02/Aug/2026:13:18:18 +0200] "GET /casas-biopasivas/ HTTP/1.1" 500 309895 "-" "Mozilla/5.0 (Linux; Android 10; K) AppleWebKit/537.36 (KHTML, like Gecko) Chrome/138.0.0.0 Mobile Safari/537.36 (compatible; Google-Read-Aloud; +https://support.google.com/webmasters/answer/1061943)"
66.102.8.171 - - [02/Aug/2026:13:18:23 +0200] "GET /casas-biopasivas/ HTTP/1.1" 500 309910 "-" "Mozilla/5.0 (Linux; Android 10; K) AppleWebKit/537.36 (KHTML, like Gecko) Chrome/138.0.0.0 Mobile Safari/537.36 (compatible; Google-Read-Aloud; +https://support.google.com/webmasters/answer/1061943)"
66.102.8.173 - - [02/Aug/2026:13:18:23 +0200] "GET /casas-biopasivas/ HTTP/1.1" 500 309910 "-" "Mozilla/5.0 (Linux; Android 10; K) AppleWebKit/537.36 (KHTML, like Gecko) Chrome/138.0.0.0 Mobile Safari/537.36 (compatible; Google-Read-Aloud; +https://support.google.com/webmasters/answer/1061943)"
66.102.8.171 - - [02/Aug/2026:13:18:30 +0200] "GET /wp-content/plugins/woo-product-bundle/assets/css/blocks.css HTTP/1.1" 200 6971 "https://www.ensaco.es/casas-biopasivas/" "Mozilla/5.0 (Linux; Android 10; K) AppleWebKit/537.36 (KHTML, like Gecko) Chrome/138.0.0.0 Mobile Safari/537.36 (compatible; Google-Read-Aloud; +https://support.google.com/webmasters/answer/1061943)"
66.102.8.172 - - [02/Aug/2026:13:18:30 +0200] "GET /wp-content/plugins/cookie-law-info/legacy/public/css/cookie-law-info-gdpr.css HTTP/1.1" 200 6989 "https://www.ensaco.es/casas-biopasivas/" "Mozilla/5.0 (Linux; Android 10; K) AppleWebKit/537.36 (KHTML, like Gecko) Chrome/138.0.0.0 Mobile Safari/537.36 (compatible; Google-Read-Aloud; +https://support.google.com/webmasters/answer/1061943)"
66.102.8.171 - - [02/Aug/2026:13:18:30 +0200] "GET /wp-content/plugins/bb-plugin/fonts/fontawesome/5.15.4/webfonts/fa-solid-900.woff2 HTTP/1.1" 200 6995 "https://www.ensaco.es/casas-biopasivas/" "Mozilla/5.0 (Linux; Android 10; K) AppleWebKit/537.36 (KHTML, like Gecko) Chrome/138.0.0.0 Mobile Safari/537.36 (compatible; Google-Read-Aloud; +https://support.google.com/webmasters/answer/1061943)"
66.102.8.173 - - [02/Aug/2026:13:18:30 +0200] "GET /wp-content/plugins/bb-plugin/fonts/fontawesome/5.15.4/webfonts/fa-regular-400.woff2 HTTP/1.1" 200 6997 "https://www.ensaco.es/casas-biopasivas/" "Mozilla/5.0 (Linux; Android 10; K) AppleWebKit/537.36 (KHTML, like Gecko) Chrome/138.0.0.0 Mobile Safari/537.36 (compatible; Google-Read-Aloud; +https://support.google.com/webmasters/answer/1061943)"
66.102.8.172 - - [02/Aug/2026:13:18:30 +0200] "GET /wp-content/plugins/bb-plugin/fonts/fontawesome/5.15.4/webfonts/fa-solid-900.woff2 HTTP/1.1" 200 6995 "https://www.ensaco.es/casas-biopasivas/" "Mozilla/5.0 (Linux; Android 10; K) AppleWebKit/537.36 (KHTML, like Gecko) Chrome/138.0.0.0 Mobile Safari/537.36 (compatible; Google-Read-Aloud; +https://support.google.com/webmasters/answer/1061943)"
66.102.8.173 - - [02/Aug/2026:13:18:30 +0200] "GET /wp-content/plugins/bb-plugin/css/jquery.magnificpopup.min.css HTTP/1.1" 200 6973 "https://www.ensaco.es/casas-biopasivas/" "Mozilla/5.0 (Linux; Android 10; K) AppleWebKit/537.36 (KHTML, like Gecko) Chrome/138.0.0.0 Mobile Safari/537.36 (compatible; Google-Read-Aloud; +https://support.google.com/webmasters/answer/1061943)"
66.102.8.172 - - [02/Aug/2026:13:18:30 +0200] "GET /wp-content/themes/bb-theme/css/bootstrap.min.css HTTP/1.1" 200 6960 "https://www.ensaco.es/casas-biopasivas/" "Mozilla/5.0 (Linux; Android 10; K) AppleWebKit/537.36 (KHTML, like Gecko) Chrome/138.0.0.0 Mobile Safari/537.36 (compatible; Google-Read-Aloud; +https://support.google.com/webmasters/answer/1061943)"
66.102.8.171 - - [02/Aug/2026:13:18:30 +0200] "GET /wp-content/plugins/cookie-law-info/legacy/public/css/cookie-law-info-public.css HTTP/1.1" 200 6991 "https://www.ensaco.es/casas-biopasivas/" "Mozilla/5.0 (Linux; Android 10; K) AppleWebKit/537.36 (KHTML, like Gecko) Chrome/138.0.0.0 Mobile Safari/537.36 (compatible; Google-Read-Aloud; +https://support.google.com/webmasters/answer/1061943)"
66.102.8.173 - - [02/Aug/2026:13:18:30 +0200] "GET /wp-content/plugins/bb-plugin/fonts/fontawesome/5.15.4/webfonts/fa-regular-400.woff2 HTTP/1.1" 200 6997 "https://www.ensaco.es/casas-biopasivas/" "Mozilla/5.0 (Linux; Android 10; K) AppleWebKit/537.36 (KHTML, like Gecko) Chrome/138.0.0.0 Mobile Safari/537.36 (compatible; Google-Read-Aloud; +https://support.google.com/webmasters/answer/1061943)"
66.102.8.173 - - [02/Aug/2026:13:18:30 +0200] "GET /wp-content/plugins/woocommerce/assets/css/woocommerce-smallscreen.css HTTP/1.1" 200 6981 "https://www.ensaco.es/casas-biopasivas/" "Mozilla/5.0 (Linux; Android 10; K) AppleWebKit/537.36 (KHTML, like Gecko) Chrome/138.0.0.0 Mobile Safari/537.36 (compatible; Google-Read-Aloud; +https://support.google.com/webmasters/answer/1061943)"
66.102.8.172 - - [02/Aug/2026:13:18:30 +0200] "GET /wp-content/plugins/woocommerce/assets/css/woocommerce-layout.css HTTP/1.1" 200 6976 "https://www.ensaco.es/casas-biopasivas/" "Mozilla/5.0 (Linux; Android 10; K) AppleWebKit/537.36 (KHTML, like Gecko) Chrome/138.0.0.0 Mobile Safari/537.36 (compatible; Google-Read-Aloud; +https://support.google.com/webmasters/answer/1061943)"
66.102.8.173 - - [02/Aug/2026:13:18:30 +0200] "GET /wp-content/plugins/woo-product-bundle/assets/css/frontend.css HTTP/1.1" 200 6973 "https://www.ensaco.es/casas-biopasivas/" "Mozilla/5.0 (Linux; Android 10; K) AppleWebKit/537.36 (KHTML, like Gecko) Chrome/138.0.0.0 Mobile Safari/537.36 (compatible; Google-Read-Aloud; +https://support.google.com/webmasters/answer/1061943)"
66.102.8.172 - - [02/Aug/2026:13:18:30 +0200] "GET /wp-content/plugins/pago-redsys-tpv-grafreak/public/css/pago-redsys-grafreak-public.css HTTP/1.1" 200 6998 "https://www.ensaco.es/casas-biopasivas/" "Mozilla/5.0 (Linux; Android 10; K) AppleWebKit/537.36 (KHTML, like Gecko) Chrome/138.0.0.0 Mobile Safari/537.36 (compatible; Google-Read-Aloud; +https://support.google.com/webmasters/answer/1061943)"
66.102.8.172 - - [02/Aug/2026:13:18:30 +0200] "GET /wp-content/plugins/bb-plugin/fonts/fontawesome/5.15.4/css/all.min.css HTTP/1.1" 200 6981 "https://www.ensaco.es/casas-biopasivas/" "Mozilla/5.0 (Linux; Android 10; K) AppleWebKit/537.36 (KHTML, like Gecko) Chrome/138.0.0.0 Mobile Safari/537.36 (compatible; Google-Read-Aloud; +https://support.google.com/webmasters/answer/1061943)"
66.102.8.171 - - [02/Aug/2026:13:18:30 +0200] "GET /wp-content/plugins/woocommerce/assets/css/woocommerce.css HTTP/1.1" 200 6969 "https://www.ensaco.es/casas-biopasivas/" "Mozilla/5.0 (Linux; Android 10; K) AppleWebKit/537.36 (KHTML, like Gecko) Chrome/138.0.0.0 Mobile Safari/537.36 (compatible; Google-Read-Aloud; +https://support.google.com/webmasters/answer/1061943)"
66.102.8.171 - - [02/Aug/2026:13:18:30 +0200] "GET /wp-content/plugins/cookie-law-info/legacy/public/css/cookie-law-info-public.css HTTP/1.1" 200 6991 "https://www.ensaco.es/casas-biopasivas/" "Mozilla/5.0 (Linux; Android 10; K) AppleWebKit/537.36 (KHTML, like Gecko) Chrome/138.0.0.0 Mobile Safari/537.36 (compatible; Google-Read-Aloud; +https://support.google.com/webmasters/answer/1061943)"
66.102.8.171 - - [02/Aug/2026:13:18:30 +0200] "GET /wp-content/plugins/woocommerce/assets/css/woocommerce.css HTTP/1.1" 200 6969 "https://www.ensaco.es/casas-biopasivas/" "Mozilla/5.0 (Linux; Android 10; K) AppleWebKit/537.36 (KHTML, like Gecko) Chrome/138.0.0.0 Mobile Safari/537.36 (compatible; Google-Read-Aloud; +https://support.google.com/webmasters/answer/1061943)"
66.102.8.171 - - [02/Aug/2026:13:18:30 +0200] "GET /wp-content/plugins/cookie-law-info/legacy/public/css/cookie-law-info-gdpr.css HTTP/1.1" 200 6989 "https://www.ensaco.es/casas-biopasivas/" "Mozilla/5.0 (Linux; Android 10; K) AppleWebKit/537.36 (KHTML, like Gecko) Chrome/138.0.0.0 Mobile Safari/537.36 (compatible; Google-Read-Aloud; +https://support.google.com/webmasters/answer/1061943)"
66.102.8.171 - - [02/Aug/2026:13:18:30 +0200] "GET /wp-content/plugins/pago-redsys-tpv-grafreak/public/css/pago-redsys-grafreak-public.css HTTP/1.1" 200 6998 "https://www.ensaco.es/casas-biopasivas/" "Mozilla/5.0 (Linux; Android 10; K) AppleWebKit/537.36 (KHTML, like Gecko) Chrome/138.0.0.0 Mobile Safari/537.36 (compatible; Google-Read-Aloud; +https://support.google.com/webmasters/answer/1061943)"
66.102.8.173 - - [02/Aug/2026:13:18:30 +0200] "GET /wp-content/plugins/woocommerce/assets/css/woocommerce-layout.css HTTP/1.1" 200 6976 "https://www.ensaco.es/casas-biopasivas/" "Mozilla/5.0 (Linux; Android 10; K) AppleWebKit/537.36 (KHTML, like Gecko) Chrome/138.0.0.0 Mobile Safari/537.36 (compatible; Google-Read-Aloud; +https://support.google.com/webmasters/answer/1061943)"
66.102.8.172 - - [02/Aug/2026:13:18:30 +0200] "GET /wp-content/themes/bb-theme/css/bootstrap.min.css HTTP/1.1" 200 6960 "https://www.ensaco.es/casas-biopasivas/" "Mozilla/5.0 (Linux; Android 10; K) AppleWebKit/537.36 (KHTML, like Gecko) Chrome/138.0.0.0 Mobile Safari/537.36 (compatible; Google-Read-Aloud; +https://support.google.com/webmasters/answer/1061943)"
66.102.8.171 - - [02/Aug/2026:13:18:30 +0200] "GET /wp-content/plugins/bb-plugin/css/jquery.magnificpopup.min.css HTTP/1.1" 200 6973 "https://www.ensaco.es/casas-biopasivas/" "Mozilla/5.0 (Linux; Android 10; K) AppleWebKit/537.36 (KHTML, like Gecko) Chrome/138.0.0.0 Mobile Safari/537.36 (compatible; Google-Read-Aloud; +https://support.google.com/webmasters/answer/1061943)"
66.102.8.171 - - [02/Aug/2026:13:18:30 +0200] "GET /wp-content/plugins/bb-plugin/fonts/fontawesome/5.15.4/css/all.min.css HTTP/1.1" 200 6981 "https://www.ensaco.es/casas-biopasivas/" "Mozilla/5.0 (Linux; Android 10; K) AppleWebKit/537.36 (KHTML, like Gecko) Chrome/138.0.0.0 Mobile Safari/537.36 (compatible; Google-Read-Aloud; +https://support.google.com/webmasters/answer/1061943)"
66.102.8.171 - - [02/Aug/2026:13:18:30 +0200] "GET /wp-content/plugins/woo-product-bundle/assets/css/frontend.css HTTP/1.1" 200 6973 "https://www.ensaco.es/casas-biopasivas/" "Mozilla/5.0 (Linux; Android 10; K) AppleWebKit/537.36 (KHTML, like Gecko) Chrome/138.0.0.0 Mobile Safari/537.36 (compatible; Google-Read-Aloud; +https://support.google.com/webmasters/answer/1061943)"
66.102.8.173 - - [02/Aug/2026:13:18:30 +0200] "GET /wp-content/plugins/woocommerce/assets/css/woocommerce-smallscreen.css HTTP/1.1" 200 6981 "https://www.ensaco.es/casas-biopasivas/" "Mozilla/5.0 (Linux; Android 10; K) AppleWebKit/537.36 (KHTML, like Gecko) Chrome/138.0.0.0 Mobile Safari/537.36 (compatible; Google-Read-Aloud; +https://support.google.com/webmasters/answer/1061943)"
84.236.228.59 - - [02/Aug/2026:13:19:30 +0200] "POST /wp-cron.php?doing_wp_cron=1785669570.6221508979797363281250 HTTP/1.1" 200 6900 "-" "WordPress/7.0.2; https://www.ensaco.es"
34.196.51.17 - - [02/Aug/2026:13:19:23 +0200] "HEAD / HTTP/1.1" 200 7073 "https://www.ensaco.es/" "WPMUDEV Uptime Monitor 5.0 (https://wpmudev.com)"
84.236.228.59 - - [02/Aug/2026:13:21:35 +0200] "POST /wp-cron.php?doing_wp_cron=1785669695.1292600631713867187500 HTTP/1.1" 200 6900 "-" "WordPress/7.0.2; https://www.ensaco.es"
34.196.51.17 - - [02/Aug/2026:13:21:25 +0200] "HEAD / HTTP/1.1" 200 7073 "https://www.ensaco.es/" "WPMUDEV Uptime Monitor 5.0 (https://wpmudev.com)"
84.236.228.59 - - [02/Aug/2026:13:23:33 +0200] "POST /wp-cron.php?doing_wp_cron=1785669813.4824120998382568359375 HTTP/1.1" 200 6900 "-" "WordPress/7.0.2; https://www.ensaco.es"
34.196.51.17 - - [02/Aug/2026:13:23:24 +0200] "HEAD / HTTP/1.1" 200 7073 "https://www.ensaco.es/" "WPMUDEV Uptime Monitor 5.0 (https://wpmudev.com)"
42.201.192.49 - - [02/Aug/2026:13:23:35 +0200] "GET / HTTP/1.1" 301 6954 "https://ensaco.es/" "Mozilla/5.0 (Macintosh; Intel Mac OS X 10_15_7) AppleWebKit/537.36 (KHTML, like Gecko) Chrome/129.0.6668.59 Safari/537.36"
84.236.228.59 - - [02/Aug/2026:13:25:31 +0200] "POST /wp-cron.php?doing_wp_cron=1785669930.9215180873870849609375 HTTP/1.1" 200 6900 "-" "WordPress/7.0.2; https://www.ensaco.es"
34.196.51.17 - - [02/Aug/2026:13:25:24 +0200] "HEAD / HTTP/1.1" 200 7073 "https://www.ensaco.es/" "WPMUDEV Uptime Monitor 5.0 (https://wpmudev.com)"
84.236.228.59 - - [02/Aug/2026:13:27:27 +0200] "POST /wp-cron.php?doing_wp_cron=1785670046.8611850738525390625000 HTTP/1.1" 200 6900 "-" "WordPress/7.0.2; https://www.ensaco.es"
34.196.51.17 - - [02/Aug/2026:13:27:23 +0200] "HEAD / HTTP/1.1" 200 7073 "https://www.ensaco.es/" "WPMUDEV Uptime Monitor 5.0 (https://wpmudev.com)"
84.236.228.59 - - [02/Aug/2026:13:29:28 +0200] "POST /wp-cron.php?doing_wp_cron=1785670168.4853560924530029296875 HTTP/1.1" 200 6900 "-" "WordPress/7.0.2; https://www.ensaco.es"
34.196.51.17 - - [02/Aug/2026:13:29:25 +0200] "HEAD / HTTP/1.1" 200 7073 "https://www.ensaco.es/" "WPMUDEV Uptime Monitor 5.0 (https://wpmudev.com)"
84.236.228.59 - - [02/Aug/2026:13:31:34 +0200] "POST /wp-cron.php?doing_wp_cron=1785670293.9678919315338134765625 HTTP/1.1" 200 6900 "-" "WordPress/7.0.2; https://www.ensaco.es"
34.196.51.17 - - [02/Aug/2026:13:31:29 +0200] "HEAD / HTTP/1.1" 200 7073 "https://www.ensaco.es/" "WPMUDEV Uptime Monitor 5.0 (https://wpmudev.com)"
84.236.228.59 - - [02/Aug/2026:13:32:58 +0200] "POST /wp-cron.php?doing_wp_cron=1785670377.9852418899536132812500 HTTP/1.1" 200 6900 "-" "WordPress/7.0.2; https://www.ensaco.es"
63.141.237.104 - - [02/Aug/2026:13:32:54 +0200] "GET / HTTP/1.1" 301 6954 "-" "Mozilla/5.0 (Linux; Android 7.0; M4 SS4458-R) AppleWebKit/537.36 (KHTML, like Gecko) Chrome/114.0.0.0 Mobile Safari/537.36 EdgA/114.0.0.0"
63.141.237.104 - - [02/Aug/2026:13:33:10 +0200] "GET / HTTP/1.1" 301 6954 "-" "Mozilla/5.0 (Linux; Android 11; RMX3115 Build/RP1A.200720.011; wv) AppleWebKit/537.36 (KHTML, like Gecko) Version/4.0 Chrome/76.0.3809.89 Mobile Safari/537.36 T7/12.29 SP-engine/2.38.0 baiduboxapp/12.29.0.10 (Baidu; P1 11) NABar/1.0"
63.141.237.104 - - [02/Aug/2026:13:33:24 +0200] "GET / HTTP/1.1" 500 268248 "-" "Mozilla/5.0 (Linux; Android 11; RMX3115 Build/RP1A.200720.011; wv) AppleWebKit/537.36 (KHTML, like Gecko) Version/4.0 Chrome/76.0.3809.89 Mobile Safari/537.36 T7/12.29 SP-engine/2.38.0 baiduboxapp/12.29.0.10 (Baidu; P1 11) NABar/1.0"
34.196.51.17 - - [02/Aug/2026:13:33:28 +0200] "HEAD / HTTP/1.1" 200 7073 "https://www.ensaco.es/" "WPMUDEV Uptime Monitor 5.0 (https://wpmudev.com)"
84.236.228.59 - - [02/Aug/2026:13:33:48 +0200] "POST /wp-cron.php?doing_wp_cron=1785670428.2045478820800781250000 HTTP/1.1" 200 6900 "-" "WordPress/7.0.2; https://www.ensaco.es"
63.141.237.104 - - [02/Aug/2026:13:33:45 +0200] "GET / HTTP/1.1" 301 6954 "-" "Mozilla/5.0 (Windows NT 10.0; Win64; x64) AppleWebKit/537.36 (KHTML, like Gecko) Chrome/108.0.0.0 Safari/537.36 Edg/108.0.1462.54 GLS/92.10.9729.30"
63.141.237.104 - - [02/Aug/2026:13:33:48 +0200] "GET / HTTP/1.1" 500 268242 "-" "Mozilla/5.0 (Windows NT 10.0; Win64; x64) AppleWebKit/537.36 (KHTML, like Gecko) Chrome/108.0.0.0 Safari/537.36 Edg/108.0.1462.54 GLS/92.10.9729.30"
84.236.228.59 - - [02/Aug/2026:13:35:29 +0200] "POST /wp-cron.php?doing_wp_cron=1785670529.3698909282684326171875 HTTP/1.1" 200 6900 "-" "WordPress/7.0.2; https://www.ensaco.es"
34.196.51.17 - - [02/Aug/2026:13:35:25 +0200] "HEAD / HTTP/1.1" 200 7073 "https://www.ensaco.es/" "WPMUDEV Uptime Monitor 5.0 (https://wpmudev.com)"
84.236.228.59 - - [02/Aug/2026:13:35:58 +0200] "POST /wp-cron.php?doing_wp_cron=1785670558.1789219379425048828125 HTTP/1.1" 200 6900 "-" "WordPress/7.0.2; https://www.ensaco.es"
216.244.66.250 - - [02/Aug/2026:13:35:55 +0200] "GET /robots.txt HTTP/1.1" 200 7462 "-" "Mozilla/5.0 (compatible; DotBot/1.2; +https://opensiteexplorer.org/dotbot; help@moz.com)"
84.236.228.59 - - [02/Aug/2026:13:37:26 +0200] "POST /wp-cron.php?doing_wp_cron=1785670646.6664841175079345703125 HTTP/1.1" 200 6900 "-" "WordPress/7.0.2; https://www.ensaco.es"
34.196.51.17 - - [02/Aug/2026:13:37:23 +0200] "HEAD / HTTP/1.1" 200 7073 "https://www.ensaco.es/" "WPMUDEV Uptime Monitor 5.0 (https://wpmudev.com)"
84.236.228.59 - - [02/Aug/2026:13:38:15 +0200] "POST /wp-cron.php?doing_wp_cron=1785670695.8315980434417724609375 HTTP/1.1" 200 6900 "-" "WordPress/7.0.2; https://www.ensaco.es"
155.94.179.148 - - [02/Aug/2026:13:38:12 +0200] "GET /wp-content/uploads/2024/03/NANODIMMERAIR-100x100.jpg100w,https://www.ensaco.es/wp-content/uploads/2024/03/NANODIMMERAIR-150x150.jpg150w,https://www.ensaco.es/wp-content/uploads/2024/03/NANODIMMERAIR-300x300.jpg300w HTTP/1.1" 301 7206 "https://www.ensaco.es/producto/nano-dimmer-air/" "Mozilla/5.0 (Linux; Android 8.0; Pixel 2 Build/OPD3.170816.012) AppleWebKit/537.36 (KHTML, like Gecko) Chrome/39.0.5699.1044 Mobile Safari/537.36"
103.252.110.189 - - [02/Aug/2026:13:38:18 +0200] "GET /wp-content/uploads/2024/03/NANODIMMERAIR-100x100.jpg100w,https:/www.ensaco.es/wp-content/uploads/2024/03/NANODIMMERAIR-150x150.jpg150w,https:/www.ensaco.es/wp-content/uploads/2024/03/NANODIMMERAIR-300x300.jpg300w HTTP/1.1" 500 265394 "https://www.ensaco.es/producto/nano-dimmer-air/" "Mozilla/5.0 (Linux; Android 8.0; Pixel 2 Build/OPD3.170816.012) AppleWebKit/537.36 (KHTML, like Gecko) Chrome/39.0.5699.1044 Mobile Safari/537.36"
47.128.22.123 - - [02/Aug/2026:13:39:02 +0200] "GET /robots.txt HTTP/1.1" 404 7113 "-" "Mozilla/5.0 (Linux; Android 5.0) AppleWebKit/537.36 (KHTML, like Gecko) Mobile Safari/537.36 (compatible; Bytespider; https://bytedance.sg.larkoffice.com/docx/K5bxdypulop3IIxrJb0lOjLVgFe)"
84.236.228.59 - - [02/Aug/2026:13:39:28 +0200] "POST /wp-cron.php?doing_wp_cron=1785670768.6093780994415283203125 HTTP/1.1" 200 6900 "-" "WordPress/7.0.2; https://www.ensaco.es"
34.196.51.17 - - [02/Aug/2026:13:39:25 +0200] "HEAD / HTTP/1.1" 200 7073 "https://www.ensaco.es/" "WPMUDEV Uptime Monitor 5.0 (https://wpmudev.com)"
84.236.228.59 - - [02/Aug/2026:13:40:32 +0200] "POST /wp-cron.php?doing_wp_cron=1785670832.4985558986663818359375 HTTP/1.1" 200 6900 "-" "WordPress/7.0.2; https://www.ensaco.es"
113.183.55.216 - - [02/Aug/2026:13:40:28 +0200] "GET / HTTP/1.1" 301 6954 "https://ensaco.es/" "Mozilla/5.0 (Windows NT 10.0; Win64; x64) AppleWebKit/537.36 (KHTML, like Gecko) Chrome/122.0.0.0 Safari/537.36 Edg/122.0.0.0"
115.76.86.13 - - [02/Aug/2026:13:40:35 +0200] "GET / HTTP/1.1" 500 268242 "https://ensaco.es/" "Mozilla/5.0 (Windows NT 10.0; Win64; x64) AppleWebKit/537.36 (KHTML, like Gecko) Chrome/122.0.0.0 Safari/537.36 Edg/122.0.0.0"
34.196.51.17 - - [02/Aug/2026:13:41:25 +0200] "HEAD / HTTP/1.1" 200 7073 "https://www.ensaco.es/" "WPMUDEV Uptime Monitor 5.0 (https://wpmudev.com)"
216.244.66.250 - - [02/Aug/2026:13:43:21 +0200] "GET /blog/page/11/ HTTP/1.1" 301 7165 "-" "Mozilla/5.0 (compatible; DotBot/1.2; +https://opensiteexplorer.org/dotbot; help@moz.com)"
84.236.228.59 - - [02/Aug/2026:13:43:29 +0200] "POST /wp-cron.php?doing_wp_cron=1785671009.3712720870971679687500 HTTP/1.1" 200 6900 "-" "WordPress/7.0.2; https://www.ensaco.es"
34.196.51.17 - - [02/Aug/2026:13:43:25 +0200] "HEAD / HTTP/1.1" 200 7073 "https://www.ensaco.es/" "WPMUDEV Uptime Monitor 5.0 (https://wpmudev.com)"
84.236.228.59 - - [02/Aug/2026:13:44:17 +0200] "POST /wp-cron.php?doing_wp_cron=1785671056.8693099021911621093750 HTTP/1.1" 200 6900 "-" "WordPress/7.0.2; https://www.ensaco.es"
216.244.66.250 - - [02/Aug/2026:13:44:13 +0200] "GET /producto/plan-soporte-premium/ HTTP/1.1" 500 591654 "-" "Mozilla/5.0 (compatible; DotBot/1.2; +https://opensiteexplorer.org/dotbot; help@moz.com)"
84.236.228.59 - - [02/Aug/2026:13:45:12 +0200] "POST /wp-cron.php?doing_wp_cron=1785671112.4308850765228271484375 HTTP/1.1" 200 6900 "-" "WordPress/7.0.2; https://www.ensaco.es"
216.244.66.250 - - [02/Aug/2026:13:45:07 +0200] "GET /indexx.php HTTP/1.1" 500 265478 "-" "Mozilla/5.0 (compatible; DotBot/1.2; +https://opensiteexplorer.org/dotbot; help@moz.com)"
34.196.51.17 - - [02/Aug/2026:13:45:24 +0200] "HEAD / HTTP/1.1" 200 7073 "https://www.ensaco.es/" "WPMUDEV Uptime Monitor 5.0 (https://wpmudev.com)"
216.244.66.250 - - [02/Aug/2026:13:47:03 +0200] "GET /wp-content/uploads/2019/08/bed-bedroom-blue-172872.jpg HTTP/1.1" 200 6969 "-" "Mozilla/5.0 (compatible; DotBot/1.2; +https://opensiteexplorer.org/dotbot; help@moz.com)"
84.236.228.59 - - [02/Aug/2026:13:47:28 +0200] "POST /wp-cron.php?doing_wp_cron=1785671247.9939260482788085937500 HTTP/1.1" 200 6900 "-" "WordPress/7.0.2; https://www.ensaco.es"
34.196.51.17 - - [02/Aug/2026:13:47:25 +0200] "HEAD / HTTP/1.1" 200 7073 "https://www.ensaco.es/" "WPMUDEV Uptime Monitor 5.0 (https://wpmudev.com)"
84.236.228.59 - - [02/Aug/2026:13:49:33 +0200] "POST /wp-cron.php?doing_wp_cron=1785671373.4333391189575195312500 HTTP/1.1" 200 6900 "-" "WordPress/7.0.2; https://www.ensaco.es"
34.196.51.17 - - [02/Aug/2026:13:49:30 +0200] "HEAD / HTTP/1.1" 200 7073 "https://www.ensaco.es/" "WPMUDEV Uptime Monitor 5.0 (https://wpmudev.com)"
84.236.228.59 - - [02/Aug/2026:13:51:29 +0200] "POST /wp-cron.php?doing_wp_cron=1785671489.3820729255676269531250 HTTP/1.1" 200 6900 "-" "WordPress/7.0.2; https://www.ensaco.es"
34.196.51.17 - - [02/Aug/2026:13:51:25 +0200] "HEAD / HTTP/1.1" 200 7073 "https://www.ensaco.es/" "WPMUDEV Uptime Monitor 5.0 (https://wpmudev.com)"
84.236.228.59 - - [02/Aug/2026:13:53:26 +0200] "POST /wp-cron.php?doing_wp_cron=1785671606.2845408916473388671875 HTTP/1.1" 200 6900 "-" "WordPress/7.0.2; https://www.ensaco.es"
34.196.51.17 - - [02/Aug/2026:13:53:23 +0200] "HEAD / HTTP/1.1" 200 7073 "https://www.ensaco.es/" "WPMUDEV Uptime Monitor 5.0 (https://wpmudev.com)"
84.236.228.59 - - [02/Aug/2026:13:55:29 +0200] "POST /wp-cron.php?doing_wp_cron=1785671729.7742490768432617187500 HTTP/1.1" 200 6900 "-" "WordPress/7.0.2; https://www.ensaco.es"
34.196.51.17 - - [02/Aug/2026:13:55:26 +0200] "HEAD / HTTP/1.1" 200 7073 "https://www.ensaco.es/" "WPMUDEV Uptime Monitor 5.0 (https://wpmudev.com)"
40.77.167.21 - - [02/Aug/2026:13:55:44 +0200] "GET /wp-content/uploads/2019/01/Hargassner_HV-687x1024-1.png HTTP/1.1" 200 6969 "-" "Mozilla/5.0 AppleWebKit/537.36 (KHTML, like Gecko; compatible; bingbot/2.0; +http://www.bing.com/bingbot.htm) Chrome/116.0.1938.76 Safari/537.36"
84.236.228.59 - - [02/Aug/2026:13:56:39 +0200] "POST /wp-cron.php?doing_wp_cron=1785671799.1213860511779785156250 HTTP/1.1" 200 6900 "-" "WordPress/7.0.2; https://www.ensaco.es"
69.171.249.7 - - [02/Aug/2026:13:56:36 +0200] "GET /robots.txt HTTP/1.1" 301 6964 "-" "facebookexternalhit/1.1 (+http://www.facebook.com/externalhit_uatext.php)"
69.171.249.13 - - [02/Aug/2026:13:56:39 +0200] "GET /robots.txt HTTP/1.1" 200 7462 "-" "facebookexternalhit/1.1 (+http://www.facebook.com/externalhit_uatext.php)"
102.152.165.34 - - [02/Aug/2026:13:56:59 +0200] "GET / HTTP/1.1" 301 6954 "https://ensaco.es/" "Mozilla/5.0 (Windows NT 10.0; Win64; x64; rv:128.0) Gecko/20100101 Firefox/128.0"
201.182.241.54 - - [02/Aug/2026:13:57:05 +0200] "GET / HTTP/1.1" 500 268248 "https://ensaco.es/" "Mozilla/5.0 (Windows NT 10.0; Win64; x64; rv:128.0) Gecko/20100101 Firefox/128.0"
34.196.51.17 - - [02/Aug/2026:13:57:25 +0200] "HEAD / HTTP/1.1" 200 7073 "https://www.ensaco.es/" "WPMUDEV Uptime Monitor 5.0 (https://wpmudev.com)"
84.236.228.59 - - [02/Aug/2026:13:57:50 +0200] "POST /wp-cron.php?doing_wp_cron=1785671870.7667629718780517578125 HTTP/1.1" 200 6900 "-" "WordPress/7.0.2; https://www.ensaco.es"
43.130.26.3 - - [02/Aug/2026:13:57:48 +0200] "GET / HTTP/1.1" 301 6954 "http://ensaco.es" "Mozilla/5.0 (iPhone; CPU iPhone OS 13_2_3 like Mac OS X) AppleWebKit/605.1.15 (KHTML, like Gecko) Version/13.0.3 Mobile/15E148 Safari/604.1"
43.130.26.3 - - [02/Aug/2026:13:57:52 +0200] "GET / HTTP/1.1" 500 268242 "https://ensaco.es/" "Mozilla/5.0 (iPhone; CPU iPhone OS 13_2_3 like Mac OS X) AppleWebKit/605.1.15 (KHTML, like Gecko) Version/13.0.3 Mobile/15E148 Safari/604.1"
84.236.228.59 - - [02/Aug/2026:13:59:30 +0200] "POST /wp-cron.php?doing_wp_cron=1785671970.4534358978271484375000 HTTP/1.1" 200 6900 "-" "WordPress/7.0.2; https://www.ensaco.es"
34.196.51.17 - - [02/Aug/2026:13:59:26 +0200] "HEAD / HTTP/1.1" 200 7073 "https://www.ensaco.es/" "WPMUDEV Uptime Monitor 5.0 (https://wpmudev.com)"
84.236.228.59 - - [02/Aug/2026:14:01:11 +0200] "POST /wp-cron.php?doing_wp_cron=1785672070.9955179691314697265625 HTTP/1.1" 200 6900 "-" "WordPress/7.0.2; https://www.ensaco.es"
187.61.250.192 - - [02/Aug/2026:14:01:05 +0200] "GET /disenar-una-iluminacion-inteligente-con-domotica/ HTTP/1.1" 500 310539 "https://www.ensaco.es" "Mozilla/5.0 (Macintosh; Intel Mac OS X 10_15_7) AppleWebKit/537.36 (KHTML, like Gecko) Chrome/144.0.0.0 Safari/537.36"
34.196.51.17 - - [02/Aug/2026:14:01:28 +0200] "HEAD / HTTP/1.1" 200 7073 "https://www.ensaco.es/" "WPMUDEV Uptime Monitor 5.0 (https://wpmudev.com)"
84.236.228.59 - - [02/Aug/2026:14:01:35 +0200] "POST /wp-cron.php?doing_wp_cron=1785672095.7099809646606445312500 HTTP/1.1" 200 6900 "-" "WordPress/7.0.2; https://www.ensaco.es"
93.171.176.64 - - [02/Aug/2026:14:01:32 +0200] "GET /disenar-una-iluminacion-inteligente-con-domotica/ HTTP/1.1" 500 310524 "https://www.ensaco.es" "Mozilla/5.0 (Macintosh; Intel Mac OS X 10_15_7) AppleWebKit/537.36 (KHTML, like Gecko) Chrome/144.0.0.0 Safari/537.36"
84.236.228.59 - - [02/Aug/2026:14:03:29 +0200] "POST /wp-cron.php?doing_wp_cron=1785672209.1960480213165283203125 HTTP/1.1" 200 6900 "-" "WordPress/7.0.2; https://www.ensaco.es"
34.196.51.17 - - [02/Aug/2026:14:03:25 +0200] "HEAD / HTTP/1.1" 200 7073 "https://www.ensaco.es/" "WPMUDEV Uptime Monitor 5.0 (https://wpmudev.com)"
52.139.3.76 - - [02/Aug/2026:14:03:27 +0200] "GET / HTTP/1.1" 301 6954 "-" "Mozilla/5.0 (X11; Linux x86_64) AppleWebKit/537.36 (KHTML, like Gecko) Chrome/122.0.0.0 Safari/537.36"
52.139.3.76 - - [02/Aug/2026:14:03:32 +0200] "GET / HTTP/1.1" 500 268248 "-" "Mozilla/5.0 (X11; Linux x86_64) AppleWebKit/537.36 (KHTML, like Gecko) Chrome/122.0.0.0 Safari/537.36"
84.236.228.59 - - [02/Aug/2026:14:05:29 +0200] "POST /wp-cron.php?doing_wp_cron=1785672329.0497770309448242187500 HTTP/1.1" 200 6900 "-" "WordPress/7.0.2; https://www.ensaco.es"
34.196.51.17 - - [02/Aug/2026:14:05:25 +0200] "HEAD / HTTP/1.1" 200 7073 "https://www.ensaco.es/" "WPMUDEV Uptime Monitor 5.0 (https://wpmudev.com)"
84.236.228.59 - - [02/Aug/2026:14:07:27 +0200] "POST /wp-cron.php?doing_wp_cron=1785672447.7172489166259765625000 HTTP/1.1" 200 6900 "-" "WordPress/7.0.2; https://www.ensaco.es"
34.196.51.17 - - [02/Aug/2026:14:07:24 +0200] "HEAD / HTTP/1.1" 200 7073 "https://www.ensaco.es/" "WPMUDEV Uptime Monitor 5.0 (https://wpmudev.com)"
84.236.228.59 - - [02/Aug/2026:14:07:45 +0200] "POST /wp-cron.php?doing_wp_cron=1785672465.3515141010284423828125 HTTP/1.1" 200 6900 "-" "WordPress/7.0.2; https://www.ensaco.es"
40.77.167.74 - - [02/Aug/2026:14:07:42 +0200] "GET /producto/sensor-de-presencia-interior-air-blanco/ HTTP/1.1" 500 592042 "-" "Mozilla/5.0 AppleWebKit/537.36 (KHTML, like Gecko; compatible; bingbot/2.0; +http://www.bing.com/bingbot.htm) Chrome/116.0.1938.76 Safari/537.36"
84.236.228.59 - - [02/Aug/2026:14:09:32 +0200] "POST /wp-cron.php?doing_wp_cron=1785672572.7535030841827392578125 HTTP/1.1" 200 6900 "-" "WordPress/7.0.2; https://www.ensaco.es"
17.22.245.154 - - [02/Aug/2026:14:09:22 +0200] "GET /automatizacion-control-inteligente/loxone-2/ HTTP/1.1" 301 6991 "-" "Mozilla/5.0 (Macintosh; Intel Mac OS X 10_15_7) AppleWebKit/605.1.15 (KHTML, like Gecko) Version/17.4 Safari/605.1.15 (Applebot/0.1; +http://www.apple.com/go/applebot)"
34.196.51.17 - - [02/Aug/2026:14:09:26 +0200] "HEAD / HTTP/1.1" 200 7073 "https://www.ensaco.es/" "WPMUDEV Uptime Monitor 5.0 (https://wpmudev.com)"
17.22.245.154 - - [02/Aug/2026:14:09:33 +0200] "GET /wp-content/uploads/2017/10/Loxone.jpg HTTP/1.1" 200 6952 "-" "Mozilla/5.0 (Macintosh; Intel Mac OS X 10_15_7) AppleWebKit/605.1.15 (KHTML, like Gecko) Version/17.4 Safari/605.1.15 (Applebot/0.1; +http://www.apple.com/go/applebot)"
40.77.167.74 - - [02/Aug/2026:14:10:11 +0200] "GET /wp-content/uploads/2020/04/woman-in-grey-jacket-sits-on-bed-uses-grey-laptop-935743-300x200.jpg HTTP/1.1" 200 7010 "-" "Mozilla/5.0 AppleWebKit/537.36 (KHTML, like Gecko; compatible; bingbot/2.0; +http://www.bing.com/bingbot.htm) Chrome/116.0.1938.76 Safari/537.36"
84.236.228.59 - - [02/Aug/2026:14:11:28 +0200] "POST /wp-cron.php?doing_wp_cron=1785672688.1371529102325439453125 HTTP/1.1" 200 6900 "-" "WordPress/7.0.2; https://www.ensaco.es"
103.77.116.248 - - [02/Aug/2026:14:11:25 +0200] "GET / HTTP/1.1" 301 6954 "https://ensaco.es/" "Mozilla/5.0 (Macintosh; Intel Mac OS X 14_0) AppleWebKit/605.1.15 (KHTML, like Gecko) Version/17.0 Safari/605.1.15"
34.196.51.17 - - [02/Aug/2026:14:11:27 +0200] "HEAD / HTTP/1.1" 200 7073 "https://www.ensaco.es/" "WPMUDEV Uptime Monitor 5.0 (https://wpmudev.com)"
84.236.228.59 - - [02/Aug/2026:14:11:36 +0200] "POST /wp-cron.php?doing_wp_cron=1785672696.4083819389343261718750 HTTP/1.1" 200 6900 "-" "WordPress/7.0.2; https://www.ensaco.es"
14.174.201.187 - - [02/Aug/2026:14:11:33 +0200] "GET / HTTP/1.1" 500 268242 "https://ensaco.es/" "Mozilla/5.0 (Macintosh; Intel Mac OS X 14_0) AppleWebKit/605.1.15 (KHTML, like Gecko) Version/17.0 Safari/605.1.15"
72.63.94.60 - - [02/Aug/2026:14:12:22 +0200] "GET /wp-content/uploads/2020/07/43E3640B-2FD7-4ED4-8B05-AE51049F01C9.jpeg HTTP/1.1" 200 6983 "https://www.ensaco.es/que-es-una-casa-pasiva/" "Mozilla/5.0 (Macintosh; Intel Mac OS X 10_15_7) AppleWebKit/537.36 (KHTML, like Gecko) Chrome/131.0.0.0 Safari/537.36"
84.236.228.59 - - [02/Aug/2026:14:13:28 +0200] "POST /wp-cron.php?doing_wp_cron=1785672808.1701068878173828125000 HTTP/1.1" 200 6900 "-" "WordPress/7.0.2; https://www.ensaco.es"
34.196.51.17 - - [02/Aug/2026:14:13:24 +0200] "HEAD / HTTP/1.1" 200 7073 "https://www.ensaco.es/" "WPMUDEV Uptime Monitor 5.0 (https://wpmudev.com)"
84.236.228.59 - - [02/Aug/2026:14:15:31 +0200] "POST /wp-cron.php?doing_wp_cron=1785672931.5985620021820068359375 HTTP/1.1" 200 6900 "-" "WordPress/7.0.2; https://www.ensaco.es"
34.196.51.17 - - [02/Aug/2026:14:15:26 +0200] "HEAD / HTTP/1.1" 200 7073 "https://www.ensaco.es/" "WPMUDEV Uptime Monitor 5.0 (https://wpmudev.com)"
40.77.167.132 - - [02/Aug/2026:14:15:25 +0200] "GET /producto/rgbw-24v-dimmer-tree/ HTTP/1.1" 500 591452 "-" "Mozilla/5.0 AppleWebKit/537.36 (KHTML, like Gecko; compatible; bingbot/2.0; +http://www.bing.com/bingbot.htm) Chrome/116.0.1938.76 Safari/537.36"
107.173.176.80 - - [02/Aug/2026:14:16:38 +0200] "GET /wp-content/smush-webp/2024/04/PISCINA-150x150.png.webp HTTP/1.1" 200 6968 "https://www.ensaco.es/producto/voz-siri-alexa-google-home/" "Mozilla/5.0 (Macintosh; Intel Mac OS X 10_15_7) AppleWebKit/537.36 (KHTML, like Gecko) Chrome/131.0.0.0 Safari/537.36"
107.173.176.80 - - [02/Aug/2026:14:16:38 +0200] "GET /wp-content/smush-webp/2024/04/RIEGO-600x600.png.webp HTTP/1.1" 200 6966 "https://www.ensaco.es/producto/voz-siri-alexa-google-home/" "Mozilla/5.0 (Macintosh; Intel Mac OS X 10_15_7) AppleWebKit/537.36 (KHTML, like Gecko) Chrome/131.0.0.0 Safari/537.36"
107.173.176.80 - - [02/Aug/2026:14:16:38 +0200] "GET /wp-content/smush-webp/2024/04/RIEGO-1024x1024.png.webp HTTP/1.1" 200 6968 "https://www.ensaco.es/producto/voz-siri-alexa-google-home/" "Mozilla/5.0 (Macintosh; Intel Mac OS X 10_15_7) AppleWebKit/537.36 (KHTML, like Gecko) Chrome/131.0.0.0 Safari/537.36"
84.236.228.59 - - [02/Aug/2026:14:17:26 +0200] "POST /wp-cron.php?doing_wp_cron=1785673046.7861099243164062500000 HTTP/1.1" 200 6900 "-" "WordPress/7.0.2; https://www.ensaco.es"
34.196.51.17 - - [02/Aug/2026:14:17:23 +0200] "HEAD / HTTP/1.1" 200 7073 "https://www.ensaco.es/" "WPMUDEV Uptime Monitor 5.0 (https://wpmudev.com)"
84.236.228.59 - - [02/Aug/2026:14:19:30 +0200] "POST /wp-cron.php?doing_wp_cron=1785673170.3250939846038818359375 HTTP/1.1" 200 6900 "-" "WordPress/7.0.2; https://www.ensaco.es"
34.196.51.17 - - [02/Aug/2026:14:19:25 +0200] "HEAD / HTTP/1.1" 200 7073 "https://www.ensaco.es/" "WPMUDEV Uptime Monitor 5.0 (https://wpmudev.com)"
