216.73.217.138 - - [03/Aug/2026:05:14:33 +0200] "GET /sitemap_index.xml?fileloc=%2Fvar%2Fwww%2Fvhosts%2Fensaco.es%2Fhttpdocs%2Fwp-admin%2Fnetwork%2Fsite-info.php&path=%2Fvar%2Fwww%2Fvhosts%2Fensaco.es%2Fhttpdocs%2Fwp-admin%2Fnetwork HTTP/1.1" 200 12117 "-" "Mozilla/5.0 AppleWebKit/537.36 (KHTML, like Gecko; compatible; ClaudeBot/1.0; +claudebot@anthropic.com)"
57.141.0.7 - - [03/Aug/2026:05:14:33 +0200] "GET /altamira/?fileloc=/var/www/vhosts/ensaco.es/httpdocs/wp-content/uploads/2021/05/Aldes-5-600x339.jpg&path=/var/www/vhosts/ensaco.es/httpdocs/wp-content/uploads/2021/05 HTTP/1.1" 200 34207 "-" "Mozilla/5.0 (Windows NT 10.0; Win64; x64) AppleWebKit/537.36 (KHTML, like Gecko) Chrome/145.0.0.0 Safari/537.36 (compatible; meta-externalagent/1.1 (+https://developers.facebook.com/docs/sharing/webmasters/crawler))"
216.73.217.138 - - [03/Aug/2026:05:14:38 +0200] "GET /sitemap_index.xml?fileloc=%2Fvar%2Fwww%2Fvhosts%2Fensaco.es%2Fhttpdocs%2Fwp-admin%2Fincludes%2Ftranslation-install.php&path=%2Fvar%2Fwww%2Fvhosts%2Fensaco.es%2Fhttpdocs%2Fwp-admin%2Fincludes HTTP/1.1" 200 12493 "-" "Mozilla/5.0 AppleWebKit/537.36 (KHTML, like Gecko; compatible; ClaudeBot/1.0; +claudebot@anthropic.com)"
57.141.0.54 - - [03/Aug/2026:05:14:41 +0200] "GET /altamira/?fileloc=/var/www/vhosts/ensaco.es/httpdocs/wp-content/uploads/2021/12/energia-fotovoltaica-autosuficiencia-1024x768.jpg&path=/var/www/vhosts/ensaco.es/httpdocs/wp-content/uploads/2021/12 HTTP/1.1" 200 92441 "-" "Mozilla/5.0 (X11; Linux x86_64) AppleWebKit/537.36 (KHTML, like Gecko) Chrome/145.0.0.0 Safari/537.36 (compatible; meta-externalagent/1.1 (+https://developers.facebook.com/docs/sharing/webmasters/crawler))"
216.73.217.138 - - [03/Aug/2026:05:14:43 +0200] "GET /sitemap_index.xml?fileloc=%2Fvar%2Fwww%2Fvhosts%2Fensaco.es%2Fhttpdocs%2Fwp-includes%2Fblocks%2Farchives.php&path=%2Fvar%2Fwww%2Fvhosts%2Fensaco.es%2Fhttpdocs%2Fwp-includes%2Fblocks HTTP/1.1" 200 11028 "-" "Mozilla/5.0 AppleWebKit/537.36 (KHTML, like Gecko; compatible; ClaudeBot/1.0; +claudebot@anthropic.com)"
216.73.217.138 - - [03/Aug/2026:05:14:48 +0200] "GET /sitemap_index.xml?path=%2Fvar%2Fwww%2Fvhosts%2Fensaco.es%2Fhttpdocs%2Fwp-includes%2Fblocks%2Fpage-list-item HTTP/1.1" 200 9792 "-" "Mozilla/5.0 AppleWebKit/537.36 (KHTML, like Gecko; compatible; ClaudeBot/1.0; +claudebot@anthropic.com)"
57.141.0.47 - - [03/Aug/2026:05:14:49 +0200] "GET /altamira/?fileloc=/var/www/vhosts/ensaco.es/httpdocs/wp-content/uploads/2021/05/btv-logo-300x300.png&path=/var/www/vhosts/ensaco.es/httpdocs/wp-content/uploads/2021/05 HTTP/1.1" 200 12775 "-" "Mozilla/5.0 (Windows NT 10.0; Win64; x64) AppleWebKit/537.36 (KHTML, like Gecko) Chrome/145.0.0.0 Safari/537.36 (compatible; meta-externalagent/1.1 (+https://developers.facebook.com/docs/sharing/webmasters/crawler))"
216.73.217.138 - - [03/Aug/2026:05:14:54 +0200] "GET /?fileloc=%2Fvar%2Fwww%2Fvhosts%2Fensaco.es%2Fdata.ensaco.es%2FdataCompensada.json&path=%2Fvar%2Fwww%2Fvhosts%2Fensaco.es%2Fdata.ensaco.es HTTP/1.1" 200 10159 "-" "Mozilla/5.0 AppleWebKit/537.36 (KHTML, like Gecko; compatible; ClaudeBot/1.0; +claudebot@anthropic.com)"
57.141.0.71 - - [03/Aug/2026:05:14:56 +0200] "GET /altamira/?fileloc=/var/www/vhosts/ensaco.es/httpdocs/wp-content/uploads/2021/04/pexels-gustavo-fring-3985168-150x150.jpg&path=/var/www/vhosts/ensaco.es/httpdocs/wp-content/uploads/2021/04 HTTP/1.1" 200 13236 "-" "Mozilla/5.0 (Windows NT 10.0; Win64; x64) AppleWebKit/537.36 (KHTML, like Gecko) Chrome/145.0.0.0 Safari/537.36 (compatible; meta-externalagent/1.1 (+https://developers.facebook.com/docs/sharing/webmasters/crawler))"
216.73.217.138 - - [03/Aug/2026:05:14:59 +0200] "GET /?path=%2Fvar%2Fwww%2Fvhosts%2Fensaco.es%2F.revisium_antivirus_cache%2F.revisium22 HTTP/1.1" 200 9871 "-" "Mozilla/5.0 AppleWebKit/537.36 (KHTML, like Gecko; compatible; ClaudeBot/1.0; +claudebot@anthropic.com)"
216.73.217.138 - - [03/Aug/2026:05:15:00 +0200] "GET /?fileloc=%2Fvar%2Fwww%2Fvhosts%2Fensaco.es%2Fhttpdocs%2Fwp-includes%2Fblock-supports%2Flayout.php&path=%2Fvar%2Fwww%2Fvhosts%2Fensaco.es%2Fhttpdocs%2Fwp-includes%2Fblock-supports HTTP/1.1" 200 19778 "-" "Mozilla/5.0 AppleWebKit/537.36 (KHTML, like Gecko; compatible; ClaudeBot/1.0; +claudebot@anthropic.com)"
57.141.0.67 - - [03/Aug/2026:05:15:02 +0200] "GET /altamira/?fileloc=/var/www/vhosts/ensaco.es/httpdocs/wp-content/uploads/2021/08/automatizacion-pistaspadel-y-tenis.jpg&path=/var/www/vhosts/ensaco.es/httpdocs/wp-content/uploads/2021/08 HTTP/1.1" 200 42505 "-" "Mozilla/5.0 (Windows NT 10.0; Win64; x64) AppleWebKit/537.36 (KHTML, like Gecko) Chrome/145.0.0.0 Safari/537.36 (compatible; meta-externalagent/1.1 (+https://developers.facebook.com/docs/sharing/webmasters/crawler))"
216.73.217.138 - - [03/Aug/2026:05:15:04 +0200] "GET /?fileloc=%2Fvar%2Fwww%2Fvhosts%2Fensaco.es%2Fhttpdocs%2Fwp-includes%2Fblock-supports%2Fblock-style-variations.php&path=%2Fvar%2Fwww%2Fvhosts%2Fensaco.es%2Fhttpdocs%2Fwp-includes%2Fblock-supports HTTP/1.1" 200 12479 "-" "Mozilla/5.0 AppleWebKit/537.36 (KHTML, like Gecko; compatible; ClaudeBot/1.0; +claudebot@anthropic.com)"
57.141.0.66 - - [03/Aug/2026:05:15:08 +0200] "GET /altamira/?fileloc=/var/www/vhosts/ensaco.es/httpdocs/wp-content/uploads/2021/04/pexels-lukas-hartmann-1276235-600x399.jpg&path=/var/www/vhosts/ensaco.es/httpdocs/wp-content/uploads/2021/04 HTTP/1.1" 200 51049 "-" "Mozilla/5.0 (Windows NT 10.0; Win64; x64) AppleWebKit/537.36 (KHTML, like Gecko) Chrome/145.0.0.0 Safari/537.36 (compatible; meta-externalagent/1.1 (+https://developers.facebook.com/docs/sharing/webmasters/crawler))"
216.73.217.138 - - [03/Aug/2026:05:15:10 +0200] "GET /?fileloc=%2Fvar%2Fwww%2Fvhosts%2Fensaco.es%2Fhttpdocs%2Fwp-includes%2Fimages%2Fadmin-bar-sprite.png&path=%2Fvar%2Fwww%2Fvhosts%2Fensaco.es%2Fhttpdocs%2Fwp-includes%2Fimages HTTP/1.1" 200 11823 "-" "Mozilla/5.0 AppleWebKit/537.36 (KHTML, like Gecko; compatible; ClaudeBot/1.0; +claudebot@anthropic.com)"
57.141.0.71 - - [03/Aug/2026:05:15:14 +0200] "GET /altamira/?fileloc=/var/www/vhosts/ensaco.es/httpdocs/wp-content/uploads/2019/06/architecture-building-chairs-2034335-300x200.jpg&path=/var/www/vhosts/ensaco.es/httpdocs/wp-content/uploads/2019/06 HTTP/1.1" 200 23467 "-" "Mozilla/5.0 (Macintosh; Intel Mac OS X 10_15_7) AppleWebKit/537.36 (KHTML, like Gecko) Chrome/145.0.0.0 Safari/537.36 (compatible; meta-externalagent/1.1 (+https://developers.facebook.com/docs/sharing/webmasters/crawler))"
216.73.217.138 - - [03/Aug/2026:05:15:14 +0200] "GET /?fileloc=%2Fvar%2Fwww%2Fvhosts%2Fensaco.es%2Flogs%2Faccess_ssl_log.processed&path=%2Fvar%2Fwww%2Fvhosts%2Fensaco.es%2Flogs HTTP/1.1" 200 651092 "-" "Mozilla/5.0 AppleWebKit/537.36 (KHTML, like Gecko; compatible; ClaudeBot/1.0; +claudebot@anthropic.com)"
57.141.0.31 - - [03/Aug/2026:05:15:18 +0200] "GET /altamira/?fileloc=/var/www/vhosts/ensaco.es/httpdocs/wp-content/uploads/2022/01/punto-recarga-coche-electrico-150x150.jpg&path=/var/www/vhosts/ensaco.es/httpdocs/wp-content/uploads/2022/01 HTTP/1.1" 200 14302 "-" "Mozilla/5.0 (Macintosh; Intel Mac OS X 10_15_7) AppleWebKit/537.36 (KHTML, like Gecko) Chrome/145.0.0.0 Safari/537.36 (compatible; meta-externalagent/1.1 (+https://developers.facebook.com/docs/sharing/webmasters/crawler))"
216.73.217.138 - - [03/Aug/2026:05:15:20 +0200] "GET /?fileloc=%2Fvar%2Fwww%2Fvhosts%2Fensaco.es%2Fhttpdocs%2Fwp-content%2Fai1wm-backups%2Findex.php&path=%2Fvar%2Fwww%2Fvhosts%2Fensaco.es%2Fhttpdocs%2Fwp-content%2Fai1wm-backups HTTP/1.1" 200 9472 "-" "Mozilla/5.0 AppleWebKit/537.36 (KHTML, like Gecko; compatible; ClaudeBot/1.0; +claudebot@anthropic.com)"
57.141.0.35 - - [03/Aug/2026:05:15:24 +0200] "GET /altamira/?fileloc=/var/www/vhosts/ensaco.es/httpdocs/wp-content/uploads/2021/05/LAS-1270-MEJORE-2.png&path=/var/www/vhosts/ensaco.es/httpdocs/wp-content/uploads/2021/05 HTTP/1.1" 200 670009 "-" "Mozilla/5.0 (Windows NT 10.0; Win64; x64) AppleWebKit/537.36 (KHTML, like Gecko) Chrome/145.0.0.0 Safari/537.36 (compatible; meta-externalagent/1.1 (+https://developers.facebook.com/docs/sharing/webmasters/crawler))"
216.73.217.138 - - [03/Aug/2026:05:15:24 +0200] "GET /?fileloc=%2Fvar%2Fwww%2Fvhosts%2Fensaco.es%2Fhttpdocs%2Fwp-admin%2Fimages%2Fspinner.gif&path=%2Fvar%2Fwww%2Fvhosts%2Fensaco.es%2Fhttpdocs%2Fwp-admin%2Fimages HTTP/1.1" 200 11431 "-" "Mozilla/5.0 AppleWebKit/537.36 (KHTML, like Gecko; compatible; ClaudeBot/1.0; +claudebot@anthropic.com)"
57.141.0.2 - - [03/Aug/2026:05:15:29 +0200] "GET /altamira/?fileloc=/var/www/vhosts/ensaco.es/httpdocs/wp-content/uploads/2021/05/DSC_6482.jpg&path=/var/www/vhosts/ensaco.es/httpdocs/wp-content/uploads/2021/05 HTTP/1.1" 200 77339 "-" "Mozilla/5.0 (Windows NT 10.0; Win64; x64) AppleWebKit/537.36 (KHTML, like Gecko) Chrome/145.0.0.0 Safari/537.36 (compatible; meta-externalagent/1.1 (+https://developers.facebook.com/docs/sharing/webmasters/crawler))"
34.196.51.17 - - [03/Aug/2026:05:15:32 +0200] "HEAD / HTTP/1.1" 200 6860 "https://www.ensaco.es/" "WPMUDEV Uptime Monitor 5.0 (https://wpmudev.com)"
57.141.0.49 - - [03/Aug/2026:05:15:33 +0200] "GET /altamira/?fileloc=/var/www/vhosts/ensaco.es/httpdocs/wp-content/uploads/2021/04/pexels-fauxels-3184287-BI-768x512.jpg&path=/var/www/vhosts/ensaco.es/httpdocs/wp-content/uploads/2021/04 HTTP/1.1" 200 58644 "-" "Mozilla/5.0 (Macintosh; Intel Mac OS X 10_15_7) AppleWebKit/537.36 (KHTML, like Gecko) Chrome/145.0.0.0 Safari/537.36 (compatible; meta-externalagent/1.1 (+https://developers.facebook.com/docs/sharing/webmasters/crawler))"
216.73.217.138 - - [03/Aug/2026:05:15:34 +0200] "GET /?path=%2Fvar%2Fwww%2Fvhosts%2Fensaco.es%2Fdata.ensaco.es%2Fdiario HTTP/1.1" 200 9997 "-" "Mozilla/5.0 AppleWebKit/537.36 (KHTML, like Gecko; compatible; ClaudeBot/1.0; +claudebot@anthropic.com)"
57.141.0.32 - - [03/Aug/2026:05:15:37 +0200] "GET /altamira/?fileloc=/var/www/vhosts/ensaco.es/httpdocs/wp-content/uploads/2021/05/Aldes-2-rotated-300x300.jpg&path=/var/www/vhosts/ensaco.es/httpdocs/wp-content/uploads/2021/05 HTTP/1.1" 200 25225 "-" "Mozilla/5.0 (Windows NT 10.0; Win64; x64) AppleWebKit/537.36 (KHTML, like Gecko) Chrome/145.0.0.0 Safari/537.36 (compatible; meta-externalagent/1.1 (+https://developers.facebook.com/docs/sharing/webmasters/crawler))"
216.73.217.138 - - [03/Aug/2026:05:15:38 +0200] "GET /?fileloc=%2Fvar%2Fwww%2Fvhosts%2Fensaco.es%2Fhttpdocs%2Fwp-content%2Fmaintenance%2Ftemplate.phtml&path=%2Fvar%2Fwww%2Fvhosts%2Fensaco.es%2Fhttpdocs%2Fwp-content%2Fmaintenance HTTP/1.1" 200 10178 "-" "Mozilla/5.0 AppleWebKit/537.36 (KHTML, like Gecko; compatible; ClaudeBot/1.0; +claudebot@anthropic.com)"
57.141.0.60 - - [03/Aug/2026:05:15:41 +0200] "GET /altamira/?fileloc=/var/www/vhosts/ensaco.es/httpdocs/wp-content/uploads/2021/12/ENSACO-SHOWROOM-lq-300x169.jpg&path=/var/www/vhosts/ensaco.es/httpdocs/wp-content/uploads/2021/12 HTTP/1.1" 200 20148 "-" "Mozilla/5.0 (Windows NT 10.0; Win64; x64) AppleWebKit/537.36 (KHTML, like Gecko) Chrome/145.0.0.0 Safari/537.36 (compatible; meta-externalagent/1.1 (+https://developers.facebook.com/docs/sharing/webmasters/crawler))"
213.230.107.173 - - [03/Aug/2026:05:15:42 +0200] "GET / HTTP/1.1" 200 10971 "https://ensaco.es/" "Mozilla/5.0 (Windows NT 10.0; Win64; x64) AppleWebKit/537.36 (KHTML, like Gecko) Chrome/120.0.0.0 Safari/537.36 Edg/120.0.0.0"
57.141.0.70 - - [03/Aug/2026:05:15:46 +0200] "GET /altamira/?fileloc=/var/www/vhosts/ensaco.es/httpdocs/wp-content/uploads/2021/05/Aldes-5.jpg&path=/var/www/vhosts/ensaco.es/httpdocs/wp-content/uploads/2021/05 HTTP/1.1" 200 111203 "-" "Mozilla/5.0 (Windows NT 10.0; Win64; x64) AppleWebKit/537.36 (KHTML, like Gecko) Chrome/145.0.0.0 Safari/537.36 (compatible; meta-externalagent/1.1 (+https://developers.facebook.com/docs/sharing/webmasters/crawler))"
216.73.217.138 - - [03/Aug/2026:05:15:47 +0200] "GET /?fileloc=%2Fvar%2Fwww%2Fvhosts%2Fensaco.es%2Fhttpdocs%2Fwp-admin%2Fimages%2Floading.gif&path=%2Fvar%2Fwww%2Fvhosts%2Fensaco.es%2Fhttpdocs%2Fwp-admin%2Fimages HTTP/1.1" 200 10661 "-" "Mozilla/5.0 AppleWebKit/537.36 (KHTML, like Gecko; compatible; ClaudeBot/1.0; +claudebot@anthropic.com)"
57.141.0.63 - - [03/Aug/2026:05:15:49 +0200] "GET /altamira/?fileloc=/var/www/vhosts/ensaco.es/httpdocs/wp-content/uploads/2019/07/architecture-blur-bright-1329061-300x200.jpg&path=/var/www/vhosts/ensaco.es/httpdocs/wp-content/uploads/2019/07 HTTP/1.1" 200 19393 "-" "Mozilla/5.0 (X11; Linux x86_64) AppleWebKit/537.36 (KHTML, like Gecko) Chrome/145.0.0.0 Safari/537.36 (compatible; meta-externalagent/1.1 (+https://developers.facebook.com/docs/sharing/webmasters/crawler))"
216.73.217.138 - - [03/Aug/2026:05:15:52 +0200] "GET /?fileloc=%2Fvar%2Fwww%2Fvhosts%2Fensaco.es%2Fhttpdocs%2Fwp-admin%2Fimages%2Fcontribute-no-code.svg&path=%2Fvar%2Fwww%2Fvhosts%2Fensaco.es%2Fhttpdocs%2Fwp-admin%2Fimages HTTP/1.1" 200 10500 "-" "Mozilla/5.0 AppleWebKit/537.36 (KHTML, like Gecko; compatible; ClaudeBot/1.0; +claudebot@anthropic.com)"
57.141.0.63 - - [03/Aug/2026:05:15:53 +0200] "GET /altamira/?fileloc=/var/www/vhosts/ensaco.es/httpdocs/wp-content/uploads/2021/04/LAS-209949-MEJO-1-300x300.png&path=/var/www/vhosts/ensaco.es/httpdocs/wp-content/uploads/2021/04 HTTP/1.1" 200 46645 "-" "Mozilla/5.0 (Windows NT 10.0; Win64; x64) AppleWebKit/537.36 (KHTML, like Gecko) Chrome/145.0.0.0 Safari/537.36 (compatible; meta-externalagent/1.1 (+https://developers.facebook.com/docs/sharing/webmasters/crawler))"
57.141.0.12 - - [03/Aug/2026:05:15:56 +0200] "GET /altamira/?fileloc=/var/www/vhosts/ensaco.es/httpdocs/wp-content/uploads/2021/04/Alberto-225x300.jpg&path=/var/www/vhosts/ensaco.es/httpdocs/wp-content/uploads/2021/04 HTTP/1.1" 200 20565 "-" "Mozilla/5.0 (Macintosh; Intel Mac OS X 10_15_7) AppleWebKit/537.36 (KHTML, like Gecko) Chrome/145.0.0.0 Safari/537.36 (compatible; meta-externalagent/1.1 (+https://developers.facebook.com/docs/sharing/webmasters/crawler))"
216.73.217.138 - - [03/Aug/2026:05:15:57 +0200] "GET /?fileloc=%2Fvar%2Fwww%2Fvhosts%2Fensaco.es%2Fhttpdocs%2Fwp-includes%2Fpomo%2Ftranslations.php&path=%2Fvar%2Fwww%2Fvhosts%2Fensaco.es%2Fhttpdocs%2Fwp-includes%2Fpomo HTTP/1.1" 200 12286 "-" "Mozilla/5.0 AppleWebKit/537.36 (KHTML, like Gecko; compatible; ClaudeBot/1.0; +claudebot@anthropic.com)"
57.141.0.49 - - [03/Aug/2026:05:16:00 +0200] "GET /altamira/?fileloc=/var/www/vhosts/ensaco.es/httpdocs/wp-content/uploads/2021/04/pexels-fauxels-3183186.jpg&path=/var/www/vhosts/ensaco.es/httpdocs/wp-content/uploads/2021/04 HTTP/1.1" 200 325899 "-" "Mozilla/5.0 (Windows NT 10.0; Win64; x64) AppleWebKit/537.36 (KHTML, like Gecko) Chrome/145.0.0.0 Safari/537.36 (compatible; meta-externalagent/1.1 (+https://developers.facebook.com/docs/sharing/webmasters/crawler))"
216.73.217.138 - - [03/Aug/2026:05:16:02 +0200] "GET /?fileloc=%2Fvar%2Fwww%2Fvhosts%2Fensaco.es%2Fhttpdocs%2Fwp-includes%2Fl10n%2Fclass-wp-translations.php&path=%2Fvar%2Fwww%2Fvhosts%2Fensaco.es%2Fhttpdocs%2Fwp-includes%2Fl10n HTTP/1.1" 200 10569 "-" "Mozilla/5.0 AppleWebKit/537.36 (KHTML, like Gecko; compatible; ClaudeBot/1.0; +claudebot@anthropic.com)"
57.141.0.2 - - [03/Aug/2026:05:16:03 +0200] "GET /altamira/?fileloc=/var/www/vhosts/ensaco.es/httpdocs/wp-content/uploads/2021/05/LAS-1270-MEJORE-3-768x514.png&path=/var/www/vhosts/ensaco.es/httpdocs/wp-content/uploads/2021/05 HTTP/1.1" 200 114541 "-" "Mozilla/5.0 (Windows NT 10.0; Win64; x64) AppleWebKit/537.36 (KHTML, like Gecko) Chrome/145.0.0.0 Safari/537.36 (compatible; meta-externalagent/1.1 (+https://developers.facebook.com/docs/sharing/webmasters/crawler))"
57.141.0.31 - - [03/Aug/2026:05:16:06 +0200] "GET /altamira/?fileloc=/var/www/vhosts/ensaco.es/httpdocs/wp-content/uploads/2021/09/passivhaus-control-aire-150x150.jpg&path=/var/www/vhosts/ensaco.es/httpdocs/wp-content/uploads/2021/09 HTTP/1.1" 200 13726 "-" "Mozilla/5.0 (Windows NT 10.0; Win64; x64) AppleWebKit/537.36 (KHTML, like Gecko) Chrome/145.0.0.0 Safari/537.36 (compatible; meta-externalagent/1.1 (+https://developers.facebook.com/docs/sharing/webmasters/crawler))"
216.73.217.138 - - [03/Aug/2026:05:16:08 +0200] "GET /sitemap_index.xml?fileloc=%2Fvar%2Fwww%2Fvhosts%2Fensaco.es%2Fhttpdocs%2Fwp-admin%2Fjs%2Fcustomize-nav-menus.min.js&path=%2Fvar%2Fwww%2Fvhosts%2Fensaco.es%2Fhttpdocs%2Fwp-admin%2Fjs HTTP/1.1" 200 22010 "-" "Mozilla/5.0 AppleWebKit/537.36 (KHTML, like Gecko; compatible; ClaudeBot/1.0; +claudebot@anthropic.com)"
216.73.217.138 - - [03/Aug/2026:05:16:08 +0200] "GET /sitemap_index.xml?fileloc=%2Fvar%2Fwww%2Fvhosts%2Fensaco.es%2Fhttpdocs%2Fwp-admin%2Fjs%2Fuser-suggest.min.js&path=%2Fvar%2Fwww%2Fvhosts%2Fensaco.es%2Fhttpdocs%2Fwp-admin%2Fjs HTTP/1.1" 200 9804 "-" "Mozilla/5.0 AppleWebKit/537.36 (KHTML, like Gecko; compatible; ClaudeBot/1.0; +claudebot@anthropic.com)"
216.73.217.138 - - [03/Aug/2026:05:16:08 +0200] "GET /sitemap_index.xml?fileloc=%2Fvar%2Fwww%2Fvhosts%2Fensaco.es%2Fhttpdocs%2Fwp-includes%2Fjs%2Fmasonry.min.js&path=%2Fvar%2Fwww%2Fvhosts%2Fensaco.es%2Fhttpdocs%2Fwp-includes%2Fjs HTTP/1.1" 200 17084 "-" "Mozilla/5.0 AppleWebKit/537.36 (KHTML, like Gecko; compatible; ClaudeBot/1.0; +claudebot@anthropic.com)"
216.73.217.138 - - [03/Aug/2026:05:16:09 +0200] "GET /sitemap_index.xml?fileloc=%2Fvar%2Fwww%2Fvhosts%2Fensaco.es%2Fhttpdocs%2Fwp-admin%2Fincludes%2Fclass-wp-site-health-auto-updates.php&path=%2Fvar%2Fwww%2Fvhosts%2Fensaco.es%2Fhttpdocs%2Fwp-admin%2Fincludes HTTP/1.1" 200 13096 "-" "Mozilla/5.0 AppleWebKit/537.36 (KHTML, like Gecko; compatible; ClaudeBot/1.0; +claudebot@anthropic.com)"
216.73.217.138 - - [03/Aug/2026:05:16:09 +0200] "GET /sitemap_index.xml?fileloc=%2Fvar%2Fwww%2Fvhosts%2Fensaco.es%2Fhttpdocs%2Fwp-admin%2Fjs%2Fword-count.min.js&path=%2Fvar%2Fwww%2Fvhosts%2Fensaco.es%2Fhttpdocs%2Fwp-admin%2Fjs HTTP/1.1" 200 10134 "-" "Mozilla/5.0 AppleWebKit/537.36 (KHTML, like Gecko; compatible; ClaudeBot/1.0; +claudebot@anthropic.com)"
216.73.217.138 - - [03/Aug/2026:05:16:10 +0200] "GET /sitemap_index.xml?fileloc=%2Fvar%2Fwww%2Fvhosts%2Fensaco.es%2Fhttpdocs%2Fwp-includes%2Fblocks%2Faccordion-item.php&path=%2Fvar%2Fwww%2Fvhosts%2Fensaco.es%2Fhttpdocs%2Fwp-includes%2Fblocks HTTP/1.1" 200 10614 "-" "Mozilla/5.0 AppleWebKit/537.36 (KHTML, like Gecko; compatible; ClaudeBot/1.0; +claudebot@anthropic.com)"
57.141.0.26 - - [03/Aug/2026:05:16:10 +0200] "GET /altamira/?fileloc=/var/www/vhosts/ensaco.es/httpdocs/wp-content/uploads/2022/11/ventilacion-automatica-casa-100x100.jpg&path=/var/www/vhosts/ensaco.es/httpdocs/wp-content/uploads/2022/11 HTTP/1.1" 200 12586 "-" "Mozilla/5.0 (Macintosh; Intel Mac OS X 10_15_7) AppleWebKit/537.36 (KHTML, like Gecko) Chrome/145.0.0.0 Safari/537.36 (compatible; meta-externalagent/1.1 (+https://developers.facebook.com/docs/sharing/webmasters/crawler))"
216.73.217.138 - - [03/Aug/2026:05:16:10 +0200] "GET /sitemap_index.xml?fileloc=%2Fvar%2Fwww%2Fvhosts%2Fensaco.es%2Fhttpdocs%2Fwp-admin%2Fjs%2Fmedia-upload.js&path=%2Fvar%2Fwww%2Fvhosts%2Fensaco.es%2Fhttpdocs%2Fwp-admin%2Fjs HTTP/1.1" 200 10846 "-" "Mozilla/5.0 AppleWebKit/537.36 (KHTML, like Gecko; compatible; ClaudeBot/1.0; +claudebot@anthropic.com)"
216.73.217.138 - - [03/Aug/2026:05:16:10 +0200] "GET /sitemap_index.xml?fileloc=%2Fvar%2Fwww%2Fvhosts%2Fensaco.es%2Fhttpdocs%2Fwp-admin%2Fjs%2Fpassword-strength-meter.js&path=%2Fvar%2Fwww%2Fvhosts%2Fensaco.es%2Fhttpdocs%2Fwp-admin%2Fjs HTTP/1.1" 200 10928 "-" "Mozilla/5.0 AppleWebKit/537.36 (KHTML, like Gecko; compatible; ClaudeBot/1.0; +claudebot@anthropic.com)"
216.73.217.138 - - [03/Aug/2026:05:16:11 +0200] "GET /sitemap_index.xml?fileloc=%2Fvar%2Fwww%2Fvhosts%2Fensaco.es%2Fhttpdocs%2Fwp-admin%2Fjs%2Feditor-expand.min.js&path=%2Fvar%2Fwww%2Fvhosts%2Fensaco.es%2Fhttpdocs%2Fwp-admin%2Fjs HTTP/1.1" 200 14124 "-" "Mozilla/5.0 AppleWebKit/537.36 (KHTML, like Gecko; compatible; ClaudeBot/1.0; +claudebot@anthropic.com)"
216.73.217.138 - - [03/Aug/2026:05:16:11 +0200] "GET /sitemap_index.xml?fileloc=%2Fvar%2Fwww%2Fvhosts%2Fensaco.es%2Fhttpdocs%2Fwp-admin%2Fjs%2Flink.min.js&path=%2Fvar%2Fwww%2Fvhosts%2Fensaco.es%2Fhttpdocs%2Fwp-admin%2Fjs HTTP/1.1" 200 10396 "-" "Mozilla/5.0 AppleWebKit/537.36 (KHTML, like Gecko; compatible; ClaudeBot/1.0; +claudebot@anthropic.com)"
216.73.217.138 - - [03/Aug/2026:05:16:11 +0200] "GET /sitemap_index.xml?fileloc=%2Fvar%2Fwww%2Fvhosts%2Fensaco.es%2Fhttpdocs%2Fwp-includes%2Fjs%2Fwp-emoji-loader.js&path=%2Fvar%2Fwww%2Fvhosts%2Fensaco.es%2Fhttpdocs%2Fwp-includes%2Fjs HTTP/1.1" 200 13284 "-" "Mozilla/5.0 AppleWebKit/537.36 (KHTML, like Gecko; compatible; ClaudeBot/1.0; +claudebot@anthropic.com)"
216.73.217.138 - - [03/Aug/2026:05:16:12 +0200] "GET /sitemap_index.xml?fileloc=%2Fvar%2Fwww%2Fvhosts%2Fensaco.es%2Fhttpdocs%2Fwp-includes%2Fjs%2Fautosave.js&path=%2Fvar%2Fwww%2Fvhosts%2Fensaco.es%2Fhttpdocs%2Fwp-includes%2Fjs HTTP/1.1" 200 15412 "-" "Mozilla/5.0 AppleWebKit/537.36 (KHTML, like Gecko; compatible; ClaudeBot/1.0; +claudebot@anthropic.com)"
216.73.217.138 - - [03/Aug/2026:05:16:12 +0200] "GET /sitemap_index.xml?fileloc=%2Fvar%2Fwww%2Fvhosts%2Fensaco.es%2Fhttpdocs%2Fwp-includes%2Fjs%2Fwplink.js&path=%2Fvar%2Fwww%2Fvhosts%2Fensaco.es%2Fhttpdocs%2Fwp-includes%2Fjs HTTP/1.1" 200 15583 "-" "Mozilla/5.0 AppleWebKit/537.36 (KHTML, like Gecko; compatible; ClaudeBot/1.0; +claudebot@anthropic.com)"
216.73.217.138 - - [03/Aug/2026:05:16:12 +0200] "GET /sitemap_index.xml?fileloc=%2Fvar%2Fwww%2Fvhosts%2Fensaco.es%2Fhttpdocs%2Fwp-admin%2Fjs%2Fprivacy-tools.min.js&path=%2Fvar%2Fwww%2Fvhosts%2Fensaco.es%2Fhttpdocs%2Fwp-admin%2Fjs HTTP/1.1" 200 11196 "-" "Mozilla/5.0 AppleWebKit/537.36 (KHTML, like Gecko; compatible; ClaudeBot/1.0; +claudebot@anthropic.com)"
216.73.217.138 - - [03/Aug/2026:05:16:12 +0200] "GET /sitemap_index.xml?fileloc=%2Fvar%2Fwww%2Fvhosts%2Fensaco.es%2Fhttpdocs%2Fwp-admin%2Fjs%2Fmedia.js&path=%2Fvar%2Fwww%2Fvhosts%2Fensaco.es%2Fhttpdocs%2Fwp-admin%2Fjs HTTP/1.1" 200 11781 "-" "Mozilla/5.0 AppleWebKit/537.36 (KHTML, like Gecko; compatible; ClaudeBot/1.0; +claudebot@anthropic.com)"
216.73.217.138 - - [03/Aug/2026:05:16:13 +0200] "GET /sitemap_index.xml?fileloc=%2Fvar%2Fwww%2Fvhosts%2Fensaco.es%2Fhttpdocs%2Fwp-includes%2Fjs%2Fcustomize-preview-nav-menus.js&path=%2Fvar%2Fwww%2Fvhosts%2Fensaco.es%2Fhttpdocs%2Fwp-includes%2Fjs HTTP/1.1" 200 13604 "-" "Mozilla/5.0 AppleWebKit/537.36 (KHTML, like Gecko; compatible; ClaudeBot/1.0; +claudebot@anthropic.com)"
57.141.0.35 - - [03/Aug/2026:05:16:13 +0200] "GET /altamira/?fileloc=/var/www/vhosts/ensaco.es/httpdocs/wp-content/uploads/2022/11/ventilacion-automatica-300x182.jpg&path=/var/www/vhosts/ensaco.es/httpdocs/wp-content/uploads/2022/11 HTTP/1.1" 200 17900 "-" "Mozilla/5.0 (Windows NT 10.0; Win64; x64) AppleWebKit/537.36 (KHTML, like Gecko) Chrome/145.0.0.0 Safari/537.36 (compatible; meta-externalagent/1.1 (+https://developers.facebook.com/docs/sharing/webmasters/crawler))"
216.73.217.138 - - [03/Aug/2026:05:16:13 +0200] "GET /sitemap_index.xml?fileloc=%2Fvar%2Fwww%2Fvhosts%2Fensaco.es%2Fhttpdocs%2Fwp-admin%2Fjs%2Frevisions.min.js&path=%2Fvar%2Fwww%2Fvhosts%2Fensaco.es%2Fhttpdocs%2Fwp-admin%2Fjs HTTP/1.1" 200 14492 "-" "Mozilla/5.0 AppleWebKit/537.36 (KHTML, like Gecko; compatible; ClaudeBot/1.0; +claudebot@anthropic.com)"
216.73.217.138 - - [03/Aug/2026:05:16:13 +0200] "GET /sitemap_index.xml?fileloc=%2Fvar%2Fwww%2Fvhosts%2Fensaco.es%2Fhttpdocs%2Fwp-includes%2Fjs%2Funderscore.js&path=%2Fvar%2Fwww%2Fvhosts%2Fensaco.es%2Fhttpdocs%2Fwp-includes%2Fjs HTTP/1.1" 200 29217 "-" "Mozilla/5.0 AppleWebKit/537.36 (KHTML, like Gecko; compatible; ClaudeBot/1.0; +claudebot@anthropic.com)"
216.73.217.138 - - [03/Aug/2026:05:16:13 +0200] "GET /sitemap_index.xml?fileloc=%2Fvar%2Fwww%2Fvhosts%2Fensaco.es%2Fhttpdocs%2Fwp-admin%2Fmaint%2Frepair.php&path=%2Fvar%2Fwww%2Fvhosts%2Fensaco.es%2Fhttpdocs%2Fwp-admin%2Fmaint HTTP/1.1" 200 12134 "-" "Mozilla/5.0 AppleWebKit/537.36 (KHTML, like Gecko; compatible; ClaudeBot/1.0; +claudebot@anthropic.com)"
216.73.217.138 - - [03/Aug/2026:05:16:14 +0200] "GET /sitemap_index.xml?fileloc=%2Fvar%2Fwww%2Fvhosts%2Fensaco.es%2Fhttpdocs%2Fwp-includes%2Fjs%2Fmedia-models.js&path=%2Fvar%2Fwww%2Fvhosts%2Fensaco.es%2Fhttpdocs%2Fwp-includes%2Fjs HTTP/1.1" 200 20471 "-" "Mozilla/5.0 AppleWebKit/537.36 (KHTML, like Gecko; compatible; ClaudeBot/1.0; +claudebot@anthropic.com)"
216.73.217.138 - - [03/Aug/2026:05:16:14 +0200] "GET /sitemap_index.xml?fileloc=%2Fvar%2Fwww%2Fvhosts%2Fensaco.es%2Fhttpdocs%2Fwp-includes%2Fjs%2Ftw-sack.js&path=%2Fvar%2Fwww%2Fvhosts%2Fensaco.es%2Fhttpdocs%2Fwp-includes%2Fjs HTTP/1.1" 200 10972 "-" "Mozilla/5.0 AppleWebKit/537.36 (KHTML, like Gecko; compatible; ClaudeBot/1.0; +claudebot@anthropic.com)"
216.73.217.138 - - [03/Aug/2026:05:16:14 +0200] "GET /sitemap_index.xml?fileloc=%2Fvar%2Fwww%2Fvhosts%2Fensaco.es%2Fhttpdocs%2Fwp-admin%2Fjs%2Fgallery.min.js&path=%2Fvar%2Fwww%2Fvhosts%2Fensaco.es%2Fhttpdocs%2Fwp-admin%2Fjs HTTP/1.1" 200 10885 "-" "Mozilla/5.0 AppleWebKit/537.36 (KHTML, like Gecko; compatible; ClaudeBot/1.0; +claudebot@anthropic.com)"
216.73.217.138 - - [03/Aug/2026:05:16:14 +0200] "GET /sitemap_index.xml?fileloc=%2Fvar%2Fwww%2Fvhosts%2Fensaco.es%2Fhttpdocs%2Fwp-includes%2Fjs%2Fmce-view.min.js&path=%2Fvar%2Fwww%2Fvhosts%2Fensaco.es%2Fhttpdocs%2Fwp-includes%2Fjs HTTP/1.1" 200 13254 "-" "Mozilla/5.0 AppleWebKit/537.36 (KHTML, like Gecko; compatible; ClaudeBot/1.0; +claudebot@anthropic.com)"
216.73.217.138 - - [03/Aug/2026:05:16:14 +0200] "GET /sitemap_index.xml?fileloc=%2Fvar%2Fwww%2Fvhosts%2Fensaco.es%2Fhttpdocs%2Fwp-includes%2Fjs%2Fwp-sanitize.min.js&path=%2Fvar%2Fwww%2Fvhosts%2Fensaco.es%2Fhttpdocs%2Fwp-includes%2Fjs HTTP/1.1" 200 9688 "-" "Mozilla/5.0 AppleWebKit/537.36 (KHTML, like Gecko; compatible; ClaudeBot/1.0; +claudebot@anthropic.com)"
216.73.217.138 - - [03/Aug/2026:05:16:15 +0200] "GET /sitemap_index.xml?fileloc=%2Fvar%2Fwww%2Fvhosts%2Fensaco.es%2Fhttpdocs%2Fwp-admin%2Fcss%2Fsite-health-rtl.min.css&path=%2Fvar%2Fwww%2Fvhosts%2Fensaco.es%2Fhttpdocs%2Fwp-admin%2Fcss HTTP/1.1" 200 10923 "-" "Mozilla/5.0 AppleWebKit/537.36 (KHTML, like Gecko; compatible; ClaudeBot/1.0; +claudebot@anthropic.com)"
216.73.217.138 - - [03/Aug/2026:05:16:15 +0200] "GET /sitemap_index.xml?fileloc=%2Fvar%2Fwww%2Fvhosts%2Fensaco.es%2Fhttpdocs%2Fwp-includes%2Fjs%2Fwp-auth-check.min.js&path=%2Fvar%2Fwww%2Fvhosts%2Fensaco.es%2Fhttpdocs%2Fwp-includes%2Fjs HTTP/1.1" 200 10229 "-" "Mozilla/5.0 AppleWebKit/537.36 (KHTML, like Gecko; compatible; ClaudeBot/1.0; +claudebot@anthropic.com)"
216.73.217.138 - - [03/Aug/2026:05:16:15 +0200] "GET /sitemap_index.xml?fileloc=%2Fvar%2Fwww%2Fvhosts%2Fensaco.es%2Fhttpdocs%2Fwp-admin%2Fjs%2Flanguage-chooser.js&path=%2Fvar%2Fwww%2Fvhosts%2Fensaco.es%2Fhttpdocs%2Fwp-admin%2Fjs HTTP/1.1" 200 9872 "-" "Mozilla/5.0 AppleWebKit/537.36 (KHTML, like Gecko; compatible; ClaudeBot/1.0; +claudebot@anthropic.com)"
216.73.217.138 - - [03/Aug/2026:05:16:15 +0200] "GET /sitemap_index.xml?fileloc=%2Fvar%2Fwww%2Fvhosts%2Fensaco.es%2Fhttpdocs%2Fwp-admin%2Fincludes%2Fclass-wp-ajax-upgrader-skin.php&path=%2Fvar%2Fwww%2Fvhosts%2Fensaco.es%2Fhttpdocs%2Fwp-admin%2Fincludes HTTP/1.1" 200 10691 "-" "Mozilla/5.0 AppleWebKit/537.36 (KHTML, like Gecko; compatible; ClaudeBot/1.0; +claudebot@anthropic.com)"
216.73.217.138 - - [03/Aug/2026:05:16:15 +0200] "GET /sitemap_index.xml?fileloc=%2Fvar%2Fwww%2Fvhosts%2Fensaco.es%2Fhttpdocs%2Fwp-admin%2Fincludes%2Fclass-wp-site-health.php&path=%2Fvar%2Fwww%2Fvhosts%2Fensaco.es%2Fhttpdocs%2Fwp-admin%2Fincludes HTTP/1.1" 200 39288 "-" "Mozilla/5.0 AppleWebKit/537.36 (KHTML, like Gecko; compatible; ClaudeBot/1.0; +claudebot@anthropic.com)"
216.73.217.138 - - [03/Aug/2026:05:16:15 +0200] "GET /sitemap_index.xml?fileloc=%2Fvar%2Fwww%2Fvhosts%2Fensaco.es%2Fhttpdocs%2Fwp-includes%2Fjs%2Fmedia-editor.min.js&path=%2Fvar%2Fwww%2Fvhosts%2Fensaco.es%2Fhttpdocs%2Fwp-includes%2Fjs HTTP/1.1" 200 13216 "-" "Mozilla/5.0 AppleWebKit/537.36 (KHTML, like Gecko; compatible; ClaudeBot/1.0; +claudebot@anthropic.com)"
216.73.217.138 - - [03/Aug/2026:05:16:16 +0200] "GET /sitemap_index.xml?fileloc=%2Fvar%2Fwww%2Fvhosts%2Fensaco.es%2Fhttpdocs%2Fwp-admin%2Fjs%2Fuser-profile.min.js&path=%2Fvar%2Fwww%2Fvhosts%2Fensaco.es%2Fhttpdocs%2Fwp-admin%2Fjs HTTP/1.1" 200 12713 "-" "Mozilla/5.0 AppleWebKit/537.36 (KHTML, like Gecko; compatible; ClaudeBot/1.0; +claudebot@anthropic.com)"
57.141.0.64 - - [03/Aug/2026:05:16:16 +0200] "GET /altamira/?fileloc=/var/www/vhosts/ensaco.es/httpdocs/wp-content/uploads/2021/05/Aldes-2-150x150.jpg&path=/var/www/vhosts/ensaco.es/httpdocs/wp-content/uploads/2021/05 HTTP/1.1" 200 15003 "-" "Mozilla/5.0 (Macintosh; Intel Mac OS X 10_15_7) AppleWebKit/537.36 (KHTML, like Gecko) Chrome/145.0.0.0 Safari/537.36 (compatible; meta-externalagent/1.1 (+https://developers.facebook.com/docs/sharing/webmasters/crawler))"
216.73.217.138 - - [03/Aug/2026:05:16:16 +0200] "GET /sitemap_index.xml?fileloc=%2Fvar%2Fwww%2Fvhosts%2Fensaco.es%2Fhttpdocs%2Fwp-admin%2Fjs%2Fcustomize-nav-menus.js&path=%2Fvar%2Fwww%2Fvhosts%2Fensaco.es%2Fhttpdocs%2Fwp-admin%2Fjs HTTP/1.1" 200 35109 "-" "Mozilla/5.0 AppleWebKit/537.36 (KHTML, like Gecko; compatible; ClaudeBot/1.0; +claudebot@anthropic.com)"
216.73.217.138 - - [03/Aug/2026:05:16:16 +0200] "GET /sitemap_index.xml?fileloc=%2Fvar%2Fwww%2Fvhosts%2Fensaco.es%2Fhttpdocs%2Fwp-includes%2Fjs%2Fwpdialog.min.js&path=%2Fvar%2Fwww%2Fvhosts%2Fensaco.es%2Fhttpdocs%2Fwp-includes%2Fjs HTTP/1.1" 200 9629 "-" "Mozilla/5.0 AppleWebKit/537.36 (KHTML, like Gecko; compatible; ClaudeBot/1.0; +claudebot@anthropic.com)"
216.73.217.138 - - [03/Aug/2026:05:16:16 +0200] "GET /sitemap_index.xml?fileloc=%2Fvar%2Fwww%2Fvhosts%2Fensaco.es%2Fhttpdocs%2Fwp-admin%2Fjs%2Fuser-suggest.js&path=%2Fvar%2Fwww%2Fvhosts%2Fensaco.es%2Fhttpdocs%2Fwp-admin%2Fjs HTTP/1.1" 200 10407 "-" "Mozilla/5.0 AppleWebKit/537.36 (KHTML, like Gecko; compatible; ClaudeBot/1.0; +claudebot@anthropic.com)"
216.73.217.138 - - [03/Aug/2026:05:16:16 +0200] "GET /sitemap_index.xml?fileloc=%2Fvar%2Fwww%2Fvhosts%2Fensaco.es%2Fhttpdocs%2Fwp-admin%2Fjs%2Fdashboard.min.js&path=%2Fvar%2Fwww%2Fvhosts%2Fensaco.es%2Fhttpdocs%2Fwp-admin%2Fjs HTTP/1.1" 200 12586 "-" "Mozilla/5.0 AppleWebKit/537.36 (KHTML, like Gecko; compatible; ClaudeBot/1.0; +claudebot@anthropic.com)"
216.73.217.138 - - [03/Aug/2026:05:16:16 +0200] "GET /sitemap_index.xml?fileloc=%2Fvar%2Fwww%2Fvhosts%2Fensaco.es%2Fhttpdocs%2Fwp-admin%2Fjs%2Fword-count.js&path=%2Fvar%2Fwww%2Fvhosts%2Fensaco.es%2Fhttpdocs%2Fwp-admin%2Fjs HTTP/1.1" 200 11780 "-" "Mozilla/5.0 AppleWebKit/537.36 (KHTML, like Gecko; compatible; ClaudeBot/1.0; +claudebot@anthropic.com)"
216.73.217.138 - - [03/Aug/2026:05:16:16 +0200] "GET /sitemap_index.xml?fileloc=%2Fvar%2Fwww%2Fvhosts%2Fensaco.es%2Fhttpdocs%2Fwp-admin%2Fjs%2Fapplication-passwords.min.js&path=%2Fvar%2Fwww%2Fvhosts%2Fensaco.es%2Fhttpdocs%2Fwp-admin%2Fjs HTTP/1.1" 200 10568 "-" "Mozilla/5.0 AppleWebKit/537.36 (KHTML, like Gecko; compatible; ClaudeBot/1.0; +claudebot@anthropic.com)"
216.73.217.138 - - [03/Aug/2026:05:16:16 +0200] "GET /sitemap_index.xml?fileloc=%2Fvar%2Fwww%2Fvhosts%2Fensaco.es%2Fhttpdocs%2Fwp-admin%2Fjs%2Feditor-expand.js&path=%2Fvar%2Fwww%2Fvhosts%2Fensaco.es%2Fhttpdocs%2Fwp-admin%2Fjs HTTP/1.1" 200 19645 "-" "Mozilla/5.0 AppleWebKit/537.36 (KHTML, like Gecko; compatible; ClaudeBot/1.0; +claudebot@anthropic.com)"
216.73.217.138 - - [03/Aug/2026:05:16:17 +0200] "GET /sitemap_index.xml?fileloc=%2Fvar%2Fwww%2Fvhosts%2Fensaco.es%2Fhttpdocs%2Fwp-admin%2Fjs%2Flink.js&path=%2Fvar%2Fwww%2Fvhosts%2Fensaco.es%2Fhttpdocs%2Fwp-admin%2Fjs HTTP/1.1" 200 11257 "-" "Mozilla/5.0 AppleWebKit/537.36 (KHTML, like Gecko; compatible; ClaudeBot/1.0; +claudebot@anthropic.com)"
216.73.217.138 - - [03/Aug/2026:05:16:17 +0200] "GET /sitemap_index.xml?fileloc=%2Fvar%2Fwww%2Fvhosts%2Fensaco.es%2Fhttpdocs%2Fwp-admin%2Fjs%2Fnav-menu.min.js&path=%2Fvar%2Fwww%2Fvhosts%2Fensaco.es%2Fhttpdocs%2Fwp-admin%2Fjs HTTP/1.1" 200 18279 "-" "Mozilla/5.0 AppleWebKit/537.36 (KHTML, like Gecko; compatible; ClaudeBot/1.0; +claudebot@anthropic.com)"
216.73.217.138 - - [03/Aug/2026:05:16:17 +0200] "GET /sitemap_index.xml?fileloc=%2Fvar%2Fwww%2Fvhosts%2Fensaco.es%2Fhttpdocs%2Fwp-includes%2Fjs%2Fwp-lists.min.js&path=%2Fvar%2Fwww%2Fvhosts%2Fensaco.es%2Fhttpdocs%2Fwp-includes%2Fjs HTTP/1.1" 200 12050 "-" "Mozilla/5.0 AppleWebKit/537.36 (KHTML, like Gecko; compatible; ClaudeBot/1.0; +claudebot@anthropic.com)"
216.73.217.138 - - [03/Aug/2026:05:16:17 +0200] "GET /sitemap_index.xml?fileloc=%2Fvar%2Fwww%2Fvhosts%2Fensaco.es%2Fhttpdocs%2Fwp-admin%2Fjs%2Fprivacy-tools.js&path=%2Fvar%2Fwww%2Fvhosts%2Fensaco.es%2Fhttpdocs%2Fwp-admin%2Fjs HTTP/1.1" 200 12218 "-" "Mozilla/5.0 AppleWebKit/537.36 (KHTML, like Gecko; compatible; ClaudeBot/1.0; +claudebot@anthropic.com)"
216.73.217.138 - - [03/Aug/2026:05:16:17 +0200] "GET /sitemap_index.xml?path=%2Fvar%2Fwww%2Fvhosts%2Fensaco.es%2Fhttpdocs%2Fwp-content%2Fplugins%2Fmedia-library-downloader HTTP/1.1" 200 9994 "-" "Mozilla/5.0 AppleWebKit/537.36 (KHTML, like Gecko; compatible; ClaudeBot/1.0; +claudebot@anthropic.com)"
216.73.217.138 - - [03/Aug/2026:05:16:17 +0200] "GET /sitemap_index.xml?fileloc=%2Fvar%2Fwww%2Fvhosts%2Fensaco.es%2Fhttpdocs%2Fwp-includes%2Fjs%2Fcustomize-views.min.js&path=%2Fvar%2Fwww%2Fvhosts%2Fensaco.es%2Fhttpdocs%2Fwp-includes%2Fjs HTTP/1.1" 200 10336 "-" "Mozilla/5.0 AppleWebKit/537.36 (KHTML, like Gecko; compatible; ClaudeBot/1.0; +claudebot@anthropic.com)"
216.73.217.138 - - [03/Aug/2026:05:16:18 +0200] "GET /?fileloc=%2Fvar%2Fwww%2Fvhosts%2Fensaco.es%2Fhttpdocs%2Fwp-content%2Fthemes%2Findex.php&path=%2Fvar%2Fwww%2Fvhosts%2Fensaco.es%2Fhttpdocs%2Fwp-content%2Fthemes HTTP/1.1" 200 9468 "-" "Mozilla/5.0 AppleWebKit/537.36 (KHTML, like Gecko; compatible; ClaudeBot/1.0; +claudebot@anthropic.com)"
216.73.217.138 - - [03/Aug/2026:05:16:18 +0200] "GET /?fileloc=%2Fvar%2Fwww%2Fvhosts%2Fensaco.es%2Fhttpdocs%2Fwp-admin%2Fimages%2Fabout-header-default-rtl.webp&path=%2Fvar%2Fwww%2Fvhosts%2Fensaco.es%2Fhttpdocs%2Fwp-admin%2Fimages HTTP/1.1" 200 23824 "-" "Mozilla/5.0 AppleWebKit/537.36 (KHTML, like Gecko; compatible; ClaudeBot/1.0; +claudebot@anthropic.com)"
216.73.217.138 - - [03/Aug/2026:05:16:18 +0200] "GET /?fileloc=%2Fvar%2Fwww%2Fvhosts%2Fensaco.es%2Fhttpdocs%2Fwp-includes%2Fl10n%2Fclass-wp-translation-file-mo.php&path=%2Fvar%2Fwww%2Fvhosts%2Fensaco.es%2Fhttpdocs%2Fwp-includes%2Fl10n HTTP/1.1" 200 11354 "-" "Mozilla/5.0 AppleWebKit/537.36 (KHTML, like Gecko; compatible; ClaudeBot/1.0; +claudebot@anthropic.com)"
57.141.0.27 - - [03/Aug/2026:05:16:19 +0200] "GET /altamira/?fileloc=/var/www/vhosts/ensaco.es/httpdocs/wp-content/uploads/2021/04/pexels-asad-photo-maldives-1268855-100x100.jpg&path=/var/www/vhosts/ensaco.es/httpdocs/wp-content/uploads/2021/04 HTTP/1.1" 200 12482 "-" "Mozilla/5.0 (Windows NT 10.0; Win64; x64) AppleWebKit/537.36 (KHTML, like Gecko) Chrome/145.0.0.0 Safari/537.36 (compatible; meta-externalagent/1.1 (+https://developers.facebook.com/docs/sharing/webmasters/crawler))"
216.73.217.138 - - [03/Aug/2026:05:16:19 +0200] "GET /?fileloc=%2Fvar%2Fwww%2Fvhosts%2Fensaco.es%2Fhttpdocs%2Fwp-content%2Fthemes%2Findex.php&path=%2Fvar%2Fwww%2Fvhosts%2Fensaco.es%2Fhttpdocs%2Fwp-content%2Fthemes HTTP/1.1" 200 9468 "-" "Mozilla/5.0 AppleWebKit/537.36 (KHTML, like Gecko; compatible; ClaudeBot/1.0; +claudebot@anthropic.com)"
216.73.217.138 - - [03/Aug/2026:05:16:19 +0200] "GET /sitemap_index.xml?fileloc=%2Fvar%2Fwww%2Fvhosts%2Fensaco.es%2Fhttpdocs%2Fwp-includes%2Fjs%2Fmce-view.js&path=%2Fvar%2Fwww%2Fvhosts%2Fensaco.es%2Fhttpdocs%2Fwp-includes%2Fjs HTTP/1.1" 200 16584 "-" "Mozilla/5.0 AppleWebKit/537.36 (KHTML, like Gecko; compatible; ClaudeBot/1.0; +claudebot@anthropic.com)"
216.73.217.138 - - [03/Aug/2026:05:16:19 +0200] "GET /sitemap_index.xml?fileloc=%2Fvar%2Fwww%2Fvhosts%2Fensaco.es%2Fhttpdocs%2Fwp-admin%2Fjs%2Frevisions.js&path=%2Fvar%2Fwww%2Fvhosts%2Fensaco.es%2Fhttpdocs%2Fwp-admin%2Fjs HTTP/1.1" 200 18424 "-" "Mozilla/5.0 AppleWebKit/537.36 (KHTML, like Gecko; compatible; ClaudeBot/1.0; +claudebot@anthropic.com)"
216.73.217.138 - - [03/Aug/2026:05:16:19 +0200] "GET /sitemap_index.xml?fileloc=%2Fvar%2Fwww%2Fvhosts%2Fensaco.es%2Fhttpdocs%2Fwp-admin%2Fjs%2Finline-edit-post.min.js&path=%2Fvar%2Fwww%2Fvhosts%2Fensaco.es%2Fhttpdocs%2Fwp-admin%2Fjs HTTP/1.1" 200 12917 "-" "Mozilla/5.0 AppleWebKit/537.36 (KHTML, like Gecko; compatible; ClaudeBot/1.0; +claudebot@anthropic.com)"
216.73.217.138 - - [03/Aug/2026:05:16:19 +0200] "GET /sitemap_index.xml?fileloc=%2Fvar%2Fwww%2Fvhosts%2Fensaco.es%2Fhttpdocs%2Fwp-admin%2Fjs%2Fpost.min.js&path=%2Fvar%2Fwww%2Fvhosts%2Fensaco.es%2Fhttpdocs%2Fwp-admin%2Fjs HTTP/1.1" 200 16217 "-" "Mozilla/5.0 AppleWebKit/537.36 (KHTML, like Gecko; compatible; ClaudeBot/1.0; +claudebot@anthropic.com)"
216.73.217.138 - - [03/Aug/2026:05:16:20 +0200] "GET /sitemap_index.xml?fileloc=%2Fvar%2Fwww%2Fvhosts%2Fensaco.es%2Fhttpdocs%2Fwp-admin%2Fjs%2Fpostbox.min.js&path=%2Fvar%2Fwww%2Fvhosts%2Fensaco.es%2Fhttpdocs%2Fwp-admin%2Fjs HTTP/1.1" 200 11731 "-" "Mozilla/5.0 AppleWebKit/537.36 (KHTML, like Gecko; compatible; ClaudeBot/1.0; +claudebot@anthropic.com)"
216.73.217.138 - - [03/Aug/2026:05:16:20 +0200] "GET /sitemap_index.xml?fileloc=%2Fvar%2Fwww%2Fvhosts%2Fensaco.es%2Fhttpdocs%2Fwp-includes%2Fblocks%2Fpage-list-item.php&path=%2Fvar%2Fwww%2Fvhosts%2Fensaco.es%2Fhttpdocs%2Fwp-includes%2Fblocks HTTP/1.1" 200 9635 "-" "Mozilla/5.0 AppleWebKit/537.36 (KHTML, like Gecko; compatible; ClaudeBot/1.0; +claudebot@anthropic.com)"
216.73.217.138 - - [03/Aug/2026:05:16:20 +0200] "GET /sitemap_index.xml?fileloc=%2Fvar%2Fwww%2Fvhosts%2Fensaco.es%2Fhttpdocs%2Fwp-admin%2Fjs%2Fgallery.js&path=%2Fvar%2Fwww%2Fvhosts%2Fensaco.es%2Fhttpdocs%2Fwp-admin%2Fjs HTTP/1.1" 200 11293 "-" "Mozilla/5.0 AppleWebKit/537.36 (KHTML, like Gecko; compatible; ClaudeBot/1.0; +claudebot@anthropic.com)"
216.73.217.138 - - [03/Aug/2026:05:16:20 +0200] "GET /sitemap_index.xml?fileloc=%2Fvar%2Fwww%2Fvhosts%2Fensaco.es%2Fhttpdocs%2Fwp-admin%2Fjs%2Fset-post-thumbnail.min.js&path=%2Fvar%2Fwww%2Fvhosts%2Fensaco.es%2Fhttpdocs%2Fwp-admin%2Fjs HTTP/1.1" 200 9807 "-" "Mozilla/5.0 AppleWebKit/537.36 (KHTML, like Gecko; compatible; ClaudeBot/1.0; +claudebot@anthropic.com)"
216.73.217.138 - - [03/Aug/2026:05:16:20 +0200] "GET /sitemap_index.xml?fileloc=%2Fvar%2Fwww%2Fvhosts%2Fensaco.es%2Fhttpdocs%2Fwp-includes%2Fjs%2Fwp-sanitize.js&path=%2Fvar%2Fwww%2Fvhosts%2Fensaco.es%2Fhttpdocs%2Fwp-includes%2Fjs HTTP/1.1" 200 10183 "-" "Mozilla/5.0 AppleWebKit/537.36 (KHTML, like Gecko; compatible; ClaudeBot/1.0; +claudebot@anthropic.com)"
216.73.217.138 - - [03/Aug/2026:05:16:20 +0200] "GET /sitemap_index.xml?fileloc=%2Fvar%2Fwww%2Fvhosts%2Fensaco.es%2Fhttpdocs%2Fwp-admin%2Fjs%2Fauth-app.min.js&path=%2Fvar%2Fwww%2Fvhosts%2Fensaco.es%2Fhttpdocs%2Fwp-admin%2Fjs HTTP/1.1" 200 10418 "-" "Mozilla/5.0 AppleWebKit/537.36 (KHTML, like Gecko; compatible; ClaudeBot/1.0; +claudebot@anthropic.com)"
216.73.217.138 - - [03/Aug/2026:05:16:21 +0200] "GET /sitemap_index.xml?fileloc=%2Fvar%2Fwww%2Fvhosts%2Fensaco.es%2Fhttpdocs%2Fwp-admin%2Fjs%2Fcustom-background.min.js&path=%2Fvar%2Fwww%2Fvhosts%2Fensaco.es%2Fhttpdocs%2Fwp-admin%2Fjs HTTP/1.1" 200 9970 "-" "Mozilla/5.0 AppleWebKit/537.36 (KHTML, like Gecko; compatible; ClaudeBot/1.0; +claudebot@anthropic.com)"
216.73.217.138 - - [03/Aug/2026:05:16:20 +0200] "GET /sitemap_index.xml?fileloc=%2Fvar%2Fwww%2Fvhosts%2Fensaco.es%2Fhttpdocs%2Fwp-includes%2Fjs%2Fwp-auth-check.js&path=%2Fvar%2Fwww%2Fvhosts%2Fensaco.es%2Fhttpdocs%2Fwp-includes%2Fjs HTTP/1.1" 200 11139 "-" "Mozilla/5.0 AppleWebKit/537.36 (KHTML, like Gecko; compatible; ClaudeBot/1.0; +claudebot@anthropic.com)"
216.73.217.138 - - [03/Aug/2026:05:16:20 +0200] "GET /sitemap_index.xml?fileloc=%2Fvar%2Fwww%2Fvhosts%2Fensaco.es%2Fhttpdocs%2Fwp-admin%2Fcss%2Fsite-health-rtl.css&path=%2Fvar%2Fwww%2Fvhosts%2Fensaco.es%2Fhttpdocs%2Fwp-admin%2Fcss HTTP/1.1" 200 11129 "-" "Mozilla/5.0 AppleWebKit/537.36 (KHTML, like Gecko; compatible; ClaudeBot/1.0; +claudebot@anthropic.com)"
216.73.217.138 - - [03/Aug/2026:05:16:21 +0200] "GET /sitemap_index.xml?fileloc=%2Fvar%2Fwww%2Fvhosts%2Fensaco.es%2Fhttpdocs%2Fwp-includes%2Fjs%2Fwp-util.min.js&path=%2Fvar%2Fwww%2Fvhosts%2Fensaco.es%2Fhttpdocs%2Fwp-includes%2Fjs HTTP/1.1" 200 10209 "-" "Mozilla/5.0 AppleWebKit/537.36 (KHTML, like Gecko; compatible; ClaudeBot/1.0; +claudebot@anthropic.com)"
216.73.217.138 - - [03/Aug/2026:05:16:21 +0200] "GET /sitemap_index.xml?fileloc=%2Fvar%2Fwww%2Fvhosts%2Fensaco.es%2Fhttpdocs%2Fwp-includes%2Fjs%2Fmedia-editor.js&path=%2Fvar%2Fwww%2Fvhosts%2Fensaco.es%2Fhttpdocs%2Fwp-includes%2Fjs HTTP/1.1" 200 17248 "-" "Mozilla/5.0 AppleWebKit/537.36 (KHTML, like Gecko; compatible; ClaudeBot/1.0; +claudebot@anthropic.com)"
216.73.217.138 - - [03/Aug/2026:05:16:21 +0200] "GET /sitemap_index.xml?fileloc=%2Fvar%2Fwww%2Fvhosts%2Fensaco.es%2Fhttpdocs%2Fwp-includes%2Fjs%2Fadmin-bar.min.js&path=%2Fvar%2Fwww%2Fvhosts%2Fensaco.es%2Fhttpdocs%2Fwp-includes%2Fjs HTTP/1.1" 200 10826 "-" "Mozilla/5.0 AppleWebKit/537.36 (KHTML, like Gecko; compatible; ClaudeBot/1.0; +claudebot@anthropic.com)"
216.73.217.138 - - [03/Aug/2026:05:16:21 +0200] "GET /sitemap_index.xml?fileloc=%2Fvar%2Fwww%2Fvhosts%2Fensaco.es%2Fhttpdocs%2Fwp-admin%2Fjs%2Fupdates.min.js&path=%2Fvar%2Fwww%2Fvhosts%2Fensaco.es%2Fhttpdocs%2Fwp-admin%2Fjs HTTP/1.1" 200 20614 "-" "Mozilla/5.0 AppleWebKit/537.36 (KHTML, like Gecko; compatible; ClaudeBot/1.0; +claudebot@anthropic.com)"
216.73.217.138 - - [03/Aug/2026:05:16:21 +0200] "GET /sitemap_index.xml?fileloc=%2Fvar%2Fwww%2Fvhosts%2Fensaco.es%2Fhttpdocs%2Fwp-includes%2Fjs%2Fwpdialog.js&path=%2Fvar%2Fwww%2Fvhosts%2Fensaco.es%2Fhttpdocs%2Fwp-includes%2Fjs HTTP/1.1" 200 9760 "-" "Mozilla/5.0 AppleWebKit/537.36 (KHTML, like Gecko; compatible; ClaudeBot/1.0; +claudebot@anthropic.com)"
216.73.217.138 - - [03/Aug/2026:05:16:21 +0200] "GET /sitemap_index.xml?fileloc=%2Fvar%2Fwww%2Fvhosts%2Fensaco.es%2Fhttpdocs%2Fwp-admin%2Fjs%2Fuser-profile.js&path=%2Fvar%2Fwww%2Fvhosts%2Fensaco.es%2Fhttpdocs%2Fwp-admin%2Fjs HTTP/1.1" 200 15559 "-" "Mozilla/5.0 AppleWebKit/537.36 (KHTML, like Gecko; compatible; ClaudeBot/1.0; +claudebot@anthropic.com)"
216.73.217.138 - - [03/Aug/2026:05:16:21 +0200] "GET /sitemap_index.xml?fileloc=%2Fvar%2Fwww%2Fvhosts%2Fensaco.es%2Fhttpdocs%2Fwp-includes%2Fblocks%2Faccordion.php&path=%2Fvar%2Fwww%2Fvhosts%2Fensaco.es%2Fhttpdocs%2Fwp-includes%2Fblocks HTTP/1.1" 200 9987 "-" "Mozilla/5.0 AppleWebKit/537.36 (KHTML, like Gecko; compatible; ClaudeBot/1.0; +claudebot@anthropic.com)"
216.73.217.138 - - [03/Aug/2026:05:16:21 +0200] "GET /sitemap_index.xml?fileloc=%2Fvar%2Fwww%2Fvhosts%2Fensaco.es%2Fhttpdocs%2Fwp-admin%2Fjs%2Ffarbtastic.js&path=%2Fvar%2Fwww%2Fvhosts%2Fensaco.es%2Fhttpdocs%2Fwp-admin%2Fjs HTTP/1.1" 200 12054 "-" "Mozilla/5.0 AppleWebKit/537.36 (KHTML, like Gecko; compatible; ClaudeBot/1.0; +claudebot@anthropic.com)"
216.73.217.138 - - [03/Aug/2026:05:16:21 +0200] "GET /sitemap_index.xml?fileloc=%2Fvar%2Fwww%2Fvhosts%2Fensaco.es%2Fhttpdocs%2Fwp-admin%2Fjs%2Fimage-edit.min.js&path=%2Fvar%2Fwww%2Fvhosts%2Fensaco.es%2Fhttpdocs%2Fwp-admin%2Fjs HTTP/1.1" 200 14391 "-" "Mozilla/5.0 AppleWebKit/537.36 (KHTML, like Gecko; compatible; ClaudeBot/1.0; +claudebot@anthropic.com)"
216.73.217.138 - - [03/Aug/2026:05:16:21 +0200] "GET /sitemap_index.xml?fileloc=%2Fvar%2Fwww%2Fvhosts%2Fensaco.es%2Fhttpdocs%2Fwp-includes%2Fjs%2Fwp-custom-header.min.js&path=%2Fvar%2Fwww%2Fvhosts%2Fensaco.es%2Fhttpdocs%2Fwp-includes%2Fjs HTTP/1.1" 200 11056 "-" "Mozilla/5.0 AppleWebKit/537.36 (KHTML, like Gecko; compatible; ClaudeBot/1.0; +claudebot@anthropic.com)"
216.73.217.138 - - [03/Aug/2026:05:16:22 +0200] "GET /sitemap_index.xml?fileloc=%2Fvar%2Fwww%2Fvhosts%2Fensaco.es%2Fhttpdocs%2Fwp-includes%2Fjs%2Fcustomize-preview.min.js&path=%2Fvar%2Fwww%2Fvhosts%2Fensaco.es%2Fhttpdocs%2Fwp-includes%2Fjs HTTP/1.1" 200 12753 "-" "Mozilla/5.0 AppleWebKit/537.36 (KHTML, like Gecko; compatible; ClaudeBot/1.0; +claudebot@anthropic.com)"
57.141.0.39 - - [03/Aug/2026:05:16:21 +0200] "GET /altamira/?fileloc=/var/www/vhosts/ensaco.es/httpdocs/wp-content/uploads/2019/07/architect-architecture-black-and-white-1537008-2-300x300.jpg&path=/var/www/vhosts/ensaco.es/httpdocs/wp-content/uploads/2019/07 HTTP/1.1" 200 22665 "-" "Mozilla/5.0 (Windows NT 10.0; Win64; x64) AppleWebKit/537.36 (KHTML, like Gecko) Chrome/145.0.0.0 Safari/537.36 (compatible; meta-externalagent/1.1 (+https://developers.facebook.com/docs/sharing/webmasters/crawler))"
216.73.217.138 - - [03/Aug/2026:05:16:20 +0200] "GET /sitemap_index.xml?fileloc=%2Fvar%2Fwww%2Fvhosts%2Fensaco.es%2Fhttpdocs%2Fwp-admin%2Fcss%2Fsite-health.min.css&path=%2Fvar%2Fwww%2Fvhosts%2Fensaco.es%2Fhttpdocs%2Fwp-admin%2Fcss HTTP/1.1" 200 10922 "-" "Mozilla/5.0 AppleWebKit/537.36 (KHTML, like Gecko; compatible; ClaudeBot/1.0; +claudebot@anthropic.com)"
216.73.217.138 - - [03/Aug/2026:05:16:22 +0200] "GET /sitemap_index.xml?fileloc=%2Fvar%2Fwww%2Fvhosts%2Fensaco.es%2Fhttpdocs%2Fwp-includes%2Fblocks%2Fpost-author-biography.php&path=%2Fvar%2Fwww%2Fvhosts%2Fensaco.es%2Fhttpdocs%2Fwp-includes%2Fblocks HTTP/1.1" 200 10038 "-" "Mozilla/5.0 AppleWebKit/537.36 (KHTML, like Gecko; compatible; ClaudeBot/1.0; +claudebot@anthropic.com)"
216.73.217.138 - - [03/Aug/2026:05:16:22 +0200] "GET /sitemap_index.xml?fileloc=%2Fvar%2Fwww%2Fvhosts%2Fensaco.es%2Fhttpdocs%2Fwp-admin%2Fjs%2Fdashboard.js&path=%2Fvar%2Fwww%2Fvhosts%2Fensaco.es%2Fhttpdocs%2Fwp-admin%2Fjs HTTP/1.1" 200 18118 "-" "Mozilla/5.0 AppleWebKit/537.36 (KHTML, like Gecko; compatible; ClaudeBot/1.0; +claudebot@anthropic.com)"
216.73.217.138 - - [03/Aug/2026:05:16:22 +0200] "GET /sitemap_index.xml?fileloc=%2Fvar%2Fwww%2Fvhosts%2Fensaco.es%2Fhttpdocs%2Fwp-includes%2Fjs%2Fwp-backbone.min.js&path=%2Fvar%2Fwww%2Fvhosts%2Fensaco.es%2Fhttpdocs%2Fwp-includes%2Fjs HTTP/1.1" 200 10652 "-" "Mozilla/5.0 AppleWebKit/537.36 (KHTML, like Gecko; compatible; ClaudeBot/1.0; +claudebot@anthropic.com)"
216.73.217.138 - - [03/Aug/2026:05:16:22 +0200] "GET /sitemap_index.xml?fileloc=%2Fvar%2Fwww%2Fvhosts%2Fensaco.es%2Fhttpdocs%2Fwp-admin%2Fjs%2Fapplication-passwords.js&path=%2Fvar%2Fwww%2Fvhosts%2Fensaco.es%2Fhttpdocs%2Fwp-admin%2Fjs HTTP/1.1" 200 11321 "-" "Mozilla/5.0 AppleWebKit/537.36 (KHTML, like Gecko; compatible; ClaudeBot/1.0; +claudebot@anthropic.com)"
104.164.220.226 - - [03/Aug/2026:05:16:22 +0200] "GET /?fileloc=/var/www/vhosts/ensaco.es/httpdocs/wp-includes/class-wp-meta-query.php&path=/var/www/vhosts/ensaco.es/httpdocs/wp-includes HTTP/1.1" 200 54679 "-" "Mozilla/5.0 (Macintosh; Intel Mac OS X 10_15_7) AppleWebKit/537.36 (KHTML, like Gecko) Chrome/148.0.0.0 Safari/537.36"
216.73.217.138 - - [03/Aug/2026:05:16:22 +0200] "GET /sitemap_index.xml?fileloc=%2Fvar%2Fwww%2Fvhosts%2Fensaco.es%2Fhttpdocs%2Fwp-includes%2Fjs%2Fswfobject.min.js&path=%2Fvar%2Fwww%2Fvhosts%2Fensaco.es%2Fhttpdocs%2Fwp-includes%2Fjs HTTP/1.1" 200 9473 "-" "Mozilla/5.0 AppleWebKit/537.36 (KHTML, like Gecko; compatible; ClaudeBot/1.0; +claudebot@anthropic.com)"
216.73.217.138 - - [03/Aug/2026:05:16:22 +0200] "GET /sitemap_index.xml?fileloc=%2Fvar%2Fwww%2Fvhosts%2Fensaco.es%2Fhttpdocs%2Fwp-includes%2Fjs%2Fwp-lists.js&path=%2Fvar%2Fwww%2Fvhosts%2Fensaco.es%2Fhttpdocs%2Fwp-includes%2Fjs HTTP/1.1" 200 14937 "-" "Mozilla/5.0 AppleWebKit/537.36 (KHTML, like Gecko; compatible; ClaudeBot/1.0; +claudebot@anthropic.com)"
216.73.217.138 - - [03/Aug/2026:05:16:22 +0200] "GET /sitemap_index.xml?fileloc=%2Fvar%2Fwww%2Fvhosts%2Fensaco.es%2Fhttpdocs%2Fwp-includes%2Fblocks%2Fcover.php&path=%2Fvar%2Fwww%2Fvhosts%2Fensaco.es%2Fhttpdocs%2Fwp-includes%2Fblocks HTTP/1.1" 200 11896 "-" "Mozilla/5.0 AppleWebKit/537.36 (KHTML, like Gecko; compatible; ClaudeBot/1.0; +claudebot@anthropic.com)"
216.73.217.138 - - [03/Aug/2026:05:16:22 +0200] "GET /sitemap_index.xml?fileloc=%2Fvar%2Fwww%2Fvhosts%2Fensaco.es%2Fhttpdocs%2Fwp-includes%2Fblocks%2Fsocial-link.php&path=%2Fvar%2Fwww%2Fvhosts%2Fensaco.es%2Fhttpdocs%2Fwp-includes%2Fblocks HTTP/1.1" 200 34487 "-" "Mozilla/5.0 AppleWebKit/537.36 (KHTML, like Gecko; compatible; ClaudeBot/1.0; +claudebot@anthropic.com)"
216.73.217.138 - - [03/Aug/2026:05:16:22 +0200] "GET /sitemap_index.xml?fileloc=%2Fvar%2Fwww%2Fvhosts%2Fensaco.es%2Fhttpdocs%2Fwp-admin%2Fjs%2Fnav-menu.js&path=%2Fvar%2Fwww%2Fvhosts%2Fensaco.es%2Fhttpdocs%2Fwp-admin%2Fjs HTTP/1.1" 200 24945 "-" "Mozilla/5.0 AppleWebKit/537.36 (KHTML, like Gecko; compatible; ClaudeBot/1.0; +claudebot@anthropic.com)"
216.73.217.138 - - [03/Aug/2026:05:16:23 +0200] "GET /sitemap_index.xml?fileloc=%2Fvar%2Fwww%2Fvhosts%2Fensaco.es%2Fhttpdocs%2Fwp-includes%2Fjs%2Fwp-embed-template.min.js&path=%2Fvar%2Fwww%2Fvhosts%2Fensaco.es%2Fhttpdocs%2Fwp-includes%2Fjs HTTP/1.1" 200 10575 "-" "Mozilla/5.0 AppleWebKit/537.36 (KHTML, like Gecko; compatible; ClaudeBot/1.0; +claudebot@anthropic.com)"
216.73.217.138 - - [03/Aug/2026:05:16:22 +0200] "GET /sitemap_index.xml?fileloc=%2Fvar%2Fwww%2Fvhosts%2Fensaco.es%2Fhttpdocs%2Fwp-includes%2Fjs%2Fbackbone.min.js&path=%2Fvar%2Fwww%2Fvhosts%2Fensaco.es%2Fhttpdocs%2Fwp-includes%2Fjs HTTP/1.1" 200 17748 "-" "Mozilla/5.0 AppleWebKit/537.36 (KHTML, like Gecko; compatible; ClaudeBot/1.0; +claudebot@anthropic.com)"
216.73.217.138 - - [03/Aug/2026:05:16:23 +0200] "GET /sitemap_index.xml?fileloc=%2Fvar%2Fwww%2Fvhosts%2Fensaco.es%2Fhttpdocs%2Fwp-includes%2Fjs%2Fcustomize-views.js&path=%2Fvar%2Fwww%2Fvhosts%2Fensaco.es%2Fhttpdocs%2Fwp-includes%2Fjs HTTP/1.1" 200 10895 "-" "Mozilla/5.0 AppleWebKit/537.36 (KHTML, like Gecko; compatible; ClaudeBot/1.0; +claudebot@anthropic.com)"
216.73.217.138 - - [03/Aug/2026:05:16:23 +0200] "GET /sitemap_index.xml?fileloc=%2Fvar%2Fwww%2Fvhosts%2Fensaco.es%2Fhttpdocs%2Fwp-includes%2Fjs%2Fjson2.min.js&path=%2Fvar%2Fwww%2Fvhosts%2Fensaco.es%2Fhttpdocs%2Fwp-includes%2Fjs HTTP/1.1" 200 9471 "-" "Mozilla/5.0 AppleWebKit/537.36 (KHTML, like Gecko; compatible; ClaudeBot/1.0; +claudebot@anthropic.com)"
216.73.217.138 - - [03/Aug/2026:05:16:23 +0200] "GET /sitemap_index.xml?fileloc=%2Fvar%2Fwww%2Fvhosts%2Fensaco.es%2Fhttpdocs%2Fwp-admin%2Fincludes%2Fajax-actions.php&path=%2Fvar%2Fwww%2Fvhosts%2Fensaco.es%2Fhttpdocs%2Fwp-admin%2Fincludes HTTP/1.1" 200 42249 "-" "Mozilla/5.0 AppleWebKit/537.36 (KHTML, like Gecko; compatible; ClaudeBot/1.0; +claudebot@anthropic.com)"
