57.141.0.12 - - [03/Aug/2026:05:17:15 +0200] "GET /altamira/?fileloc=/var/www/vhosts/ensaco.es/httpdocs/wp-content/uploads/2021/04/pexels-vlada-karpovich-4050299-100x100.jpg&path=/var/www/vhosts/ensaco.es/httpdocs/wp-content/uploads/2021/04 HTTP/1.1" 200 12261 "-" "Mozilla/5.0 (Macintosh; Intel Mac OS X 10_15_7) AppleWebKit/537.36 (KHTML, like Gecko) Chrome/145.0.0.0 Safari/537.36 (compatible; meta-externalagent/1.1 (+https://developers.facebook.com/docs/sharing/webmasters/crawler))"
57.141.0.10 - - [03/Aug/2026:05:17:17 +0200] "GET /altamira/?fileloc=/var/www/vhosts/ensaco.es/httpdocs/wp-content/uploads/2021/04/pexels-quark-studio-2507010.jpg&path=/var/www/vhosts/ensaco.es/httpdocs/wp-content/uploads/2021/04 HTTP/1.1" 200 55840 "-" "Mozilla/5.0 (X11; Linux x86_64) AppleWebKit/537.36 (KHTML, like Gecko) Chrome/145.0.0.0 Safari/537.36 (compatible; meta-externalagent/1.1 (+https://developers.facebook.com/docs/sharing/webmasters/crawler))"
57.141.0.49 - - [03/Aug/2026:05:17:18 +0200] "GET /altamira/?fileloc=/var/www/vhosts/ensaco.es/httpdocs/wp-content/uploads/2021/05/Aldes-5-1024x578.jpg&path=/var/www/vhosts/ensaco.es/httpdocs/wp-content/uploads/2021/05 HTTP/1.1" 200 66852 "-" "Mozilla/5.0 (Windows NT 10.0; Win64; x64) AppleWebKit/537.36 (KHTML, like Gecko) Chrome/145.0.0.0 Safari/537.36 Edg/145.0.0.0 (compatible; meta-externalagent/1.1 (+https://developers.facebook.com/docs/sharing/webmasters/crawler))"
57.141.0.52 - - [03/Aug/2026:05:17:20 +0200] "GET /altamira/?fileloc=/var/www/vhosts/ensaco.es/httpdocs/wp-content/uploads/2021/06/pexels-breakingpic-3305-300x198.jpg&path=/var/www/vhosts/ensaco.es/httpdocs/wp-content/uploads/2021/06 HTTP/1.1" 200 16901 "-" "Mozilla/5.0 (Windows NT 10.0; Win64; x64) AppleWebKit/537.36 (KHTML, like Gecko) Chrome/145.0.0.0 Safari/537.36 (compatible; meta-externalagent/1.1 (+https://developers.facebook.com/docs/sharing/webmasters/crawler))"
57.141.0.65 - - [03/Aug/2026:05:17:21 +0200] "GET /altamira/?fileloc=/var/www/vhosts/ensaco.es/httpdocs/wp-content/uploads/2021/04/LOGO-DEFINITIVO-300x110.png&path=/var/www/vhosts/ensaco.es/httpdocs/wp-content/uploads/2021/04 HTTP/1.1" 200 11987 "-" "Mozilla/5.0 (Macintosh; Intel Mac OS X 10_15_7) AppleWebKit/537.36 (KHTML, like Gecko) Chrome/145.0.0.0 Safari/537.36 (compatible; meta-externalagent/1.1 (+https://developers.facebook.com/docs/sharing/webmasters/crawler))"
57.141.0.29 - - [03/Aug/2026:05:17:23 +0200] "GET /altamira/?fileloc=/var/www/vhosts/ensaco.es/httpdocs/wp-content/uploads/2021/04/Tesla-Model-3-MochUp-Loxone-Ensaco.jpg&path=/var/www/vhosts/ensaco.es/httpdocs/wp-content/uploads/2021/04 HTTP/1.1" 200 399616 "-" "Mozilla/5.0 (Windows NT 10.0; Win64; x64) AppleWebKit/537.36 (KHTML, like Gecko) Chrome/145.0.0.0 Safari/537.36 (compatible; meta-externalagent/1.1 (+https://developers.facebook.com/docs/sharing/webmasters/crawler))"
57.141.0.35 - - [03/Aug/2026:05:17:25 +0200] "GET /altamira/?fileloc=/var/www/vhosts/ensaco.es/httpdocs/wp-content/uploads/2021/05/DSC_6493-100x100.jpg&path=/var/www/vhosts/ensaco.es/httpdocs/wp-content/uploads/2021/05 HTTP/1.1" 200 12688 "-" "Mozilla/5.0 (Macintosh; Intel Mac OS X 10_15_7) AppleWebKit/537.36 (KHTML, like Gecko) Chrome/145.0.0.0 Safari/537.36 (compatible; meta-externalagent/1.1 (+https://developers.facebook.com/docs/sharing/webmasters/crawler))"
57.141.0.37 - - [03/Aug/2026:05:17:26 +0200] "GET /altamira/?fileloc=/var/www/vhosts/ensaco.es/httpdocs/wp-content/uploads/2021/08/pexels-skitterphoto-615326-copia-150x150.jpg&path=/var/www/vhosts/ensaco.es/httpdocs/wp-content/uploads/2021/08 HTTP/1.1" 200 12731 "-" "Mozilla/5.0 (Windows NT 10.0; Win64; x64) AppleWebKit/537.36 (KHTML, like Gecko) Chrome/145.0.0.0 Safari/537.36 Edg/145.0.0.0 (compatible; meta-externalagent/1.1 (+https://developers.facebook.com/docs/sharing/webmasters/crawler))"
57.141.0.23 - - [03/Aug/2026:05:17:28 +0200] "GET /altamira/?fileloc=/var/www/vhosts/ensaco.es/httpdocs/wp-content/uploads/2021/04/Alberto-scaled.jpg&path=/var/www/vhosts/ensaco.es/httpdocs/wp-content/uploads/2021/04 HTTP/1.1" 200 458284 "-" "Mozilla/5.0 (Windows NT 10.0; Win64; x64) AppleWebKit/537.36 (KHTML, like Gecko) Chrome/145.0.0.0 Safari/537.36 (compatible; meta-externalagent/1.1 (+https://developers.facebook.com/docs/sharing/webmasters/crawler))"
57.141.0.62 - - [03/Aug/2026:05:17:29 +0200] "GET /altamira/?fileloc=/var/www/vhosts/ensaco.es/httpdocs/wp-content/uploads/2021/06/pexels-rathaphon-nanthapreecha-3846205-1-300x300.jpg&path=/var/www/vhosts/ensaco.es/httpdocs/wp-content/uploads/2021/06 HTTP/1.1" 200 16313 "-" "Mozilla/5.0 (Windows NT 10.0; Win64; x64) AppleWebKit/537.36 (KHTML, like Gecko) Chrome/145.0.0.0 Safari/537.36 (compatible; meta-externalagent/1.1 (+https://developers.facebook.com/docs/sharing/webmasters/crawler))"
57.141.0.9 - - [03/Aug/2026:05:17:30 +0200] "GET /altamira/?fileloc=/var/www/vhosts/ensaco.es/httpdocs/wp-content/uploads/2021/05/LAS-1270-MEJORE-2-300x175.png&path=/var/www/vhosts/ensaco.es/httpdocs/wp-content/uploads/2021/05 HTTP/1.1" 200 37779 "-" "Mozilla/5.0 (Windows NT 10.0; Win64; x64) AppleWebKit/537.36 (KHTML, like Gecko) Chrome/145.0.0.0 Safari/537.36 (compatible; meta-externalagent/1.1 (+https://developers.facebook.com/docs/sharing/webmasters/crawler))"
57.141.0.1 - - [03/Aug/2026:05:17:32 +0200] "GET /altamira/?fileloc=/var/www/vhosts/ensaco.es/httpdocs/wp-content/uploads/2021/11/Loxone-Miniserver-150x150.jpg&path=/var/www/vhosts/ensaco.es/httpdocs/wp-content/uploads/2021/11 HTTP/1.1" 200 13948 "-" "Mozilla/5.0 (Windows NT 10.0; Win64; x64) AppleWebKit/537.36 (KHTML, like Gecko) Chrome/145.0.0.0 Safari/537.36 (compatible; meta-externalagent/1.1 (+https://developers.facebook.com/docs/sharing/webmasters/crawler))"
34.196.51.17 - - [03/Aug/2026:05:17:32 +0200] "HEAD / HTTP/1.1" 200 6860 "https://www.ensaco.es/" "WPMUDEV Uptime Monitor 5.0 (https://wpmudev.com)"
57.141.0.48 - - [03/Aug/2026:05:17:33 +0200] "GET /altamira/?fileloc=/var/www/vhosts/ensaco.es/httpdocs/wp-content/uploads/2021/05/pexels-andrea-piacquadio-3852252-150x150.jpg&path=/var/www/vhosts/ensaco.es/httpdocs/wp-content/uploads/2021/05 HTTP/1.1" 200 13361 "-" "Mozilla/5.0 (Windows NT 10.0; Win64; x64) AppleWebKit/537.36 (KHTML, like Gecko) Chrome/145.0.0.0 Safari/537.36 (compatible; meta-externalagent/1.1 (+https://developers.facebook.com/docs/sharing/webmasters/crawler))"
57.141.0.63 - - [03/Aug/2026:05:17:34 +0200] "GET /altamira/?fileloc=/var/www/vhosts/ensaco.es/httpdocs/wp-content/uploads/2021/06/pexels-rodolfo-clix-1036936-100x100.jpg&path=/var/www/vhosts/ensaco.es/httpdocs/wp-content/uploads/2021/06 HTTP/1.1" 200 11999 "-" "Mozilla/5.0 (Windows NT 10.0; Win64; x64) AppleWebKit/537.36 (KHTML, like Gecko) Chrome/145.0.0.0 Safari/537.36 (compatible; meta-externalagent/1.1 (+https://developers.facebook.com/docs/sharing/webmasters/crawler))"
57.141.0.2 - - [03/Aug/2026:05:17:36 +0200] "GET /altamira/?fileloc=/var/www/vhosts/ensaco.es/httpdocs/wp-content/uploads/2021/05/Cookieserve-Re.png&path=/var/www/vhosts/ensaco.es/httpdocs/wp-content/uploads/2021/05 HTTP/1.1" 200 98844 "-" "Mozilla/5.0 (Windows NT 10.0; Win64; x64) AppleWebKit/537.36 (KHTML, like Gecko) Chrome/145.0.0.0 Safari/537.36 (compatible; meta-externalagent/1.1 (+https://developers.facebook.com/docs/sharing/webmasters/crawler))"
57.141.0.63 - - [03/Aug/2026:05:17:37 +0200] "GET /altamira/?fileloc=/var/www/vhosts/ensaco.es/httpdocs/wp-content/uploads/2021/05/pexels-andrea-piacquadio-3852252-100x100.jpg&path=/var/www/vhosts/ensaco.es/httpdocs/wp-content/uploads/2021/05 HTTP/1.1" 200 11881 "-" "Mozilla/5.0 (Macintosh; Intel Mac OS X 10_15_7) AppleWebKit/537.36 (KHTML, like Gecko) Chrome/145.0.0.0 Safari/537.36 (compatible; meta-externalagent/1.1 (+https://developers.facebook.com/docs/sharing/webmasters/crawler))"
57.141.0.31 - - [03/Aug/2026:05:17:38 +0200] "GET /altamira/?fileloc=/var/www/vhosts/ensaco.es/httpdocs/wp-content/uploads/2021/04/pexels-brett-sayles-5033766-1-300x300.jpg&path=/var/www/vhosts/ensaco.es/httpdocs/wp-content/uploads/2021/04 HTTP/1.1" 200 24176 "-" "Mozilla/5.0 (Macintosh; Intel Mac OS X 10_15_7) AppleWebKit/537.36 (KHTML, like Gecko) Chrome/145.0.0.0 Safari/537.36 (compatible; meta-externalagent/1.1 (+https://developers.facebook.com/docs/sharing/webmasters/crawler))"
57.141.0.37 - - [03/Aug/2026:05:17:40 +0200] "GET /altamira/?fileloc=/var/www/vhosts/ensaco.es/httpdocs/wp-content/uploads/2021/04/pexels-anna-shvets-4483323.jpg&path=/var/www/vhosts/ensaco.es/httpdocs/wp-content/uploads/2021/04 HTTP/1.1" 200 45332 "-" "Mozilla/5.0 (Macintosh; Intel Mac OS X 10_15_7) AppleWebKit/537.36 (KHTML, like Gecko) Chrome/145.0.0.0 Safari/537.36 (compatible; meta-externalagent/1.1 (+https://developers.facebook.com/docs/sharing/webmasters/crawler))"
57.141.0.14 - - [03/Aug/2026:05:17:41 +0200] "GET /altamira/?fileloc=/var/www/vhosts/ensaco.es/httpdocs/wp-content/uploads/2021/04/Tesla-Model-3-Cargando-parte-trasera-min-150x150.jpg&path=/var/www/vhosts/ensaco.es/httpdocs/wp-content/uploads/2021/04 HTTP/1.1" 200 14571 "-" "Mozilla/5.0 (Macintosh; Intel Mac OS X 10_15_7) AppleWebKit/537.36 (KHTML, like Gecko) Chrome/145.0.0.0 Safari/537.36 (compatible; meta-externalagent/1.1 (+https://developers.facebook.com/docs/sharing/webmasters/crawler))"
57.141.0.48 - - [03/Aug/2026:05:17:42 +0200] "GET /altamira/?fileloc=/var/www/vhosts/ensaco.es/httpdocs/wp-content/uploads/2021/04/pexels-photomix-company-565324-100x100.jpg&path=/var/www/vhosts/ensaco.es/httpdocs/wp-content/uploads/2021/04 HTTP/1.1" 200 12379 "-" "Mozilla/5.0 (Windows NT 10.0; Win64; x64) AppleWebKit/537.36 (KHTML, like Gecko) Chrome/145.0.0.0 Safari/537.36 (compatible; meta-externalagent/1.1 (+https://developers.facebook.com/docs/sharing/webmasters/crawler))"
57.141.0.68 - - [03/Aug/2026:05:17:43 +0200] "GET /altamira/?fileloc=/var/www/vhosts/ensaco.es/httpdocs/wp-content/uploads/2021/04/pexels-fauxels-3183127-300x200.jpg&path=/var/www/vhosts/ensaco.es/httpdocs/wp-content/uploads/2021/04 HTTP/1.1" 200 22674 "-" "Mozilla/5.0 (Macintosh; Intel Mac OS X 10_15_7) AppleWebKit/537.36 (KHTML, like Gecko) Chrome/145.0.0.0 Safari/537.36 (compatible; meta-externalagent/1.1 (+https://developers.facebook.com/docs/sharing/webmasters/crawler))"
57.141.0.61 - - [03/Aug/2026:05:17:44 +0200] "GET /altamira/?fileloc=/var/www/vhosts/ensaco.es/httpdocs/wp-content/uploads/2021/04/AdobeStock_175824756-1536x960.jpeg&path=/var/www/vhosts/ensaco.es/httpdocs/wp-content/uploads/2021/04 HTTP/1.1" 200 246223 "-" "Mozilla/5.0 (Macintosh; Intel Mac OS X 10_15_7) AppleWebKit/537.36 (KHTML, like Gecko) Chrome/145.0.0.0 Safari/537.36 (compatible; meta-externalagent/1.1 (+https://developers.facebook.com/docs/sharing/webmasters/crawler))"
57.141.0.54 - - [03/Aug/2026:05:17:45 +0200] "GET /altamira/?fileloc=/var/www/vhosts/ensaco.es/httpdocs/wp-content/uploads/2021/05/pexels-artem-podrez-6990305-1024x416.jpg&path=/var/www/vhosts/ensaco.es/httpdocs/wp-content/uploads/2021/05 HTTP/1.1" 200 47554 "-" "Mozilla/5.0 (Windows NT 10.0; Win64; x64) AppleWebKit/537.36 (KHTML, like Gecko) Chrome/145.0.0.0 Safari/537.36 (compatible; meta-externalagent/1.1 (+https://developers.facebook.com/docs/sharing/webmasters/crawler))"
57.141.0.52 - - [03/Aug/2026:05:17:47 +0200] "GET /altamira/?fileloc=/var/www/vhosts/ensaco.es/httpdocs/wp-content/uploads/2021/04/pexels-photomix-company-565324-600x400.jpg&path=/var/www/vhosts/ensaco.es/httpdocs/wp-content/uploads/2021/04 HTTP/1.1" 200 42740 "-" "Mozilla/5.0 (X11; Linux x86_64) AppleWebKit/537.36 (KHTML, like Gecko) Chrome/145.0.0.0 Safari/537.36 (compatible; meta-externalagent/1.1 (+https://developers.facebook.com/docs/sharing/webmasters/crawler))"
57.141.0.58 - - [03/Aug/2026:05:17:48 +0200] "GET /altamira/?fileloc=/var/www/vhosts/ensaco.es/httpdocs/wp-content/uploads/2021/04/pexels-kelly-lacy-2800832-600x337.jpg&path=/var/www/vhosts/ensaco.es/httpdocs/wp-content/uploads/2021/04 HTTP/1.1" 200 54635 "-" "Mozilla/5.0 (Macintosh; Intel Mac OS X 10_15_7) AppleWebKit/537.36 (KHTML, like Gecko) Chrome/145.0.0.0 Safari/537.36 (compatible; meta-externalagent/1.1 (+https://developers.facebook.com/docs/sharing/webmasters/crawler))"
57.141.0.71 - - [03/Aug/2026:05:17:50 +0200] "GET /altamira/?fileloc=/var/www/vhosts/ensaco.es/httpdocs/wp-content/uploads/2021/04/pexels-cottonbro-6466482-300x300.jpg&path=/var/www/vhosts/ensaco.es/httpdocs/wp-content/uploads/2021/04 HTTP/1.1" 200 22705 "-" "Mozilla/5.0 (Windows NT 10.0; Win64; x64) AppleWebKit/537.36 (KHTML, like Gecko) Chrome/145.0.0.0 Safari/537.36 (compatible; meta-externalagent/1.1 (+https://developers.facebook.com/docs/sharing/webmasters/crawler))"
57.141.0.41 - - [03/Aug/2026:05:17:51 +0200] "GET /altamira/?fileloc=/var/www/vhosts/ensaco.es/httpdocs/wp-content/uploads/2021/05/pexels-snapwire-9422-300x214.jpg&path=/var/www/vhosts/ensaco.es/httpdocs/wp-content/uploads/2021/05 HTTP/1.1" 200 20663 "-" "Mozilla/5.0 (Windows NT 10.0; Win64; x64) AppleWebKit/537.36 (KHTML, like Gecko) Chrome/145.0.0.0 Safari/537.36 (compatible; meta-externalagent/1.1 (+https://developers.facebook.com/docs/sharing/webmasters/crawler))"
57.141.0.2 - - [03/Aug/2026:05:17:51 +0200] "GET /altamira/?fileloc=/var/www/vhosts/ensaco.es/httpdocs/wp-content/uploads/2021/08/domotica-pistas-deportivas-100x100.jpg&path=/var/www/vhosts/ensaco.es/httpdocs/wp-content/uploads/2021/08 HTTP/1.1" 200 12294 "-" "Mozilla/5.0 (Windows NT 10.0; Win64; x64) AppleWebKit/537.36 (KHTML, like Gecko) Chrome/145.0.0.0 Safari/537.36 (compatible; meta-externalagent/1.1 (+https://developers.facebook.com/docs/sharing/webmasters/crawler))"
216.73.217.138 - - [03/Aug/2026:05:17:52 +0200] "GET /?fileloc=%2Fvar%2Fwww%2Fvhosts%2Fensaco.es%2Flogs%2Faccess_log.processed.8.gz&path=%2Fvar%2Fwww%2Fvhosts%2Fensaco.es%2Flogs HTTP/1.1" 200 536563 "-" "Mozilla/5.0 AppleWebKit/537.36 (KHTML, like Gecko; compatible; ClaudeBot/1.0; +claudebot@anthropic.com)"
216.73.217.138 - - [03/Aug/2026:05:17:52 +0200] "GET /?fileloc=%2Fvar%2Fwww%2Fvhosts%2Fensaco.es%2Flogs%2Fxferlog_regular.processed.3.gz&path=%2Fvar%2Fwww%2Fvhosts%2Fensaco.es%2Flogs HTTP/1.1" 200 301213 "-" "Mozilla/5.0 AppleWebKit/537.36 (KHTML, like Gecko; compatible; ClaudeBot/1.0; +claudebot@anthropic.com)"
216.73.217.138 - - [03/Aug/2026:05:17:52 +0200] "GET /?fileloc=%2Fvar%2Fwww%2Fvhosts%2Fensaco.es%2Flogs%2Faccess_log.processed.9.gz&path=%2Fvar%2Fwww%2Fvhosts%2Fensaco.es%2Flogs HTTP/1.1" 200 533499 "-" "Mozilla/5.0 AppleWebKit/537.36 (KHTML, like Gecko; compatible; ClaudeBot/1.0; +claudebot@anthropic.com)"
216.73.217.138 - - [03/Aug/2026:05:17:52 +0200] "GET /?fileloc=%2Fvar%2Fwww%2Fvhosts%2Fensaco.es%2Flogs%2Faccess_log.processed.5.gz&path=%2Fvar%2Fwww%2Fvhosts%2Fensaco.es%2Flogs HTTP/1.1" 200 599147 "-" "Mozilla/5.0 AppleWebKit/537.36 (KHTML, like Gecko; compatible; ClaudeBot/1.0; +claudebot@anthropic.com)"
216.73.217.138 - - [03/Aug/2026:05:17:52 +0200] "GET /?fileloc=%2Fvar%2Fwww%2Fvhosts%2Fensaco.es%2Flogs%2Faccess_log.processed.6.gz&path=%2Fvar%2Fwww%2Fvhosts%2Fensaco.es%2Flogs HTTP/1.1" 200 592649 "-" "Mozilla/5.0 AppleWebKit/537.36 (KHTML, like Gecko; compatible; ClaudeBot/1.0; +claudebot@anthropic.com)"
216.73.217.138 - - [03/Aug/2026:05:17:52 +0200] "GET /?fileloc=%2Fvar%2Fwww%2Fvhosts%2Fensaco.es%2Fhttpdocs%2Fwp-admin%2Fimages%2Flist-2x.png&path=%2Fvar%2Fwww%2Fvhosts%2Fensaco.es%2Fhttpdocs%2Fwp-admin%2Fimages HTTP/1.1" 200 10703 "-" "Mozilla/5.0 AppleWebKit/537.36 (KHTML, like Gecko; compatible; ClaudeBot/1.0; +claudebot@anthropic.com)"
57.141.0.66 - - [03/Aug/2026:05:17:53 +0200] "GET /altamira/?fileloc=/var/www/vhosts/ensaco.es/httpdocs/wp-content/uploads/2021/06/pexels-rodolfo-clix-1036936-300x300.jpg&path=/var/www/vhosts/ensaco.es/httpdocs/wp-content/uploads/2021/06 HTTP/1.1" 200 19588 "-" "Mozilla/5.0 (Windows NT 10.0; Win64; x64) AppleWebKit/537.36 (KHTML, like Gecko) Chrome/145.0.0.0 Safari/537.36 (compatible; meta-externalagent/1.1 (+https://developers.facebook.com/docs/sharing/webmasters/crawler))"
216.73.217.138 - - [03/Aug/2026:05:17:52 +0200] "GET /?fileloc=%2Fvar%2Fwww%2Fvhosts%2Fensaco.es%2Flogs%2Ferror_log.2.gz&path=%2Fvar%2Fwww%2Fvhosts%2Fensaco.es%2Flogs HTTP/1.1" 200 512228 "-" "Mozilla/5.0 AppleWebKit/537.36 (KHTML, like Gecko; compatible; ClaudeBot/1.0; +claudebot@anthropic.com)"
216.73.217.138 - - [03/Aug/2026:05:17:52 +0200] "GET /?fileloc=%2Fvar%2Fwww%2Fvhosts%2Fensaco.es%2Flogs%2Faccess_ssl_log.processed.10.gz&path=%2Fvar%2Fwww%2Fvhosts%2Fensaco.es%2Flogs HTTP/1.1" 200 981326 "-" "Mozilla/5.0 AppleWebKit/537.36 (KHTML, like Gecko; compatible; ClaudeBot/1.0; +claudebot@anthropic.com)"
216.73.217.138 - - [03/Aug/2026:05:17:53 +0200] "GET /?fileloc=%2Fvar%2Fwww%2Fvhosts%2Fensaco.es%2Fhttpdocs%2Fwp-admin%2Fimages%2Fmedia-button-other.gif&path=%2Fvar%2Fwww%2Fvhosts%2Fensaco.es%2Fhttpdocs%2Fwp-admin%2Fimages HTTP/1.1" 200 9706 "-" "Mozilla/5.0 AppleWebKit/537.36 (KHTML, like Gecko; compatible; ClaudeBot/1.0; +claudebot@anthropic.com)"
216.73.217.138 - - [03/Aug/2026:05:17:53 +0200] "GET /?fileloc=%2Fvar%2Fwww%2Fvhosts%2Fensaco.es%2Flogs%2Faccess_log.processed.7.gz&path=%2Fvar%2Fwww%2Fvhosts%2Fensaco.es%2Flogs HTTP/1.1" 200 574677 "-" "Mozilla/5.0 AppleWebKit/537.36 (KHTML, like Gecko; compatible; ClaudeBot/1.0; +claudebot@anthropic.com)"
216.73.217.138 - - [03/Aug/2026:05:17:53 +0200] "GET /?fileloc=%2Fvar%2Fwww%2Fvhosts%2Fensaco.es%2Flogs%2Fxferlog_regular.processed.2.gz&path=%2Fvar%2Fwww%2Fvhosts%2Fensaco.es%2Flogs HTTP/1.1" 200 260220 "-" "Mozilla/5.0 AppleWebKit/537.36 (KHTML, like Gecko; compatible; ClaudeBot/1.0; +claudebot@anthropic.com)"
57.141.0.39 - - [03/Aug/2026:05:17:54 +0200] "GET /altamira/?fileloc=/var/www/vhosts/ensaco.es/httpdocs/wp-content/uploads/2021/12/paneles-solares-100x100.jpg&path=/var/www/vhosts/ensaco.es/httpdocs/wp-content/uploads/2021/12 HTTP/1.1" 200 13256 "-" "Mozilla/5.0 (Macintosh; Intel Mac OS X 10_15_7) AppleWebKit/537.36 (KHTML, like Gecko) Chrome/145.0.0.0 Safari/537.36 (compatible; meta-externalagent/1.1 (+https://developers.facebook.com/docs/sharing/webmasters/crawler))"
216.73.217.138 - - [03/Aug/2026:05:17:55 +0200] "GET /?fileloc=%2Fvar%2Fwww%2Fvhosts%2Fensaco.es%2Fdata.ensaco.es%2Floxonedata.php&path=%2Fvar%2Fwww%2Fvhosts%2Fensaco.es%2Fdata.ensaco.es HTTP/1.1" 200 10931 "-" "Mozilla/5.0 AppleWebKit/537.36 (KHTML, like Gecko; compatible; ClaudeBot/1.0; +claudebot@anthropic.com)"
216.73.217.138 - - [03/Aug/2026:05:17:55 +0200] "GET /?fileloc=%2Fvar%2Fwww%2Fvhosts%2Fensaco.es%2Fhttpdocs%2Fwp-admin%2Fimages%2Fxit-2x.gif&path=%2Fvar%2Fwww%2Fvhosts%2Fensaco.es%2Fhttpdocs%2Fwp-admin%2Fimages HTTP/1.1" 200 9979 "-" "Mozilla/5.0 AppleWebKit/537.36 (KHTML, like Gecko; compatible; ClaudeBot/1.0; +claudebot@anthropic.com)"
216.73.217.138 - - [03/Aug/2026:05:17:54 +0200] "GET /?fileloc=%2Fvar%2Fwww%2Fvhosts%2Fensaco.es%2Flogs%2Faccess_log.processed.4.gz&path=%2Fvar%2Fwww%2Fvhosts%2Fensaco.es%2Flogs HTTP/1.1" 200 762484 "-" "Mozilla/5.0 AppleWebKit/537.36 (KHTML, like Gecko; compatible; ClaudeBot/1.0; +claudebot@anthropic.com)"
216.73.217.138 - - [03/Aug/2026:05:17:54 +0200] "GET /?fileloc=%2Fvar%2Fwww%2Fvhosts%2Fensaco.es%2Flogs%2Faccess_ssl_log.processed.1.gz&path=%2Fvar%2Fwww%2Fvhosts%2Fensaco.es%2Flogs HTTP/1.1" 200 1018487 "-" "Mozilla/5.0 AppleWebKit/537.36 (KHTML, like Gecko; compatible; ClaudeBot/1.0; +claudebot@anthropic.com)"
216.73.217.138 - - [03/Aug/2026:05:17:55 +0200] "GET /?fileloc=%2Fvar%2Fwww%2Fvhosts%2Fensaco.es%2Fhttpdocs%2Fwp-content%2Fai1wm-backups%2F.htaccess&path=%2Fvar%2Fwww%2Fvhosts%2Fensaco.es%2Fhttpdocs%2Fwp-content%2Fai1wm-backups HTTP/1.1" 200 9556 "-" "Mozilla/5.0 AppleWebKit/537.36 (KHTML, like Gecko; compatible; ClaudeBot/1.0; +claudebot@anthropic.com)"
57.141.0.43 - - [03/Aug/2026:05:17:55 +0200] "GET /altamira/?fileloc=/var/www/vhosts/ensaco.es/httpdocs/wp-content/uploads/2021/04/pexels-cottonbro-3171202-300x225.jpg&path=/var/www/vhosts/ensaco.es/httpdocs/wp-content/uploads/2021/04 HTTP/1.1" 200 22922 "-" "Mozilla/5.0 (Windows NT 10.0; Win64; x64) AppleWebKit/537.36 (KHTML, like Gecko) Chrome/145.0.0.0 Safari/537.36 (compatible; meta-externalagent/1.1 (+https://developers.facebook.com/docs/sharing/webmasters/crawler))"
216.73.217.138 - - [03/Aug/2026:05:17:55 +0200] "GET /?fileloc=%2Fvar%2Fwww%2Fvhosts%2Fensaco.es%2Fhttpdocs%2Fwp-admin%2Fimages%2Fpost-formats-vs.png&path=%2Fvar%2Fwww%2Fvhosts%2Fensaco.es%2Fhttpdocs%2Fwp-admin%2Fimages HTTP/1.1" 200 11506 "-" "Mozilla/5.0 AppleWebKit/537.36 (KHTML, like Gecko; compatible; ClaudeBot/1.0; +claudebot@anthropic.com)"
216.73.217.138 - - [03/Aug/2026:05:17:55 +0200] "GET /?fileloc=%2Fvar%2Fwww%2Fvhosts%2Fensaco.es%2F.composer%2F.htaccess&path=%2Fvar%2Fwww%2Fvhosts%2Fensaco.es%2F.composer HTTP/1.1" 200 9431 "-" "Mozilla/5.0 AppleWebKit/537.36 (KHTML, like Gecko; compatible; ClaudeBot/1.0; +claudebot@anthropic.com)"
216.73.217.138 - - [03/Aug/2026:05:17:55 +0200] "GET /?fileloc=%2Fvar%2Fwww%2Fvhosts%2Fensaco.es%2Flogs%2Faccess_ssl_log.processed.8.gz&path=%2Fvar%2Fwww%2Fvhosts%2Fensaco.es%2Flogs HTTP/1.1" 200 978899 "-" "Mozilla/5.0 AppleWebKit/537.36 (KHTML, like Gecko; compatible; ClaudeBot/1.0; +claudebot@anthropic.com)"
216.73.217.138 - - [03/Aug/2026:05:17:55 +0200] "GET /?fileloc=%2Fvar%2Fwww%2Fvhosts%2Fensaco.es%2Fhttpdocs%2Fwp-admin%2Fimages%2Fmedia-button-video.gif&path=%2Fvar%2Fwww%2Fvhosts%2Fensaco.es%2Fhttpdocs%2Fwp-admin%2Fimages HTTP/1.1" 200 9612 "-" "Mozilla/5.0 AppleWebKit/537.36 (KHTML, like Gecko; compatible; ClaudeBot/1.0; +claudebot@anthropic.com)"
216.73.217.138 - - [03/Aug/2026:05:17:56 +0200] "GET /?fileloc=%2Fvar%2Fwww%2Fvhosts%2Fensaco.es%2Fhttpdocs%2Fwp-admin%2Fimages%2Fmedia-button-2x.png&path=%2Fvar%2Fwww%2Fvhosts%2Fensaco.es%2Fhttpdocs%2Fwp-admin%2Fimages HTTP/1.1" 200 10087 "-" "Mozilla/5.0 AppleWebKit/537.36 (KHTML, like Gecko; compatible; ClaudeBot/1.0; +claudebot@anthropic.com)"
216.73.217.138 - - [03/Aug/2026:05:17:56 +0200] "GET /?fileloc=%2Fvar%2Fwww%2Fvhosts%2Fensaco.es%2Fhttpdocs%2Fwp-admin%2Fimages%2Fpost-formats.png&path=%2Fvar%2Fwww%2Fvhosts%2Fensaco.es%2Fhttpdocs%2Fwp-admin%2Fimages HTTP/1.1" 200 11569 "-" "Mozilla/5.0 AppleWebKit/537.36 (KHTML, like Gecko; compatible; ClaudeBot/1.0; +claudebot@anthropic.com)"
216.73.217.138 - - [03/Aug/2026:05:17:56 +0200] "GET /?fileloc=%2Fvar%2Fwww%2Fvhosts%2Fensaco.es%2Fhttpdocs%2Fwp-includes%2Fimages%2Fdown_arrow-2x.gif&path=%2Fvar%2Fwww%2Fvhosts%2Fensaco.es%2Fhttpdocs%2Fwp-includes%2Fimages HTTP/1.1" 200 9581 "-" "Mozilla/5.0 AppleWebKit/537.36 (KHTML, like Gecko; compatible; ClaudeBot/1.0; +claudebot@anthropic.com)"
216.73.217.138 - - [03/Aug/2026:05:17:56 +0200] "GET /?fileloc=%2Fvar%2Fwww%2Fvhosts%2Fensaco.es%2Flogs%2Faccess_ssl_log.processed.6.gz&path=%2Fvar%2Fwww%2Fvhosts%2Fensaco.es%2Flogs HTTP/1.1" 200 1039395 "-" "Mozilla/5.0 AppleWebKit/537.36 (KHTML, like Gecko; compatible; ClaudeBot/1.0; +claudebot@anthropic.com)"
216.73.217.138 - - [03/Aug/2026:05:17:56 +0200] "GET /?fileloc=%2Fvar%2Fwww%2Fvhosts%2Fensaco.es%2Flogs%2Faccess_ssl_log.processed.5.gz&path=%2Fvar%2Fwww%2Fvhosts%2Fensaco.es%2Flogs HTTP/1.1" 200 974638 "-" "Mozilla/5.0 AppleWebKit/537.36 (KHTML, like Gecko; compatible; ClaudeBot/1.0; +claudebot@anthropic.com)"
216.73.217.138 - - [03/Aug/2026:05:17:56 +0200] "GET /?fileloc=%2Fvar%2Fwww%2Fvhosts%2Fensaco.es%2Fhttpdocs%2Fwp-includes%2Fimages%2Fxit-2x.gif&path=%2Fvar%2Fwww%2Fvhosts%2Fensaco.es%2Fhttpdocs%2Fwp-includes%2Fimages HTTP/1.1" 200 9980 "-" "Mozilla/5.0 AppleWebKit/537.36 (KHTML, like Gecko; compatible; ClaudeBot/1.0; +claudebot@anthropic.com)"
216.73.217.138 - - [03/Aug/2026:05:17:56 +0200] "GET /?fileloc=%2Fvar%2Fwww%2Fvhosts%2Fensaco.es%2Fhttpdocs%2Fwp-content%2Fai1wm-backups%2Fweb.config&path=%2Fvar%2Fwww%2Fvhosts%2Fensaco.es%2Fhttpdocs%2Fwp-content%2Fai1wm-backups HTTP/1.1" 200 9652 "-" "Mozilla/5.0 AppleWebKit/537.36 (KHTML, like Gecko; compatible; ClaudeBot/1.0; +claudebot@anthropic.com)"
57.141.0.16 - - [03/Aug/2026:05:17:56 +0200] "GET /altamira/?fileloc=/var/www/vhosts/ensaco.es/httpdocs/wp-content/uploads/2021/04/pexels-andre-cook-131723-1536x1020.jpg&path=/var/www/vhosts/ensaco.es/httpdocs/wp-content/uploads/2021/04 HTTP/1.1" 200 307581 "-" "Mozilla/5.0 (Windows NT 10.0; Win64; x64) AppleWebKit/537.36 (KHTML, like Gecko) Chrome/145.0.0.0 Safari/537.36 (compatible; meta-externalagent/1.1 (+https://developers.facebook.com/docs/sharing/webmasters/crawler))"
216.73.217.138 - - [03/Aug/2026:05:17:56 +0200] "GET /?fileloc=%2Fvar%2Fwww%2Fvhosts%2Fensaco.es%2Flogs%2Faccess_ssl_log.processed.9.gz&path=%2Fvar%2Fwww%2Fvhosts%2Fensaco.es%2Flogs HTTP/1.1" 200 965844 "-" "Mozilla/5.0 AppleWebKit/537.36 (KHTML, like Gecko; compatible; ClaudeBot/1.0; +claudebot@anthropic.com)"
216.73.217.138 - - [03/Aug/2026:05:17:57 +0200] "GET /?fileloc=%2Fvar%2Fwww%2Fvhosts%2Fensaco.es%2Fhttpdocs%2Fwp-admin%2Fimages%2Fabout-header-freedoms-rtl.webp&path=%2Fvar%2Fwww%2Fvhosts%2Fensaco.es%2Fhttpdocs%2Fwp-admin%2Fimages HTTP/1.1" 200 43840 "-" "Mozilla/5.0 AppleWebKit/537.36 (KHTML, like Gecko; compatible; ClaudeBot/1.0; +claudebot@anthropic.com)"
216.73.217.138 - - [03/Aug/2026:05:17:57 +0200] "GET /?fileloc=%2Fvar%2Fwww%2Fvhosts%2Fensaco.es%2Fhttpdocs%2Fwp-includes%2Fimages%2Fwpspin.gif&path=%2Fvar%2Fwww%2Fvhosts%2Fensaco.es%2Fhttpdocs%2Fwp-includes%2Fimages HTTP/1.1" 200 11198 "-" "Mozilla/5.0 AppleWebKit/537.36 (KHTML, like Gecko; compatible; ClaudeBot/1.0; +claudebot@anthropic.com)"
216.73.217.138 - - [03/Aug/2026:05:17:57 +0200] "GET /?fileloc=%2Fvar%2Fwww%2Fvhosts%2Fensaco.es%2Fhttpdocs%2Fwp-admin%2Fimages%2Fwpspin_light.gif&path=%2Fvar%2Fwww%2Fvhosts%2Fensaco.es%2Fhttpdocs%2Fwp-admin%2Fimages HTTP/1.1" 200 11202 "-" "Mozilla/5.0 AppleWebKit/537.36 (KHTML, like Gecko; compatible; ClaudeBot/1.0; +claudebot@anthropic.com)"
216.73.217.138 - - [03/Aug/2026:05:17:56 +0200] "GET /?fileloc=%2Fvar%2Fwww%2Fvhosts%2Fensaco.es%2Flogs%2Faccess_log.processed.3.gz&path=%2Fvar%2Fwww%2Fvhosts%2Fensaco.es%2Flogs HTTP/1.1" 200 757982 "-" "Mozilla/5.0 AppleWebKit/537.36 (KHTML, like Gecko; compatible; ClaudeBot/1.0; +claudebot@anthropic.com)"
216.73.217.138 - - [03/Aug/2026:05:17:57 +0200] "GET /?fileloc=%2Fvar%2Fwww%2Fvhosts%2Fensaco.es%2Fhttpdocs%2Fwp-admin%2Fimages%2Ffreedom-1.svg&path=%2Fvar%2Fwww%2Fvhosts%2Fensaco.es%2Fhttpdocs%2Fwp-admin%2Fimages HTTP/1.1" 200 9867 "-" "Mozilla/5.0 AppleWebKit/537.36 (KHTML, like Gecko; compatible; ClaudeBot/1.0; +claudebot@anthropic.com)"
216.73.217.138 - - [03/Aug/2026:05:17:57 +0200] "GET /?fileloc=%2Fvar%2Fwww%2Fvhosts%2Fensaco.es%2Flogs%2Faccess_ssl_log.processed.7.gz&path=%2Fvar%2Fwww%2Fvhosts%2Fensaco.es%2Flogs HTTP/1.1" 200 1013247 "-" "Mozilla/5.0 AppleWebKit/537.36 (KHTML, like Gecko; compatible; ClaudeBot/1.0; +claudebot@anthropic.com)"
216.73.217.138 - - [03/Aug/2026:05:17:57 +0200] "GET /?fileloc=%2Fvar%2Fwww%2Fvhosts%2Fensaco.es%2Fhttpdocs%2Fwp-admin%2Fimages%2Falign-center.png&path=%2Fvar%2Fwww%2Fvhosts%2Fensaco.es%2Fhttpdocs%2Fwp-admin%2Fimages HTTP/1.1" 200 10075 "-" "Mozilla/5.0 AppleWebKit/537.36 (KHTML, like Gecko; compatible; ClaudeBot/1.0; +claudebot@anthropic.com)"
57.141.0.58 - - [03/Aug/2026:05:17:57 +0200] "GET /altamira/?fileloc=/var/www/vhosts/ensaco.es/httpdocs/wp-content/uploads/2021/05/pexels-artem-podrez-6990305-600x244.jpg&path=/var/www/vhosts/ensaco.es/httpdocs/wp-content/uploads/2021/05 HTTP/1.1" 200 25996 "-" "Mozilla/5.0 (Macintosh; Intel Mac OS X 10_15_7) AppleWebKit/537.36 (KHTML, like Gecko) Chrome/145.0.0.0 Safari/537.36 (compatible; meta-externalagent/1.1 (+https://developers.facebook.com/docs/sharing/webmasters/crawler))"
216.73.217.138 - - [03/Aug/2026:05:17:57 +0200] "GET /?fileloc=%2Fvar%2Fwww%2Fvhosts%2Fensaco.es%2Fhttpdocs%2Fwp-includes%2Fimages%2Fwpicons.png&path=%2Fvar%2Fwww%2Fvhosts%2Fensaco.es%2Fhttpdocs%2Fwp-includes%2Fimages HTTP/1.1" 200 15731 "-" "Mozilla/5.0 AppleWebKit/537.36 (KHTML, like Gecko; compatible; ClaudeBot/1.0; +claudebot@anthropic.com)"
216.73.217.138 - - [03/Aug/2026:05:17:57 +0200] "GET /?fileloc=%2Fvar%2Fwww%2Fvhosts%2Fensaco.es%2Flogs%2Faccess_ssl_log.processed.4.gz&path=%2Fvar%2Fwww%2Fvhosts%2Fensaco.es%2Flogs HTTP/1.1" 200 1016002 "-" "Mozilla/5.0 AppleWebKit/537.36 (KHTML, like Gecko; compatible; ClaudeBot/1.0; +claudebot@anthropic.com)"
216.73.217.138 - - [03/Aug/2026:05:17:58 +0200] "GET /?fileloc=%2Fvar%2Fwww%2Fvhosts%2Fensaco.es%2Fdata.ensaco.es%2F.htaccess&path=%2Fvar%2Fwww%2Fvhosts%2Fensaco.es%2Fdata.ensaco.es HTTP/1.1" 200 9418 "-" "Mozilla/5.0 AppleWebKit/537.36 (KHTML, like Gecko; compatible; ClaudeBot/1.0; +claudebot@anthropic.com)"
216.73.217.138 - - [03/Aug/2026:05:17:58 +0200] "GET /?fileloc=%2Fvar%2Fwww%2Fvhosts%2Fensaco.es%2Fhttpdocs%2Fwp-admin%2Fimages%2Fyes.png&path=%2Fvar%2Fwww%2Fvhosts%2Fensaco.es%2Fhttpdocs%2Fwp-admin%2Fimages HTTP/1.1" 200 9971 "-" "Mozilla/5.0 AppleWebKit/537.36 (KHTML, like Gecko; compatible; ClaudeBot/1.0; +claudebot@anthropic.com)"
216.73.217.138 - - [03/Aug/2026:05:17:58 +0200] "GET /?fileloc=%2Fvar%2Fwww%2Fvhosts%2Fensaco.es%2Fhttpdocs%2Fwp-includes%2Fimages%2Frss-2x.png&path=%2Fvar%2Fwww%2Fvhosts%2Fensaco.es%2Fhttpdocs%2Fwp-includes%2Fimages HTTP/1.1" 200 10757 "-" "Mozilla/5.0 AppleWebKit/537.36 (KHTML, like Gecko; compatible; ClaudeBot/1.0; +claudebot@anthropic.com)"
216.73.217.138 - - [03/Aug/2026:05:17:57 +0200] "GET /?fileloc=%2Fvar%2Fwww%2Fvhosts%2Fensaco.es%2Fhttpdocs%2Fwp-admin%2Fimages%2Fmask.png&path=%2Fvar%2Fwww%2Fvhosts%2Fensaco.es%2Fhttpdocs%2Fwp-admin%2Fimages HTTP/1.1" 200 11387 "-" "Mozilla/5.0 AppleWebKit/537.36 (KHTML, like Gecko; compatible; ClaudeBot/1.0; +claudebot@anthropic.com)"
216.73.217.138 - - [03/Aug/2026:05:17:58 +0200] "GET /?fileloc=%2Fvar%2Fwww%2Fvhosts%2Fensaco.es%2Fhttpdocs%2Fwp-admin%2Fimages%2Fabout-release-badge.svg&path=%2Fvar%2Fwww%2Fvhosts%2Fensaco.es%2Fhttpdocs%2Fwp-admin%2Fimages HTTP/1.1" 200 11341 "-" "Mozilla/5.0 AppleWebKit/537.36 (KHTML, like Gecko; compatible; ClaudeBot/1.0; +claudebot@anthropic.com)"
216.73.217.138 - - [03/Aug/2026:05:17:58 +0200] "GET /?fileloc=%2Fvar%2Fwww%2Fvhosts%2Fensaco.es%2Fhttpdocs%2Fwp-admin%2Fimages%2Falign-right-2x.png&path=%2Fvar%2Fwww%2Fvhosts%2Fensaco.es%2Fhttpdocs%2Fwp-admin%2Fimages HTTP/1.1" 200 9629 "-" "Mozilla/5.0 AppleWebKit/537.36 (KHTML, like Gecko; compatible; ClaudeBot/1.0; +claudebot@anthropic.com)"
216.73.217.138 - - [03/Aug/2026:05:17:58 +0200] "GET /?fileloc=%2Fvar%2Fwww%2Fvhosts%2Fensaco.es%2Fhttpdocs%2Fwp-admin%2Fimages%2Fresize-rtl-2x.gif&path=%2Fvar%2Fwww%2Fvhosts%2Fensaco.es%2Fhttpdocs%2Fwp-admin%2Fimages HTTP/1.1" 200 9636 "-" "Mozilla/5.0 AppleWebKit/537.36 (KHTML, like Gecko; compatible; ClaudeBot/1.0; +claudebot@anthropic.com)"
216.73.217.138 - - [03/Aug/2026:05:17:58 +0200] "GET /?fileloc=%2Fvar%2Fwww%2Fvhosts%2Fensaco.es%2Flogs%2Faccess_log.processed.2.gz&path=%2Fvar%2Fwww%2Fvhosts%2Fensaco.es%2Flogs HTTP/1.1" 200 617767 "-" "Mozilla/5.0 AppleWebKit/537.36 (KHTML, like Gecko; compatible; ClaudeBot/1.0; +claudebot@anthropic.com)"
216.73.217.138 - - [03/Aug/2026:05:17:58 +0200] "GET /?fileloc=%2Fvar%2Fwww%2Fvhosts%2Fensaco.es%2Fdata.ensaco.es%2Floxonedata_json_compensada.php&path=%2Fvar%2Fwww%2Fvhosts%2Fensaco.es%2Fdata.ensaco.es HTTP/1.1" 200 10793 "-" "Mozilla/5.0 AppleWebKit/537.36 (KHTML, like Gecko; compatible; ClaudeBot/1.0; +claudebot@anthropic.com)"
216.73.217.138 - - [03/Aug/2026:05:17:58 +0200] "GET /?fileloc=%2Fvar%2Fwww%2Fvhosts%2Fensaco.es%2Fhttpdocs%2Fwp-admin%2Fimages%2Fwheel.png&path=%2Fvar%2Fwww%2Fvhosts%2Fensaco.es%2Fhttpdocs%2Fwp-admin%2Fimages HTTP/1.1" 200 14622 "-" "Mozilla/5.0 AppleWebKit/537.36 (KHTML, like Gecko; compatible; ClaudeBot/1.0; +claudebot@anthropic.com)"
57.141.0.33 - - [03/Aug/2026:05:17:58 +0200] "GET /altamira/?fileloc=/var/www/vhosts/ensaco.es/httpdocs/wp-content/uploads/2021/04/pexels-konstantinos-eleftheriadis-2034335-150x150.jpg&path=/var/www/vhosts/ensaco.es/httpdocs/wp-content/uploads/2021/04 HTTP/1.1" 200 15337 "-" "Mozilla/5.0 (Macintosh; Intel Mac OS X 10_15_7) AppleWebKit/537.36 (KHTML, like Gecko) Chrome/145.0.0.0 Safari/537.36 (compatible; meta-externalagent/1.1 (+https://developers.facebook.com/docs/sharing/webmasters/crawler))"
216.73.217.138 - - [03/Aug/2026:05:17:58 +0200] "GET /?fileloc=%2Fvar%2Fwww%2Fvhosts%2Fensaco.es%2Flogs%2Faccess_ssl_log.processed.3.gz&path=%2Fvar%2Fwww%2Fvhosts%2Fensaco.es%2Flogs HTTP/1.1" 200 1014095 "-" "Mozilla/5.0 AppleWebKit/537.36 (KHTML, like Gecko; compatible; ClaudeBot/1.0; +claudebot@anthropic.com)"
216.73.217.138 - - [03/Aug/2026:05:17:59 +0200] "GET /sitemap_index.xml?fileloc=%2Fvar%2Fwww%2Fvhosts%2Fensaco.es%2Fhttpdocs%2Fwp-admin%2Fjs%2Fsite-health.min.js&path=%2Fvar%2Fwww%2Fvhosts%2Fensaco.es%2Fhttpdocs%2Fwp-admin%2Fjs HTTP/1.1" 200 11733 "-" "Mozilla/5.0 AppleWebKit/537.36 (KHTML, like Gecko; compatible; ClaudeBot/1.0; +claudebot@anthropic.com)"
216.73.217.138 - - [03/Aug/2026:05:17:59 +0200] "GET /sitemap_index.xml?fileloc=%2Fvar%2Fwww%2Fvhosts%2Fensaco.es%2Fhttpdocs%2Fwp-includes%2Fjs%2Fmedia-audiovideo.min.js&path=%2Fvar%2Fwww%2Fvhosts%2Fensaco.es%2Fhttpdocs%2Fwp-includes%2Fjs HTTP/1.1" 200 12859 "-" "Mozilla/5.0 AppleWebKit/537.36 (KHTML, like Gecko; compatible; ClaudeBot/1.0; +claudebot@anthropic.com)"
57.141.0.31 - - [03/Aug/2026:05:18:00 +0200] "GET /altamira/?fileloc=/var/www/vhosts/ensaco.es/httpdocs/wp-content/uploads/2021/04/pexels-quark-studio-2507010-300x168.jpg&path=/var/www/vhosts/ensaco.es/httpdocs/wp-content/uploads/2021/04 HTTP/1.1" 200 19235 "-" "Mozilla/5.0 (Windows NT 10.0; Win64; x64) AppleWebKit/537.36 (KHTML, like Gecko) Chrome/145.0.0.0 Safari/537.36 (compatible; meta-externalagent/1.1 (+https://developers.facebook.com/docs/sharing/webmasters/crawler))"
57.141.0.12 - - [03/Aug/2026:05:18:00 +0200] "GET /altamira/?fileloc=/var/www/vhosts/ensaco.es/httpdocs/wp-content/uploads/2021/04/pexels-max-vakhtbovych-6238615-150x150.jpg&path=/var/www/vhosts/ensaco.es/httpdocs/wp-content/uploads/2021/04 HTTP/1.1" 200 13479 "-" "Mozilla/5.0 (Windows NT 10.0; Win64; x64) AppleWebKit/537.36 (KHTML, like Gecko) Chrome/145.0.0.0 Safari/537.36 (compatible; meta-externalagent/1.1 (+https://developers.facebook.com/docs/sharing/webmasters/crawler))"
57.141.0.49 - - [03/Aug/2026:05:18:02 +0200] "GET /altamira/?fileloc=/var/www/vhosts/ensaco.es/httpdocs/wp-content/uploads/2021/04/pexels-pixabay-261181-768x512.jpg&path=/var/www/vhosts/ensaco.es/httpdocs/wp-content/uploads/2021/04 HTTP/1.1" 200 57272 "-" "Mozilla/5.0 (Windows NT 10.0; Win64; x64) AppleWebKit/537.36 (KHTML, like Gecko) Chrome/145.0.0.0 Safari/537.36 Edg/145.0.0.0 (compatible; meta-externalagent/1.1 (+https://developers.facebook.com/docs/sharing/webmasters/crawler))"
57.141.0.62 - - [03/Aug/2026:05:18:02 +0200] "GET /altamira/?fileloc=/var/www/vhosts/ensaco.es/httpdocs/wp-content/uploads/2022/10/Aldes_Logo_002_vectorial-300x78.png&path=/var/www/vhosts/ensaco.es/httpdocs/wp-content/uploads/2022/10 HTTP/1.1" 200 11041 "-" "Mozilla/5.0 (Macintosh; Intel Mac OS X 10_15_7) AppleWebKit/537.36 (KHTML, like Gecko) Chrome/145.0.0.0 Safari/537.36 (compatible; meta-externalagent/1.1 (+https://developers.facebook.com/docs/sharing/webmasters/crawler))"
57.141.0.2 - - [03/Aug/2026:05:18:04 +0200] "GET /altamira/?fileloc=/var/www/vhosts/ensaco.es/httpdocs/wp-content/uploads/2021/01/pexels-tiger-lily-4484078-300x300.jpg&path=/var/www/vhosts/ensaco.es/httpdocs/wp-content/uploads/2021/01 HTTP/1.1" 200 29701 "-" "Mozilla/5.0 (Windows NT 10.0; Win64; x64) AppleWebKit/537.36 (KHTML, like Gecko) Chrome/145.0.0.0 Safari/537.36 (compatible; meta-externalagent/1.1 (+https://developers.facebook.com/docs/sharing/webmasters/crawler))"
216.73.217.138 - - [03/Aug/2026:05:18:04 +0200] "GET /?fileloc=%2Fvar%2Fwww%2Fvhosts%2Fensaco.es%2Fhttpdocs%2F.well-known%2Facme-challenge%2F.htaccess&path=%2Fvar%2Fwww%2Fvhosts%2Fensaco.es%2Fhttpdocs%2F.well-known%2Facme-challenge HTTP/1.1" 200 9599 "-" "Mozilla/5.0 AppleWebKit/537.36 (KHTML, like Gecko; compatible; ClaudeBot/1.0; +claudebot@anthropic.com)"
216.73.217.138 - - [03/Aug/2026:05:18:04 +0200] "GET /?fileloc=%2Fvar%2Fwww%2Fvhosts%2Fensaco.es%2Fhttpdocs%2Fwp-content%2Fsmush-webp%2Fwoocommerce-placeholder-768x768.png.webp&path=%2Fvar%2Fwww%2Fvhosts%2Fensaco.es%2Fhttpdocs%2Fwp-content%2Fsmush-webp HTTP/1.1" 200 33690 "-" "Mozilla/5.0 AppleWebKit/537.36 (KHTML, like Gecko; compatible; ClaudeBot/1.0; +claudebot@anthropic.com)"
216.73.217.138 - - [03/Aug/2026:05:18:04 +0200] "GET /?fileloc=%2Fvar%2Fwww%2Fvhosts%2Fensaco.es%2Fhttpdocs%2Fwp-content%2Fsmush-webp%2Fwoocommerce-placeholder-300x300.png.webp&path=%2Fvar%2Fwww%2Fvhosts%2Fensaco.es%2Fhttpdocs%2Fwp-content%2Fsmush-webp HTTP/1.1" 200 15775 "-" "Mozilla/5.0 AppleWebKit/537.36 (KHTML, like Gecko; compatible; ClaudeBot/1.0; +claudebot@anthropic.com)"
216.73.217.138 - - [03/Aug/2026:05:18:04 +0200] "GET /?fileloc=%2Fvar%2Fwww%2Fvhosts%2Fensaco.es%2Fhttpdocs%2Fwp-content%2Fsmush-webp%2Fwoocommerce-placeholder-600x600.png.webp&path=%2Fvar%2Fwww%2Fvhosts%2Fensaco.es%2Fhttpdocs%2Fwp-content%2Fsmush-webp HTTP/1.1" 200 25538 "-" "Mozilla/5.0 AppleWebKit/537.36 (KHTML, like Gecko; compatible; ClaudeBot/1.0; +claudebot@anthropic.com)"
216.73.217.138 - - [03/Aug/2026:05:18:04 +0200] "GET /?fileloc=%2Fvar%2Fwww%2Fvhosts%2Fensaco.es%2Fhttpdocs%2Fwp-content%2Fsmush-webp%2Fwoocommerce-placeholder-150x150.png.webp&path=%2Fvar%2Fwww%2Fvhosts%2Fensaco.es%2Fhttpdocs%2Fwp-content%2Fsmush-webp HTTP/1.1" 200 11712 "-" "Mozilla/5.0 AppleWebKit/537.36 (KHTML, like Gecko; compatible; ClaudeBot/1.0; +claudebot@anthropic.com)"
216.73.217.138 - - [03/Aug/2026:05:18:04 +0200] "GET /?fileloc=%2Fvar%2Fwww%2Fvhosts%2Fensaco.es%2Fhttpdocs%2Fwp-content%2Fsmush-webp%2Fwoocommerce-placeholder-1024x1024.png.webp&path=%2Fvar%2Fwww%2Fvhosts%2Fensaco.es%2Fhttpdocs%2Fwp-content%2Fsmush-webp HTTP/1.1" 200 48845 "-" "Mozilla/5.0 AppleWebKit/537.36 (KHTML, like Gecko; compatible; ClaudeBot/1.0; +claudebot@anthropic.com)"
216.73.217.138 - - [03/Aug/2026:05:18:04 +0200] "GET /?fileloc=%2Fvar%2Fwww%2Fvhosts%2Fensaco.es%2Fhttpdocs%2Fwp-content%2Fsmush-webp%2Fwoocommerce-placeholder-100x100.png.webp&path=%2Fvar%2Fwww%2Fvhosts%2Fensaco.es%2Fhttpdocs%2Fwp-content%2Fsmush-webp HTTP/1.1" 200 10715 "-" "Mozilla/5.0 AppleWebKit/537.36 (KHTML, like Gecko; compatible; ClaudeBot/1.0; +claudebot@anthropic.com)"
57.141.0.39 - - [03/Aug/2026:05:18:04 +0200] "GET /altamira/?fileloc=/var/www/vhosts/ensaco.es/httpdocs/wp-content/uploads/2021/08/energia-renovable-hibrida-600x337.jpg&path=/var/www/vhosts/ensaco.es/httpdocs/wp-content/uploads/2021/08 HTTP/1.1" 200 50011 "-" "Mozilla/5.0 (Windows NT 10.0; Win64; x64) AppleWebKit/537.36 (KHTML, like Gecko) Chrome/145.0.0.0 Safari/537.36 (compatible; meta-externalagent/1.1 (+https://developers.facebook.com/docs/sharing/webmasters/crawler))"
216.73.217.138 - - [03/Aug/2026:05:18:05 +0200] "GET /?fileloc=%2Fvar%2Fwww%2Fvhosts%2Fensaco.es%2Fhttpdocs%2Fwp-admin%2Fimages%2Fimgedit-icons-2x.png&path=%2Fvar%2Fwww%2Fvhosts%2Fensaco.es%2Fhttpdocs%2Fwp-admin%2Fimages HTTP/1.1" 200 16106 "-" "Mozilla/5.0 AppleWebKit/537.36 (KHTML, like Gecko; compatible; ClaudeBot/1.0; +claudebot@anthropic.com)"
216.73.217.138 - - [03/Aug/2026:05:18:05 +0200] "GET /?fileloc=%2Fvar%2Fwww%2Fvhosts%2Fensaco.es%2Fhttpdocs%2Fwp-includes%2Fimages%2Fw-logo-blue-white-bg.png&path=%2Fvar%2Fwww%2Fvhosts%2Fensaco.es%2Fhttpdocs%2Fwp-includes%2Fimages HTTP/1.1" 200 13279 "-" "Mozilla/5.0 AppleWebKit/537.36 (KHTML, like Gecko; compatible; ClaudeBot/1.0; +claudebot@anthropic.com)"
216.73.217.138 - - [03/Aug/2026:05:18:05 +0200] "GET /?fileloc=%2Fvar%2Fwww%2Fvhosts%2Fensaco.es%2F.clwpos%2Fmain.log&path=%2Fvar%2Fwww%2Fvhosts%2Fensaco.es%2F.clwpos HTTP/1.1" 200 9419 "-" "Mozilla/5.0 AppleWebKit/537.36 (KHTML, like Gecko; compatible; ClaudeBot/1.0; +claudebot@anthropic.com)"
57.141.0.45 - - [03/Aug/2026:05:18:06 +0200] "GET /altamira/?fileloc=/var/www/vhosts/ensaco.es/httpdocs/wp-content/uploads/2021/05/pexels-adrienn-1460742-150x150.jpg&path=/var/www/vhosts/ensaco.es/httpdocs/wp-content/uploads/2021/05 HTTP/1.1" 200 12492 "-" "Mozilla/5.0 (Windows NT 10.0; Win64; x64) AppleWebKit/537.36 (KHTML, like Gecko) Chrome/145.0.0.0 Safari/537.36 (compatible; meta-externalagent/1.1 (+https://developers.facebook.com/docs/sharing/webmasters/crawler))"
216.73.217.138 - - [03/Aug/2026:05:18:06 +0200] "GET /?fileloc=%2Fvar%2Fwww%2Fvhosts%2Fensaco.es%2Fhttpdocs%2Fwp-content%2Fai1wm-backups%2Frobots.txt&path=%2Fvar%2Fwww%2Fvhosts%2Fensaco.es%2Fhttpdocs%2Fwp-content%2Fai1wm-backups HTTP/1.1" 200 9473 "-" "Mozilla/5.0 AppleWebKit/537.36 (KHTML, like Gecko; compatible; ClaudeBot/1.0; +claudebot@anthropic.com)"
216.73.217.138 - - [03/Aug/2026:05:18:06 +0200] "GET /?fileloc=%2Fvar%2Fwww%2Fvhosts%2Fensaco.es%2Fhttpdocs%2Fwp-admin%2Fimages%2Fimgedit-icons.png&path=%2Fvar%2Fwww%2Fvhosts%2Fensaco.es%2Fhttpdocs%2Fwp-admin%2Fimages HTTP/1.1" 200 13007 "-" "Mozilla/5.0 AppleWebKit/537.36 (KHTML, like Gecko; compatible; ClaudeBot/1.0; +claudebot@anthropic.com)"
216.73.217.138 - - [03/Aug/2026:05:18:06 +0200] "GET /?fileloc=%2Fvar%2Fwww%2Fvhosts%2Fensaco.es%2Fhttpdocs%2Fwp-admin%2Fimages%2Fstars-2x.png&path=%2Fvar%2Fwww%2Fvhosts%2Fensaco.es%2Fhttpdocs%2Fwp-admin%2Fimages HTTP/1.1" 200 10740 "-" "Mozilla/5.0 AppleWebKit/537.36 (KHTML, like Gecko; compatible; ClaudeBot/1.0; +claudebot@anthropic.com)"
216.73.217.138 - - [03/Aug/2026:05:18:06 +0200] "GET /?fileloc=%2Fvar%2Fwww%2Fvhosts%2Fensaco.es%2Fhttpdocs%2Fwp-admin%2Fimages%2Ficons32-2x.png&path=%2Fvar%2Fwww%2Fvhosts%2Fensaco.es%2Fhttpdocs%2Fwp-admin%2Fimages HTTP/1.1" 200 27986 "-" "Mozilla/5.0 AppleWebKit/537.36 (KHTML, like Gecko; compatible; ClaudeBot/1.0; +claudebot@anthropic.com)"
57.141.0.12 - - [03/Aug/2026:05:18:06 +0200] "GET /altamira/?fileloc=/var/www/vhosts/ensaco.es/httpdocs/wp-content/uploads/2021/06/pexels-rodolfo-clix-1036936-300x200.jpg&path=/var/www/vhosts/ensaco.es/httpdocs/wp-content/uploads/2021/06 HTTP/1.1" 200 16118 "-" "Mozilla/5.0 (Macintosh; Intel Mac OS X 10_15_7) AppleWebKit/537.36 (KHTML, like Gecko) Chrome/145.0.0.0 Safari/537.36 (compatible; meta-externalagent/1.1 (+https://developers.facebook.com/docs/sharing/webmasters/crawler))"
216.73.217.138 - - [03/Aug/2026:05:18:07 +0200] "GET /?fileloc=%2Fvar%2Fwww%2Fvhosts%2Fensaco.es%2Fhttpdocs%2Fwp-includes%2Fimages%2Fuploader-icons-2x.png&path=%2Fvar%2Fwww%2Fvhosts%2Fensaco.es%2Fhttpdocs%2Fwp-includes%2Fimages HTTP/1.1" 200 12473 "-" "Mozilla/5.0 AppleWebKit/537.36 (KHTML, like Gecko; compatible; ClaudeBot/1.0; +claudebot@anthropic.com)"
216.73.217.138 - - [03/Aug/2026:05:18:06 +0200] "GET /?fileloc=%2Fvar%2Fwww%2Fvhosts%2Fensaco.es%2Fhttpdocs%2Fwp-admin%2Fimages%2Ficons32-vs-2x.png&path=%2Fvar%2Fwww%2Fvhosts%2Fensaco.es%2Fhttpdocs%2Fwp-admin%2Fimages HTTP/1.1" 200 27627 "-" "Mozilla/5.0 AppleWebKit/537.36 (KHTML, like Gecko; compatible; ClaudeBot/1.0; +claudebot@anthropic.com)"
216.73.217.138 - - [03/Aug/2026:05:18:07 +0200] "GET /?fileloc=%2Fvar%2Fwww%2Fvhosts%2Fensaco.es%2Fhttpdocs%2Fwp-admin%2Fimages%2Fw-logo-blue.png&path=%2Fvar%2Fwww%2Fvhosts%2Fensaco.es%2Fhttpdocs%2Fwp-admin%2Fimages HTTP/1.1" 200 11719 "-" "Mozilla/5.0 AppleWebKit/537.36 (KHTML, like Gecko; compatible; ClaudeBot/1.0; +claudebot@anthropic.com)"
216.73.217.138 - - [03/Aug/2026:05:18:07 +0200] "GET /?fileloc=%2Fvar%2Fwww%2Fvhosts%2Fensaco.es%2Fdata.ensaco.es%2Fcron_copyjson_backup_25mar20&path=%2Fvar%2Fwww%2Fvhosts%2Fensaco.es%2Fdata.ensaco.es HTTP/1.1" 200 9810 "-" "Mozilla/5.0 AppleWebKit/537.36 (KHTML, like Gecko; compatible; ClaudeBot/1.0; +claudebot@anthropic.com)"
216.73.217.138 - - [03/Aug/2026:05:18:07 +0200] "GET /?fileloc=%2Fvar%2Fwww%2Fvhosts%2Fensaco.es%2Fhttpdocs%2Fwp-admin%2Fimages%2Fmedia-button-music.gif&path=%2Fvar%2Fwww%2Fvhosts%2Fensaco.es%2Fhttpdocs%2Fwp-admin%2Fimages HTTP/1.1" 200 9655 "-" "Mozilla/5.0 AppleWebKit/537.36 (KHTML, like Gecko; compatible; ClaudeBot/1.0; +claudebot@anthropic.com)"
216.73.217.138 - - [03/Aug/2026:05:18:07 +0200] "GET /?fileloc=%2Fvar%2Fwww%2Fvhosts%2Fensaco.es%2Fhttpdocs%2Fwp-includes%2Fimages%2Fw-logo-blue.png&path=%2Fvar%2Fwww%2Fvhosts%2Fensaco.es%2Fhttpdocs%2Fwp-includes%2Fimages HTTP/1.1" 200 11720 "-" "Mozilla/5.0 AppleWebKit/537.36 (KHTML, like Gecko; compatible; ClaudeBot/1.0; +claudebot@anthropic.com)"
57.141.0.65 - - [03/Aug/2026:05:18:07 +0200] "GET /altamira/?fileloc=/var/www/vhosts/ensaco.es/httpdocs/wp-content/uploads/2021/04/pexels-pixabay-258154-300x200.jpg&path=/var/www/vhosts/ensaco.es/httpdocs/wp-content/uploads/2021/04 HTTP/1.1" 200 20586 "-" "Mozilla/5.0 (Windows NT 10.0; Win64; x64) AppleWebKit/537.36 (KHTML, like Gecko) Chrome/145.0.0.0 Safari/537.36 (compatible; meta-externalagent/1.1 (+https://developers.facebook.com/docs/sharing/webmasters/crawler))"
216.73.217.138 - - [03/Aug/2026:05:18:07 +0200] "GET /?fileloc=%2Fvar%2Fwww%2Fvhosts%2Fensaco.es%2Fhttpdocs%2Fwp-admin%2Fimages%2Fw-logo-white.png&path=%2Fvar%2Fwww%2Fvhosts%2Fensaco.es%2Fhttpdocs%2Fwp-admin%2Fimages HTTP/1.1" 200 13597 "-" "Mozilla/5.0 AppleWebKit/537.36 (KHTML, like Gecko; compatible; ClaudeBot/1.0; +claudebot@anthropic.com)"
216.73.217.138 - - [03/Aug/2026:05:18:07 +0200] "GET /?fileloc=%2Fvar%2Fwww%2Fvhosts%2Fensaco.es%2Fhttpdocs%2Fwp-admin%2Fimages%2Ficons32.png&path=%2Fvar%2Fwww%2Fvhosts%2Fensaco.es%2Fhttpdocs%2Fwp-admin%2Fimages HTTP/1.1" 200 16255 "-" "Mozilla/5.0 AppleWebKit/537.36 (KHTML, like Gecko; compatible; ClaudeBot/1.0; +claudebot@anthropic.com)"
216.73.217.138 - - [03/Aug/2026:05:18:07 +0200] "GET /?fileloc=%2Fvar%2Fwww%2Fvhosts%2Fensaco.es%2Fhttpdocs%2Fwp-admin%2Fimages%2Ficons32-vs.png&path=%2Fvar%2Fwww%2Fvhosts%2Fensaco.es%2Fhttpdocs%2Fwp-admin%2Fimages HTTP/1.1" 200 16351 "-" "Mozilla/5.0 AppleWebKit/537.36 (KHTML, like Gecko; compatible; ClaudeBot/1.0; +claudebot@anthropic.com)"
216.73.217.138 - - [03/Aug/2026:05:18:08 +0200] "GET /?fileloc=%2Fvar%2Fwww%2Fvhosts%2Fensaco.es%2Fhttpdocs%2Fwp-admin%2Fimages%2Fstars.png&path=%2Fvar%2Fwww%2Fvhosts%2Fensaco.es%2Fhttpdocs%2Fwp-admin%2Fimages HTTP/1.1" 200 10433 "-" "Mozilla/5.0 AppleWebKit/537.36 (KHTML, like Gecko; compatible; ClaudeBot/1.0; +claudebot@anthropic.com)"
216.73.217.138 - - [03/Aug/2026:05:18:08 +0200] "GET /?fileloc=%2Fvar%2Fwww%2Fvhosts%2Fensaco.es%2Fhttpdocs%2Fwp-includes%2Fimages%2Fuploader-icons.png&path=%2Fvar%2Fwww%2Fvhosts%2Fensaco.es%2Fhttpdocs%2Fwp-includes%2Fimages HTTP/1.1" 200 10978 "-" "Mozilla/5.0 AppleWebKit/537.36 (KHTML, like Gecko; compatible; ClaudeBot/1.0; +claudebot@anthropic.com)"
216.73.217.138 - - [03/Aug/2026:05:18:08 +0200] "GET /?fileloc=%2Fvar%2Fwww%2Fvhosts%2Fensaco.es%2Flogs%2Fxferlog_regular&path=%2Fvar%2Fwww%2Fvhosts%2Fensaco.es%2Flogs HTTP/1.1" 429 7030 "-" "Mozilla/5.0 AppleWebKit/537.36 (KHTML, like Gecko; compatible; ClaudeBot/1.0; +claudebot@anthropic.com)"
216.73.217.138 - - [03/Aug/2026:05:18:08 +0200] "GET /?fileloc=%2Fvar%2Fwww%2Fvhosts%2Fensaco.es%2Fhttpdocs%2Fwp-admin%2Fimages%2Fw-logo-gray.png&path=%2Fvar%2Fwww%2Fvhosts%2Fensaco.es%2Fhttpdocs%2Fwp-admin%2Fimages HTTP/1.1" 429 7030 "-" "Mozilla/5.0 AppleWebKit/537.36 (KHTML, like Gecko; compatible; ClaudeBot/1.0; +claudebot@anthropic.com)"
57.141.0.2 - - [03/Aug/2026:05:18:08 +0200] "GET /altamira/?fileloc=/var/www/vhosts/ensaco.es/httpdocs/wp-content/uploads/2021/06/Logo_BusinessDescriptorGraphite_Centered-1-600x417.png&path=/var/www/vhosts/ensaco.es/httpdocs/wp-content/uploads/2021/06 HTTP/1.1" 200 13504 "-" "Mozilla/5.0 (X11; Linux x86_64) AppleWebKit/537.36 (KHTML, like Gecko) Chrome/145.0.0.0 Safari/537.36 (compatible; meta-externalagent/1.1 (+https://developers.facebook.com/docs/sharing/webmasters/crawler))"
216.73.217.138 - - [03/Aug/2026:05:18:08 +0200] "GET /?fileloc=%2Fvar%2Fwww%2Fvhosts%2Fensaco.es%2Flogs%2Fxferlog_regular.processed.10.gz&path=%2Fvar%2Fwww%2Fvhosts%2Fensaco.es%2Flogs HTTP/1.1" 429 7030 "-" "Mozilla/5.0 AppleWebKit/537.36 (KHTML, like Gecko; compatible; ClaudeBot/1.0; +claudebot@anthropic.com)"
216.73.217.138 - - [03/Aug/2026:05:18:09 +0200] "GET /?fileloc=%2Fvar%2Fwww%2Fvhosts%2Fensaco.es%2Flogs%2Ferror_log.1.gz&path=%2Fvar%2Fwww%2Fvhosts%2Fensaco.es%2Flogs HTTP/1.1" 429 7030 "-" "Mozilla/5.0 AppleWebKit/537.36 (KHTML, like Gecko; compatible; ClaudeBot/1.0; +claudebot@anthropic.com)"
216.73.217.138 - - [03/Aug/2026:05:18:09 +0200] "GET /?fileloc=%2Fvar%2Fwww%2Fvhosts%2Fensaco.es%2Fhttpdocs%2Fwp-admin%2Fimages%2Falign-center-2x.png&path=%2Fvar%2Fwww%2Fvhosts%2Fensaco.es%2Fhttpdocs%2Fwp-admin%2Fimages HTTP/1.1" 429 7030 "-" "Mozilla/5.0 AppleWebKit/537.36 (KHTML, like Gecko; compatible; ClaudeBot/1.0; +claudebot@anthropic.com)"
216.73.217.138 - - [03/Aug/2026:05:18:09 +0200] "GET /?fileloc=%2Fvar%2Fwww%2Fvhosts%2Fensaco.es%2Fhttpdocs%2Fwp-admin%2Fimages%2Fwpspin_light-2x.gif&path=%2Fvar%2Fwww%2Fvhosts%2Fensaco.es%2Fhttpdocs%2Fwp-admin%2Fimages HTTP/1.1" 429 7030 "-" "Mozilla/5.0 AppleWebKit/537.36 (KHTML, like Gecko; compatible; ClaudeBot/1.0; +claudebot@anthropic.com)"
216.73.217.138 - - [03/Aug/2026:05:18:09 +0200] "GET /?fileloc=%2Fvar%2Fwww%2Fvhosts%2Fensaco.es%2Fdata.ensaco.es%2Floxonedata_json_manual.php&path=%2Fvar%2Fwww%2Fvhosts%2Fensaco.es%2Fdata.ensaco.es HTTP/1.1" 429 7030 "-" "Mozilla/5.0 AppleWebKit/537.36 (KHTML, like Gecko; compatible; ClaudeBot/1.0; +claudebot@anthropic.com)"
57.141.0.32 - - [03/Aug/2026:05:18:09 +0200] "GET /altamira/?fileloc=/var/www/vhosts/ensaco.es/httpdocs/wp-content/uploads/2021/05/LAS-1270-MEJORE-300x198.png&path=/var/www/vhosts/ensaco.es/httpdocs/wp-content/uploads/2021/05 HTTP/1.1" 200 38596 "-" "Mozilla/5.0 (Macintosh; Intel Mac OS X 10_15_7) AppleWebKit/537.36 (KHTML, like Gecko) Chrome/145.0.0.0 Safari/537.36 (compatible; meta-externalagent/1.1 (+https://developers.facebook.com/docs/sharing/webmasters/crawler))"
216.73.217.138 - - [03/Aug/2026:05:18:09 +0200] "GET /?fileloc=%2Fvar%2Fwww%2Fvhosts%2Fensaco.es%2Flogs%2Fxferlog_regular.processed.1.gz&path=%2Fvar%2Fwww%2Fvhosts%2Fensaco.es%2Flogs HTTP/1.1" 429 7030 "-" "Mozilla/5.0 AppleWebKit/537.36 (KHTML, like Gecko; compatible; ClaudeBot/1.0; +claudebot@anthropic.com)"
